[INFO] cloning repository https://github.com/Cosiamo/sql_tools
[INFO] running `Command { std: "git" "-c" "credential.helper=" "-c" "credential.helper=/workspace/cargo-home/bin/git-credential-null" "clone" "--bare" "https://github.com/Cosiamo/sql_tools" "/workspace/cache/git-repos/https%3A%2F%2Fgithub.com%2FCosiamo%2Fsql_tools", kill_on_drop: false }`
[INFO] [stderr] Cloning into bare repository '/workspace/cache/git-repos/https%3A%2F%2Fgithub.com%2FCosiamo%2Fsql_tools'...
[INFO] running `Command { std: "git" "rev-parse" "HEAD", kill_on_drop: false }`
[INFO] [stdout] adc9ec3caeae49de34053dd01424992a7cb87f09
[INFO] testing Cosiamo/sql_tools against nightly-2025-01-18 for randomize-layout-2
[INFO] running `Command { std: "git" "clone" "/workspace/cache/git-repos/https%3A%2F%2Fgithub.com%2FCosiamo%2Fsql_tools" "/workspace/builds/worker-2-tc1/source", kill_on_drop: false }`
[INFO] [stderr] Cloning into '/workspace/builds/worker-2-tc1/source'...
[INFO] [stderr] done.
[INFO] validating manifest of git repo https://github.com/Cosiamo/sql_tools on toolchain nightly-2025-01-18
[INFO] running `Command { std: CARGO_HOME="/workspace/cargo-home" RUSTUP_HOME="/workspace/rustup-home" "/workspace/cargo-home/bin/cargo" "+nightly-2025-01-18" "metadata" "--manifest-path" "Cargo.toml" "--no-deps", kill_on_drop: false }`
[INFO] started tweaking git repo https://github.com/Cosiamo/sql_tools
[INFO] finished tweaking git repo https://github.com/Cosiamo/sql_tools
[INFO] tweaked toml for git repo https://github.com/Cosiamo/sql_tools written to /workspace/builds/worker-2-tc1/source/Cargo.toml
[INFO] crate git repo https://github.com/Cosiamo/sql_tools already has a lockfile, it will not be regenerated
[INFO] running `Command { std: CARGO_HOME="/workspace/cargo-home" RUSTUP_HOME="/workspace/rustup-home" "/workspace/cargo-home/bin/cargo" "+nightly-2025-01-18" "fetch" "--manifest-path" "Cargo.toml", kill_on_drop: false }`
[INFO] [stderr]     Blocking waiting for file lock on package cache
[INFO] [stderr]     Updating crates.io index
[INFO] [stderr]     Blocking waiting for file lock on package cache
[INFO] [stderr]  Downloading crates ...
[INFO] [stderr]   Downloaded oracle_procmacro v0.1.2
[INFO] [stderr]   Downloaded portable-atomic v1.8.0
[INFO] [stderr]   Downloaded csv_perusal v0.8.2
[INFO] [stderr]   Downloaded oracle v0.6.2
[INFO] running `Command { std: "docker" "create" "-v" "/var/lib/crater-agent-workspace/builds/worker-2-tc1/target:/opt/rustwide/target:rw,Z" "-v" "/var/lib/crater-agent-workspace/builds/worker-2-tc1/source:/opt/rustwide/workdir:ro,Z" "-v" "/var/lib/crater-agent-workspace/cargo-home:/opt/rustwide/cargo-home:ro,Z" "-v" "/var/lib/crater-agent-workspace/rustup-home:/opt/rustwide/rustup-home:ro,Z" "-e" "SOURCE_DIR=/opt/rustwide/workdir" "-e" "CARGO_TARGET_DIR=/opt/rustwide/target" "-e" "CARGO_HOME=/opt/rustwide/cargo-home" "-e" "RUSTUP_HOME=/opt/rustwide/rustup-home" "-w" "/opt/rustwide/workdir" "-m" "1610612736" "--user" "0:0" "--network" "none" "ghcr.io/rust-lang/crates-build-env/linux@sha256:819108c5571ea2e421544af4d832f968d213c87fbe3707a016657f43d2f853bc" "/opt/rustwide/cargo-home/bin/cargo" "+nightly-2025-01-18" "metadata" "--no-deps" "--format-version=1", kill_on_drop: false }`
[INFO] [stdout] 4fc29beb1a055c915c3c67481d38e21f6035c02e33c95832ad03e21a7b0f7aee
[INFO] running `Command { std: "docker" "start" "-a" "4fc29beb1a055c915c3c67481d38e21f6035c02e33c95832ad03e21a7b0f7aee", kill_on_drop: false }`
[INFO] running `Command { std: "docker" "inspect" "4fc29beb1a055c915c3c67481d38e21f6035c02e33c95832ad03e21a7b0f7aee", kill_on_drop: false }`
[INFO] running `Command { std: "docker" "rm" "-f" "4fc29beb1a055c915c3c67481d38e21f6035c02e33c95832ad03e21a7b0f7aee", kill_on_drop: false }`
[INFO] [stdout] 4fc29beb1a055c915c3c67481d38e21f6035c02e33c95832ad03e21a7b0f7aee
[INFO] running `Command { std: "docker" "create" "-v" "/var/lib/crater-agent-workspace/builds/worker-2-tc1/target:/opt/rustwide/target:rw,Z" "-v" "/var/lib/crater-agent-workspace/builds/worker-2-tc1/source:/opt/rustwide/workdir:ro,Z" "-v" "/var/lib/crater-agent-workspace/cargo-home:/opt/rustwide/cargo-home:ro,Z" "-v" "/var/lib/crater-agent-workspace/rustup-home:/opt/rustwide/rustup-home:ro,Z" "-e" "SOURCE_DIR=/opt/rustwide/workdir" "-e" "CARGO_TARGET_DIR=/opt/rustwide/target" "-e" "CARGO_INCREMENTAL=0" "-e" "RUST_BACKTRACE=full" "-e" "RUSTFLAGS=--cap-lints=forbid" "-e" "RUSTDOCFLAGS=--cap-lints=forbid" "-e" "CARGO_HOME=/opt/rustwide/cargo-home" "-e" "RUSTUP_HOME=/opt/rustwide/rustup-home" "-w" "/opt/rustwide/workdir" "-m" "1610612736" "--user" "0:0" "--network" "none" "ghcr.io/rust-lang/crates-build-env/linux@sha256:819108c5571ea2e421544af4d832f968d213c87fbe3707a016657f43d2f853bc" "/opt/rustwide/cargo-home/bin/cargo" "+nightly-2025-01-18" "build" "--frozen" "--message-format=json", kill_on_drop: false }`
[INFO] [stdout] f9143cb290edbc5f581ee641f23db43451d31aa40a50e6c414b9d1521ee5a14c
[INFO] running `Command { std: "docker" "start" "-a" "f9143cb290edbc5f581ee641f23db43451d31aa40a50e6c414b9d1521ee5a14c", kill_on_drop: false }`
[INFO] [stderr]    Compiling proc-macro2 v1.0.86
[INFO] [stderr]    Compiling unicode-ident v1.0.13
[INFO] [stderr]    Compiling crossbeam-utils v0.8.20
[INFO] [stderr]    Compiling syn v1.0.109
[INFO] [stderr]    Compiling memchr v2.7.4
[INFO] [stderr]    Compiling serde v1.0.210
[INFO] [stderr]    Compiling strsim v0.10.0
[INFO] [stderr]    Compiling libc v0.2.159
[INFO] [stderr]    Compiling ident_case v1.0.1
[INFO] [stderr]    Compiling rayon-core v1.12.1
[INFO] [stderr]    Compiling shlex v1.3.0
[INFO] [stderr]    Compiling either v1.13.0
[INFO] [stderr]    Compiling regex-syntax v0.8.5
[INFO] [stderr]    Compiling portable-atomic v1.8.0
[INFO] [stderr]    Compiling num-traits v0.2.19
[INFO] [stderr]    Compiling iana-time-zone v0.1.61
[INFO] [stderr]    Compiling paste v1.0.15
[INFO] [stderr]    Compiling thiserror v1.0.64
[INFO] [stderr]    Compiling unicode-width v0.1.14
[INFO] [stderr]    Compiling cc v1.1.21
[INFO] [stderr]    Compiling ryu v1.0.18
[INFO] [stderr]    Compiling itertools v0.12.1
[INFO] [stderr]    Compiling number_prefix v0.4.0
[INFO] [stderr]    Compiling quote v1.0.37
[INFO] [stderr]    Compiling crossbeam-epoch v0.9.18
[INFO] [stderr]    Compiling syn v2.0.77
[INFO] [stderr]    Compiling console v0.15.8
[INFO] [stderr]    Compiling num_cpus v1.16.0
[INFO] [stderr]    Compiling aho-corasick v1.1.3
[INFO] [stderr]    Compiling csv-core v0.1.11
[INFO] [stderr]    Compiling crossbeam-deque v0.8.5
[INFO] [stderr]    Compiling rayon v1.10.0
[INFO] [stderr]    Compiling indicatif v0.17.8
[INFO] [stderr]    Compiling oracle v0.6.2
[INFO] [stderr]    Compiling regex-automata v0.4.8
[INFO] [stderr]    Compiling serde_derive v1.0.210
[INFO] [stderr]    Compiling thiserror-impl v1.0.64
[INFO] [stderr]    Compiling darling_core v0.13.4
[INFO] [stderr]    Compiling regex v1.11.1
[INFO] [stderr]    Compiling darling_macro v0.13.4
[INFO] [stderr]    Compiling darling v0.13.4
[INFO] [stderr]    Compiling oracle_procmacro v0.1.2
[INFO] [stderr]    Compiling chrono v0.4.38
[INFO] [stderr]    Compiling csv v1.3.0
[INFO] [stderr]    Compiling csv_perusal v0.8.2
[INFO] [stderr]    Compiling sql_tools v0.1.1 (/opt/rustwide/workdir)
[INFO] [stderr]     Finished `dev` profile [unoptimized + debuginfo] target(s) in 37.92s
[INFO] running `Command { std: "docker" "inspect" "f9143cb290edbc5f581ee641f23db43451d31aa40a50e6c414b9d1521ee5a14c", kill_on_drop: false }`
[INFO] running `Command { std: "docker" "rm" "-f" "f9143cb290edbc5f581ee641f23db43451d31aa40a50e6c414b9d1521ee5a14c", kill_on_drop: false }`
[INFO] [stdout] f9143cb290edbc5f581ee641f23db43451d31aa40a50e6c414b9d1521ee5a14c
[INFO] running `Command { std: "docker" "create" "-v" "/var/lib/crater-agent-workspace/builds/worker-2-tc1/target:/opt/rustwide/target:rw,Z" "-v" "/var/lib/crater-agent-workspace/builds/worker-2-tc1/source:/opt/rustwide/workdir:ro,Z" "-v" "/var/lib/crater-agent-workspace/cargo-home:/opt/rustwide/cargo-home:ro,Z" "-v" "/var/lib/crater-agent-workspace/rustup-home:/opt/rustwide/rustup-home:ro,Z" "-e" "SOURCE_DIR=/opt/rustwide/workdir" "-e" "CARGO_TARGET_DIR=/opt/rustwide/target" "-e" "CARGO_INCREMENTAL=0" "-e" "RUST_BACKTRACE=full" "-e" "RUSTFLAGS=--cap-lints=forbid" "-e" "RUSTDOCFLAGS=--cap-lints=forbid" "-e" "CARGO_HOME=/opt/rustwide/cargo-home" "-e" "RUSTUP_HOME=/opt/rustwide/rustup-home" "-w" "/opt/rustwide/workdir" "-m" "1610612736" "--user" "0:0" "--network" "none" "ghcr.io/rust-lang/crates-build-env/linux@sha256:819108c5571ea2e421544af4d832f968d213c87fbe3707a016657f43d2f853bc" "/opt/rustwide/cargo-home/bin/cargo" "+nightly-2025-01-18" "test" "--frozen" "--no-run" "--message-format=json", kill_on_drop: false }`
[INFO] [stdout] a66ab98abd1e1ce38a93ff5fadd1d8198ece58d4f778aa3af732844c41370951
[INFO] running `Command { std: "docker" "start" "-a" "a66ab98abd1e1ce38a93ff5fadd1d8198ece58d4f778aa3af732844c41370951", kill_on_drop: false }`
[INFO] [stderr]    Compiling sql_tools v0.1.1 (/opt/rustwide/workdir)
[INFO] [stderr]     Finished `test` profile [unoptimized + debuginfo] target(s) in 0.84s
[INFO] running `Command { std: "docker" "inspect" "a66ab98abd1e1ce38a93ff5fadd1d8198ece58d4f778aa3af732844c41370951", kill_on_drop: false }`
[INFO] running `Command { std: "docker" "rm" "-f" "a66ab98abd1e1ce38a93ff5fadd1d8198ece58d4f778aa3af732844c41370951", kill_on_drop: false }`
[INFO] [stdout] a66ab98abd1e1ce38a93ff5fadd1d8198ece58d4f778aa3af732844c41370951
[INFO] running `Command { std: "docker" "create" "-v" "/var/lib/crater-agent-workspace/builds/worker-2-tc1/target:/opt/rustwide/target:rw,Z" "-v" "/var/lib/crater-agent-workspace/builds/worker-2-tc1/source:/opt/rustwide/workdir:ro,Z" "-v" "/var/lib/crater-agent-workspace/cargo-home:/opt/rustwide/cargo-home:ro,Z" "-v" "/var/lib/crater-agent-workspace/rustup-home:/opt/rustwide/rustup-home:ro,Z" "-e" "SOURCE_DIR=/opt/rustwide/workdir" "-e" "CARGO_TARGET_DIR=/opt/rustwide/target" "-e" "CARGO_INCREMENTAL=0" "-e" "RUST_BACKTRACE=full" "-e" "RUSTFLAGS=--cap-lints=forbid" "-e" "RUSTDOCFLAGS=--cap-lints=forbid" "-e" "CARGO_HOME=/opt/rustwide/cargo-home" "-e" "RUSTUP_HOME=/opt/rustwide/rustup-home" "-w" "/opt/rustwide/workdir" "-m" "1610612736" "--user" "0:0" "--network" "none" "ghcr.io/rust-lang/crates-build-env/linux@sha256:819108c5571ea2e421544af4d832f968d213c87fbe3707a016657f43d2f853bc" "/opt/rustwide/cargo-home/bin/cargo" "+nightly-2025-01-18" "test" "--frozen", kill_on_drop: false }`
[INFO] [stdout] 1faac0d92be4e5590a3e41ffe5af106d7f2e1a6623277b98868d0c5aa2b861f7
[INFO] running `Command { std: "docker" "start" "-a" "1faac0d92be4e5590a3e41ffe5af106d7f2e1a6623277b98868d0c5aa2b861f7", kill_on_drop: false }`
[INFO] [stderr]     Finished `test` profile [unoptimized + debuginfo] target(s) in 0.08s
[INFO] [stderr]      Running unittests src/lib.rs (/opt/rustwide/target/debug/deps/sql_tools-7e49b0aba96c1bc2)
[INFO] [stdout] 
[INFO] [stdout] running 0 tests
[INFO] [stdout] 
[INFO] [stdout] test result: ok. 0 passed; 0 failed; 0 ignored; 0 measured; 0 filtered out; finished in 0.00s
[INFO] [stdout] 
[INFO] [stderr]    Doc-tests sql_tools
[INFO] [stdout] 
[INFO] [stdout] running 32 tests
[INFO] [stdout] test src/alter/mod.rs - alter::AlterTableBuilder::add (line 44) - compile ... FAILED
[INFO] [stdout] test src/lib.rs - (line 52) ... FAILED
[INFO] [stdout] test src/lib.rs - (line 68) ... FAILED
[INFO] [stdout] test src/lib.rs - (line 127) ... FAILED
[INFO] [stdout] test src/lib.rs - (line 144) ... FAILED
[INFO] [stdout] test src/alter/mod.rs - alter::AlterTableBuilder::rename_column (line 104) - compile ... FAILED
[INFO] [stdout] test src/alter/mod.rs - alter::AlterTableBuilder::drop (line 88) - compile ... FAILED
[INFO] [stdout] test src/data_types/mod.rs - data_types::ToSQLData (line 35) - compile ... FAILED
[INFO] [stdout] test src/alter/mod.rs - alter::AlterTableBuilder::modify (line 66) - compile ... FAILED
[INFO] [stdout] test src/lib.rs - (line 40) ... FAILED
[INFO] [stdout] test src/lib.rs - (line 112) ... FAILED
[INFO] [stdout] test src/alter/mod.rs - alter::AlterTableBuilder::rename (line 120) - compile ... FAILED
[INFO] [stdout] test src/lib.rs - (line 28) ... ok
[INFO] [stdout] test src/data_types/mod.rs - data_types::ToSQLData (line 53) - compile ... FAILED
[INFO] [stdout] test src/lib.rs - (line 81) ... FAILED
[INFO] [stdout] test src/select/mod.rs - select::SelectBuilder::where_not (line 39) - compile ... FAILED
[INFO] [stdout] test src/select/mod.rs - select::SelectBuilder::where_in (line 31) - compile ... FAILED
[INFO] [stdout] test src/lib.rs - QueryBuilder::alter (line 130) - compile ... FAILED
[INFO] [stdout] test src/lib.rs - QueryBuilder::update (line 67) - compile ... FAILED
[INFO] [stdout] test src/lib.rs - (line 98) ... FAILED
[INFO] [stdout] test src/lib.rs - QueryBuilder::create (line 116) - compile ... FAILED
[INFO] [stdout] test src/update/mod.rs - update::UpdateBuilder::where_in (line 39) - compile ... FAILED
[INFO] [stdout] test src/update/mod.rs - update::UpdateBuilder::where_not (line 54) - compile ... FAILED
[INFO] [stdout] test src/lib.rs - QueryBuilder::insert (line 87) - compile ... FAILED
[INFO] [stdout] test src/update/mod.rs - update::UpdateBuilder::set (line 31) - compile ... FAILED
[INFO] [stdout] test src/where_clause/mod.rs - where_clause::WhereClauseBuilder::and_not (line 64) - compile ... FAILED
[INFO] [stdout] test src/where_clause/mod.rs - where_clause::WhereClauseBuilder::and (line 26) - compile ... FAILED
[INFO] [stdout] test src/where_clause/mod.rs - where_clause::WhereClauseBuilder::or (line 48) - compile ... FAILED
[INFO] [stdout] test src/lib.rs - QueryBuilder::select (line 46) - compile ... FAILED
[INFO] [stdout] test src/lib.rs - (line 14) ... ok
[INFO] [stdout] test src/lib.rs - QueryBuilder::create (line 102) - compile ... FAILED
[INFO] [stdout] test src/where_clause/mod.rs - where_clause::WhereClauseBuilder::or_not (line 80) - compile ... FAILED
[INFO] [stdout] 
[INFO] [stdout] failures:
[INFO] [stdout] 
[INFO] [stdout] ---- src/alter/mod.rs - alter::AlterTableBuilder::add (line 44) stdout ----
[INFO] [stdout] error[E0433]: failed to resolve: use of undeclared type `OracleConnect`
[INFO] [stdout]  --> src/alter/mod.rs:45:12
[INFO] [stdout]   |
[INFO] [stdout] 3 | let conn = OracleConnect::new(connection_string, username, password)?;
[INFO] [stdout]   |            ^^^^^^^^^^^^^ use of undeclared type `OracleConnect`
[INFO] [stdout]   |
[INFO] [stdout] help: consider importing this struct
[INFO] [stdout]   |
[INFO] [stdout] 2 + use sql_tools::sql_variations::OracleConnect;
[INFO] [stdout]   |
[INFO] [stdout] 
[INFO] [stdout] error[E0425]: cannot find value `connection_string` in this scope
[INFO] [stdout]  --> src/alter/mod.rs:45:31
[INFO] [stdout]   |
[INFO] [stdout] 3 | let conn = OracleConnect::new(connection_string, username, password)?;
[INFO] [stdout]   |                               ^^^^^^^^^^^^^^^^^ not found in this scope
[INFO] [stdout] 
[INFO] [stdout] error[E0425]: cannot find value `username` in this scope
[INFO] [stdout]  --> src/alter/mod.rs:45:50
[INFO] [stdout]   |
[INFO] [stdout] 3 | let conn = OracleConnect::new(connection_string, username, password)?;
[INFO] [stdout]   |                                                  ^^^^^^^^ not found in this scope
[INFO] [stdout] 
[INFO] [stdout] error[E0425]: cannot find value `password` in this scope
[INFO] [stdout]  --> src/alter/mod.rs:45:60
[INFO] [stdout]   |
[INFO] [stdout] 3 | let conn = OracleConnect::new(connection_string, username, password)?;
[INFO] [stdout]   |                                                            ^^^^^^^^ not found in this scope
[INFO] [stdout] 
[INFO] [stdout] error[E0422]: cannot find struct, variant or union type `AlterColumns` in this scope
[INFO] [stdout]  --> src/alter/mod.rs:46:14
[INFO] [stdout]   |
[INFO] [stdout] 4 | let column = AlterColumns {
[INFO] [stdout]   |              ^^^^^^^^^^^^ not found in this scope
[INFO] [stdout]   |
[INFO] [stdout] help: consider importing this struct
[INFO] [stdout]   |
[INFO] [stdout] 2 + use sql_tools::alter::AlterColumns;
[INFO] [stdout]   |
[INFO] [stdout] 
[INFO] [stdout] error[E0433]: failed to resolve: use of undeclared type `CreateDataTypes`
[INFO] [stdout]  --> src/alter/mod.rs:48:16
[INFO] [stdout]   |
[INFO] [stdout] 6 |     data_type: CreateDataTypes::VARCHAR(10),
[INFO] [stdout]   |                ^^^^^^^^^^^^^^^ use of undeclared type `CreateDataTypes`
[INFO] [stdout]   |
[INFO] [stdout] help: consider importing this enum
[INFO] [stdout]   |
[INFO] [stdout] 2 + use sql_tools::create::CreateDataTypes;
[INFO] [stdout]   |
[INFO] [stdout] 
[INFO] [stdout] error: aborting due to 6 previous errors
[INFO] [stdout] 
[INFO] [stdout] Some errors have detailed explanations: E0422, E0425, E0433.
[INFO] [stdout] For more information about an error, try `rustc --explain E0422`.
[INFO] [stdout] Couldn't compile the test.
[INFO] [stdout] ---- src/lib.rs - (line 52) stdout ----
[INFO] [stdout] error[E0433]: failed to resolve: use of undeclared type `OracleConnect`
[INFO] [stdout]  --> src/lib.rs:53:12
[INFO] [stdout]   |
[INFO] [stdout] 3 | let conn = OracleConnect::new(connection_string, username, password).unwrap();
[INFO] [stdout]   |            ^^^^^^^^^^^^^ use of undeclared type `OracleConnect`
[INFO] [stdout]   |
[INFO] [stdout] help: consider importing this struct
[INFO] [stdout]   |
[INFO] [stdout] 2 + use sql_tools::sql_variations::OracleConnect;
[INFO] [stdout]   |
[INFO] [stdout] 
[INFO] [stdout] error[E0425]: cannot find value `connection_string` in this scope
[INFO] [stdout]  --> src/lib.rs:53:31
[INFO] [stdout]   |
[INFO] [stdout] 3 | let conn = OracleConnect::new(connection_string, username, password).unwrap();
[INFO] [stdout]   |                               ^^^^^^^^^^^^^^^^^ not found in this scope
[INFO] [stdout] 
[INFO] [stdout] error[E0425]: cannot find value `username` in this scope
[INFO] [stdout]  --> src/lib.rs:53:50
[INFO] [stdout]   |
[INFO] [stdout] 3 | let conn = OracleConnect::new(connection_string, username, password).unwrap();
[INFO] [stdout]   |                                                  ^^^^^^^^ not found in this scope
[INFO] [stdout] 
[INFO] [stdout] error[E0425]: cannot find value `password` in this scope
[INFO] [stdout]  --> src/lib.rs:53:60
[INFO] [stdout]   |
[INFO] [stdout] 3 | let conn = OracleConnect::new(connection_string, username, password).unwrap();
[INFO] [stdout]   |                                                            ^^^^^^^^ not found in this scope
[INFO] [stdout] 
[INFO] [stdout] error: aborting due to 4 previous errors
[INFO] [stdout] 
[INFO] [stdout] Some errors have detailed explanations: E0425, E0433.
[INFO] [stdout] For more information about an error, try `rustc --explain E0425`.
[INFO] [stdout] Couldn't compile the test.
[INFO] [stdout] ---- src/lib.rs - (line 68) stdout ----
[INFO] [stdout] error[E0433]: failed to resolve: use of undeclared type `OracleConnect`
[INFO] [stdout]  --> src/lib.rs:69:12
[INFO] [stdout]   |
[INFO] [stdout] 3 | let conn = OracleConnect::new(connection_string, username, password).unwrap();
[INFO] [stdout]   |            ^^^^^^^^^^^^^ use of undeclared type `OracleConnect`
[INFO] [stdout]   |
[INFO] [stdout] help: consider importing this struct
[INFO] [stdout]   |
[INFO] [stdout] 2 + use sql_tools::sql_variations::OracleConnect;
[INFO] [stdout]   |
[INFO] [stdout] 
[INFO] [stdout] error[E0425]: cannot find value `connection_string` in this scope
[INFO] [stdout]  --> src/lib.rs:69:31
[INFO] [stdout]   |
[INFO] [stdout] 3 | let conn = OracleConnect::new(connection_string, username, password).unwrap();
[INFO] [stdout]   |                               ^^^^^^^^^^^^^^^^^ not found in this scope
[INFO] [stdout] 
[INFO] [stdout] error[E0425]: cannot find value `username` in this scope
[INFO] [stdout]  --> src/lib.rs:69:50
[INFO] [stdout]   |
[INFO] [stdout] 3 | let conn = OracleConnect::new(connection_string, username, password).unwrap();
[INFO] [stdout]   |                                                  ^^^^^^^^ not found in this scope
[INFO] [stdout] 
[INFO] [stdout] error[E0425]: cannot find value `password` in this scope
[INFO] [stdout]  --> src/lib.rs:69:60
[INFO] [stdout]   |
[INFO] [stdout] 3 | let conn = OracleConnect::new(connection_string, username, password).unwrap();
[INFO] [stdout]   |                                                            ^^^^^^^^ not found in this scope
[INFO] [stdout] 
[INFO] [stdout] error: aborting due to 4 previous errors
[INFO] [stdout] 
[INFO] [stdout] Some errors have detailed explanations: E0425, E0433.
[INFO] [stdout] For more information about an error, try `rustc --explain E0425`.
[INFO] [stdout] Couldn't compile the test.
[INFO] [stdout] ---- src/lib.rs - (line 127) stdout ----
[INFO] [stdout] error[E0405]: cannot find trait `ToSQLData` in this scope
[INFO] [stdout]  --> src/lib.rs:133:6
[INFO] [stdout]   |
[INFO] [stdout] 8 | impl ToSQLData for MyEnum {
[INFO] [stdout]   |      ^^^^^^^^^ not found in this scope
[INFO] [stdout]   |
[INFO] [stdout] help: consider importing this trait
[INFO] [stdout]   |
[INFO] [stdout] 2 + use sql_tools::data_types::ToSQLData;
[INFO] [stdout]   |
[INFO] [stdout] 
[INFO] [stdout] error[E0412]: cannot find type `SQLDataTypes` in this scope
[INFO] [stdout]  --> src/lib.rs:134:26
[INFO] [stdout]   |
[INFO] [stdout] 9 |     fn fmt_data(self) -> SQLDataTypes {
[INFO] [stdout]   |                          ^^^^^^^^^^^^ not found in this scope
[INFO] [stdout]   |
[INFO] [stdout] help: consider importing this enum
[INFO] [stdout]   |
[INFO] [stdout] 2 + use sql_tools::data_types::SQLDataTypes;
[INFO] [stdout]   |
[INFO] [stdout] 
[INFO] [stdout] error[E0433]: failed to resolve: use of undeclared type `SQLDataTypes`
[INFO] [stdout]   --> src/lib.rs:136:34
[INFO] [stdout]    |
[INFO] [stdout] 11 |             MyEnum::Name(val) => SQLDataTypes::Varchar(val.into()),
[INFO] [stdout]    |                                  ^^^^^^^^^^^^ use of undeclared type `SQLDataTypes`
[INFO] [stdout]    |
[INFO] [stdout] help: consider importing this enum
[INFO] [stdout]    |
[INFO] [stdout] 2  + use sql_tools::data_types::SQLDataTypes;
[INFO] [stdout]    |
[INFO] [stdout] 
[INFO] [stdout] error[E0433]: failed to resolve: use of undeclared type `SQLDataTypes`
[INFO] [stdout]   --> src/lib.rs:137:33
[INFO] [stdout]    |
[INFO] [stdout] 12 |             MyEnum::Age(val) => SQLDataTypes::Number(val.into()),
[INFO] [stdout]    |                                 ^^^^^^^^^^^^ use of undeclared type `SQLDataTypes`
[INFO] [stdout]    |
[INFO] [stdout] help: consider importing this enum
[INFO] [stdout]    |
[INFO] [stdout] 2  + use sql_tools::data_types::SQLDataTypes;
[INFO] [stdout]    |
[INFO] [stdout] 
[INFO] [stdout] error: aborting due to 4 previous errors
[INFO] [stdout] 
[INFO] [stdout] Some errors have detailed explanations: E0405, E0412, E0433.
[INFO] [stdout] For more information about an error, try `rustc --explain E0405`.
[INFO] [stdout] Couldn't compile the test.
[INFO] [stdout] ---- src/lib.rs - (line 144) stdout ----
[INFO] [stdout] error[E0432]: unresolved import `some_crate`
[INFO] [stdout]  --> src/lib.rs:145:5
[INFO] [stdout]   |
[INFO] [stdout] 3 | use some_crate::SomeForeignType;
[INFO] [stdout]   |     ^^^^^^^^^^ use of undeclared crate or module `some_crate`
[INFO] [stdout] 
[INFO] [stdout] error[E0405]: cannot find trait `ToSQLData` in this scope
[INFO] [stdout]  --> src/lib.rs:149:6
[INFO] [stdout]   |
[INFO] [stdout] 7 | impl ToSQLData for MyType<'_> {
[INFO] [stdout]   |      ^^^^^^^^^ not found in this scope
[INFO] [stdout]   |
[INFO] [stdout] help: consider importing this trait
[INFO] [stdout]   |
[INFO] [stdout] 2 + use sql_tools::data_types::ToSQLData;
[INFO] [stdout]   |
[INFO] [stdout] 
[INFO] [stdout] error[E0412]: cannot find type `SQLDataTypes` in this scope
[INFO] [stdout]  --> src/lib.rs:150:26
[INFO] [stdout]   |
[INFO] [stdout] 8 |     fn fmt_data(self) -> SQLDataTypes {
[INFO] [stdout]   |                          ^^^^^^^^^^^^ not found in this scope
[INFO] [stdout]   |
[INFO] [stdout] help: consider importing this enum
[INFO] [stdout]   |
[INFO] [stdout] 2 + use sql_tools::data_types::SQLDataTypes;
[INFO] [stdout]   |
[INFO] [stdout] 
[INFO] [stdout] error[E0433]: failed to resolve: use of undeclared type `SQLDataTypes`
[INFO] [stdout]   --> src/lib.rs:152:50
[INFO] [stdout]    |
[INFO] [stdout] 10 |             MyType(SomeForeignType::Int(val)) => SQLDataTypes::Number(*val),
[INFO] [stdout]    |                                                  ^^^^^^^^^^^^ use of undeclared type `SQLDataTypes`
[INFO] [stdout]    |
[INFO] [stdout] help: consider importing this enum
[INFO] [stdout]    |
[INFO] [stdout] 2  + use sql_tools::data_types::SQLDataTypes;
[INFO] [stdout]    |
[INFO] [stdout] 
[INFO] [stdout] error[E0433]: failed to resolve: use of undeclared type `SQLDataTypes`
[INFO] [stdout]   --> src/lib.rs:153:52
[INFO] [stdout]    |
[INFO] [stdout] 11 |             MyType(SomeForeignType::Float(val)) => SQLDataTypes::Float(*val),
[INFO] [stdout]    |                                                    ^^^^^^^^^^^^ use of undeclared type `SQLDataTypes`
[INFO] [stdout]    |
[INFO] [stdout] help: consider importing this enum
[INFO] [stdout]    |
[INFO] [stdout] 2  + use sql_tools::data_types::SQLDataTypes;
[INFO] [stdout]    |
[INFO] [stdout] 
[INFO] [stdout] error[E0433]: failed to resolve: use of undeclared type `SQLDataTypes`
[INFO] [stdout]   --> src/lib.rs:154:53
[INFO] [stdout]    |
[INFO] [stdout] 12 |             MyType(SomeForeignType::String(val)) => SQLDataTypes::Varchar(val.to_owned()),
[INFO] [stdout]    |                                                     ^^^^^^^^^^^^ use of undeclared type `SQLDataTypes`
[INFO] [stdout]    |
[INFO] [stdout] help: consider importing this enum
[INFO] [stdout]    |
[INFO] [stdout] 2  + use sql_tools::data_types::SQLDataTypes;
[INFO] [stdout]    |
[INFO] [stdout] 
[INFO] [stdout] error[E0433]: failed to resolve: use of undeclared type `SQLDataTypes`
[INFO] [stdout]   --> src/lib.rs:155:46
[INFO] [stdout]    |
[INFO] [stdout] 13 |             MyType(SomeForeignType::None) => SQLDataTypes::NULL,
[INFO] [stdout]    |                                              ^^^^^^^^^^^^ use of undeclared type `SQLDataTypes`
[INFO] [stdout]    |
[INFO] [stdout] help: consider importing this enum
[INFO] [stdout]    |
[INFO] [stdout] 2  + use sql_tools::data_types::SQLDataTypes;
[INFO] [stdout]    |
[INFO] [stdout] 
[INFO] [stdout] error: aborting due to 7 previous errors
[INFO] [stdout] 
[INFO] [stdout] Some errors have detailed explanations: E0405, E0412, E0432, E0433.
[INFO] [stdout] For more information about an error, try `rustc --explain E0405`.
[INFO] [stdout] Couldn't compile the test.
[INFO] [stdout] ---- src/alter/mod.rs - alter::AlterTableBuilder::rename_column (line 104) stdout ----
[INFO] [stdout] error[E0433]: failed to resolve: use of undeclared type `OracleConnect`
[INFO] [stdout]  --> src/alter/mod.rs:105:12
[INFO] [stdout]   |
[INFO] [stdout] 3 | let conn = OracleConnect::new(connection_string, username, password)?;
[INFO] [stdout]   |            ^^^^^^^^^^^^^ use of undeclared type `OracleConnect`
[INFO] [stdout]   |
[INFO] [stdout] help: consider importing this struct
[INFO] [stdout]   |
[INFO] [stdout] 2 + use sql_tools::sql_variations::OracleConnect;
[INFO] [stdout]   |
[INFO] [stdout] 
[INFO] [stdout] error[E0425]: cannot find value `connection_string` in this scope
[INFO] [stdout]  --> src/alter/mod.rs:105:31
[INFO] [stdout]   |
[INFO] [stdout] 3 | let conn = OracleConnect::new(connection_string, username, password)?;
[INFO] [stdout]   |                               ^^^^^^^^^^^^^^^^^ not found in this scope
[INFO] [stdout] 
[INFO] [stderr] error: doctest failed, to rerun pass `--doc`
[INFO] [stdout] error[E0425]: cannot find value `username` in this scope
[INFO] [stdout]  --> src/alter/mod.rs:105:50
[INFO] [stdout]   |
[INFO] [stdout] 3 | let conn = OracleConnect::new(connection_string, username, password)?;
[INFO] [stdout]   |                                                  ^^^^^^^^ not found in this scope
[INFO] [stdout] 
[INFO] [stdout] error[E0425]: cannot find value `password` in this scope
[INFO] [stdout]  --> src/alter/mod.rs:105:60
[INFO] [stdout]   |
[INFO] [stdout] 3 | let conn = OracleConnect::new(connection_string, username, password)?;
[INFO] [stdout]   |                                                            ^^^^^^^^ not found in this scope
[INFO] [stdout] 
[INFO] [stdout] error: aborting due to 4 previous errors
[INFO] [stdout] 
[INFO] [stdout] Some errors have detailed explanations: E0425, E0433.
[INFO] [stdout] For more information about an error, try `rustc --explain E0425`.
[INFO] [stdout] Couldn't compile the test.
[INFO] [stdout] ---- src/alter/mod.rs - alter::AlterTableBuilder::drop (line 88) stdout ----
[INFO] [stdout] error[E0433]: failed to resolve: use of undeclared type `OracleConnect`
[INFO] [stdout]  --> src/alter/mod.rs:89:12
[INFO] [stdout]   |
[INFO] [stdout] 3 | let conn = OracleConnect::new(connection_string, username, password)?;
[INFO] [stdout]   |            ^^^^^^^^^^^^^ use of undeclared type `OracleConnect`
[INFO] [stdout]   |
[INFO] [stdout] help: consider importing this struct
[INFO] [stdout]   |
[INFO] [stdout] 2 + use sql_tools::sql_variations::OracleConnect;
[INFO] [stdout]   |
[INFO] [stdout] 
[INFO] [stdout] error[E0425]: cannot find value `connection_string` in this scope
[INFO] [stdout]  --> src/alter/mod.rs:89:31
[INFO] [stdout]   |
[INFO] [stdout] 3 | let conn = OracleConnect::new(connection_string, username, password)?;
[INFO] [stdout]   |                               ^^^^^^^^^^^^^^^^^ not found in this scope
[INFO] [stdout] 
[INFO] [stdout] error[E0425]: cannot find value `username` in this scope
[INFO] [stdout]  --> src/alter/mod.rs:89:50
[INFO] [stdout]   |
[INFO] [stdout] 3 | let conn = OracleConnect::new(connection_string, username, password)?;
[INFO] [stdout]   |                                                  ^^^^^^^^ not found in this scope
[INFO] [stdout] 
[INFO] [stdout] error[E0425]: cannot find value `password` in this scope
[INFO] [stdout]  --> src/alter/mod.rs:89:60
[INFO] [stdout]   |
[INFO] [stdout] 3 | let conn = OracleConnect::new(connection_string, username, password)?;
[INFO] [stdout]   |                                                            ^^^^^^^^ not found in this scope
[INFO] [stdout] 
[INFO] [stdout] error: aborting due to 4 previous errors
[INFO] [stdout] 
[INFO] [stdout] Some errors have detailed explanations: E0425, E0433.
[INFO] [stdout] For more information about an error, try `rustc --explain E0425`.
[INFO] [stdout] Couldn't compile the test.
[INFO] [stdout] ---- src/data_types/mod.rs - data_types::ToSQLData (line 35) stdout ----
[INFO] [stdout] error[E0405]: cannot find trait `ToSQLData` in this scope
[INFO] [stdout]  --> src/data_types/mod.rs:41:6
[INFO] [stdout]   |
[INFO] [stdout] 8 | impl ToSQLData for MyEnum {
[INFO] [stdout]   |      ^^^^^^^^^ not found in this scope
[INFO] [stdout]   |
[INFO] [stdout] help: consider importing this trait
[INFO] [stdout]   |
[INFO] [stdout] 2 + use sql_tools::data_types::ToSQLData;
[INFO] [stdout]   |
[INFO] [stdout] 
[INFO] [stdout] error[E0412]: cannot find type `SQLDataTypes` in this scope
[INFO] [stdout]  --> src/data_types/mod.rs:42:26
[INFO] [stdout]   |
[INFO] [stdout] 9 |     fn fmt_data(self) -> SQLDataTypes {
[INFO] [stdout]   |                          ^^^^^^^^^^^^ not found in this scope
[INFO] [stdout]   |
[INFO] [stdout] help: consider importing this enum
[INFO] [stdout]   |
[INFO] [stdout] 2 + use sql_tools::data_types::SQLDataTypes;
[INFO] [stdout]   |
[INFO] [stdout] 
[INFO] [stdout] error[E0433]: failed to resolve: use of undeclared type `SQLDataTypes`
[INFO] [stdout]   --> src/data_types/mod.rs:44:34
[INFO] [stdout]    |
[INFO] [stdout] 11 |             MyEnum::Name(val) => SQLDataTypes::Varchar(val.into()),
[INFO] [stdout]    |                                  ^^^^^^^^^^^^ use of undeclared type `SQLDataTypes`
[INFO] [stdout]    |
[INFO] [stdout] help: consider importing this enum
[INFO] [stdout]    |
[INFO] [stdout] 2  + use sql_tools::data_types::SQLDataTypes;
[INFO] [stdout]    |
[INFO] [stdout] 
[INFO] [stdout] error[E0433]: failed to resolve: use of undeclared type `SQLDataTypes`
[INFO] [stdout]   --> src/data_types/mod.rs:45:33
[INFO] [stdout]    |
[INFO] [stdout] 12 |             MyEnum::Age(val) => SQLDataTypes::Number(val.into()),
[INFO] [stdout]    |                                 ^^^^^^^^^^^^ use of undeclared type `SQLDataTypes`
[INFO] [stdout]    |
[INFO] [stdout] help: consider importing this enum
[INFO] [stdout]    |
[INFO] [stdout] 2  + use sql_tools::data_types::SQLDataTypes;
[INFO] [stdout]    |
[INFO] [stdout] 
[INFO] [stdout] error: aborting due to 4 previous errors
[INFO] [stdout] 
[INFO] [stdout] Some errors have detailed explanations: E0405, E0412, E0433.
[INFO] [stdout] For more information about an error, try `rustc --explain E0405`.
[INFO] [stdout] Couldn't compile the test.
[INFO] [stdout] ---- src/alter/mod.rs - alter::AlterTableBuilder::modify (line 66) stdout ----
[INFO] [stdout] error[E0433]: failed to resolve: use of undeclared type `OracleConnect`
[INFO] [stdout]  --> src/alter/mod.rs:67:12
[INFO] [stdout]   |
[INFO] [stdout] 3 | let conn = OracleConnect::new(connection_string, username, password)?;
[INFO] [stdout]   |            ^^^^^^^^^^^^^ use of undeclared type `OracleConnect`
[INFO] [stdout]   |
[INFO] [stdout] help: consider importing this struct
[INFO] [stdout]   |
[INFO] [stdout] 2 + use sql_tools::sql_variations::OracleConnect;
[INFO] [stdout]   |
[INFO] [stdout] 
[INFO] [stdout] error[E0425]: cannot find value `connection_string` in this scope
[INFO] [stdout]  --> src/alter/mod.rs:67:31
[INFO] [stdout]   |
[INFO] [stdout] 3 | let conn = OracleConnect::new(connection_string, username, password)?;
[INFO] [stdout]   |                               ^^^^^^^^^^^^^^^^^ not found in this scope
[INFO] [stdout] 
[INFO] [stdout] error[E0425]: cannot find value `username` in this scope
[INFO] [stdout]  --> src/alter/mod.rs:67:50
[INFO] [stdout]   |
[INFO] [stdout] 3 | let conn = OracleConnect::new(connection_string, username, password)?;
[INFO] [stdout]   |                                                  ^^^^^^^^ not found in this scope
[INFO] [stdout] 
[INFO] [stdout] error[E0425]: cannot find value `password` in this scope
[INFO] [stdout]  --> src/alter/mod.rs:67:60
[INFO] [stdout]   |
[INFO] [stdout] 3 | let conn = OracleConnect::new(connection_string, username, password)?;
[INFO] [stdout]   |                                                            ^^^^^^^^ not found in this scope
[INFO] [stdout] 
[INFO] [stdout] error[E0422]: cannot find struct, variant or union type `AlterColumns` in this scope
[INFO] [stdout]  --> src/alter/mod.rs:68:14
[INFO] [stdout]   |
[INFO] [stdout] 4 | let column = AlterColumns {
[INFO] [stdout]   |              ^^^^^^^^^^^^ not found in this scope
[INFO] [stdout]   |
[INFO] [stdout] help: consider importing this struct
[INFO] [stdout]   |
[INFO] [stdout] 2 + use sql_tools::alter::AlterColumns;
[INFO] [stdout]   |
[INFO] [stdout] 
[INFO] [stdout] error[E0433]: failed to resolve: use of undeclared type `CreateDataTypes`
[INFO] [stdout]  --> src/alter/mod.rs:70:16
[INFO] [stdout]   |
[INFO] [stdout] 6 |     data_type: CreateDataTypes::VARCHAR(10),
[INFO] [stdout]   |                ^^^^^^^^^^^^^^^ use of undeclared type `CreateDataTypes`
[INFO] [stdout]   |
[INFO] [stdout] help: consider importing this enum
[INFO] [stdout]   |
[INFO] [stdout] 2 + use sql_tools::create::CreateDataTypes;
[INFO] [stdout]   |
[INFO] [stdout] 
[INFO] [stdout] error: aborting due to 6 previous errors
[INFO] [stdout] 
[INFO] [stdout] Some errors have detailed explanations: E0422, E0425, E0433.
[INFO] [stdout] For more information about an error, try `rustc --explain E0422`.
[INFO] [stdout] Couldn't compile the test.
[INFO] [stdout] ---- src/lib.rs - (line 40) stdout ----
[INFO] [stdout] error[E0433]: failed to resolve: use of undeclared type `OracleConnect`
[INFO] [stdout]  --> src/lib.rs:41:12
[INFO] [stdout]   |
[INFO] [stdout] 3 | let conn = OracleConnect::new(connection_string, username, password).unwrap();
[INFO] [stdout]   |            ^^^^^^^^^^^^^ use of undeclared type `OracleConnect`
[INFO] [stdout]   |
[INFO] [stdout] help: consider importing this struct
[INFO] [stdout]   |
[INFO] [stdout] 2 + use sql_tools::sql_variations::OracleConnect;
[INFO] [stdout]   |
[INFO] [stdout] 
[INFO] [stdout] error[E0425]: cannot find value `connection_string` in this scope
[INFO] [stdout]  --> src/lib.rs:41:31
[INFO] [stdout]   |
[INFO] [stdout] 3 | let conn = OracleConnect::new(connection_string, username, password).unwrap();
[INFO] [stdout]   |                               ^^^^^^^^^^^^^^^^^ not found in this scope
[INFO] [stdout] 
[INFO] [stdout] error[E0425]: cannot find value `username` in this scope
[INFO] [stdout]  --> src/lib.rs:41:50
[INFO] [stdout]   |
[INFO] [stdout] 3 | let conn = OracleConnect::new(connection_string, username, password).unwrap();
[INFO] [stdout]   |                                                  ^^^^^^^^ not found in this scope
[INFO] [stdout] 
[INFO] [stdout] error[E0425]: cannot find value `password` in this scope
[INFO] [stdout]  --> src/lib.rs:41:60
[INFO] [stdout]   |
[INFO] [stdout] 3 | let conn = OracleConnect::new(connection_string, username, password).unwrap();
[INFO] [stdout]   |                                                            ^^^^^^^^ not found in this scope
[INFO] [stdout] 
[INFO] [stdout] error[E0412]: cannot find type `SQLDataTypes` in this scope
[INFO] [stdout]  --> src/lib.rs:42:19
[INFO] [stdout]   |
[INFO] [stdout] 4 | let data: Vec<Vec<SQLDataTypes>> = conn
[INFO] [stdout]   |                   ^^^^^^^^^^^^ not found in this scope
[INFO] [stdout]   |
[INFO] [stdout] help: consider importing this enum
[INFO] [stdout]   |
[INFO] [stdout] 2 + use sql_tools::data_types::SQLDataTypes;
[INFO] [stdout]   |
[INFO] [stdout] 
[INFO] [stdout] error[E0412]: cannot find type `SQLDataTypes` in this scope
[INFO] [stdout]  --> src/lib.rs:47:33
[INFO] [stdout]   |
[INFO] [stdout] 9 | data.iter().for_each(|row: &Vec<SQLDataTypes>| { println!("{:?}", row) });
[INFO] [stdout]   |                                 ^^^^^^^^^^^^ not found in this scope
[INFO] [stdout]   |
[INFO] [stdout] help: consider importing this enum
[INFO] [stdout]   |
[INFO] [stdout] 2 + use sql_tools::data_types::SQLDataTypes;
[INFO] [stdout]   |
[INFO] [stdout] 
[INFO] [stdout] error: aborting due to 6 previous errors
[INFO] [stdout] 
[INFO] [stdout] Some errors have detailed explanations: E0412, E0425, E0433.
[INFO] [stdout] For more information about an error, try `rustc --explain E0412`.
[INFO] [stdout] Couldn't compile the test.
[INFO] [stdout] ---- src/lib.rs - (line 112) stdout ----
[INFO] [stdout] error[E0412]: cannot find type `CreateTable` in this scope
[INFO] [stdout]  --> src/lib.rs:113:15
[INFO] [stdout]   |
[INFO] [stdout] 3 | let my_table: CreateTable = conn.create()
[INFO] [stdout]   |               ^^^^^^^^^^^ not found in this scope
[INFO] [stdout]   |
[INFO] [stdout] help: consider importing this struct
[INFO] [stdout]   |
[INFO] [stdout] 2 + use sql_tools::create::CreateTable;
[INFO] [stdout]   |
[INFO] [stdout] 
[INFO] [stdout] error[E0425]: cannot find value `conn` in this scope
[INFO] [stdout]  --> src/lib.rs:113:29
[INFO] [stdout]   |
[INFO] [stdout] 3 | let my_table: CreateTable = conn.create()
[INFO] [stdout]   |                             ^^^^ not found in this scope
[INFO] [stdout] 
[INFO] [stdout] error[E0425]: cannot find value `columns` in this scope
[INFO] [stdout]  --> src/lib.rs:114:24
[INFO] [stdout]   |
[INFO] [stdout] 4 |     .table("my_table", columns);
[INFO] [stdout]   |                        ^^^^^^^ not found in this scope
[INFO] [stdout] 
[INFO] [stdout] error[E0425]: cannot find value `add_date_col` in this scope
[INFO] [stdout]  --> src/lib.rs:116:4
[INFO] [stdout]   |
[INFO] [stdout] 6 | if add_date_col == true {
[INFO] [stdout]   |    ^^^^^^^^^^^^ not found in this scope
[INFO] [stdout] 
[INFO] [stdout] error[E0433]: failed to resolve: use of undeclared type `CreateDataTypes`
[INFO] [stdout]  --> src/lib.rs:117:49
[INFO] [stdout]   |
[INFO] [stdout] 7 |     my_table.add_column("Column_D".to_string(), CreateDataTypes::DATE);
[INFO] [stdout]   |                                                 ^^^^^^^^^^^^^^^ use of undeclared type `CreateDataTypes`
[INFO] [stdout]   |
[INFO] [stdout] help: consider importing this enum
[INFO] [stdout]   |
[INFO] [stdout] 2 + use sql_tools::create::CreateDataTypes;
[INFO] [stdout]   |
[INFO] [stdout] 
[INFO] [stdout] error: aborting due to 5 previous errors
[INFO] [stdout] 
[INFO] [stdout] Some errors have detailed explanations: E0412, E0425, E0433.
[INFO] [stdout] For more information about an error, try `rustc --explain E0412`.
[INFO] [stdout] Couldn't compile the test.
[INFO] [stdout] ---- src/alter/mod.rs - alter::AlterTableBuilder::rename (line 120) stdout ----
[INFO] [stdout] error[E0433]: failed to resolve: use of undeclared type `OracleConnect`
[INFO] [stdout]  --> src/alter/mod.rs:121:12
[INFO] [stdout]   |
[INFO] [stdout] 3 | let conn = OracleConnect::new(connection_string, username, password)?;
[INFO] [stdout]   |            ^^^^^^^^^^^^^ use of undeclared type `OracleConnect`
[INFO] [stdout]   |
[INFO] [stdout] help: consider importing this struct
[INFO] [stdout]   |
[INFO] [stdout] 2 + use sql_tools::sql_variations::OracleConnect;
[INFO] [stdout]   |
[INFO] [stdout] 
[INFO] [stdout] error[E0425]: cannot find value `connection_string` in this scope
[INFO] [stdout]  --> src/alter/mod.rs:121:31
[INFO] [stdout]   |
[INFO] [stdout] 3 | let conn = OracleConnect::new(connection_string, username, password)?;
[INFO] [stdout]   |                               ^^^^^^^^^^^^^^^^^ not found in this scope
[INFO] [stdout] 
[INFO] [stdout] error[E0425]: cannot find value `username` in this scope
[INFO] [stdout]  --> src/alter/mod.rs:121:50
[INFO] [stdout]   |
[INFO] [stdout] 3 | let conn = OracleConnect::new(connection_string, username, password)?;
[INFO] [stdout]   |                                                  ^^^^^^^^ not found in this scope
[INFO] [stdout] 
[INFO] [stdout] error[E0425]: cannot find value `password` in this scope
[INFO] [stdout]  --> src/alter/mod.rs:121:60
[INFO] [stdout]   |
[INFO] [stdout] 3 | let conn = OracleConnect::new(connection_string, username, password)?;
[INFO] [stdout]   |                                                            ^^^^^^^^ not found in this scope
[INFO] [stdout] 
[INFO] [stdout] error: aborting due to 4 previous errors
[INFO] [stdout] 
[INFO] [stdout] Some errors have detailed explanations: E0425, E0433.
[INFO] [stdout] For more information about an error, try `rustc --explain E0425`.
[INFO] [stdout] Couldn't compile the test.
[INFO] [stdout] ---- src/data_types/mod.rs - data_types::ToSQLData (line 53) stdout ----
[INFO] [stdout] error[E0432]: unresolved import `some_crate`
[INFO] [stdout]  --> src/data_types/mod.rs:54:5
[INFO] [stdout]   |
[INFO] [stdout] 3 | use some_crate::SomeForeignType;
[INFO] [stdout]   |     ^^^^^^^^^^ use of undeclared crate or module `some_crate`
[INFO] [stdout] 
[INFO] [stdout] error[E0405]: cannot find trait `ToSQLData` in this scope
[INFO] [stdout]  --> src/data_types/mod.rs:58:6
[INFO] [stdout]   |
[INFO] [stdout] 7 | impl ToSQLData for MyType<'_> {
[INFO] [stdout]   |      ^^^^^^^^^ not found in this scope
[INFO] [stdout]   |
[INFO] [stdout] help: consider importing this trait
[INFO] [stdout]   |
[INFO] [stdout] 2 + use sql_tools::data_types::ToSQLData;
[INFO] [stdout]   |
[INFO] [stdout] 
[INFO] [stdout] error[E0412]: cannot find type `SQLDataTypes` in this scope
[INFO] [stdout]  --> src/data_types/mod.rs:59:26
[INFO] [stdout]   |
[INFO] [stdout] 8 |     fn fmt_data(self) -> SQLDataTypes {
[INFO] [stdout]   |                          ^^^^^^^^^^^^ not found in this scope
[INFO] [stdout]   |
[INFO] [stdout] help: consider importing this enum
[INFO] [stdout]   |
[INFO] [stdout] 2 + use sql_tools::data_types::SQLDataTypes;
[INFO] [stdout]   |
[INFO] [stdout] 
[INFO] [stdout] error[E0433]: failed to resolve: use of undeclared type `SQLDataTypes`
[INFO] [stdout]   --> src/data_types/mod.rs:61:50
[INFO] [stdout]    |
[INFO] [stdout] 10 |             MyType(SomeForeignType::Int(val)) => SQLDataTypes::Number(*val),
[INFO] [stdout]    |                                                  ^^^^^^^^^^^^ use of undeclared type `SQLDataTypes`
[INFO] [stdout]    |
[INFO] [stdout] help: consider importing this enum
[INFO] [stdout]    |
[INFO] [stdout] 2  + use sql_tools::data_types::SQLDataTypes;
[INFO] [stdout]    |
[INFO] [stdout] 
[INFO] [stdout] error[E0433]: failed to resolve: use of undeclared type `SQLDataTypes`
[INFO] [stdout]   --> src/data_types/mod.rs:62:52
[INFO] [stdout]    |
[INFO] [stdout] 11 |             MyType(SomeForeignType::Float(val)) => SQLDataTypes::Float(*val),
[INFO] [stdout]    |                                                    ^^^^^^^^^^^^ use of undeclared type `SQLDataTypes`
[INFO] [stdout]    |
[INFO] [stdout] help: consider importing this enum
[INFO] [stdout]    |
[INFO] [stdout] 2  + use sql_tools::data_types::SQLDataTypes;
[INFO] [stdout]    |
[INFO] [stdout] 
[INFO] [stdout] error[E0433]: failed to resolve: use of undeclared type `SQLDataTypes`
[INFO] [stdout]   --> src/data_types/mod.rs:63:53
[INFO] [stdout]    |
[INFO] [stdout] 12 |             MyType(SomeForeignType::String(val)) => SQLDataTypes::Varchar(val.to_owned()),
[INFO] [stdout]    |                                                     ^^^^^^^^^^^^ use of undeclared type `SQLDataTypes`
[INFO] [stdout]    |
[INFO] [stdout] help: consider importing this enum
[INFO] [stdout]    |
[INFO] [stdout] 2  + use sql_tools::data_types::SQLDataTypes;
[INFO] [stdout]    |
[INFO] [stdout] 
[INFO] [stdout] error[E0433]: failed to resolve: use of undeclared type `SQLDataTypes`
[INFO] [stdout]   --> src/data_types/mod.rs:64:46
[INFO] [stdout]    |
[INFO] [stdout] 13 |             MyType(SomeForeignType::None) => SQLDataTypes::NULL,
[INFO] [stdout]    |                                              ^^^^^^^^^^^^ use of undeclared type `SQLDataTypes`
[INFO] [stdout]    |
[INFO] [stdout] help: consider importing this enum
[INFO] [stdout]    |
[INFO] [stdout] 2  + use sql_tools::data_types::SQLDataTypes;
[INFO] [stdout]    |
[INFO] [stdout] 
[INFO] [stdout] error: aborting due to 7 previous errors
[INFO] [stdout] 
[INFO] [stdout] Some errors have detailed explanations: E0405, E0412, E0432, E0433.
[INFO] [stdout] For more information about an error, try `rustc --explain E0405`.
[INFO] [stdout] Couldn't compile the test.
[INFO] [stdout] ---- src/lib.rs - (line 81) stdout ----
[INFO] [stdout] error[E0425]: cannot find value `conn` in this scope
[INFO] [stdout]   --> src/lib.rs:89:1
[INFO] [stdout]    |
[INFO] [stdout] 10 | conn.insert("sales_data", data)
[INFO] [stdout]    | ^^^^ not found in this scope
[INFO] [stdout] 
[INFO] [stdout] error: aborting due to 1 previous error
[INFO] [stdout] 
[INFO] [stdout] For more information about this error, try `rustc --explain E0425`.
[INFO] [stdout] Couldn't compile the test.
[INFO] [stdout] ---- src/select/mod.rs - select::SelectBuilder::where_not (line 39) stdout ----
[INFO] [stdout] error[E0425]: cannot find value `conn` in this scope
[INFO] [stdout]  --> src/select/mod.rs:40:12
[INFO] [stdout]   |
[INFO] [stdout] 3 | let data = conn.select("quarterly_earnings", vec!["revenue", "profit"])
[INFO] [stdout]   |            ^^^^ not found in this scope
[INFO] [stdout] 
[INFO] [stdout] error: aborting due to 1 previous error
[INFO] [stdout] 
[INFO] [stdout] For more information about this error, try `rustc --explain E0425`.
[INFO] [stdout] Couldn't compile the test.
[INFO] [stdout] ---- src/select/mod.rs - select::SelectBuilder::where_in (line 31) stdout ----
[INFO] [stdout] error[E0425]: cannot find value `conn` in this scope
[INFO] [stdout]  --> src/select/mod.rs:32:12
[INFO] [stdout]   |
[INFO] [stdout] 3 | let data = conn.select("quarterly_earnings", vec!["revenue", "profit"])
[INFO] [stdout]   |            ^^^^ not found in this scope
[INFO] [stdout] 
[INFO] [stdout] error: aborting due to 1 previous error
[INFO] [stdout] 
[INFO] [stdout] For more information about this error, try `rustc --explain E0425`.
[INFO] [stdout] Couldn't compile the test.
[INFO] [stdout] ---- src/lib.rs - QueryBuilder::alter (line 130) stdout ----
[INFO] [stdout] error[E0433]: failed to resolve: use of undeclared type `OracleConnect`
[INFO] [stdout]  --> src/lib.rs:131:12
[INFO] [stdout]   |
[INFO] [stdout] 3 | let conn = OracleConnect::new(connection_string, username, password)?;
[INFO] [stdout]   |            ^^^^^^^^^^^^^ use of undeclared type `OracleConnect`
[INFO] [stdout]   |
[INFO] [stdout] help: consider importing this struct
[INFO] [stdout]   |
[INFO] [stdout] 2 + use sql_tools::sql_variations::OracleConnect;
[INFO] [stdout]   |
[INFO] [stdout] 
[INFO] [stdout] error[E0425]: cannot find value `connection_string` in this scope
[INFO] [stdout]  --> src/lib.rs:131:31
[INFO] [stdout]   |
[INFO] [stdout] 3 | let conn = OracleConnect::new(connection_string, username, password)?;
[INFO] [stdout]   |                               ^^^^^^^^^^^^^^^^^ not found in this scope
[INFO] [stdout] 
[INFO] [stdout] error[E0425]: cannot find value `username` in this scope
[INFO] [stdout]  --> src/lib.rs:131:50
[INFO] [stdout]   |
[INFO] [stdout] 3 | let conn = OracleConnect::new(connection_string, username, password)?;
[INFO] [stdout]   |                                                  ^^^^^^^^ not found in this scope
[INFO] [stdout] 
[INFO] [stdout] error[E0425]: cannot find value `password` in this scope
[INFO] [stdout]  --> src/lib.rs:131:60
[INFO] [stdout]   |
[INFO] [stdout] 3 | let conn = OracleConnect::new(connection_string, username, password)?;
[INFO] [stdout]   |                                                            ^^^^^^^^ not found in this scope
[INFO] [stdout] 
[INFO] [stdout] error: aborting due to 4 previous errors
[INFO] [stdout] 
[INFO] [stdout] Some errors have detailed explanations: E0425, E0433.
[INFO] [stdout] For more information about an error, try `rustc --explain E0425`.
[INFO] [stdout] Couldn't compile the test.
[INFO] [stdout] ---- src/lib.rs - QueryBuilder::update (line 67) stdout ----
[INFO] [stdout] error[E0433]: failed to resolve: use of undeclared type `OracleConnect`
[INFO] [stdout]  --> src/lib.rs:68:12
[INFO] [stdout]   |
[INFO] [stdout] 3 | let conn = OracleConnect::new(connection_string, username, password)?;
[INFO] [stdout]   |            ^^^^^^^^^^^^^ use of undeclared type `OracleConnect`
[INFO] [stdout]   |
[INFO] [stdout] help: consider importing this struct
[INFO] [stdout]   |
[INFO] [stdout] 2 + use sql_tools::sql_variations::OracleConnect;
[INFO] [stdout]   |
[INFO] [stdout] 
[INFO] [stdout] error[E0425]: cannot find value `connection_string` in this scope
[INFO] [stdout]  --> src/lib.rs:68:31
[INFO] [stdout]   |
[INFO] [stdout] 3 | let conn = OracleConnect::new(connection_string, username, password)?;
[INFO] [stdout]   |                               ^^^^^^^^^^^^^^^^^ not found in this scope
[INFO] [stdout] 
[INFO] [stdout] error[E0425]: cannot find value `username` in this scope
[INFO] [stdout]  --> src/lib.rs:68:50
[INFO] [stdout]   |
[INFO] [stdout] 3 | let conn = OracleConnect::new(connection_string, username, password)?;
[INFO] [stdout]   |                                                  ^^^^^^^^ not found in this scope
[INFO] [stdout] 
[INFO] [stdout] error[E0425]: cannot find value `password` in this scope
[INFO] [stdout]  --> src/lib.rs:68:60
[INFO] [stdout]   |
[INFO] [stdout] 3 | let conn = OracleConnect::new(connection_string, username, password)?;
[INFO] [stdout]   |                                                            ^^^^^^^^ not found in this scope
[INFO] [stdout] 
[INFO] [stdout] error: aborting due to 4 previous errors
[INFO] [stdout] 
[INFO] [stdout] Some errors have detailed explanations: E0425, E0433.
[INFO] [stdout] For more information about an error, try `rustc --explain E0425`.
[INFO] [stdout] Couldn't compile the test.
[INFO] [stdout] ---- src/lib.rs - (line 98) stdout ----
[INFO] [stdout] error[E0433]: failed to resolve: use of undeclared type `OracleConnect`
[INFO] [stdout]  --> src/lib.rs:99:12
[INFO] [stdout]   |
[INFO] [stdout] 3 | let conn = OracleConnect::new(connection_string, username, password).unwrap();
[INFO] [stdout]   |            ^^^^^^^^^^^^^ use of undeclared type `OracleConnect`
[INFO] [stdout]   |
[INFO] [stdout] help: consider importing this struct
[INFO] [stdout]   |
[INFO] [stdout] 2 + use sql_tools::sql_variations::OracleConnect;
[INFO] [stdout]   |
[INFO] [stdout] 
[INFO] [stdout] error[E0425]: cannot find value `connection_string` in this scope
[INFO] [stdout]  --> src/lib.rs:99:31
[INFO] [stdout]   |
[INFO] [stdout] 3 | let conn = OracleConnect::new(connection_string, username, password).unwrap();
[INFO] [stdout]   |                               ^^^^^^^^^^^^^^^^^ not found in this scope
[INFO] [stdout] 
[INFO] [stdout] error[E0425]: cannot find value `username` in this scope
[INFO] [stdout]  --> src/lib.rs:99:50
[INFO] [stdout]   |
[INFO] [stdout] 3 | let conn = OracleConnect::new(connection_string, username, password).unwrap();
[INFO] [stdout]   |                                                  ^^^^^^^^ not found in this scope
[INFO] [stdout] 
[INFO] [stdout] error[E0425]: cannot find value `password` in this scope
[INFO] [stdout]  --> src/lib.rs:99:60
[INFO] [stdout]   |
[INFO] [stdout] 3 | let conn = OracleConnect::new(connection_string, username, password).unwrap();
[INFO] [stdout]   |                                                            ^^^^^^^^ not found in this scope
[INFO] [stdout] 
[INFO] [stdout] error[E0422]: cannot find struct, variant or union type `CreateColumns` in this scope
[INFO] [stdout]  --> src/lib.rs:101:9
[INFO] [stdout]   |
[INFO] [stdout] 5 |         CreateColumns{ name: "Column_A".to_string(), data_type: CreateDataTypes::VARCHAR(20 as usize) },
[INFO] [stdout]   |         ^^^^^^^^^^^^^ not found in this scope
[INFO] [stdout]   |
[INFO] [stdout] help: consider importing this struct
[INFO] [stdout]   |
[INFO] [stdout] 2 + use sql_tools::create::CreateColumns;
[INFO] [stdout]   |
[INFO] [stdout] 
[INFO] [stdout] error[E0433]: failed to resolve: use of undeclared type `CreateDataTypes`
[INFO] [stdout]  --> src/lib.rs:101:65
[INFO] [stdout]   |
[INFO] [stdout] 5 |         CreateColumns{ name: "Column_A".to_string(), data_type: CreateDataTypes::VARCHAR(20 as usize) },
[INFO] [stdout]   |                                                                 ^^^^^^^^^^^^^^^ use of undeclared type `CreateDataTypes`
[INFO] [stdout]   |
[INFO] [stdout] help: consider importing this enum
[INFO] [stdout]   |
[INFO] [stdout] 2 + use sql_tools::create::CreateDataTypes;
[INFO] [stdout]   |
[INFO] [stdout] 
[INFO] [stdout] error[E0422]: cannot find struct, variant or union type `CreateColumns` in this scope
[INFO] [stdout]  --> src/lib.rs:102:9
[INFO] [stdout]   |
[INFO] [stdout] 6 |         CreateColumns{ name: "Column_B".to_string(), data_type: CreateDataTypes::NUMBER },
[INFO] [stdout]   |         ^^^^^^^^^^^^^ not found in this scope
[INFO] [stdout]   |
[INFO] [stdout] help: consider importing this struct
[INFO] [stdout]   |
[INFO] [stdout] 2 + use sql_tools::create::CreateColumns;
[INFO] [stdout]   |
[INFO] [stdout] 
[INFO] [stdout] error[E0433]: failed to resolve: use of undeclared type `CreateDataTypes`
[INFO] [stdout]  --> src/lib.rs:102:65
[INFO] [stdout]   |
[INFO] [stdout] 6 |         CreateColumns{ name: "Column_B".to_string(), data_type: CreateDataTypes::NUMBER },
[INFO] [stdout]   |                                                                 ^^^^^^^^^^^^^^^ use of undeclared type `CreateDataTypes`
[INFO] [stdout]   |
[INFO] [stdout] help: consider importing this enum
[INFO] [stdout]   |
[INFO] [stdout] 2 + use sql_tools::create::CreateDataTypes;
[INFO] [stdout]   |
[INFO] [stdout] 
[INFO] [stdout] error[E0422]: cannot find struct, variant or union type `CreateColumns` in this scope
[INFO] [stdout]  --> src/lib.rs:103:9
[INFO] [stdout]   |
[INFO] [stdout] 7 |         CreateColumns{ name: "Column_C".to_string(), data_type: CreateDataTypes::FLOAT },
[INFO] [stdout]   |         ^^^^^^^^^^^^^ not found in this scope
[INFO] [stdout]   |
[INFO] [stdout] help: consider importing this struct
[INFO] [stdout]   |
[INFO] [stdout] 2 + use sql_tools::create::CreateColumns;
[INFO] [stdout]   |
[INFO] [stdout] 
[INFO] [stdout] error[E0433]: failed to resolve: use of undeclared type `CreateDataTypes`
[INFO] [stdout]  --> src/lib.rs:103:65
[INFO] [stdout]   |
[INFO] [stdout] 7 |         CreateColumns{ name: "Column_C".to_string(), data_type: CreateDataTypes::FLOAT },
[INFO] [stdout]   |                                                                 ^^^^^^^^^^^^^^^ use of undeclared type `CreateDataTypes`
[INFO] [stdout]   |
[INFO] [stdout] help: consider importing this enum
[INFO] [stdout]   |
[INFO] [stdout] 2 + use sql_tools::create::CreateDataTypes;
[INFO] [stdout]   |
[INFO] [stdout] 
[INFO] [stdout] error: aborting due to 10 previous errors
[INFO] [stdout] 
[INFO] [stdout] Some errors have detailed explanations: E0422, E0425, E0433.
[INFO] [stdout] For more information about an error, try `rustc --explain E0422`.
[INFO] [stdout] Couldn't compile the test.
[INFO] [stdout] ---- src/lib.rs - QueryBuilder::create (line 116) stdout ----
[INFO] [stdout] error[E0412]: cannot find type `CreateTable` in this scope
[INFO] [stdout]  --> src/lib.rs:117:15
[INFO] [stdout]   |
[INFO] [stdout] 3 | let my_table: CreateTable = conn.create()
[INFO] [stdout]   |               ^^^^^^^^^^^ not found in this scope
[INFO] [stdout]   |
[INFO] [stdout] help: consider importing this struct
[INFO] [stdout]   |
[INFO] [stdout] 2 + use sql_tools::create::CreateTable;
[INFO] [stdout]   |
[INFO] [stdout] 
[INFO] [stdout] error[E0425]: cannot find value `conn` in this scope
[INFO] [stdout]  --> src/lib.rs:117:29
[INFO] [stdout]   |
[INFO] [stdout] 3 | let my_table: CreateTable = conn.create()
[INFO] [stdout]   |                             ^^^^ not found in this scope
[INFO] [stdout] 
[INFO] [stdout] error[E0425]: cannot find value `columns` in this scope
[INFO] [stdout]  --> src/lib.rs:118:24
[INFO] [stdout]   |
[INFO] [stdout] 4 |     .table("my_table", columns);
[INFO] [stdout]   |                        ^^^^^^^ not found in this scope
[INFO] [stdout] 
[INFO] [stdout] error[E0425]: cannot find value `add_date_col` in this scope
[INFO] [stdout]  --> src/lib.rs:120:4
[INFO] [stdout]   |
[INFO] [stdout] 6 | if add_date_col == true {
[INFO] [stdout]   |    ^^^^^^^^^^^^ not found in this scope
[INFO] [stdout] 
[INFO] [stdout] error[E0433]: failed to resolve: use of undeclared type `CreateDataTypes`
[INFO] [stdout]  --> src/lib.rs:121:49
[INFO] [stdout]   |
[INFO] [stdout] 7 |     my_table.add_column("Column_D".to_string(), CreateDataTypes::DATE);
[INFO] [stdout]   |                                                 ^^^^^^^^^^^^^^^ use of undeclared type `CreateDataTypes`
[INFO] [stdout]   |
[INFO] [stdout] help: consider importing this enum
[INFO] [stdout]   |
[INFO] [stdout] 2 + use sql_tools::create::CreateDataTypes;
[INFO] [stdout]   |
[INFO] [stdout] 
[INFO] [stdout] error: aborting due to 5 previous errors
[INFO] [stdout] 
[INFO] [stdout] Some errors have detailed explanations: E0412, E0425, E0433.
[INFO] [stdout] For more information about an error, try `rustc --explain E0412`.
[INFO] [stdout] Couldn't compile the test.
[INFO] [stdout] ---- src/update/mod.rs - update::UpdateBuilder::where_in (line 39) stdout ----
[INFO] [stdout] error[E0425]: cannot find value `conn` in this scope
[INFO] [stdout]  --> src/update/mod.rs:40:1
[INFO] [stdout]   |
[INFO] [stdout] 3 | conn.update("test_grades")
[INFO] [stdout]   | ^^^^ not found in this scope
[INFO] [stdout] 
[INFO] [stdout] error: aborting due to 1 previous error
[INFO] [stdout] 
[INFO] [stdout] For more information about this error, try `rustc --explain E0425`.
[INFO] [stdout] Couldn't compile the test.
[INFO] [stdout] ---- src/update/mod.rs - update::UpdateBuilder::where_not (line 54) stdout ----
[INFO] [stdout] error[E0425]: cannot find value `conn` in this scope
[INFO] [stdout]  --> src/update/mod.rs:55:1
[INFO] [stdout]   |
[INFO] [stdout] 3 | conn.update("test_grades")
[INFO] [stdout]   | ^^^^ not found in this scope
[INFO] [stdout] 
[INFO] [stdout] error: aborting due to 1 previous error
[INFO] [stdout] 
[INFO] [stdout] For more information about this error, try `rustc --explain E0425`.
[INFO] [stdout] Couldn't compile the test.
[INFO] [stdout] ---- src/lib.rs - QueryBuilder::insert (line 87) stdout ----
[INFO] [stdout] error[E0433]: failed to resolve: use of undeclared type `OracleConnect`
[INFO] [stdout]  --> src/lib.rs:88:12
[INFO] [stdout]   |
[INFO] [stdout] 3 | let conn = OracleConnect::new(connection_string, username, password)?;
[INFO] [stdout]   |            ^^^^^^^^^^^^^ use of undeclared type `OracleConnect`
[INFO] [stdout]   |
[INFO] [stdout] help: consider importing this struct
[INFO] [stdout]   |
[INFO] [stdout] 2 + use sql_tools::sql_variations::OracleConnect;
[INFO] [stdout]   |
[INFO] [stdout] 
[INFO] [stdout] error[E0425]: cannot find value `connection_string` in this scope
[INFO] [stdout]  --> src/lib.rs:88:31
[INFO] [stdout]   |
[INFO] [stdout] 3 | let conn = OracleConnect::new(connection_string, username, password)?;
[INFO] [stdout]   |                               ^^^^^^^^^^^^^^^^^ not found in this scope
[INFO] [stdout] 
[INFO] [stdout] error[E0425]: cannot find value `username` in this scope
[INFO] [stdout]  --> src/lib.rs:88:50
[INFO] [stdout]   |
[INFO] [stdout] 3 | let conn = OracleConnect::new(connection_string, username, password)?;
[INFO] [stdout]   |                                                  ^^^^^^^^ not found in this scope
[INFO] [stdout] 
[INFO] [stdout] error[E0425]: cannot find value `password` in this scope
[INFO] [stdout]  --> src/lib.rs:88:60
[INFO] [stdout]   |
[INFO] [stdout] 3 | let conn = OracleConnect::new(connection_string, username, password)?;
[INFO] [stdout]   |                                                            ^^^^^^^^ not found in this scope
[INFO] [stdout] 
[INFO] [stdout] error: aborting due to 4 previous errors
[INFO] [stdout] 
[INFO] [stdout] Some errors have detailed explanations: E0425, E0433.
[INFO] [stdout] For more information about an error, try `rustc --explain E0425`.
[INFO] [stdout] Couldn't compile the test.
[INFO] [stdout] ---- src/update/mod.rs - update::UpdateBuilder::set (line 31) stdout ----
[INFO] [stdout] error[E0425]: cannot find value `conn` in this scope
[INFO] [stdout]  --> src/update/mod.rs:32:1
[INFO] [stdout]   |
[INFO] [stdout] 3 | conn.update("quarterly_earnings")
[INFO] [stdout]   | ^^^^ not found in this scope
[INFO] [stdout] 
[INFO] [stdout] error: aborting due to 1 previous error
[INFO] [stdout] 
[INFO] [stdout] For more information about this error, try `rustc --explain E0425`.
[INFO] [stdout] Couldn't compile the test.
[INFO] [stdout] ---- src/where_clause/mod.rs - where_clause::WhereClauseBuilder::and_not (line 64) stdout ----
[INFO] [stdout] error[E0412]: cannot find type `SQLDataTypes` in this scope
[INFO] [stdout]  --> src/where_clause/mod.rs:65:19
[INFO] [stdout]   |
[INFO] [stdout] 3 | let data: Vec<Vec<SQLDataTypes>> = conn
[INFO] [stdout]   |                   ^^^^^^^^^^^^ not found in this scope
[INFO] [stdout]   |
[INFO] [stdout] help: consider importing this enum
[INFO] [stdout]   |
[INFO] [stdout] 2 + use sql_tools::data_types::SQLDataTypes;
[INFO] [stdout]   |
[INFO] [stdout] 
[INFO] [stdout] error[E0425]: cannot find value `conn` in this scope
[INFO] [stdout]  --> src/where_clause/mod.rs:65:36
[INFO] [stdout]   |
[INFO] [stdout] 3 | let data: Vec<Vec<SQLDataTypes>> = conn
[INFO] [stdout]   |                                    ^^^^ not found in this scope
[INFO] [stdout] 
[INFO] [stdout] error: aborting due to 2 previous errors
[INFO] [stdout] 
[INFO] [stdout] Some errors have detailed explanations: E0412, E0425.
[INFO] [stdout] For more information about an error, try `rustc --explain E0412`.
[INFO] [stdout] Couldn't compile the test.
[INFO] [stdout] ---- src/where_clause/mod.rs - where_clause::WhereClauseBuilder::and (line 26) stdout ----
[INFO] [stdout] error[E0412]: cannot find type `SQLDataTypes` in this scope
[INFO] [stdout]  --> src/where_clause/mod.rs:27:19
[INFO] [stdout]   |
[INFO] [stdout] 3 | let data: Vec<Vec<SQLDataTypes>> = conn
[INFO] [stdout]   |                   ^^^^^^^^^^^^ not found in this scope
[INFO] [stdout]   |
[INFO] [stdout] help: consider importing this enum
[INFO] [stdout]   |
[INFO] [stdout] 2 + use sql_tools::data_types::SQLDataTypes;
[INFO] [stdout]   |
[INFO] [stdout] 
[INFO] [stdout] error[E0425]: cannot find value `conn` in this scope
[INFO] [stdout]  --> src/where_clause/mod.rs:27:36
[INFO] [stdout]   |
[INFO] [stdout] 3 | let data: Vec<Vec<SQLDataTypes>> = conn
[INFO] [stdout]   |                                    ^^^^ not found in this scope
[INFO] [stdout] 
[INFO] [stdout] error: aborting due to 2 previous errors
[INFO] [stdout] 
[INFO] [stdout] Some errors have detailed explanations: E0412, E0425.
[INFO] [stdout] For more information about an error, try `rustc --explain E0412`.
[INFO] [stdout] Couldn't compile the test.
[INFO] [stdout] ---- src/where_clause/mod.rs - where_clause::WhereClauseBuilder::or (line 48) stdout ----
[INFO] [stdout] error[E0412]: cannot find type `SQLDataTypes` in this scope
[INFO] [stdout]  --> src/where_clause/mod.rs:49:19
[INFO] [stdout]   |
[INFO] [stdout] 3 | let data: Vec<Vec<SQLDataTypes>> = conn
[INFO] [stdout]   |                   ^^^^^^^^^^^^ not found in this scope
[INFO] [stdout]   |
[INFO] [stdout] help: consider importing this enum
[INFO] [stdout]   |
[INFO] [stdout] 2 + use sql_tools::data_types::SQLDataTypes;
[INFO] [stdout]   |
[INFO] [stdout] 
[INFO] [stdout] error[E0425]: cannot find value `conn` in this scope
[INFO] [stdout]  --> src/where_clause/mod.rs:49:36
[INFO] [stdout]   |
[INFO] [stdout] 3 | let data: Vec<Vec<SQLDataTypes>> = conn
[INFO] [stdout]   |                                    ^^^^ not found in this scope
[INFO] [stdout] 
[INFO] [stdout] error: aborting due to 2 previous errors
[INFO] [stdout] 
[INFO] [stdout] Some errors have detailed explanations: E0412, E0425.
[INFO] [stdout] For more information about an error, try `rustc --explain E0412`.
[INFO] [stdout] Couldn't compile the test.
[INFO] [stdout] ---- src/lib.rs - QueryBuilder::select (line 46) stdout ----
[INFO] [stdout] error[E0433]: failed to resolve: use of undeclared type `OracleConnect`
[INFO] [stdout]  --> src/lib.rs:47:12
[INFO] [stdout]   |
[INFO] [stdout] 3 | let conn = OracleConnect::new(connection_string, username, password)?;
[INFO] [stdout]   |            ^^^^^^^^^^^^^ use of undeclared type `OracleConnect`
[INFO] [stdout]   |
[INFO] [stdout] help: consider importing this struct
[INFO] [stdout]   |
[INFO] [stdout] 2 + use sql_tools::sql_variations::OracleConnect;
[INFO] [stdout]   |
[INFO] [stdout] 
[INFO] [stdout] error[E0425]: cannot find value `connection_string` in this scope
[INFO] [stdout]  --> src/lib.rs:47:31
[INFO] [stdout]   |
[INFO] [stdout] 3 | let conn = OracleConnect::new(connection_string, username, password)?;
[INFO] [stdout]   |                               ^^^^^^^^^^^^^^^^^ not found in this scope
[INFO] [stdout] 
[INFO] [stdout] error[E0425]: cannot find value `username` in this scope
[INFO] [stdout]  --> src/lib.rs:47:50
[INFO] [stdout]   |
[INFO] [stdout] 3 | let conn = OracleConnect::new(connection_string, username, password)?;
[INFO] [stdout]   |                                                  ^^^^^^^^ not found in this scope
[INFO] [stdout] 
[INFO] [stdout] error[E0425]: cannot find value `password` in this scope
[INFO] [stdout]  --> src/lib.rs:47:60
[INFO] [stdout]   |
[INFO] [stdout] 3 | let conn = OracleConnect::new(connection_string, username, password)?;
[INFO] [stdout]   |                                                            ^^^^^^^^ not found in this scope
[INFO] [stdout] 
[INFO] [stdout] error[E0412]: cannot find type `SQLDataTypes` in this scope
[INFO] [stdout]  --> src/lib.rs:48:19
[INFO] [stdout]   |
[INFO] [stdout] 4 | let data: Vec<Vec<SQLDataTypes>> = conn
[INFO] [stdout]   |                   ^^^^^^^^^^^^ not found in this scope
[INFO] [stdout]   |
[INFO] [stdout] help: consider importing this enum
[INFO] [stdout]   |
[INFO] [stdout] 2 + use sql_tools::data_types::SQLDataTypes;
[INFO] [stdout]   |
[INFO] [stdout] 
[INFO] [stdout] error[E0412]: cannot find type `SQLDataTypes` in this scope
[INFO] [stdout]  --> src/lib.rs:53:33
[INFO] [stdout]   |
[INFO] [stdout] 9 | data.iter().for_each(|row: &Vec<SQLDataTypes>| { println!("{:?}", row) });
[INFO] [stdout]   |                                 ^^^^^^^^^^^^ not found in this scope
[INFO] [stdout]   |
[INFO] [stdout] help: consider importing this enum
[INFO] [stdout]   |
[INFO] [stdout] 2 + use sql_tools::data_types::SQLDataTypes;
[INFO] [stdout]   |
[INFO] [stdout] 
[INFO] [stdout] error: aborting due to 6 previous errors
[INFO] [stdout] 
[INFO] [stdout] Some errors have detailed explanations: E0412, E0425, E0433.
[INFO] [stdout] For more information about an error, try `rustc --explain E0412`.
[INFO] [stdout] Couldn't compile the test.
[INFO] [stdout] ---- src/lib.rs - QueryBuilder::create (line 102) stdout ----
[INFO] [stdout] error[E0433]: failed to resolve: use of undeclared type `OracleConnect`
[INFO] [stdout]  --> src/lib.rs:103:12
[INFO] [stdout]   |
[INFO] [stdout] 3 | let conn = OracleConnect::new(connection_string, username, password)?;
[INFO] [stdout]   |            ^^^^^^^^^^^^^ use of undeclared type `OracleConnect`
[INFO] [stdout]   |
[INFO] [stdout] help: consider importing this struct
[INFO] [stdout]   |
[INFO] [stdout] 2 + use sql_tools::sql_variations::OracleConnect;
[INFO] [stdout]   |
[INFO] [stdout] 
[INFO] [stdout] error[E0425]: cannot find value `connection_string` in this scope
[INFO] [stdout]  --> src/lib.rs:103:31
[INFO] [stdout]   |
[INFO] [stdout] 3 | let conn = OracleConnect::new(connection_string, username, password)?;
[INFO] [stdout]   |                               ^^^^^^^^^^^^^^^^^ not found in this scope
[INFO] [stdout] 
[INFO] [stdout] error[E0425]: cannot find value `username` in this scope
[INFO] [stdout]  --> src/lib.rs:103:50
[INFO] [stdout]   |
[INFO] [stdout] 3 | let conn = OracleConnect::new(connection_string, username, password)?;
[INFO] [stdout]   |                                                  ^^^^^^^^ not found in this scope
[INFO] [stdout] 
[INFO] [stdout] error[E0425]: cannot find value `password` in this scope
[INFO] [stdout]  --> src/lib.rs:103:60
[INFO] [stdout]   |
[INFO] [stdout] 3 | let conn = OracleConnect::new(connection_string, username, password)?;
[INFO] [stdout]   |                                                            ^^^^^^^^ not found in this scope
[INFO] [stdout] 
[INFO] [stdout] error[E0422]: cannot find struct, variant or union type `CreateColumns` in this scope
[INFO] [stdout]  --> src/lib.rs:105:5
[INFO] [stdout]   |
[INFO] [stdout] 5 |     CreateColumns{ name: "Column_A".to_string(), data_type: CreateDataTypes::VARCHAR(20 as usize) },
[INFO] [stdout]   |     ^^^^^^^^^^^^^ not found in this scope
[INFO] [stdout]   |
[INFO] [stdout] help: consider importing this struct
[INFO] [stdout]   |
[INFO] [stdout] 2 + use sql_tools::create::CreateColumns;
[INFO] [stdout]   |
[INFO] [stdout] 
[INFO] [stdout] error[E0433]: failed to resolve: use of undeclared type `CreateDataTypes`
[INFO] [stdout]  --> src/lib.rs:105:61
[INFO] [stdout]   |
[INFO] [stdout] 5 |     CreateColumns{ name: "Column_A".to_string(), data_type: CreateDataTypes::VARCHAR(20 as usize) },
[INFO] [stdout]   |                                                             ^^^^^^^^^^^^^^^ use of undeclared type `CreateDataTypes`
[INFO] [stdout]   |
[INFO] [stdout] help: consider importing this enum
[INFO] [stdout]   |
[INFO] [stdout] 2 + use sql_tools::create::CreateDataTypes;
[INFO] [stdout]   |
[INFO] [stdout] 
[INFO] [stdout] error[E0422]: cannot find struct, variant or union type `CreateColumns` in this scope
[INFO] [stdout]  --> src/lib.rs:106:5
[INFO] [stdout]   |
[INFO] [stdout] 6 |     CreateColumns{ name: "Column_B".to_string(), data_type: CreateDataTypes::NUMBER },
[INFO] [stdout]   |     ^^^^^^^^^^^^^ not found in this scope
[INFO] [stdout]   |
[INFO] [stdout] help: consider importing this struct
[INFO] [stdout]   |
[INFO] [stdout] 2 + use sql_tools::create::CreateColumns;
[INFO] [stdout]   |
[INFO] [stdout] 
[INFO] [stdout] error[E0433]: failed to resolve: use of undeclared type `CreateDataTypes`
[INFO] [stdout]  --> src/lib.rs:106:61
[INFO] [stdout]   |
[INFO] [stdout] 6 |     CreateColumns{ name: "Column_B".to_string(), data_type: CreateDataTypes::NUMBER },
[INFO] [stdout]   |                                                             ^^^^^^^^^^^^^^^ use of undeclared type `CreateDataTypes`
[INFO] [stdout]   |
[INFO] [stdout] help: consider importing this enum
[INFO] [stdout]   |
[INFO] [stdout] 2 + use sql_tools::create::CreateDataTypes;
[INFO] [stdout]   |
[INFO] [stdout] 
[INFO] [stdout] error[E0422]: cannot find struct, variant or union type `CreateColumns` in this scope
[INFO] [stdout]  --> src/lib.rs:107:5
[INFO] [stdout]   |
[INFO] [stdout] 7 |     CreateColumns{ name: "Column_C".to_string(), data_type: CreateDataTypes::FLOAT },
[INFO] [stdout]   |     ^^^^^^^^^^^^^ not found in this scope
[INFO] [stdout]   |
[INFO] [stdout] help: consider importing this struct
[INFO] [stdout]   |
[INFO] [stdout] 2 + use sql_tools::create::CreateColumns;
[INFO] [stdout]   |
[INFO] [stdout] 
[INFO] [stdout] error[E0433]: failed to resolve: use of undeclared type `CreateDataTypes`
[INFO] [stdout]  --> src/lib.rs:107:61
[INFO] [stdout]   |
[INFO] [stdout] 7 |     CreateColumns{ name: "Column_C".to_string(), data_type: CreateDataTypes::FLOAT },
[INFO] [stdout]   |                                                             ^^^^^^^^^^^^^^^ use of undeclared type `CreateDataTypes`
[INFO] [stdout]   |
[INFO] [stdout] help: consider importing this enum
[INFO] [stdout]   |
[INFO] [stdout] 2 + use sql_tools::create::CreateDataTypes;
[INFO] [stdout]   |
[INFO] [stdout] 
[INFO] [stdout] error: aborting due to 10 previous errors
[INFO] [stdout] 
[INFO] [stdout] Some errors have detailed explanations: E0422, E0425, E0433.
[INFO] [stdout] For more information about an error, try `rustc --explain E0422`.
[INFO] [stdout] Couldn't compile the test.
[INFO] [stdout] ---- src/where_clause/mod.rs - where_clause::WhereClauseBuilder::or_not (line 80) stdout ----
[INFO] [stdout] error[E0412]: cannot find type `SQLDataTypes` in this scope
[INFO] [stdout]  --> src/where_clause/mod.rs:81:19
[INFO] [stdout]   |
[INFO] [stdout] 3 | let data: Vec<Vec<SQLDataTypes>> = conn
[INFO] [stdout]   |                   ^^^^^^^^^^^^ not found in this scope
[INFO] [stdout]   |
[INFO] [stdout] help: consider importing this enum
[INFO] [stdout]   |
[INFO] [stdout] 2 + use sql_tools::data_types::SQLDataTypes;
[INFO] [stdout]   |
[INFO] [stdout] 
[INFO] [stdout] error[E0425]: cannot find value `conn` in this scope
[INFO] [stdout]  --> src/where_clause/mod.rs:81:36
[INFO] [stdout]   |
[INFO] [stdout] 3 | let data: Vec<Vec<SQLDataTypes>> = conn
[INFO] [stdout]   |                                    ^^^^ not found in this scope
[INFO] [stdout] 
[INFO] [stdout] error: aborting due to 2 previous errors
[INFO] [stdout] 
[INFO] [stdout] Some errors have detailed explanations: E0412, E0425.
[INFO] [stdout] For more information about an error, try `rustc --explain E0412`.
[INFO] [stdout] Couldn't compile the test.
[INFO] [stdout] 
[INFO] [stdout] failures:
[INFO] [stdout]     src/alter/mod.rs - alter::AlterTableBuilder::add (line 44)
[INFO] [stdout]     src/alter/mod.rs - alter::AlterTableBuilder::drop (line 88)
[INFO] [stdout]     src/alter/mod.rs - alter::AlterTableBuilder::modify (line 66)
[INFO] [stdout]     src/alter/mod.rs - alter::AlterTableBuilder::rename (line 120)
[INFO] [stdout]     src/alter/mod.rs - alter::AlterTableBuilder::rename_column (line 104)
[INFO] [stdout]     src/data_types/mod.rs - data_types::ToSQLData (line 35)
[INFO] [stdout]     src/data_types/mod.rs - data_types::ToSQLData (line 53)
[INFO] [stdout]     src/lib.rs - (line 112)
[INFO] [stdout]     src/lib.rs - (line 127)
[INFO] [stdout]     src/lib.rs - (line 144)
[INFO] [stdout]     src/lib.rs - (line 40)
[INFO] [stdout]     src/lib.rs - (line 52)
[INFO] [stdout]     src/lib.rs - (line 68)
[INFO] [stdout]     src/lib.rs - (line 81)
[INFO] [stdout]     src/lib.rs - (line 98)
[INFO] [stdout]     src/lib.rs - QueryBuilder::alter (line 130)
[INFO] [stdout]     src/lib.rs - QueryBuilder::create (line 102)
[INFO] [stdout]     src/lib.rs - QueryBuilder::create (line 116)
[INFO] [stdout]     src/lib.rs - QueryBuilder::insert (line 87)
[INFO] [stdout]     src/lib.rs - QueryBuilder::select (line 46)
[INFO] [stdout]     src/lib.rs - QueryBuilder::update (line 67)
[INFO] [stdout]     src/select/mod.rs - select::SelectBuilder::where_in (line 31)
[INFO] [stdout]     src/select/mod.rs - select::SelectBuilder::where_not (line 39)
[INFO] [stdout]     src/update/mod.rs - update::UpdateBuilder::set (line 31)
[INFO] [stdout]     src/update/mod.rs - update::UpdateBuilder::where_in (line 39)
[INFO] [stdout]     src/update/mod.rs - update::UpdateBuilder::where_not (line 54)
[INFO] [stdout]     src/where_clause/mod.rs - where_clause::WhereClauseBuilder::and (line 26)
[INFO] [stdout]     src/where_clause/mod.rs - where_clause::WhereClauseBuilder::and_not (line 64)
[INFO] [stdout]     src/where_clause/mod.rs - where_clause::WhereClauseBuilder::or (line 48)
[INFO] [stdout]     src/where_clause/mod.rs - where_clause::WhereClauseBuilder::or_not (line 80)
[INFO] [stdout] 
[INFO] [stdout] test result: FAILED. 2 passed; 30 failed; 0 ignored; 0 measured; 0 filtered out; finished in 1.57s
[INFO] [stdout] 
[INFO] running `Command { std: "docker" "inspect" "1faac0d92be4e5590a3e41ffe5af106d7f2e1a6623277b98868d0c5aa2b861f7", kill_on_drop: false }`
[INFO] running `Command { std: "docker" "rm" "-f" "1faac0d92be4e5590a3e41ffe5af106d7f2e1a6623277b98868d0c5aa2b861f7", kill_on_drop: false }`
[INFO] [stdout] 1faac0d92be4e5590a3e41ffe5af106d7f2e1a6623277b98868d0c5aa2b861f7
