[INFO] cloning repository https://github.com/CoolLoong/jsonui-lsp
[INFO] running `Command { std: "git" "-c" "credential.helper=" "-c" "credential.helper=/workspace/cargo-home/bin/git-credential-null" "clone" "--bare" "https://github.com/CoolLoong/jsonui-lsp" "/workspace/cache/git-repos/https%3A%2F%2Fgithub.com%2FCoolLoong%2Fjsonui-lsp", kill_on_drop: false }`
[INFO] [stderr] Cloning into bare repository '/workspace/cache/git-repos/https%3A%2F%2Fgithub.com%2FCoolLoong%2Fjsonui-lsp'...
[INFO] running `Command { std: "git" "rev-parse" "HEAD", kill_on_drop: false }`
[INFO] [stdout] ed942253684a5968019ff46a2a4f48099b3567a3
[INFO] testing CoolLoong/jsonui-lsp against nightly-2025-01-18+rustflags=-Zrandomize-layout for randomize-layout-2
[INFO] running `Command { std: "git" "clone" "/workspace/cache/git-repos/https%3A%2F%2Fgithub.com%2FCoolLoong%2Fjsonui-lsp" "/workspace/builds/worker-6-tc2/source", kill_on_drop: false }`
[INFO] [stderr] Cloning into '/workspace/builds/worker-6-tc2/source'...
[INFO] [stderr] done.
[INFO] validating manifest of git repo https://github.com/CoolLoong/jsonui-lsp on toolchain nightly-2025-01-18
[INFO] running `Command { std: CARGO_HOME="/workspace/cargo-home" RUSTUP_HOME="/workspace/rustup-home" "/workspace/cargo-home/bin/cargo" "+nightly-2025-01-18" "metadata" "--manifest-path" "Cargo.toml" "--no-deps", kill_on_drop: false }`
[INFO] removed /workspace/builds/worker-6-tc2/source/.cargo/config.toml
[INFO] removed /workspace/builds/worker-6-tc2/source/rust-toolchain
[INFO] started tweaking git repo https://github.com/CoolLoong/jsonui-lsp
[INFO] finished tweaking git repo https://github.com/CoolLoong/jsonui-lsp
[INFO] tweaked toml for git repo https://github.com/CoolLoong/jsonui-lsp written to /workspace/builds/worker-6-tc2/source/Cargo.toml
[INFO] crate git repo https://github.com/CoolLoong/jsonui-lsp already has a lockfile, it will not be regenerated
[INFO] running `Command { std: CARGO_HOME="/workspace/cargo-home" RUSTUP_HOME="/workspace/rustup-home" "/workspace/cargo-home/bin/cargo" "+nightly-2025-01-18" "fetch" "--manifest-path" "Cargo.toml", kill_on_drop: false }`
[INFO] running `Command { std: "docker" "create" "-v" "/var/lib/crater-agent-workspace/builds/worker-6-tc2/target:/opt/rustwide/target:rw,Z" "-v" "/var/lib/crater-agent-workspace/builds/worker-6-tc2/source:/opt/rustwide/workdir:ro,Z" "-v" "/var/lib/crater-agent-workspace/cargo-home:/opt/rustwide/cargo-home:ro,Z" "-v" "/var/lib/crater-agent-workspace/rustup-home:/opt/rustwide/rustup-home:ro,Z" "-e" "SOURCE_DIR=/opt/rustwide/workdir" "-e" "CARGO_TARGET_DIR=/opt/rustwide/target" "-e" "CARGO_HOME=/opt/rustwide/cargo-home" "-e" "RUSTUP_HOME=/opt/rustwide/rustup-home" "-w" "/opt/rustwide/workdir" "-m" "1610612736" "--user" "0:0" "--network" "none" "ghcr.io/rust-lang/crates-build-env/linux@sha256:819108c5571ea2e421544af4d832f968d213c87fbe3707a016657f43d2f853bc" "/opt/rustwide/cargo-home/bin/cargo" "+nightly-2025-01-18" "metadata" "--no-deps" "--format-version=1", kill_on_drop: false }`
[INFO] [stdout] 1c95d9e9ebceb33e334382e27b0bb41a7c062acde6eb96d610df932ff7619e81
[INFO] running `Command { std: "docker" "start" "-a" "1c95d9e9ebceb33e334382e27b0bb41a7c062acde6eb96d610df932ff7619e81", kill_on_drop: false }`
[INFO] running `Command { std: "docker" "inspect" "1c95d9e9ebceb33e334382e27b0bb41a7c062acde6eb96d610df932ff7619e81", kill_on_drop: false }`
[INFO] running `Command { std: "docker" "rm" "-f" "1c95d9e9ebceb33e334382e27b0bb41a7c062acde6eb96d610df932ff7619e81", kill_on_drop: false }`
[INFO] [stdout] 1c95d9e9ebceb33e334382e27b0bb41a7c062acde6eb96d610df932ff7619e81
[INFO] running `Command { std: "docker" "create" "-v" "/var/lib/crater-agent-workspace/builds/worker-6-tc2/target:/opt/rustwide/target:rw,Z" "-v" "/var/lib/crater-agent-workspace/builds/worker-6-tc2/source:/opt/rustwide/workdir:ro,Z" "-v" "/var/lib/crater-agent-workspace/cargo-home:/opt/rustwide/cargo-home:ro,Z" "-v" "/var/lib/crater-agent-workspace/rustup-home:/opt/rustwide/rustup-home:ro,Z" "-e" "SOURCE_DIR=/opt/rustwide/workdir" "-e" "CARGO_TARGET_DIR=/opt/rustwide/target" "-e" "CARGO_INCREMENTAL=0" "-e" "RUST_BACKTRACE=full" "-e" "RUSTFLAGS=--cap-lints=forbid -Zrandomize-layout" "-e" "RUSTDOCFLAGS=--cap-lints=forbid" "-e" "CARGO_HOME=/opt/rustwide/cargo-home" "-e" "RUSTUP_HOME=/opt/rustwide/rustup-home" "-w" "/opt/rustwide/workdir" "-m" "1610612736" "--user" "0:0" "--network" "none" "ghcr.io/rust-lang/crates-build-env/linux@sha256:819108c5571ea2e421544af4d832f968d213c87fbe3707a016657f43d2f853bc" "/opt/rustwide/cargo-home/bin/cargo" "+nightly-2025-01-18" "build" "--frozen" "--message-format=json", kill_on_drop: false }`
[INFO] [stdout] 4127305fc5f950ee4733362e93b63efc35b08c96c8269cec72aee1e1a07ca39b
[INFO] running `Command { std: "docker" "start" "-a" "4127305fc5f950ee4733362e93b63efc35b08c96c8269cec72aee1e1a07ca39b", kill_on_drop: false }`
[INFO] [stderr]    Compiling autocfg v1.4.0
[INFO] [stderr]    Compiling stable_deref_trait v1.2.0
[INFO] [stderr]    Compiling memchr v2.7.4
[INFO] [stderr]    Compiling litemap v0.7.3
[INFO] [stderr]    Compiling writeable v0.5.5
[INFO] [stderr]    Compiling smallvec v1.13.2
[INFO] [stderr]    Compiling serde v1.0.214
[INFO] [stderr]    Compiling syn v2.0.87
[INFO] [stderr]    Compiling icu_locid_transform_data v1.5.0
[INFO] [stderr]    Compiling once_cell v1.20.2
[INFO] [stderr]    Compiling ahash v0.8.11
[INFO] [stderr]    Compiling pin-project-lite v0.2.15
[INFO] [stderr]    Compiling icu_properties_data v1.5.0
[INFO] [stderr]    Compiling libc v0.2.162
[INFO] [stderr]    Compiling icu_normalizer_data v1.5.0
[INFO] [stderr]    Compiling futures-sink v0.3.31
[INFO] [stderr]    Compiling serde_json v1.0.132
[INFO] [stderr]    Compiling zerocopy v0.7.35
[INFO] [stderr]    Compiling futures-core v0.3.31
[INFO] [stderr]    Compiling utf8_iter v1.0.4
[INFO] [stderr]    Compiling slab v0.4.9
[INFO] [stderr]    Compiling lock_api v0.4.12
[INFO] [stderr]    Compiling utf16_iter v1.0.5
[INFO] [stderr]    Compiling write16 v1.0.0
[INFO] [stderr]    Compiling parking_lot_core v0.9.10
[INFO] [stderr]    Compiling ryu v1.0.18
[INFO] [stderr]    Compiling scopeguard v1.2.0
[INFO] [stderr]    Compiling allocator-api2 v0.2.18
[INFO] [stderr]    Compiling futures-channel v0.3.31
[INFO] [stderr]    Compiling num-traits v0.2.19
[INFO] [stderr]    Compiling percent-encoding v2.3.1
[INFO] [stderr]    Compiling futures-io v0.3.31
[INFO] [stderr]    Compiling futures-task v0.3.31
[INFO] [stderr]    Compiling aho-corasick v1.1.3
[INFO] [stderr]    Compiling hashbrown v0.14.5
[INFO] [stderr]    Compiling form_urlencoded v1.2.1
[INFO] [stderr]    Compiling crossbeam-utils v0.8.20
[INFO] [stderr]    Compiling httparse v1.9.5
[INFO] [stderr]    Compiling thiserror v1.0.68
[INFO] [stderr]    Compiling regex-syntax v0.8.5
[INFO] [stderr]    Compiling tracing-core v0.1.32
[INFO] [stderr]    Compiling thiserror v2.0.0
[INFO] [stderr]    Compiling bytes v1.8.0
[INFO] [stderr]    Compiling iana-time-zone v0.1.61
[INFO] [stderr]    Compiling tower-service v0.3.3
[INFO] [stderr]    Compiling tower-layer v0.3.3
[INFO] [stderr]    Compiling chrono v0.4.38
[INFO] [stderr]    Compiling walkdir v2.5.0
[INFO] [stderr]    Compiling dashmap v5.5.3
[INFO] [stderr]    Compiling nu-ansi-term v0.50.1
[INFO] [stderr]    Compiling log v0.4.22
[INFO] [stderr]    Compiling lasso v0.7.3
[INFO] [stderr]    Compiling parking_lot v0.12.3
[INFO] [stderr]    Compiling dashmap v6.1.0
[INFO] [stderr]    Compiling unicode-segmentation v1.12.0
[INFO] [stderr]    Compiling museair v0.2.0
[INFO] [stderr]    Compiling regex-automata v0.4.8
[INFO] [stderr]    Compiling synstructure v0.13.1
[INFO] [stderr]    Compiling zerofrom-derive v0.1.4
[INFO] [stderr]    Compiling yoke-derive v0.7.4
[INFO] [stderr]    Compiling zerovec-derive v0.10.3
[INFO] [stderr]    Compiling displaydoc v0.2.5
[INFO] [stderr]    Compiling icu_provider_macros v1.5.0
[INFO] [stderr]    Compiling serde_derive v1.0.214
[INFO] [stderr]    Compiling futures-macro v0.3.31
[INFO] [stderr]    Compiling tokio-macros v2.4.0
[INFO] [stderr]    Compiling pin-project-internal v1.1.7
[INFO] [stderr]    Compiling futures-util v0.3.31
[INFO] [stderr]    Compiling tokio v1.41.1
[INFO] [stderr]    Compiling serde_repr v0.1.19
[INFO] [stderr]    Compiling thiserror-impl v1.0.68
[INFO] [stderr]    Compiling zerofrom v0.1.4
[INFO] [stderr]    Compiling yoke v0.7.4
[INFO] [stderr]    Compiling zerovec v0.10.4
[INFO] [stderr]    Compiling tracing-attributes v0.1.27
[INFO] [stderr]    Compiling pin-project v1.1.7
[INFO] [stderr]    Compiling regex v1.11.1
[INFO] [stderr]    Compiling auto_impl v1.2.0
[INFO] [stderr]    Compiling async-trait v0.1.83
[INFO] [stderr]    Compiling tinystr v0.7.6
[INFO] [stderr]    Compiling icu_locid v1.5.0
[INFO] [stderr]    Compiling icu_collections v1.5.0
[INFO] [stderr]    Compiling tracing v0.1.40
[INFO] [stderr]    Compiling thiserror-impl v2.0.0
[INFO] [stderr]    Compiling tower-lsp-macros v0.9.0
[INFO] [stderr]    Compiling flexi_logger v0.29.6
[INFO] [stderr]    Compiling icu_provider v1.5.0
[INFO] [stderr]    Compiling icu_locid_transform v1.5.0
[INFO] [stderr]    Compiling tokio-util v0.7.12
[INFO] [stderr]    Compiling tower v0.4.13
[INFO] [stderr]    Compiling futures v0.3.31
[INFO] [stderr]    Compiling icu_properties v1.5.1
[INFO] [stderr]    Compiling icu_normalizer v1.5.0
[INFO] [stderr]    Compiling idna_adapter v1.2.0
[INFO] [stderr]    Compiling idna v1.0.3
[INFO] [stderr]    Compiling url v2.5.3
[INFO] [stderr]    Compiling jsonc-parser v0.26.2
[INFO] [stderr]    Compiling lsp-types v0.94.1
[INFO] [stderr]    Compiling vanillapack_define_gen v0.1.0 (/opt/rustwide/workdir/crates/vanillapack_define_gen)
[INFO] [stderr]    Compiling tower-lsp v0.20.0
[INFO] [stderr]    Compiling jsonui_lsp v0.0.1 (/opt/rustwide/workdir/crates/jsonui_lsp)
[INFO] [stdout] warning: unused variable: `n4`
[INFO] [stdout]   --> crates/jsonui_lsp/src/complete_helper.rs:71:13
[INFO] [stdout]    |
[INFO] [stdout] 71 |         let n4 = neighbors.get(4).unwrap_or(default1);
[INFO] [stdout]    |             ^^ help: if this is intentional, prefix it with an underscore: `_n4`
[INFO] [stdout]    |
[INFO] [stdout]    = note: `#[warn(unused_variables)]` on by default
[INFO] [stdout] 
[INFO] [stdout] 
[INFO] [stdout] warning: methods `get_url`, `get_namespace`, and `contain_tree` are never used
[INFO] [stdout]    --> crates/jsonui_lsp/src/completer.rs:355:19
[INFO] [stdout]     |
[INFO] [stdout] 164 | impl Completer {
[INFO] [stdout]     | -------------- methods in this implementation
[INFO] [stdout] ...
[INFO] [stdout] 355 |     pub(crate) fn get_url(&self, namespace: &Arc<str>) -> Option<Url> {
[INFO] [stdout]     |                   ^^^^^^^
[INFO] [stdout] ...
[INFO] [stdout] 360 |     pub(crate) fn get_namespace(&self, url: &Url) -> Option<Arc<str>> {
[INFO] [stdout]     |                   ^^^^^^^^^^^^^
[INFO] [stdout] ...
[INFO] [stdout] 369 |     pub(crate) fn contain_tree(&self, name: &str) -> bool {
[INFO] [stdout]     |                   ^^^^^^^^^^^^
[INFO] [stdout]     |
[INFO] [stdout]     = note: `#[warn(dead_code)]` on by default
[INFO] [stdout] 
[INFO] [stdout] 
[INFO] [stdout] warning: field `start_index` is never read
[INFO] [stdout]   --> crates/jsonui_lsp/src/document.rs:19:9
[INFO] [stdout]    |
[INFO] [stdout] 18 | pub struct LineInfo {
[INFO] [stdout]    |            -------- field in this struct
[INFO] [stdout] 19 |     pub start_index: usize,
[INFO] [stdout]    |         ^^^^^^^^^^^
[INFO] [stdout]    |
[INFO] [stdout]    = note: `LineInfo` has a derived impl for the trait `Debug`, but this is intentionally ignored during dead code analysis
[INFO] [stdout] 
[INFO] [stdout] 
[INFO] [stdout] warning: method `with_offset` is never used
[INFO] [stdout]  --> crates/jsonui_lsp/src/generator/mod.rs:7:8
[INFO] [stdout]   |
[INFO] [stdout] 3 | pub trait Generator<T> {
[INFO] [stdout]   |           --------- method in this trait
[INFO] [stdout] ...
[INFO] [stdout] 7 |     fn with_offset(&self, offset: T) -> T;
[INFO] [stdout]   |        ^^^^^^^^^^^
[INFO] [stdout] 
[INFO] [stdout] 
[INFO] [stdout] warning: function `parse` is never used
[INFO] [stdout]    --> crates/jsonui_lsp/src/lexer.rs:487:15
[INFO] [stdout]     |
[INFO] [stdout] 487 | pub(crate) fn parse(range: Option<(usize, usize)>, input: &str) -> Option<Vec<Token>> {
[INFO] [stdout]     |               ^^^^^
[INFO] [stdout] 
[INFO] [stdout] 
[INFO] [stdout] warning: function `to_string` is never used
[INFO] [stdout]    --> crates/jsonui_lsp/src/lexer.rs:576:15
[INFO] [stdout]     |
[INFO] [stdout] 576 | pub(crate) fn to_string(token: Token) -> String {
[INFO] [stdout]     |               ^^^^^^^^^
[INFO] [stdout] 
[INFO] [stdout] 
[INFO] [stdout] warning: function `to_array` is never used
[INFO] [stdout]    --> crates/jsonui_lsp/src/lexer.rs:592:15
[INFO] [stdout]     |
[INFO] [stdout] 592 | pub(crate) fn to_array(token: Token) -> Vec<Token> {
[INFO] [stdout]     |               ^^^^^^^^
[INFO] [stdout] 
[INFO] [stdout] 
[INFO] [stdout] warning: function `to_num_array` is never used
[INFO] [stdout]    --> crates/jsonui_lsp/src/lexer.rs:600:15
[INFO] [stdout]     |
[INFO] [stdout] 600 | pub(crate) fn to_num_array(token: Token) -> Vec<f32> {
[INFO] [stdout]     |               ^^^^^^^^^^^^
[INFO] [stdout] 
[INFO] [stdout] 
[INFO] [stdout] warning: function `to_bool` is never used
[INFO] [stdout]    --> crates/jsonui_lsp/src/lexer.rs:619:15
[INFO] [stdout]     |
[INFO] [stdout] 619 | pub(crate) fn to_bool(token: Token) -> bool {
[INFO] [stdout]     |               ^^^^^^^
[INFO] [stdout] 
[INFO] [stdout] 
[INFO] [stdout] warning: function `to_bool_ref` is never used
[INFO] [stdout]    --> crates/jsonui_lsp/src/lexer.rs:627:15
[INFO] [stdout]     |
[INFO] [stdout] 627 | pub(crate) fn to_bool_ref(token: &Token) -> bool {
[INFO] [stdout]     |               ^^^^^^^^^^^
[INFO] [stdout] 
[INFO] [stdout] 
[INFO] [stdout] warning: function `to_number` is never used
[INFO] [stdout]    --> crates/jsonui_lsp/src/lexer.rs:635:15
[INFO] [stdout]     |
[INFO] [stdout] 635 | pub(crate) fn to_number(token: Token) -> f32 {
[INFO] [stdout]     |               ^^^^^^^^^
[INFO] [stdout] 
[INFO] [stdout] 
[INFO] [stdout] warning: variant `InvalidOperation` is never constructed
[INFO] [stdout]   --> crates/jsonui_lsp/src/tree_ds/error.rs:11:5
[INFO] [stdout]    |
[INFO] [stdout] 4  | pub enum Error {
[INFO] [stdout]    |          ----- variant in this enum
[INFO] [stdout] ...
[INFO] [stdout] 11 |     InvalidOperation(String),
[INFO] [stdout]    |     ^^^^^^^^^^^^^^^^
[INFO] [stdout]    |
[INFO] [stdout]    = note: `Error` has derived impls for the traits `Debug` and `Clone`, but these are intentionally ignored during dead code analysis
[INFO] [stdout] 
[INFO] [stdout] 
[INFO] [stdout] warning: associated items `new`, `remove_child`, `set_value`, and `set_parent` are never used
[INFO] [stdout]    --> crates/jsonui_lsp/src/tree_ds/node/mod.rs:67:12
[INFO] [stdout]     |
[INFO] [stdout] 40  | / impl<Q, T> Node<Q, T>
[INFO] [stdout] 41  | | where
[INFO] [stdout] 42  | |     Q: PartialEq + Eq + Clone,
[INFO] [stdout] 43  | |     T: PartialEq + Eq + Clone,
[INFO] [stdout]     | |______________________________- associated items in this implementation
[INFO] [stdout] ...
[INFO] [stdout] 67  |       pub fn new(node_id: Q, value: Option<T>) -> Self {
[INFO] [stdout]     |              ^^^
[INFO] [stdout] ...
[INFO] [stdout] 132 |       pub fn remove_child(&self, child: Node<Q, T>) {
[INFO] [stdout]     |              ^^^^^^^^^^^^
[INFO] [stdout] ...
[INFO] [stdout] 251 |       pub fn set_value(&self, value: Option<T>) {
[INFO] [stdout]     |              ^^^^^^^^^
[INFO] [stdout] ...
[INFO] [stdout] 274 |       pub fn set_parent(&self, parent: Option<Node<Q, T>>) {
[INFO] [stdout]     |              ^^^^^^^^^^
[INFO] [stdout] 
[INFO] [stdout] 
[INFO] [stdout] warning: multiple associated items are never used
[INFO] [stdout]    --> crates/jsonui_lsp/src/tree_ds/node/mod.rs:395:12
[INFO] [stdout]     |
[INFO] [stdout] 371 | / impl<Q, T> Nodes<Q, T>
[INFO] [stdout] 372 | | where
[INFO] [stdout] 373 | |     Q: PartialEq + Eq + Clone,
[INFO] [stdout] 374 | |     T: PartialEq + Eq + Clone,
[INFO] [stdout]     | |______________________________- associated items in this implementation
[INFO] [stdout] ...
[INFO] [stdout] 395 |       pub fn new(nodes: Vec<Node<Q, T>>) -> Self {
[INFO] [stdout]     |              ^^^
[INFO] [stdout] ...
[INFO] [stdout] 438 |       pub fn len(&self) -> usize {
[INFO] [stdout]     |              ^^^
[INFO] [stdout] ...
[INFO] [stdout] 449 |       pub fn is_empty(&self) -> bool {
[INFO] [stdout]     |              ^^^^^^^^
[INFO] [stdout] ...
[INFO] [stdout] 473 |       pub fn get(&self, index: usize) -> Option<&Node<Q, T>> {
[INFO] [stdout]     |              ^^^
[INFO] [stdout] ...
[INFO] [stdout] 497 |       pub fn get_by_node_id(&self, node_id: &Q) -> Option<&Node<Q, T>> {
[INFO] [stdout]     |              ^^^^^^^^^^^^^^
[INFO] [stdout] ...
[INFO] [stdout] 544 |       pub fn remove(&mut self, index: usize) -> Node<Q, T> {
[INFO] [stdout]     |              ^^^^^^
[INFO] [stdout] ...
[INFO] [stdout] 568 |       pub fn retain<F>(&mut self, f: F)
[INFO] [stdout]     |              ^^^^^^
[INFO] [stdout] ...
[INFO] [stdout] 610 |       pub fn append(&mut self, other: &mut Self) {
[INFO] [stdout]     |              ^^^^^^
[INFO] [stdout] ...
[INFO] [stdout] 633 |       pub fn append_raw(&mut self, other: &mut Vec<Node<Q, T>>) {
[INFO] [stdout]     |              ^^^^^^^^^^
[INFO] [stdout] ...
[INFO] [stdout] 653 |       pub fn first(&self) -> Option<&Node<Q, T>> {
[INFO] [stdout]     |              ^^^^^
[INFO] [stdout] 
[INFO] [stdout] 
[INFO] [stdout] warning: enum `NodeRemovalStrategy` is never used
[INFO] [stdout]   --> crates/jsonui_lsp/src/tree_ds/tree/mod.rs:12:10
[INFO] [stdout]    |
[INFO] [stdout] 12 | pub enum NodeRemovalStrategy {
[INFO] [stdout]    |          ^^^^^^^^^^^^^^^^^^^
[INFO] [stdout]    |
[INFO] [stdout]    = note: `NodeRemovalStrategy` has derived impls for the traits `Debug` and `Clone`, but these are intentionally ignored during dead code analysis
[INFO] [stdout] 
[INFO] [stdout] 
[INFO] [stdout] warning: enum `TraversalStrategy` is never used
[INFO] [stdout]   --> crates/jsonui_lsp/src/tree_ds/tree/mod.rs:28:10
[INFO] [stdout]    |
[INFO] [stdout] 28 | pub enum TraversalStrategy {
[INFO] [stdout]    |          ^^^^^^^^^^^^^^^^^
[INFO] [stdout]    |
[INFO] [stdout]    = note: `TraversalStrategy` has derived impls for the traits `Debug` and `Clone`, but these are intentionally ignored during dead code analysis
[INFO] [stdout] 
[INFO] [stdout] 
[INFO] [stdout] warning: type alias `SubTree` is never used
[INFO] [stdout]   --> crates/jsonui_lsp/src/tree_ds/tree/mod.rs:43:10
[INFO] [stdout]    |
[INFO] [stdout] 43 | pub type SubTree<Q, T> = Tree<Q, T>;
[INFO] [stdout]    |          ^^^^^^^
[INFO] [stdout] 
[INFO] [stdout] 
[INFO] [stdout] warning: multiple methods are never used
[INFO] [stdout]    --> crates/jsonui_lsp/src/tree_ds/tree/mod.rs:167:12
[INFO] [stdout]     |
[INFO] [stdout] 77  | / impl<Q, T> Tree<Q, T>
[INFO] [stdout] 78  | | where
[INFO] [stdout] 79  | |     Q: PartialEq + Eq + Clone + Display + Hash + Ord,
[INFO] [stdout] 80  | |     T: PartialEq + Eq + Clone,
[INFO] [stdout]     | |______________________________- methods in this implementation
[INFO] [stdout] ...
[INFO] [stdout] 167 |       pub fn get_name(&self) -> Option<&str> {
[INFO] [stdout]     |              ^^^^^^^^
[INFO] [stdout] ...
[INFO] [stdout] 188 |       pub fn rename(&mut self, name: Option<&str>) {
[INFO] [stdout]     |              ^^^^^^
[INFO] [stdout] ...
[INFO] [stdout] 269 |       pub fn get_node_height(&self, node_id: &Q) -> Result<i32> {
[INFO] [stdout]     |              ^^^^^^^^^^^^^^^
[INFO] [stdout] ...
[INFO] [stdout] 316 |       pub fn get_node_depth(&self, node_id: &Q) -> Result<i32> {
[INFO] [stdout]     |              ^^^^^^^^^^^^^^
[INFO] [stdout] ...
[INFO] [stdout] 360 |       pub fn get_ancestor_ids(&self, node_id: &Q) -> Result<Vec<Q>> {
[INFO] [stdout]     |              ^^^^^^^^^^^^^^^^
[INFO] [stdout] ...
[INFO] [stdout] 403 |       pub fn get_height(&self) -> Result<i32> {
[INFO] [stdout]     |              ^^^^^^^^^^
[INFO] [stdout] ...
[INFO] [stdout] 442 |       pub fn get_node_degree(&self, node_id: &Q) -> Result<i32> {
[INFO] [stdout]     |              ^^^^^^^^^^^^^^^
[INFO] [stdout] ...
[INFO] [stdout] 469 |       pub fn get_nodes(&self) -> &Nodes<Q, T> {
[INFO] [stdout]     |              ^^^^^^^^^
[INFO] [stdout] ...
[INFO] [stdout] 506 |       pub fn remove_node(&mut self, node_id: &Q, strategy: NodeRemovalStrategy) -> Result<()> {
[INFO] [stdout]     |              ^^^^^^^^^^^
[INFO] [stdout] ...
[INFO] [stdout] 586 |       pub fn get_subtree(&self, node_id: &Q, generations: Option<i32>) -> Result<SubTree<Q, T>> {
[INFO] [stdout]     |              ^^^^^^^^^^^
[INFO] [stdout] ...
[INFO] [stdout] 653 |       pub fn get_sibling_ids(&self, node_id: &Q, inclusive: bool) -> Result<Vec<Q>> {
[INFO] [stdout]     |              ^^^^^^^^^^^^^^^
[INFO] [stdout] ...
[INFO] [stdout] 711 |       pub fn add_subtree(&mut self, node_id: &Q, subtree: SubTree<Q, T>) -> Result<()> {
[INFO] [stdout]     |              ^^^^^^^^^^^
[INFO] [stdout] ...
[INFO] [stdout] 756 |       pub fn traverse(&self, node_id: &Q, order: TraversalStrategy) -> Result<Vec<Q>> {
[INFO] [stdout]     |              ^^^^^^^^
[INFO] [stdout] 
[INFO] [stdout] 
[INFO] [stderr]     Finished `dev` profile [unoptimized + debuginfo] target(s) in 1m 47s
[INFO] running `Command { std: "docker" "inspect" "4127305fc5f950ee4733362e93b63efc35b08c96c8269cec72aee1e1a07ca39b", kill_on_drop: false }`
[INFO] running `Command { std: "docker" "rm" "-f" "4127305fc5f950ee4733362e93b63efc35b08c96c8269cec72aee1e1a07ca39b", kill_on_drop: false }`
[INFO] [stdout] 4127305fc5f950ee4733362e93b63efc35b08c96c8269cec72aee1e1a07ca39b
[INFO] running `Command { std: "docker" "create" "-v" "/var/lib/crater-agent-workspace/builds/worker-6-tc2/target:/opt/rustwide/target:rw,Z" "-v" "/var/lib/crater-agent-workspace/builds/worker-6-tc2/source:/opt/rustwide/workdir:ro,Z" "-v" "/var/lib/crater-agent-workspace/cargo-home:/opt/rustwide/cargo-home:ro,Z" "-v" "/var/lib/crater-agent-workspace/rustup-home:/opt/rustwide/rustup-home:ro,Z" "-e" "SOURCE_DIR=/opt/rustwide/workdir" "-e" "CARGO_TARGET_DIR=/opt/rustwide/target" "-e" "CARGO_INCREMENTAL=0" "-e" "RUST_BACKTRACE=full" "-e" "RUSTFLAGS=--cap-lints=forbid -Zrandomize-layout" "-e" "RUSTDOCFLAGS=--cap-lints=forbid" "-e" "CARGO_HOME=/opt/rustwide/cargo-home" "-e" "RUSTUP_HOME=/opt/rustwide/rustup-home" "-w" "/opt/rustwide/workdir" "-m" "1610612736" "--user" "0:0" "--network" "none" "ghcr.io/rust-lang/crates-build-env/linux@sha256:819108c5571ea2e421544af4d832f968d213c87fbe3707a016657f43d2f853bc" "/opt/rustwide/cargo-home/bin/cargo" "+nightly-2025-01-18" "test" "--frozen" "--no-run" "--message-format=json", kill_on_drop: false }`
[INFO] [stdout] 15a6934d72fcf15fc8c946c6a121f7398cc9e0cf93f2d25c3475d1c55abef79a
[INFO] running `Command { std: "docker" "start" "-a" "15a6934d72fcf15fc8c946c6a121f7398cc9e0cf93f2d25c3475d1c55abef79a", kill_on_drop: false }`
[INFO] [stderr]    Compiling vanillapack_define_gen v0.1.0 (/opt/rustwide/workdir/crates/vanillapack_define_gen)
[INFO] [stderr]    Compiling jsonui_lsp v0.0.1 (/opt/rustwide/workdir/crates/jsonui_lsp)
[INFO] [stdout] warning: unused variable: `n4`
[INFO] [stdout]   --> crates/jsonui_lsp/src/complete_helper.rs:71:13
[INFO] [stdout]    |
[INFO] [stdout] 71 |         let n4 = neighbors.get(4).unwrap_or(default1);
[INFO] [stdout]    |             ^^ help: if this is intentional, prefix it with an underscore: `_n4`
[INFO] [stdout]    |
[INFO] [stdout]    = note: `#[warn(unused_variables)]` on by default
[INFO] [stdout] 
[INFO] [stdout] 
[INFO] [stdout] warning: methods `get_url` and `get_namespace` are never used
[INFO] [stdout]    --> crates/jsonui_lsp/src/completer.rs:355:19
[INFO] [stdout]     |
[INFO] [stdout] 164 | impl Completer {
[INFO] [stdout]     | -------------- methods in this implementation
[INFO] [stdout] ...
[INFO] [stdout] 355 |     pub(crate) fn get_url(&self, namespace: &Arc<str>) -> Option<Url> {
[INFO] [stdout]     |                   ^^^^^^^
[INFO] [stdout] ...
[INFO] [stdout] 360 |     pub(crate) fn get_namespace(&self, url: &Url) -> Option<Arc<str>> {
[INFO] [stdout]     |                   ^^^^^^^^^^^^^
[INFO] [stdout]     |
[INFO] [stdout]     = note: `#[warn(dead_code)]` on by default
[INFO] [stdout] 
[INFO] [stdout] 
[INFO] [stdout] warning: field `start_index` is never read
[INFO] [stdout]   --> crates/jsonui_lsp/src/document.rs:19:9
[INFO] [stdout]    |
[INFO] [stdout] 18 | pub struct LineInfo {
[INFO] [stdout]    |            -------- field in this struct
[INFO] [stdout] 19 |     pub start_index: usize,
[INFO] [stdout]    |         ^^^^^^^^^^^
[INFO] [stdout]    |
[INFO] [stdout]    = note: `LineInfo` has a derived impl for the trait `Debug`, but this is intentionally ignored during dead code analysis
[INFO] [stdout] 
[INFO] [stdout] 
[INFO] [stdout] warning: function `parse` is never used
[INFO] [stdout]    --> crates/jsonui_lsp/src/lexer.rs:487:15
[INFO] [stdout]     |
[INFO] [stdout] 487 | pub(crate) fn parse(range: Option<(usize, usize)>, input: &str) -> Option<Vec<Token>> {
[INFO] [stdout]     |               ^^^^^
[INFO] [stdout] 
[INFO] [stdout] 
[INFO] [stdout] warning: function `to_string` is never used
[INFO] [stdout]    --> crates/jsonui_lsp/src/lexer.rs:576:15
[INFO] [stdout]     |
[INFO] [stdout] 576 | pub(crate) fn to_string(token: Token) -> String {
[INFO] [stdout]     |               ^^^^^^^^^
[INFO] [stdout] 
[INFO] [stdout] 
[INFO] [stdout] warning: function `to_array` is never used
[INFO] [stdout]    --> crates/jsonui_lsp/src/lexer.rs:592:15
[INFO] [stdout]     |
[INFO] [stdout] 592 | pub(crate) fn to_array(token: Token) -> Vec<Token> {
[INFO] [stdout]     |               ^^^^^^^^
[INFO] [stdout] 
[INFO] [stdout] 
[INFO] [stdout] warning: function `to_bool` is never used
[INFO] [stdout]    --> crates/jsonui_lsp/src/lexer.rs:619:15
[INFO] [stdout]     |
[INFO] [stdout] 619 | pub(crate) fn to_bool(token: Token) -> bool {
[INFO] [stdout]     |               ^^^^^^^
[INFO] [stdout] 
[INFO] [stdout] 
[INFO] [stdout] warning: function `to_bool_ref` is never used
[INFO] [stdout]    --> crates/jsonui_lsp/src/lexer.rs:627:15
[INFO] [stdout]     |
[INFO] [stdout] 627 | pub(crate) fn to_bool_ref(token: &Token) -> bool {
[INFO] [stdout]     |               ^^^^^^^^^^^
[INFO] [stdout] 
[INFO] [stdout] 
[INFO] [stdout] warning: function `to_number` is never used
[INFO] [stdout]    --> crates/jsonui_lsp/src/lexer.rs:635:15
[INFO] [stdout]     |
[INFO] [stdout] 635 | pub(crate) fn to_number(token: Token) -> f32 {
[INFO] [stdout]     |               ^^^^^^^^^
[INFO] [stdout] 
[INFO] [stdout] 
[INFO] [stdout] warning: function `test_node_display_without_id` is never used
[INFO] [stdout]    --> crates/jsonui_lsp/src/tree_ds/node/mod.rs:798:8
[INFO] [stdout]     |
[INFO] [stdout] 798 |     fn test_node_display_without_id() {
[INFO] [stdout]     |        ^^^^^^^^^^^^^^^^^^^^^^^^^^^^
[INFO] [stdout] 
[INFO] [stdout] 
[INFO] [stdout] warning: method `rename` is never used
[INFO] [stdout]    --> crates/jsonui_lsp/src/tree_ds/tree/mod.rs:188:12
[INFO] [stdout]     |
[INFO] [stdout] 77  | / impl<Q, T> Tree<Q, T>
[INFO] [stdout] 78  | | where
[INFO] [stdout] 79  | |     Q: PartialEq + Eq + Clone + Display + Hash + Ord,
[INFO] [stdout] 80  | |     T: PartialEq + Eq + Clone,
[INFO] [stdout]     | |______________________________- method in this implementation
[INFO] [stdout] ...
[INFO] [stdout] 188 |       pub fn rename(&mut self, name: Option<&str>) {
[INFO] [stdout]     |              ^^^^^^
[INFO] [stdout] 
[INFO] [stdout] 
[INFO] [stderr]     Finished `test` profile [unoptimized + debuginfo] target(s) in 4.60s
[INFO] running `Command { std: "docker" "inspect" "15a6934d72fcf15fc8c946c6a121f7398cc9e0cf93f2d25c3475d1c55abef79a", kill_on_drop: false }`
[INFO] running `Command { std: "docker" "rm" "-f" "15a6934d72fcf15fc8c946c6a121f7398cc9e0cf93f2d25c3475d1c55abef79a", kill_on_drop: false }`
[INFO] [stdout] 15a6934d72fcf15fc8c946c6a121f7398cc9e0cf93f2d25c3475d1c55abef79a
[INFO] running `Command { std: "docker" "create" "-v" "/var/lib/crater-agent-workspace/builds/worker-6-tc2/target:/opt/rustwide/target:rw,Z" "-v" "/var/lib/crater-agent-workspace/builds/worker-6-tc2/source:/opt/rustwide/workdir:ro,Z" "-v" "/var/lib/crater-agent-workspace/cargo-home:/opt/rustwide/cargo-home:ro,Z" "-v" "/var/lib/crater-agent-workspace/rustup-home:/opt/rustwide/rustup-home:ro,Z" "-e" "SOURCE_DIR=/opt/rustwide/workdir" "-e" "CARGO_TARGET_DIR=/opt/rustwide/target" "-e" "CARGO_INCREMENTAL=0" "-e" "RUST_BACKTRACE=full" "-e" "RUSTFLAGS=--cap-lints=forbid -Zrandomize-layout" "-e" "RUSTDOCFLAGS=--cap-lints=forbid" "-e" "CARGO_HOME=/opt/rustwide/cargo-home" "-e" "RUSTUP_HOME=/opt/rustwide/rustup-home" "-w" "/opt/rustwide/workdir" "-m" "1610612736" "--user" "0:0" "--network" "none" "ghcr.io/rust-lang/crates-build-env/linux@sha256:819108c5571ea2e421544af4d832f968d213c87fbe3707a016657f43d2f853bc" "/opt/rustwide/cargo-home/bin/cargo" "+nightly-2025-01-18" "test" "--frozen", kill_on_drop: false }`
[INFO] [stdout] 0e35bf8a0fc4a0f8c292628c7bf0fa62b9a25ac6aea039c78b92272c413e6101
[INFO] running `Command { std: "docker" "start" "-a" "0e35bf8a0fc4a0f8c292628c7bf0fa62b9a25ac6aea039c78b92272c413e6101", kill_on_drop: false }`
[INFO] [stderr] warning: unused variable: `n4`
[INFO] [stderr]   --> crates/jsonui_lsp/src/complete_helper.rs:71:13
[INFO] [stderr]    |
[INFO] [stderr] 71 |         let n4 = neighbors.get(4).unwrap_or(default1);
[INFO] [stderr]    |             ^^ help: if this is intentional, prefix it with an underscore: `_n4`
[INFO] [stderr]    |
[INFO] [stderr]    = note: `#[warn(unused_variables)]` on by default
[INFO] [stderr] 
[INFO] [stderr] warning: methods `get_url` and `get_namespace` are never used
[INFO] [stderr]    --> crates/jsonui_lsp/src/completer.rs:355:19
[INFO] [stderr]     |
[INFO] [stderr] 164 | impl Completer {
[INFO] [stderr]     | -------------- methods in this implementation
[INFO] [stderr] ...
[INFO] [stderr] 355 |     pub(crate) fn get_url(&self, namespace: &Arc<str>) -> Option<Url> {
[INFO] [stderr]     |                   ^^^^^^^
[INFO] [stderr] ...
[INFO] [stderr] 360 |     pub(crate) fn get_namespace(&self, url: &Url) -> Option<Arc<str>> {
[INFO] [stderr]     |                   ^^^^^^^^^^^^^
[INFO] [stderr]     |
[INFO] [stderr]     = note: `#[warn(dead_code)]` on by default
[INFO] [stderr] 
[INFO] [stderr] warning: field `start_index` is never read
[INFO] [stderr]   --> crates/jsonui_lsp/src/document.rs:19:9
[INFO] [stderr]    |
[INFO] [stderr] 18 | pub struct LineInfo {
[INFO] [stderr]    |            -------- field in this struct
[INFO] [stderr] 19 |     pub start_index: usize,
[INFO] [stderr]    |         ^^^^^^^^^^^
[INFO] [stderr]    |
[INFO] [stderr]    = note: `LineInfo` has a derived impl for the trait `Debug`, but this is intentionally ignored during dead code analysis
[INFO] [stderr] 
[INFO] [stderr] warning: function `parse` is never used
[INFO] [stderr]    --> crates/jsonui_lsp/src/lexer.rs:487:15
[INFO] [stderr]     |
[INFO] [stderr] 487 | pub(crate) fn parse(range: Option<(usize, usize)>, input: &str) -> Option<Vec<Token>> {
[INFO] [stderr]     |               ^^^^^
[INFO] [stderr] 
[INFO] [stderr] warning: function `to_string` is never used
[INFO] [stderr]    --> crates/jsonui_lsp/src/lexer.rs:576:15
[INFO] [stderr]     |
[INFO] [stderr] 576 | pub(crate) fn to_string(token: Token) -> String {
[INFO] [stderr]     |               ^^^^^^^^^
[INFO] [stderr] 
[INFO] [stderr] warning: function `to_array` is never used
[INFO] [stderr]    --> crates/jsonui_lsp/src/lexer.rs:592:15
[INFO] [stderr]     |
[INFO] [stderr] 592 | pub(crate) fn to_array(token: Token) -> Vec<Token> {
[INFO] [stderr]     |               ^^^^^^^^
[INFO] [stderr] 
[INFO] [stderr] warning: function `to_bool` is never used
[INFO] [stderr]    --> crates/jsonui_lsp/src/lexer.rs:619:15
[INFO] [stderr]     |
[INFO] [stderr] 619 | pub(crate) fn to_bool(token: Token) -> bool {
[INFO] [stderr]     |               ^^^^^^^
[INFO] [stderr] 
[INFO] [stderr] warning: function `to_bool_ref` is never used
[INFO] [stderr]    --> crates/jsonui_lsp/src/lexer.rs:627:15
[INFO] [stderr]     |
[INFO] [stderr] 627 | pub(crate) fn to_bool_ref(token: &Token) -> bool {
[INFO] [stderr]     |               ^^^^^^^^^^^
[INFO] [stderr] 
[INFO] [stderr] warning: function `to_number` is never used
[INFO] [stderr]    --> crates/jsonui_lsp/src/lexer.rs:635:15
[INFO] [stderr]     |
[INFO] [stderr] 635 | pub(crate) fn to_number(token: Token) -> f32 {
[INFO] [stderr]     |               ^^^^^^^^^
[INFO] [stderr] 
[INFO] [stderr] warning: function `test_node_display_without_id` is never used
[INFO] [stderr]    --> crates/jsonui_lsp/src/tree_ds/node/mod.rs:798:8
[INFO] [stderr]     |
[INFO] [stderr] 798 |     fn test_node_display_without_id() {
[INFO] [stderr]     |        ^^^^^^^^^^^^^^^^^^^^^^^^^^^^
[INFO] [stderr] 
[INFO] [stderr] warning: method `rename` is never used
[INFO] [stderr]    --> crates/jsonui_lsp/src/tree_ds/tree/mod.rs:188:12
[INFO] [stderr]     |
[INFO] [stderr] 77  | / impl<Q, T> Tree<Q, T>
[INFO] [stderr] 78  | | where
[INFO] [stderr] 79  | |     Q: PartialEq + Eq + Clone + Display + Hash + Ord,
[INFO] [stderr] 80  | |     T: PartialEq + Eq + Clone,
[INFO] [stderr]     | |______________________________- method in this implementation
[INFO] [stderr] ...
[INFO] [stderr] 188 |       pub fn rename(&mut self, name: Option<&str>) {
[INFO] [stderr]     |              ^^^^^^
[INFO] [stderr] 
[INFO] [stderr] warning: `jsonui_lsp` (bin "jsonui_lsp" test) generated 11 warnings
[INFO] [stderr]     Finished `test` profile [unoptimized + debuginfo] target(s) in 0.21s
[INFO] [stderr]      Running unittests src/main.rs (/opt/rustwide/target/debug/deps/jsonui_lsp-519ee37c55235a2c)
[INFO] [stdout] 
[INFO] [stdout] running 82 tests
[INFO] [stdout] test complete_helper::tests::test ... ok
[INFO] [stdout] test document::tests::test_get_boundary_indices ... ok
[INFO] [stdout] test document::tests::test_get_namespace_esay ... ok
[INFO] [stdout] test document::tests::test_get_namespace_hard ... ok
[INFO] [stdout] test document::tests::test_apply_change ... ok
[INFO] [stdout] test document::tests::test_replace_grapheme_range ... ok
[INFO] [stdout] test completer::tests::test_split_control_name ... ok
[INFO] [stdout] test lexer::tests::test_parse_1 ... ok
[INFO] [stdout] test generator::unix_epoch::tests::test_epoch_based_generator ... ok
[INFO] [stdout] test lexer::tests::test_parse_4 ... ok
[INFO] [stdout] test generator::unix_epoch::tests::test_epoch_based_generator_with_offset ... ok
[INFO] [stdout] test lexer::tests::test_parse_3 ... ok
[INFO] [stdout] test lexer::tests::test_parse_2 ... ok
[INFO] [stdout] test document::tests::test_apply_delete_change ... ok
[INFO] [stdout] test lexer::tests::test_parse_full_1 ... ok
[INFO] [stdout] test tree_ds::error::tests::test_error_fmt_root_node_already_present ... ok
[INFO] [stdout] test tree_ds::error::tests::test_error_from_fmt_error ... ok
[INFO] [stdout] test tree_ds::node::tests::test_node_adding_children ... ok
[INFO] [stdout] test tree_ds::node::tests::test_node_get_node_id ... ok
[INFO] [stdout] test tree_ds::error::tests::test_error_fmt ... ok
[INFO] [stdout] test tree_ds::node::tests::test_node_eq ... ok
[INFO] [stdout] test tree_ds::node::tests::test_node_new ... ok
[INFO] [stdout] test tree_ds::node::tests::test_node_get_value ... ok
[INFO] [stdout] test tree_ds::node::tests::test_node_remove_child ... ok
[INFO] [stdout] test tree_ds::node::tests::test_node_set_parent ... ok
[INFO] [stdout] test tree_ds::node::tests::test_nodes ... ok
[INFO] [stdout] test tree_ds::node::tests::test_nodes_append ... ok
[INFO] [stdout] test tree_ds::node::tests::test_nodes_append_raw ... ok
[INFO] [stdout] test tree_ds::node::tests::test_node_set_value ... ok
[INFO] [stdout] test tree_ds::node::tests::test_nodes_clear ... ok
[INFO] [stdout] test tree_ds::node::tests::test_nodes_default ... ok
[INFO] [stdout] test tree_ds::node::tests::test_nodes_display ... ok
[INFO] [stdout] test tree_ds::node::tests::test_nodes_eq ... ok
[INFO] [stdout] test tree_ds::node::tests::test_nodes_first ... ok
[INFO] [stdout] test tree_ds::node::tests::test_nodes_from_iter ... ok
[INFO] [stdout] test tree_ds::node::tests::test_node_get_parent ... ok
[INFO] [stdout] test tree_ds::node::tests::test_nodes_get ... ok
[INFO] [stdout] test tree_ds::node::tests::test_nodes_get_by_node_id ... ok
[INFO] [stdout] test tree_ds::node::tests::test_nodes_is_empty ... ok
[INFO] [stdout] test tree_ds::node::tests::test_nodes_len ... ok
[INFO] [stdout] test tree_ds::node::auto_id::tests::test_new_with_auto_id_async ... ok
[INFO] [stdout] test tree_ds::node::tests::test_nodes_as_ref ... ok
[INFO] [stdout] test tree_ds::node::tests::test_nodes_iterator ... ok
[INFO] [stdout] test tree_ds::node::tests::test_nodes_size_hint ... ok
[INFO] [stdout] test tree_ds::node::tests::test_nodes_push ... ok
[INFO] [stdout] test tree_ds::tree::tests::get_siblings ... ok
[INFO] [stdout] test tree_ds::node::tests::test_nodes_retain ... ok
[INFO] [stdout] test tree_ds::tree::tests::test_hashing ... ok
[INFO] [stdout] test tree_ds::tree::tests::compare_tree ... ok
[INFO] [stdout] test tree_ds::tree::tests::test_tree_add_node ... ok
[INFO] [stdout] test tree_ds::tree::tests::test_tree_add_subsection ... ok
[INFO] [stdout] test tree_ds::tree::tests::test_tree_add_subsection_no_attaching_node ... ok
[INFO] [stdout] test tree_ds::tree::tests::test_tree_display ... ok
[INFO] [stdout] test tree_ds::node::tests::test_nodes_remove ... ok
[INFO] [stdout] test tree_ds::tree::tests::test_tree_get_ancestor_ids ... ok
[INFO] [stdout] test tree_ds::tree::tests::test_tree_get_height_no_root_node ... ok
[INFO] [stdout] test tree_ds::tree::tests::test_tree_get_no_existent_node ... ok
[INFO] [stdout] test tree_ds::tree::tests::test_tree_add_subsection_with_no_root_node ... ok
[INFO] [stdout] test tree_ds::tree::tests::test_tree_get_height ... ok
[INFO] [stdout] test tree_ds::tree::tests::test_tree_add_more_than_one_root_node ... ok
[INFO] [stdout] test tree_ds::tree::tests::test_tree_get_node_degree_no_existent_node ... ok
[INFO] [stdout] test tree_ds::tree::tests::test_tree_get_node_depth ... ok
[INFO] [stdout] test tree_ds::tree::tests::test_tree_get_node_ancestor_ids_no_existent_node ... ok
[INFO] [stdout] test tree_ds::tree::tests::test_tree_get_node ... ok
[INFO] [stdout] test tree_ds::tree::tests::test_tree_get_node_degree ... ok
[INFO] [stdout] test tree_ds::tree::tests::test_tree_get_node_height_no_existent_node ... ok
[INFO] [stdout] test tree_ds::tree::tests::test_tree_get_nodes ... ok
[INFO] [stdout] test tree_ds::tree::tests::test_tree_get_root_node ... ok
[INFO] [stdout] test tree_ds::tree::tests::test_tree_get_siblings_no_existent_node ... ok
[INFO] [stdout] test tree_ds::tree::tests::test_tree_get_node_height ... ok
[INFO] [stdout] test tree_ds::tree::tests::test_tree_get_subsection ... ok
[INFO] [stdout] test tree_ds::tree::tests::test_tree_new ... ok
[INFO] [stdout] test tree_ds::tree::tests::test_tree_get_node_depth_no_existent_node ... ok
[INFO] [stdout] test tree_ds::tree::tests::test_tree_get_subsection_no_existent_node ... ok
[INFO] [stdout] test tree_ds::tree::tests::test_tree_remove_node ... ok
[INFO] [stdout] test tree_ds::tree::tests::test_tree_remove_node_no_existent_node ... ok
[INFO] [stdout] test tree_ds::tree::tests::test_tree_traverse ... ok
[INFO] [stdout] test tree_ds::tree::tests::test_tree_remove_node_no_root_node ... ok
[INFO] [stdout] test lexer::tests::test_parse_full_3 ... ok
[INFO] [stdout] test lexer::tests::test_parse_full_2 ... FAILED
[INFO] [stdout] test completer::tests::test_completer_init ... ok
[INFO] [stdout] test complete_helper::tests::test_find_closest_node ... ok
[INFO] [stdout] 
[INFO] [stdout] failures:
[INFO] [stdout] 
[INFO] [stdout] ---- lexer::tests::test_parse_full_2 stdout ----
[INFO] [stdout] 
[INFO] [stdout] thread 'lexer::tests::test_parse_full_2' panicked at crates/jsonui_lsp/src/lexer.rs:701:17:
[INFO] [stdout] assertion `left == right` failed
[INFO] [stdout]   left: "edu_common"
[INFO] [stdout]  right: "update_dimensions"
[INFO] [stdout] stack backtrace:
[INFO] [stdout]    0:     0x5a4ac6e04bda - std::backtrace_rs::backtrace::libunwind::trace::hb059275cfc8d6126
[INFO] [stdout]                                at /rustc/6067b36314ab5eb2eb47cecc464545ba58e1ad24/library/std/src/../../backtrace/src/backtrace/libunwind.rs:116:5
[INFO] [stdout]    1:     0x5a4ac6e04bda - std::backtrace_rs::backtrace::trace_unsynchronized::h2da071e4327ce3ee
[INFO] [stdout]                                at /rustc/6067b36314ab5eb2eb47cecc464545ba58e1ad24/library/std/src/../../backtrace/src/backtrace/mod.rs:66:5
[INFO] [stdout]    2:     0x5a4ac6e04bda - std::sys::backtrace::_print_fmt::h842a1474e6f8d23f
[INFO] [stdout]                                at /rustc/6067b36314ab5eb2eb47cecc464545ba58e1ad24/library/std/src/sys/backtrace.rs:66:9
[INFO] [stdout]    3:     0x5a4ac6e04bda - <std::sys::backtrace::BacktraceLock::print::DisplayBacktrace as core::fmt::Display>::fmt::h71a62eb3b9696b12
[INFO] [stdout]                                at /rustc/6067b36314ab5eb2eb47cecc464545ba58e1ad24/library/std/src/sys/backtrace.rs:39:26
[INFO] [stdout]    4:     0x5a4ac6e2f763 - core::fmt::rt::Argument::fmt::hdb6b616786b41dc1
[INFO] [stdout]                                at /rustc/6067b36314ab5eb2eb47cecc464545ba58e1ad24/library/core/src/fmt/rt.rs:177:76
[INFO] [stdout]    5:     0x5a4ac6e2f763 - core::fmt::write::h2cc1698af7e2d686
[INFO] [stdout]                                at /rustc/6067b36314ab5eb2eb47cecc464545ba58e1ad24/library/core/src/fmt/mod.rs:1440:21
[INFO] [stdout]    6:     0x5a4ac6e01393 - std::io::Write::write_fmt::hab1b4cd059a79022
[INFO] [stdout]                                at /rustc/6067b36314ab5eb2eb47cecc464545ba58e1ad24/library/std/src/io/mod.rs:1887:15
[INFO] [stdout]    7:     0x5a4ac6e04a22 - std::sys::backtrace::BacktraceLock::print::h147fe35b4ea13b08
[INFO] [stdout]                                at /rustc/6067b36314ab5eb2eb47cecc464545ba58e1ad24/library/std/src/sys/backtrace.rs:42:9
[INFO] [stdout]    8:     0x5a4ac6e05fff - std::panicking::default_hook::{{closure}}::hbd44223dbdc0d208
[INFO] [stdout]                                at /rustc/6067b36314ab5eb2eb47cecc464545ba58e1ad24/library/std/src/panicking.rs:298:22
[INFO] [stdout]    9:     0x5a4ac6e05e18 - std::panicking::default_hook::h20f81eb0576efcec
[INFO] [stdout]                                at /rustc/6067b36314ab5eb2eb47cecc464545ba58e1ad24/library/std/src/panicking.rs:322:9
[INFO] [stdout]   10:     0x5a4ac6cc79c3 - <alloc::boxed::Box<F,A> as core::ops::function::Fn<Args>>::call::hdb53814c496a4d34
[INFO] [stdout]                                at /rustc/6067b36314ab5eb2eb47cecc464545ba58e1ad24/library/alloc/src/boxed.rs:2027:9
[INFO] [stdout]   11:     0x5a4ac6cc79c3 - test::test_main::{{closure}}::hc0a4963c59427c24
[INFO] [stdout]                                at /rustc/6067b36314ab5eb2eb47cecc464545ba58e1ad24/library/test/src/lib.rs:134:21
[INFO] [stdout]   12:     0x5a4ac6e06af3 - <alloc::boxed::Box<F,A> as core::ops::function::Fn<Args>>::call::h591b2225413a77e9
[INFO] [stdout]                                at /rustc/6067b36314ab5eb2eb47cecc464545ba58e1ad24/library/alloc/src/boxed.rs:2027:9
[INFO] [stdout]   13:     0x5a4ac6e06af3 - std::panicking::rust_panic_with_hook::h625eea43051b2edc
[INFO] [stdout]                                at /rustc/6067b36314ab5eb2eb47cecc464545ba58e1ad24/library/std/src/panicking.rs:839:13
[INFO] [stdout]   14:     0x5a4ac6e067aa - std::panicking::begin_panic_handler::{{closure}}::h4f9159cfbc3f6bd3
[INFO] [stdout]                                at /rustc/6067b36314ab5eb2eb47cecc464545ba58e1ad24/library/std/src/panicking.rs:704:13
[INFO] [stdout]   15:     0x5a4ac6e050d9 - std::sys::backtrace::__rust_end_short_backtrace::h0390abce48353151
[INFO] [stdout]                                at /rustc/6067b36314ab5eb2eb47cecc464545ba58e1ad24/library/std/src/sys/backtrace.rs:168:18
[INFO] [stdout]   16:     0x5a4ac6e0643d - rust_begin_unwind
[INFO] [stdout]                                at /rustc/6067b36314ab5eb2eb47cecc464545ba58e1ad24/library/std/src/panicking.rs:695:5
[INFO] [stdout]   17:     0x5a4ac6e2ccc0 - core::panicking::panic_fmt::h9e7c637e9e5f29c9
[INFO] [stdout]                                at /rustc/6067b36314ab5eb2eb47cecc464545ba58e1ad24/library/core/src/panicking.rs:75:14
[INFO] [stdout]   18:     0x5a4ac6e2d113 - core::panicking::assert_failed_inner::h538bec7c1374cd9c
[INFO] [stdout]   19:     0x5a4ac6bfb557 - core::panicking::assert_failed::hc787be9ac6466bda
[INFO] [stdout]                                at /rustc/6067b36314ab5eb2eb47cecc464545ba58e1ad24/library/core/src/panicking.rs:364:5
[INFO] [stdout]   20:     0x5a4ac6c53096 - jsonui_lsp::lexer::tests::test_parse_full_2::hb28524e7f8d74387
[INFO] [stdout]                                at /opt/rustwide/workdir/crates/jsonui_lsp/src/lexer.rs:701:17
[INFO] [stdout]   21:     0x5a4ac6c52d47 - jsonui_lsp::lexer::tests::test_parse_full_2::{{closure}}::h4a7574ba5db170fa
[INFO] [stdout]                                at /opt/rustwide/workdir/crates/jsonui_lsp/src/lexer.rs:690:31
[INFO] [stdout]   22:     0x5a4ac6c08286 - core::ops::function::FnOnce::call_once::h492f0f9bcab88f56
[INFO] [stdout]                                at /rustc/6067b36314ab5eb2eb47cecc464545ba58e1ad24/library/core/src/ops/function.rs:250:5
[INFO] [stdout]   23:     0x5a4ac6ccd11b - core::ops::function::FnOnce::call_once::he27718dfdd183f43
[INFO] [stdout]                                at /rustc/6067b36314ab5eb2eb47cecc464545ba58e1ad24/library/core/src/ops/function.rs:250:5
[INFO] [stdout]   24:     0x5a4ac6ccd11b - test::__rust_begin_short_backtrace::h4e84902998457a5d
[INFO] [stdout]                                at /rustc/6067b36314ab5eb2eb47cecc464545ba58e1ad24/library/test/src/lib.rs:632:18
[INFO] [stdout]   25:     0x5a4ac6ccc053 - test::run_test_in_process::{{closure}}::h7176fd18fc1feca0
[INFO] [stdout]                                at /rustc/6067b36314ab5eb2eb47cecc464545ba58e1ad24/library/test/src/lib.rs:655:60
[INFO] [stdout]   26:     0x5a4ac6ccc053 - <core::panic::unwind_safe::AssertUnwindSafe<F> as core::ops::function::FnOnce<()>>::call_once::hf79cff2a624d8cf7
[INFO] [stdout]                                at /rustc/6067b36314ab5eb2eb47cecc464545ba58e1ad24/library/core/src/panic/unwind_safe.rs:272:9
[INFO] [stdout]   27:     0x5a4ac6ccc053 - std::panicking::try::do_call::h3da0561d9ab99c25
[INFO] [stdout]                                at /rustc/6067b36314ab5eb2eb47cecc464545ba58e1ad24/library/std/src/panicking.rs:587:40
[INFO] [stdout]   28:     0x5a4ac6ccc053 - std::panicking::try::h41c9fa508bc61df6
[INFO] [stdout]                                at /rustc/6067b36314ab5eb2eb47cecc464545ba58e1ad24/library/std/src/panicking.rs:550:19
[INFO] [stdout]   29:     0x5a4ac6ccc053 - std::panic::catch_unwind::h6b3ff07bb5afad93
[INFO] [stdout]                                at /rustc/6067b36314ab5eb2eb47cecc464545ba58e1ad24/library/std/src/panic.rs:358:14
[INFO] [stdout]   30:     0x5a4ac6ccc053 - test::run_test_in_process::hc7253dd11b39b9f4
[INFO] [stdout]                                at /rustc/6067b36314ab5eb2eb47cecc464545ba58e1ad24/library/test/src/lib.rs:655:27
[INFO] [stdout]   31:     0x5a4ac6ccc053 - test::run_test::{{closure}}::hfb2007f8649c30bb
[INFO] [stdout]                                at /rustc/6067b36314ab5eb2eb47cecc464545ba58e1ad24/library/test/src/lib.rs:576:43
[INFO] [stdout]   32:     0x5a4ac6c8f135 - test::run_test::{{closure}}::h56a17aa7a282a9f4
[INFO] [stdout]                                at /rustc/6067b36314ab5eb2eb47cecc464545ba58e1ad24/library/test/src/lib.rs:606:41
[INFO] [stdout]   33:     0x5a4ac6c8f135 - std::sys::backtrace::__rust_begin_short_backtrace::hd2d2d2fb8e8c6aac
[INFO] [stdout]                                at /rustc/6067b36314ab5eb2eb47cecc464545ba58e1ad24/library/std/src/sys/backtrace.rs:152:18
[INFO] [stdout]   34:     0x5a4ac6c92a1a - std::thread::Builder::spawn_unchecked_::{{closure}}::{{closure}}::h4faa3f9db6133423
[INFO] [stdout]                                at /rustc/6067b36314ab5eb2eb47cecc464545ba58e1ad24/library/std/src/thread/mod.rs:559:17
[INFO] [stdout]   35:     0x5a4ac6c92a1a - <core::panic::unwind_safe::AssertUnwindSafe<F> as core::ops::function::FnOnce<()>>::call_once::hf2e855a36a4ea846
[INFO] [stdout]                                at /rustc/6067b36314ab5eb2eb47cecc464545ba58e1ad24/library/core/src/panic/unwind_safe.rs:272:9
[INFO] [stdout]   36:     0x5a4ac6c92a1a - std::panicking::try::do_call::h2f73af3616c35465
[INFO] [stdout]                                at /rustc/6067b36314ab5eb2eb47cecc464545ba58e1ad24/library/std/src/panicking.rs:587:40
[INFO] [stdout]   37:     0x5a4ac6c92a1a - std::panicking::try::hd1660ce9efadef5a
[INFO] [stdout]                                at /rustc/6067b36314ab5eb2eb47cecc464545ba58e1ad24/library/std/src/panicking.rs:550:19
[INFO] [stdout]   38:     0x5a4ac6c92a1a - std::panic::catch_unwind::h5ee8d7823b8ca744
[INFO] [stdout]                                at /rustc/6067b36314ab5eb2eb47cecc464545ba58e1ad24/library/std/src/panic.rs:358:14
[INFO] [stdout]   39:     0x5a4ac6c92a1a - std::thread::Builder::spawn_unchecked_::{{closure}}::h53c3a1894dce8407
[INFO] [stdout]                                at /rustc/6067b36314ab5eb2eb47cecc464545ba58e1ad24/library/std/src/thread/mod.rs:557:30
[INFO] [stdout]   40:     0x5a4ac6c92a1a - core::ops::function::FnOnce::call_once{{vtable.shim}}::h048ce291ad4f62bf
[INFO] [stdout]                                at /rustc/6067b36314ab5eb2eb47cecc464545ba58e1ad24/library/core/src/ops/function.rs:250:5
[INFO] [stdout]   41:     0x5a4ac6e0b25b - <alloc::boxed::Box<F,A> as core::ops::function::FnOnce<Args>>::call_once::ha52bedf99a3b4981
[INFO] [stdout]                                at /rustc/6067b36314ab5eb2eb47cecc464545ba58e1ad24/library/alloc/src/boxed.rs:2013:9
[INFO] [stdout]   42:     0x5a4ac6e0b25b - <alloc::boxed::Box<F,A> as core::ops::function::FnOnce<Args>>::call_once::h567748934d80ccf8
[INFO] [stdout]                                at /rustc/6067b36314ab5eb2eb47cecc464545ba58e1ad24/library/alloc/src/boxed.rs:2013:9
[INFO] [stdout]   43:     0x5a4ac6e0b25b - std::sys::pal::unix::thread::Thread::new::thread_start::h2d970728ae887adc
[INFO] [stdout]                                at /rustc/6067b36314ab5eb2eb47cecc464545ba58e1ad24/library/std/src/sys/pal/unix/thread.rs:106:17
[INFO] [stdout]   44:     0x735819794ac3 - <unknown>
[INFO] [stdout]   45:     0x735819825a04 - clone
[INFO] [stdout]   46:                0x0 - <unknown>
[INFO] [stdout] 
[INFO] [stdout] 
[INFO] [stdout] failures:
[INFO] [stdout]     lexer::tests::test_parse_full_2
[INFO] [stdout] 
[INFO] [stdout] test result: FAILED. 81 passed; 1 failed; 0 ignored; 0 measured; 0 filtered out; finished in 9.24s
[INFO] [stdout] 
[INFO] [stderr] error: test failed, to rerun pass `-p jsonui_lsp --bin jsonui_lsp`
[INFO] running `Command { std: "docker" "inspect" "0e35bf8a0fc4a0f8c292628c7bf0fa62b9a25ac6aea039c78b92272c413e6101", kill_on_drop: false }`
[INFO] running `Command { std: "docker" "rm" "-f" "0e35bf8a0fc4a0f8c292628c7bf0fa62b9a25ac6aea039c78b92272c413e6101", kill_on_drop: false }`
[INFO] [stdout] 0e35bf8a0fc4a0f8c292628c7bf0fa62b9a25ac6aea039c78b92272c413e6101
