[INFO] cloning repository https://github.com/ClayAmore/ER-Save-Lib
[INFO] running `Command { std: "git" "-c" "credential.helper=" "-c" "credential.helper=/workspace/cargo-home/bin/git-credential-null" "clone" "--bare" "https://github.com/ClayAmore/ER-Save-Lib" "/workspace/cache/git-repos/https%3A%2F%2Fgithub.com%2FClayAmore%2FER-Save-Lib", kill_on_drop: false }`
[INFO] [stderr] Cloning into bare repository '/workspace/cache/git-repos/https%3A%2F%2Fgithub.com%2FClayAmore%2FER-Save-Lib'...
[INFO] running `Command { std: "git" "rev-parse" "HEAD", kill_on_drop: false }`
[INFO] [stdout] fbe5a4c430bc2cc8a68f46cb2e4fd6407b66a673
[INFO] testing ClayAmore/ER-Save-Lib against nightly-2025-01-18 for randomize-layout-2
[INFO] running `Command { std: "git" "clone" "/workspace/cache/git-repos/https%3A%2F%2Fgithub.com%2FClayAmore%2FER-Save-Lib" "/workspace/builds/worker-3-tc1/source", kill_on_drop: false }`
[INFO] [stderr] Cloning into '/workspace/builds/worker-3-tc1/source'...
[INFO] [stderr] done.
[INFO] validating manifest of git repo https://github.com/ClayAmore/ER-Save-Lib on toolchain nightly-2025-01-18
[INFO] running `Command { std: CARGO_HOME="/workspace/cargo-home" RUSTUP_HOME="/workspace/rustup-home" "/workspace/cargo-home/bin/cargo" "+nightly-2025-01-18" "metadata" "--manifest-path" "Cargo.toml" "--no-deps", kill_on_drop: false }`
[INFO] started tweaking git repo https://github.com/ClayAmore/ER-Save-Lib
[INFO] finished tweaking git repo https://github.com/ClayAmore/ER-Save-Lib
[INFO] tweaked toml for git repo https://github.com/ClayAmore/ER-Save-Lib written to /workspace/builds/worker-3-tc1/source/Cargo.toml
[INFO] crate git repo https://github.com/ClayAmore/ER-Save-Lib already has a lockfile, it will not be regenerated
[INFO] running `Command { std: CARGO_HOME="/workspace/cargo-home" RUSTUP_HOME="/workspace/rustup-home" "/workspace/cargo-home/bin/cargo" "+nightly-2025-01-18" "fetch" "--manifest-path" "Cargo.toml", kill_on_drop: false }`
[INFO] [stderr]     Updating crates.io index
[INFO] [stderr]  Downloading crates ...
[INFO] [stderr]   Downloaded zstd-safe v7.2.0
[INFO] [stderr]   Downloaded deku_derive v0.17.0
[INFO] [stderr]   Downloaded deku v0.17.0
[INFO] [stderr]   Downloaded no_std_io v0.6.0
[INFO] [stderr]   Downloaded thiserror-impl v1.0.62
[INFO] [stderr]   Downloaded thiserror v1.0.62
[INFO] [stderr]   Downloaded zstd-sys v2.0.12+zstd.1.5.6
[INFO] running `Command { std: "docker" "create" "-v" "/var/lib/crater-agent-workspace/builds/worker-3-tc1/target:/opt/rustwide/target:rw,Z" "-v" "/var/lib/crater-agent-workspace/builds/worker-3-tc1/source:/opt/rustwide/workdir:ro,Z" "-v" "/var/lib/crater-agent-workspace/cargo-home:/opt/rustwide/cargo-home:ro,Z" "-v" "/var/lib/crater-agent-workspace/rustup-home:/opt/rustwide/rustup-home:ro,Z" "-e" "SOURCE_DIR=/opt/rustwide/workdir" "-e" "CARGO_TARGET_DIR=/opt/rustwide/target" "-e" "CARGO_HOME=/opt/rustwide/cargo-home" "-e" "RUSTUP_HOME=/opt/rustwide/rustup-home" "-w" "/opt/rustwide/workdir" "-m" "1610612736" "--user" "0:0" "--network" "none" "ghcr.io/rust-lang/crates-build-env/linux@sha256:819108c5571ea2e421544af4d832f968d213c87fbe3707a016657f43d2f853bc" "/opt/rustwide/cargo-home/bin/cargo" "+nightly-2025-01-18" "metadata" "--no-deps" "--format-version=1", kill_on_drop: false }`
[INFO] [stdout] f592619ce5fd7e2653b0c19d5699c535d2f7f9bcd3def1044d203943b33b06c9
[INFO] running `Command { std: "docker" "start" "-a" "f592619ce5fd7e2653b0c19d5699c535d2f7f9bcd3def1044d203943b33b06c9", kill_on_drop: false }`
[INFO] running `Command { std: "docker" "inspect" "f592619ce5fd7e2653b0c19d5699c535d2f7f9bcd3def1044d203943b33b06c9", kill_on_drop: false }`
[INFO] running `Command { std: "docker" "rm" "-f" "f592619ce5fd7e2653b0c19d5699c535d2f7f9bcd3def1044d203943b33b06c9", kill_on_drop: false }`
[INFO] [stdout] f592619ce5fd7e2653b0c19d5699c535d2f7f9bcd3def1044d203943b33b06c9
[INFO] running `Command { std: "docker" "create" "-v" "/var/lib/crater-agent-workspace/builds/worker-3-tc1/target:/opt/rustwide/target:rw,Z" "-v" "/var/lib/crater-agent-workspace/builds/worker-3-tc1/source:/opt/rustwide/workdir:ro,Z" "-v" "/var/lib/crater-agent-workspace/cargo-home:/opt/rustwide/cargo-home:ro,Z" "-v" "/var/lib/crater-agent-workspace/rustup-home:/opt/rustwide/rustup-home:ro,Z" "-e" "SOURCE_DIR=/opt/rustwide/workdir" "-e" "CARGO_TARGET_DIR=/opt/rustwide/target" "-e" "CARGO_INCREMENTAL=0" "-e" "RUST_BACKTRACE=full" "-e" "RUSTFLAGS=--cap-lints=forbid" "-e" "RUSTDOCFLAGS=--cap-lints=forbid" "-e" "CARGO_HOME=/opt/rustwide/cargo-home" "-e" "RUSTUP_HOME=/opt/rustwide/rustup-home" "-w" "/opt/rustwide/workdir" "-m" "1610612736" "--user" "0:0" "--network" "none" "ghcr.io/rust-lang/crates-build-env/linux@sha256:819108c5571ea2e421544af4d832f968d213c87fbe3707a016657f43d2f853bc" "/opt/rustwide/cargo-home/bin/cargo" "+nightly-2025-01-18" "build" "--frozen" "--message-format=json", kill_on_drop: false }`
[INFO] [stdout] 53e78efd4a7a7057e3fc08d2d2a335f49ead78dd205b9e2c1b93a61a6db22290
[INFO] running `Command { std: "docker" "start" "-a" "53e78efd4a7a7057e3fc08d2d2a335f49ead78dd205b9e2c1b93a61a6db22290", kill_on_drop: false }`
[INFO] [stderr]    Compiling proc-macro2 v1.0.86
[INFO] [stderr]    Compiling libc v0.2.155
[INFO] [stderr]    Compiling pkg-config v0.3.30
[INFO] [stderr]    Compiling hashbrown v0.14.5
[INFO] [stderr]    Compiling strsim v0.11.1
[INFO] [stderr]    Compiling fnv v1.0.7
[INFO] [stderr]    Compiling equivalent v1.0.1
[INFO] [stderr]    Compiling winnow v0.5.40
[INFO] [stderr]    Compiling toml_datetime v0.6.6
[INFO] [stderr]    Compiling radium v0.7.0
[INFO] [stderr]    Compiling tap v1.0.1
[INFO] [stderr]    Compiling zstd-safe v7.2.0
[INFO] [stderr]    Compiling generic-array v0.14.7
[INFO] [stderr]    Compiling thiserror v1.0.62
[INFO] [stderr]    Compiling funty v2.0.0
[INFO] [stderr]    Compiling memchr v2.7.4
[INFO] [stderr]    Compiling cpufeatures v0.2.12
[INFO] [stderr]    Compiling encoding_rs v0.8.34
[INFO] [stderr]    Compiling md5 v0.7.0
[INFO] [stderr]    Compiling wyz v0.5.1
[INFO] [stderr]    Compiling bitvec v1.0.1
[INFO] [stderr]    Compiling quote v1.0.36
[INFO] [stderr]    Compiling no_std_io v0.6.0
[INFO] [stderr]    Compiling jobserver v0.1.32
[INFO] [stderr]    Compiling syn v2.0.67
[INFO] [stderr]    Compiling block-padding v0.3.3
[INFO] [stderr]    Compiling crypto-common v0.1.6
[INFO] [stderr]    Compiling indexmap v2.2.6
[INFO] [stderr]    Compiling inout v0.1.3
[INFO] [stderr]    Compiling cc v1.1.6
[INFO] [stderr]    Compiling cipher v0.4.4
[INFO] [stderr]    Compiling aes v0.8.4
[INFO] [stderr]    Compiling cbc v0.1.2
[INFO] [stderr]    Compiling toml_edit v0.21.1
[INFO] [stderr]    Compiling zstd-sys v2.0.12+zstd.1.5.6
[INFO] [stderr]    Compiling proc-macro-crate v3.1.0
[INFO] [stderr]    Compiling darling_core v0.20.10
[INFO] [stderr]    Compiling thiserror-impl v1.0.62
[INFO] [stderr]    Compiling zstd v0.13.2
[INFO] [stderr]    Compiling darling_macro v0.20.10
[INFO] [stderr]    Compiling darling v0.20.10
[INFO] [stderr]    Compiling deku_derive v0.17.0
[INFO] [stderr]    Compiling deku v0.17.0
[INFO] [stderr]    Compiling er-save-lib v0.1.0 (/opt/rustwide/workdir)
[INFO] [stdout] warning: unused variable: `index`
[INFO] [stdout]    --> src/api/save_api.rs:741:9
[INFO] [stdout]     |
[INFO] [stdout] 741 |         index: usize,
[INFO] [stdout]     |         ^^^^^ help: if this is intentional, prefix it with an underscore: `_index`
[INFO] [stdout]     |
[INFO] [stdout]     = note: `#[warn(unused_variables)]` on by default
[INFO] [stdout] 
[INFO] [stdout] 
[INFO] [stdout] warning: unused variable: `item_id`
[INFO] [stdout]    --> src/api/save_api.rs:742:9
[INFO] [stdout]     |
[INFO] [stdout] 742 |         item_id: u32,
[INFO] [stdout]     |         ^^^^^^^ help: if this is intentional, prefix it with an underscore: `_item_id`
[INFO] [stdout] 
[INFO] [stdout] 
[INFO] [stdout] warning: unused variable: `item_type`
[INFO] [stdout]    --> src/api/save_api.rs:743:9
[INFO] [stdout]     |
[INFO] [stdout] 743 |         item_type: ItemType,
[INFO] [stdout]     |         ^^^^^^^^^ help: if this is intentional, prefix it with an underscore: `_item_type`
[INFO] [stdout] 
[INFO] [stdout] 
[INFO] [stdout] warning: unused variable: `storage_type`
[INFO] [stdout]    --> src/api/save_api.rs:744:9
[INFO] [stdout]     |
[INFO] [stdout] 744 |         storage_type: &StorageType,
[INFO] [stdout]     |         ^^^^^^^^^^^^ help: if this is intentional, prefix it with an underscore: `_storage_type`
[INFO] [stdout] 
[INFO] [stdout] 
[INFO] [stdout] warning: unused variable: `index`
[INFO] [stdout]    --> src/api/save_api.rs:751:9
[INFO] [stdout]     |
[INFO] [stdout] 751 |         index: usize,
[INFO] [stdout]     |         ^^^^^ help: if this is intentional, prefix it with an underscore: `_index`
[INFO] [stdout] 
[INFO] [stdout] 
[INFO] [stdout] warning: unused variable: `weapon_id`
[INFO] [stdout]    --> src/api/save_api.rs:752:9
[INFO] [stdout]     |
[INFO] [stdout] 752 |         weapon_id: u32,
[INFO] [stdout]     |         ^^^^^^^^^ help: if this is intentional, prefix it with an underscore: `_weapon_id`
[INFO] [stdout] 
[INFO] [stdout] 
[INFO] [stdout] warning: unused variable: `aow_id`
[INFO] [stdout]    --> src/api/save_api.rs:753:9
[INFO] [stdout]     |
[INFO] [stdout] 753 |         aow_id: Option<u32>,
[INFO] [stdout]     |         ^^^^^^ help: if this is intentional, prefix it with an underscore: `_aow_id`
[INFO] [stdout] 
[INFO] [stdout] 
[INFO] [stdout] warning: unused variable: `storage_type`
[INFO] [stdout]    --> src/api/save_api.rs:754:9
[INFO] [stdout]     |
[INFO] [stdout] 754 |         storage_type: &StorageType,
[INFO] [stdout]     |         ^^^^^^^^^^^^ help: if this is intentional, prefix it with an underscore: `_storage_type`
[INFO] [stdout] 
[INFO] [stdout] 
[INFO] [stdout] warning: variant `Size` is never constructed
[INFO] [stdout]   --> src/regulation/regulation.rs:39:5
[INFO] [stdout]    |
[INFO] [stdout] 37 | pub(crate) enum RegulationIdentifier {
[INFO] [stdout]    |                 -------------------- variant in this enum
[INFO] [stdout] 38 |     Version(u32),
[INFO] [stdout] 39 |     Size(usize),
[INFO] [stdout]    |     ^^^^
[INFO] [stdout]    |
[INFO] [stdout]    = note: `#[warn(dead_code)]` on by default
[INFO] [stdout] 
[INFO] [stdout] 
[INFO] [stdout] warning: associated functions `from_path` and `from_slice` are never used
[INFO] [stdout]    --> src/regulation/regulation.rs:138:12
[INFO] [stdout]     |
[INFO] [stdout] 137 | impl Regulation {
[INFO] [stdout]     | --------------- associated functions in this implementation
[INFO] [stdout] 138 |     pub fn from_path(path: impl AsRef<Path>) -> Result<Self, RegulationParseError> {
[INFO] [stdout]     |            ^^^^^^^^^
[INFO] [stdout] ...
[INFO] [stdout] 143 |     pub fn from_slice(bytes: &mut [u8]) -> Result<Self, RegulationParseError> {
[INFO] [stdout]     |            ^^^^^^^^^^
[INFO] [stdout] 
[INFO] [stdout] 
[INFO] [stderr]     Finished `dev` profile [unoptimized + debuginfo] target(s) in 59.00s
[INFO] running `Command { std: "docker" "inspect" "53e78efd4a7a7057e3fc08d2d2a335f49ead78dd205b9e2c1b93a61a6db22290", kill_on_drop: false }`
[INFO] running `Command { std: "docker" "rm" "-f" "53e78efd4a7a7057e3fc08d2d2a335f49ead78dd205b9e2c1b93a61a6db22290", kill_on_drop: false }`
[INFO] [stdout] 53e78efd4a7a7057e3fc08d2d2a335f49ead78dd205b9e2c1b93a61a6db22290
[INFO] running `Command { std: "docker" "create" "-v" "/var/lib/crater-agent-workspace/builds/worker-3-tc1/target:/opt/rustwide/target:rw,Z" "-v" "/var/lib/crater-agent-workspace/builds/worker-3-tc1/source:/opt/rustwide/workdir:ro,Z" "-v" "/var/lib/crater-agent-workspace/cargo-home:/opt/rustwide/cargo-home:ro,Z" "-v" "/var/lib/crater-agent-workspace/rustup-home:/opt/rustwide/rustup-home:ro,Z" "-e" "SOURCE_DIR=/opt/rustwide/workdir" "-e" "CARGO_TARGET_DIR=/opt/rustwide/target" "-e" "CARGO_INCREMENTAL=0" "-e" "RUST_BACKTRACE=full" "-e" "RUSTFLAGS=--cap-lints=forbid" "-e" "RUSTDOCFLAGS=--cap-lints=forbid" "-e" "CARGO_HOME=/opt/rustwide/cargo-home" "-e" "RUSTUP_HOME=/opt/rustwide/rustup-home" "-w" "/opt/rustwide/workdir" "-m" "1610612736" "--user" "0:0" "--network" "none" "ghcr.io/rust-lang/crates-build-env/linux@sha256:819108c5571ea2e421544af4d832f968d213c87fbe3707a016657f43d2f853bc" "/opt/rustwide/cargo-home/bin/cargo" "+nightly-2025-01-18" "test" "--frozen" "--no-run" "--message-format=json", kill_on_drop: false }`
[INFO] [stdout] 0a23ede9b896d3b175b5e518aab29f154d2c1fd239b574932b8520c166b2352b
[INFO] running `Command { std: "docker" "start" "-a" "0a23ede9b896d3b175b5e518aab29f154d2c1fd239b574932b8520c166b2352b", kill_on_drop: false }`
[INFO] [stdout] warning: unused variable: `index`
[INFO] [stdout]    --> src/api/save_api.rs:741:9
[INFO] [stdout]     |
[INFO] [stdout] 741 |         index: usize,
[INFO] [stdout]     |         ^^^^^ help: if this is intentional, prefix it with an underscore: `_index`
[INFO] [stdout]     |
[INFO] [stdout]     = note: `#[warn(unused_variables)]` on by default
[INFO] [stdout] 
[INFO] [stdout] 
[INFO] [stdout] warning: unused variable: `item_id`
[INFO] [stdout]    --> src/api/save_api.rs:742:9
[INFO] [stdout]     |
[INFO] [stdout] 742 |         item_id: u32,
[INFO] [stdout]     |         ^^^^^^^ help: if this is intentional, prefix it with an underscore: `_item_id`
[INFO] [stdout] 
[INFO] [stdout] 
[INFO] [stdout] warning: unused variable: `item_type`
[INFO] [stdout]    --> src/api/save_api.rs:743:9
[INFO] [stdout]     |
[INFO] [stdout] 743 |         item_type: ItemType,
[INFO] [stdout]     |         ^^^^^^^^^ help: if this is intentional, prefix it with an underscore: `_item_type`
[INFO] [stdout] 
[INFO] [stdout] 
[INFO] [stdout] warning: unused variable: `storage_type`
[INFO] [stdout]    --> src/api/save_api.rs:744:9
[INFO] [stdout]     |
[INFO] [stdout] 744 |         storage_type: &StorageType,
[INFO] [stdout]     |         ^^^^^^^^^^^^ help: if this is intentional, prefix it with an underscore: `_storage_type`
[INFO] [stdout] 
[INFO] [stdout] 
[INFO] [stdout] warning: unused variable: `index`
[INFO] [stdout]    --> src/api/save_api.rs:751:9
[INFO] [stdout]     |
[INFO] [stdout] 751 |         index: usize,
[INFO] [stdout]     |         ^^^^^ help: if this is intentional, prefix it with an underscore: `_index`
[INFO] [stdout] 
[INFO] [stdout] 
[INFO] [stdout] warning: unused variable: `weapon_id`
[INFO] [stdout]    --> src/api/save_api.rs:752:9
[INFO] [stdout]     |
[INFO] [stdout] 752 |         weapon_id: u32,
[INFO] [stdout]     |         ^^^^^^^^^ help: if this is intentional, prefix it with an underscore: `_weapon_id`
[INFO] [stdout] 
[INFO] [stdout] 
[INFO] [stdout] warning: unused variable: `aow_id`
[INFO] [stdout]    --> src/api/save_api.rs:753:9
[INFO] [stdout]     |
[INFO] [stdout] 753 |         aow_id: Option<u32>,
[INFO] [stdout]     |         ^^^^^^ help: if this is intentional, prefix it with an underscore: `_aow_id`
[INFO] [stdout] 
[INFO] [stdout] 
[INFO] [stdout] warning: unused variable: `storage_type`
[INFO] [stdout]    --> src/api/save_api.rs:754:9
[INFO] [stdout]     |
[INFO] [stdout] 754 |         storage_type: &StorageType,
[INFO] [stdout]     |         ^^^^^^^^^^^^ help: if this is intentional, prefix it with an underscore: `_storage_type`
[INFO] [stdout] 
[INFO] [stdout] 
[INFO] [stdout] warning: variant `Size` is never constructed
[INFO] [stdout]   --> src/regulation/regulation.rs:39:5
[INFO] [stdout]    |
[INFO] [stdout] 37 | pub(crate) enum RegulationIdentifier {
[INFO] [stdout]    |                 -------------------- variant in this enum
[INFO] [stdout] 38 |     Version(u32),
[INFO] [stdout] 39 |     Size(usize),
[INFO] [stdout]    |     ^^^^
[INFO] [stdout]    |
[INFO] [stdout]    = note: `#[warn(dead_code)]` on by default
[INFO] [stdout] 
[INFO] [stdout] 
[INFO] [stdout] warning: associated functions `from_path` and `from_slice` are never used
[INFO] [stdout]    --> src/regulation/regulation.rs:138:12
[INFO] [stdout]     |
[INFO] [stdout] 137 | impl Regulation {
[INFO] [stdout]     | --------------- associated functions in this implementation
[INFO] [stdout] 138 |     pub fn from_path(path: impl AsRef<Path>) -> Result<Self, RegulationParseError> {
[INFO] [stdout]     |            ^^^^^^^^^
[INFO] [stdout] ...
[INFO] [stdout] 143 |     pub fn from_slice(bytes: &mut [u8]) -> Result<Self, RegulationParseError> {
[INFO] [stdout]     |            ^^^^^^^^^^
[INFO] [stdout] 
[INFO] [stdout] 
[INFO] [stderr]    Compiling er-save-lib v0.1.0 (/opt/rustwide/workdir)
[INFO] [stdout] warning: unused variable: `index`
[INFO] [stdout]    --> src/api/save_api.rs:741:9
[INFO] [stdout]     |
[INFO] [stdout] 741 |         index: usize,
[INFO] [stdout]     |         ^^^^^ help: if this is intentional, prefix it with an underscore: `_index`
[INFO] [stdout]     |
[INFO] [stdout]     = note: `#[warn(unused_variables)]` on by default
[INFO] [stdout] 
[INFO] [stdout] 
[INFO] [stdout] warning: unused variable: `item_id`
[INFO] [stdout]    --> src/api/save_api.rs:742:9
[INFO] [stdout]     |
[INFO] [stdout] 742 |         item_id: u32,
[INFO] [stdout]     |         ^^^^^^^ help: if this is intentional, prefix it with an underscore: `_item_id`
[INFO] [stdout] 
[INFO] [stdout] 
[INFO] [stdout] warning: unused variable: `item_type`
[INFO] [stdout]    --> src/api/save_api.rs:743:9
[INFO] [stdout]     |
[INFO] [stdout] 743 |         item_type: ItemType,
[INFO] [stdout]     |         ^^^^^^^^^ help: if this is intentional, prefix it with an underscore: `_item_type`
[INFO] [stdout] 
[INFO] [stdout] 
[INFO] [stdout] warning: unused variable: `storage_type`
[INFO] [stdout]    --> src/api/save_api.rs:744:9
[INFO] [stdout]     |
[INFO] [stdout] 744 |         storage_type: &StorageType,
[INFO] [stdout]     |         ^^^^^^^^^^^^ help: if this is intentional, prefix it with an underscore: `_storage_type`
[INFO] [stdout] 
[INFO] [stdout] 
[INFO] [stdout] warning: unused variable: `index`
[INFO] [stdout]    --> src/api/save_api.rs:751:9
[INFO] [stdout]     |
[INFO] [stdout] 751 |         index: usize,
[INFO] [stdout]     |         ^^^^^ help: if this is intentional, prefix it with an underscore: `_index`
[INFO] [stdout] 
[INFO] [stdout] 
[INFO] [stdout] warning: unused variable: `weapon_id`
[INFO] [stdout]    --> src/api/save_api.rs:752:9
[INFO] [stdout]     |
[INFO] [stdout] 752 |         weapon_id: u32,
[INFO] [stdout]     |         ^^^^^^^^^ help: if this is intentional, prefix it with an underscore: `_weapon_id`
[INFO] [stdout] 
[INFO] [stdout] 
[INFO] [stdout] warning: unused variable: `aow_id`
[INFO] [stdout]    --> src/api/save_api.rs:753:9
[INFO] [stdout]     |
[INFO] [stdout] 753 |         aow_id: Option<u32>,
[INFO] [stdout]     |         ^^^^^^ help: if this is intentional, prefix it with an underscore: `_aow_id`
[INFO] [stdout] 
[INFO] [stdout] 
[INFO] [stdout] warning: unused variable: `storage_type`
[INFO] [stdout]    --> src/api/save_api.rs:754:9
[INFO] [stdout]     |
[INFO] [stdout] 754 |         storage_type: &StorageType,
[INFO] [stdout]     |         ^^^^^^^^^^^^ help: if this is intentional, prefix it with an underscore: `_storage_type`
[INFO] [stdout] 
[INFO] [stdout] 
[INFO] [stdout] warning: variant `Size` is never constructed
[INFO] [stdout]   --> src/regulation/regulation.rs:39:5
[INFO] [stdout]    |
[INFO] [stdout] 37 | pub(crate) enum RegulationIdentifier {
[INFO] [stdout]    |                 -------------------- variant in this enum
[INFO] [stdout] 38 |     Version(u32),
[INFO] [stdout] 39 |     Size(usize),
[INFO] [stdout]    |     ^^^^
[INFO] [stdout]    |
[INFO] [stdout]    = note: `#[warn(dead_code)]` on by default
[INFO] [stdout] 
[INFO] [stdout] 
[INFO] [stdout] warning: associated functions `from_path` and `from_slice` are never used
[INFO] [stdout]    --> src/regulation/regulation.rs:138:12
[INFO] [stdout]     |
[INFO] [stdout] 137 | impl Regulation {
[INFO] [stdout]     | --------------- associated functions in this implementation
[INFO] [stdout] 138 |     pub fn from_path(path: impl AsRef<Path>) -> Result<Self, RegulationParseError> {
[INFO] [stdout]     |            ^^^^^^^^^
[INFO] [stdout] ...
[INFO] [stdout] 143 |     pub fn from_slice(bytes: &mut [u8]) -> Result<Self, RegulationParseError> {
[INFO] [stdout]     |            ^^^^^^^^^^
[INFO] [stdout] 
[INFO] [stdout] 
[INFO] [stderr]     Finished `test` profile [unoptimized + debuginfo] target(s) in 28.85s
[INFO] running `Command { std: "docker" "inspect" "0a23ede9b896d3b175b5e518aab29f154d2c1fd239b574932b8520c166b2352b", kill_on_drop: false }`
[INFO] running `Command { std: "docker" "rm" "-f" "0a23ede9b896d3b175b5e518aab29f154d2c1fd239b574932b8520c166b2352b", kill_on_drop: false }`
[INFO] [stdout] 0a23ede9b896d3b175b5e518aab29f154d2c1fd239b574932b8520c166b2352b
[INFO] running `Command { std: "docker" "create" "-v" "/var/lib/crater-agent-workspace/builds/worker-3-tc1/target:/opt/rustwide/target:rw,Z" "-v" "/var/lib/crater-agent-workspace/builds/worker-3-tc1/source:/opt/rustwide/workdir:ro,Z" "-v" "/var/lib/crater-agent-workspace/cargo-home:/opt/rustwide/cargo-home:ro,Z" "-v" "/var/lib/crater-agent-workspace/rustup-home:/opt/rustwide/rustup-home:ro,Z" "-e" "SOURCE_DIR=/opt/rustwide/workdir" "-e" "CARGO_TARGET_DIR=/opt/rustwide/target" "-e" "CARGO_INCREMENTAL=0" "-e" "RUST_BACKTRACE=full" "-e" "RUSTFLAGS=--cap-lints=forbid" "-e" "RUSTDOCFLAGS=--cap-lints=forbid" "-e" "CARGO_HOME=/opt/rustwide/cargo-home" "-e" "RUSTUP_HOME=/opt/rustwide/rustup-home" "-w" "/opt/rustwide/workdir" "-m" "1610612736" "--user" "0:0" "--network" "none" "ghcr.io/rust-lang/crates-build-env/linux@sha256:819108c5571ea2e421544af4d832f968d213c87fbe3707a016657f43d2f853bc" "/opt/rustwide/cargo-home/bin/cargo" "+nightly-2025-01-18" "test" "--frozen", kill_on_drop: false }`
[INFO] [stdout] 464f2774881af549cf1387505a85177576254e454df3dc50656347b6ff08c2b6
[INFO] running `Command { std: "docker" "start" "-a" "464f2774881af549cf1387505a85177576254e454df3dc50656347b6ff08c2b6", kill_on_drop: false }`
[INFO] [stderr] warning: unused variable: `index`
[INFO] [stderr]    --> src/api/save_api.rs:741:9
[INFO] [stderr]     |
[INFO] [stderr] 741 |         index: usize,
[INFO] [stderr]     |         ^^^^^ help: if this is intentional, prefix it with an underscore: `_index`
[INFO] [stderr]     |
[INFO] [stderr]     = note: `#[warn(unused_variables)]` on by default
[INFO] [stderr] 
[INFO] [stderr] warning: unused variable: `item_id`
[INFO] [stderr]    --> src/api/save_api.rs:742:9
[INFO] [stderr]     |
[INFO] [stderr] 742 |         item_id: u32,
[INFO] [stderr]     |         ^^^^^^^ help: if this is intentional, prefix it with an underscore: `_item_id`
[INFO] [stderr] 
[INFO] [stderr] warning: unused variable: `item_type`
[INFO] [stderr]    --> src/api/save_api.rs:743:9
[INFO] [stderr]     |
[INFO] [stderr] 743 |         item_type: ItemType,
[INFO] [stderr]     |         ^^^^^^^^^ help: if this is intentional, prefix it with an underscore: `_item_type`
[INFO] [stderr] 
[INFO] [stderr] warning: unused variable: `storage_type`
[INFO] [stderr]    --> src/api/save_api.rs:744:9
[INFO] [stderr]     |
[INFO] [stderr] 744 |         storage_type: &StorageType,
[INFO] [stderr]     |         ^^^^^^^^^^^^ help: if this is intentional, prefix it with an underscore: `_storage_type`
[INFO] [stderr] 
[INFO] [stderr] warning: unused variable: `index`
[INFO] [stderr]    --> src/api/save_api.rs:751:9
[INFO] [stderr]     |
[INFO] [stderr] 751 |         index: usize,
[INFO] [stderr]     |         ^^^^^ help: if this is intentional, prefix it with an underscore: `_index`
[INFO] [stderr] 
[INFO] [stderr] warning: unused variable: `weapon_id`
[INFO] [stderr]    --> src/api/save_api.rs:752:9
[INFO] [stderr]     |
[INFO] [stderr] 752 |         weapon_id: u32,
[INFO] [stderr]     |         ^^^^^^^^^ help: if this is intentional, prefix it with an underscore: `_weapon_id`
[INFO] [stderr] 
[INFO] [stderr] warning: unused variable: `aow_id`
[INFO] [stderr]    --> src/api/save_api.rs:753:9
[INFO] [stderr]     |
[INFO] [stderr] 753 |         aow_id: Option<u32>,
[INFO] [stderr]     |         ^^^^^^ help: if this is intentional, prefix it with an underscore: `_aow_id`
[INFO] [stderr] 
[INFO] [stderr] warning: unused variable: `storage_type`
[INFO] [stderr]    --> src/api/save_api.rs:754:9
[INFO] [stderr]     |
[INFO] [stderr] 754 |         storage_type: &StorageType,
[INFO] [stderr]     |         ^^^^^^^^^^^^ help: if this is intentional, prefix it with an underscore: `_storage_type`
[INFO] [stderr] 
[INFO] [stderr] warning: variant `Size` is never constructed
[INFO] [stderr]   --> src/regulation/regulation.rs:39:5
[INFO] [stderr]    |
[INFO] [stderr] 37 | pub(crate) enum RegulationIdentifier {
[INFO] [stderr]    |                 -------------------- variant in this enum
[INFO] [stderr] 38 |     Version(u32),
[INFO] [stderr] 39 |     Size(usize),
[INFO] [stderr]    |     ^^^^
[INFO] [stderr]    |
[INFO] [stderr]    = note: `#[warn(dead_code)]` on by default
[INFO] [stderr] 
[INFO] [stderr] warning: associated functions `from_path` and `from_slice` are never used
[INFO] [stderr]    --> src/regulation/regulation.rs:138:12
[INFO] [stderr]     |
[INFO] [stderr] 137 | impl Regulation {
[INFO] [stderr]     | --------------- associated functions in this implementation
[INFO] [stderr] 138 |     pub fn from_path(path: impl AsRef<Path>) -> Result<Self, RegulationParseError> {
[INFO] [stderr]     |            ^^^^^^^^^
[INFO] [stderr] ...
[INFO] [stderr] 143 |     pub fn from_slice(bytes: &mut [u8]) -> Result<Self, RegulationParseError> {
[INFO] [stderr]     |            ^^^^^^^^^^
[INFO] [stderr] 
[INFO] [stderr] warning: `er-save-lib` (lib) generated 10 warnings
[INFO] [stderr] warning: `er-save-lib` (lib test) generated 10 warnings (10 duplicates)
[INFO] [stderr]     Finished `test` profile [unoptimized + debuginfo] target(s) in 0.07s
[INFO] [stderr]      Running unittests src/lib.rs (/opt/rustwide/target/debug/deps/er_save_lib-5952b00a95d8390d)
[INFO] [stdout] 
[INFO] [stdout] running 2 tests
[INFO] [stdout] test api::event_flags::set_event_flag ... FAILED
[INFO] [stdout] test api::event_flags::get_event_flag ... ok
[INFO] [stdout] 
[INFO] [stdout] failures:
[INFO] [stdout] 
[INFO] [stdout] ---- api::event_flags::set_event_flag stdout ----
[INFO] [stdout] 
[INFO] [stdout] thread 'api::event_flags::set_event_flag' panicked at src/api/event_flags.rs:96:10:
[INFO] [stdout] Failed to write save file!: IoError(Os { code: 30, kind: ReadOnlyFilesystem, message: "Read-only file system" })
[INFO] [stdout] stack backtrace:
[INFO] [stdout]    0:     0x5a6616c168ca - std::backtrace_rs::backtrace::libunwind::trace::hb059275cfc8d6126
[INFO] [stdout]                                at /rustc/6067b36314ab5eb2eb47cecc464545ba58e1ad24/library/std/src/../../backtrace/src/backtrace/libunwind.rs:116:5
[INFO] [stdout]    1:     0x5a6616c168ca - std::backtrace_rs::backtrace::trace_unsynchronized::h2da071e4327ce3ee
[INFO] [stdout]                                at /rustc/6067b36314ab5eb2eb47cecc464545ba58e1ad24/library/std/src/../../backtrace/src/backtrace/mod.rs:66:5
[INFO] [stdout]    2:     0x5a6616c168ca - std::sys::backtrace::_print_fmt::h842a1474e6f8d23f
[INFO] [stdout]                                at /rustc/6067b36314ab5eb2eb47cecc464545ba58e1ad24/library/std/src/sys/backtrace.rs:66:9
[INFO] [stdout]    3:     0x5a6616c168ca - <std::sys::backtrace::BacktraceLock::print::DisplayBacktrace as core::fmt::Display>::fmt::h71a62eb3b9696b12
[INFO] [stdout]                                at /rustc/6067b36314ab5eb2eb47cecc464545ba58e1ad24/library/std/src/sys/backtrace.rs:39:26
[INFO] [stdout]    4:     0x5a6616c3e303 - core::fmt::rt::Argument::fmt::hdb6b616786b41dc1
[INFO] [stdout]                                at /rustc/6067b36314ab5eb2eb47cecc464545ba58e1ad24/library/core/src/fmt/rt.rs:177:76
[INFO] [stdout]    5:     0x5a6616c3e303 - core::fmt::write::h2cc1698af7e2d686
[INFO] [stdout]                                at /rustc/6067b36314ab5eb2eb47cecc464545ba58e1ad24/library/core/src/fmt/mod.rs:1440:21
[INFO] [stdout]    6:     0x5a6616c13423 - std::io::Write::write_fmt::hab1b4cd059a79022
[INFO] [stdout]                                at /rustc/6067b36314ab5eb2eb47cecc464545ba58e1ad24/library/std/src/io/mod.rs:1887:15
[INFO] [stdout]    7:     0x5a6616c16712 - std::sys::backtrace::BacktraceLock::print::h147fe35b4ea13b08
[INFO] [stdout]                                at /rustc/6067b36314ab5eb2eb47cecc464545ba58e1ad24/library/std/src/sys/backtrace.rs:42:9
[INFO] [stdout]    8:     0x5a6616c17cef - std::panicking::default_hook::{{closure}}::hbd44223dbdc0d208
[INFO] [stdout]                                at /rustc/6067b36314ab5eb2eb47cecc464545ba58e1ad24/library/std/src/panicking.rs:298:22
[INFO] [stdout]    9:     0x5a6616c17b08 - std::panicking::default_hook::h20f81eb0576efcec
[INFO] [stdout]                                at /rustc/6067b36314ab5eb2eb47cecc464545ba58e1ad24/library/std/src/panicking.rs:322:9
[INFO] [stdout]   10:     0x5a6616b7da33 - <alloc::boxed::Box<F,A> as core::ops::function::Fn<Args>>::call::hdb53814c496a4d34
[INFO] [stdout]                                at /rustc/6067b36314ab5eb2eb47cecc464545ba58e1ad24/library/alloc/src/boxed.rs:2027:9
[INFO] [stdout]   11:     0x5a6616b7da33 - test::test_main::{{closure}}::hc0a4963c59427c24
[INFO] [stdout]                                at /rustc/6067b36314ab5eb2eb47cecc464545ba58e1ad24/library/test/src/lib.rs:134:21
[INFO] [stdout]   12:     0x5a6616c187e3 - <alloc::boxed::Box<F,A> as core::ops::function::Fn<Args>>::call::h591b2225413a77e9
[INFO] [stdout]                                at /rustc/6067b36314ab5eb2eb47cecc464545ba58e1ad24/library/alloc/src/boxed.rs:2027:9
[INFO] [stdout]   13:     0x5a6616c187e3 - std::panicking::rust_panic_with_hook::h625eea43051b2edc
[INFO] [stdout]                                at /rustc/6067b36314ab5eb2eb47cecc464545ba58e1ad24/library/std/src/panicking.rs:839:13
[INFO] [stdout]   14:     0x5a6616c1849a - std::panicking::begin_panic_handler::{{closure}}::h4f9159cfbc3f6bd3
[INFO] [stdout]                                at /rustc/6067b36314ab5eb2eb47cecc464545ba58e1ad24/library/std/src/panicking.rs:704:13
[INFO] [stdout]   15:     0x5a6616c16dc9 - std::sys::backtrace::__rust_end_short_backtrace::h0390abce48353151
[INFO] [stdout]                                at /rustc/6067b36314ab5eb2eb47cecc464545ba58e1ad24/library/std/src/sys/backtrace.rs:168:18
[INFO] [stdout]   16:     0x5a6616c1812d - rust_begin_unwind
[INFO] [stdout]                                at /rustc/6067b36314ab5eb2eb47cecc464545ba58e1ad24/library/std/src/panicking.rs:695:5
[INFO] [stdout]   17:     0x5a6616c3cd80 - core::panicking::panic_fmt::h9e7c637e9e5f29c9
[INFO] [stdout]                                at /rustc/6067b36314ab5eb2eb47cecc464545ba58e1ad24/library/core/src/panicking.rs:75:14
[INFO] [stdout]   18:     0x5a6616c3d156 - core::result::unwrap_failed::h7979f09313fe1849
[INFO] [stdout]                                at /rustc/6067b36314ab5eb2eb47cecc464545ba58e1ad24/library/core/src/result.rs:1704:5
[INFO] [stdout]   19:     0x5a6616ab9313 - core::result::Result<T,E>::expect::h33a98aecd6f14c05
[INFO] [stdout]                                at /rustc/6067b36314ab5eb2eb47cecc464545ba58e1ad24/library/core/src/result.rs:1061:23
[INFO] [stdout]   20:     0x5a66169d0ef4 - er_save_lib::api::event_flags::set_event_flag::he2623530aee899c6
[INFO] [stdout]                                at /opt/rustwide/workdir/src/api/event_flags.rs:95:5
[INFO] [stdout]   21:     0x5a66169d0d47 - er_save_lib::api::event_flags::set_event_flag::{{closure}}::h862fc9844f566d9d
[INFO] [stdout]                                at /opt/rustwide/workdir/src/api/event_flags.rs:91:20
[INFO] [stdout]   22:     0x5a6616a4da56 - core::ops::function::FnOnce::call_once::hd0e7aed50f0844f8
[INFO] [stdout]                                at /rustc/6067b36314ab5eb2eb47cecc464545ba58e1ad24/library/core/src/ops/function.rs:250:5
[INFO] [stdout]   23:     0x5a6616b8318b - core::ops::function::FnOnce::call_once::he27718dfdd183f43
[INFO] [stdout]                                at /rustc/6067b36314ab5eb2eb47cecc464545ba58e1ad24/library/core/src/ops/function.rs:250:5
[INFO] [stdout]   24:     0x5a6616b8318b - test::__rust_begin_short_backtrace::h4e84902998457a5d
[INFO] [stdout]                                at /rustc/6067b36314ab5eb2eb47cecc464545ba58e1ad24/library/test/src/lib.rs:632:18
[INFO] [stdout]   25:     0x5a6616b820c3 - test::run_test_in_process::{{closure}}::h7176fd18fc1feca0
[INFO] [stdout]                                at /rustc/6067b36314ab5eb2eb47cecc464545ba58e1ad24/library/test/src/lib.rs:655:60
[INFO] [stdout]   26:     0x5a6616b820c3 - <core::panic::unwind_safe::AssertUnwindSafe<F> as core::ops::function::FnOnce<()>>::call_once::hf79cff2a624d8cf7
[INFO] [stdout]                                at /rustc/6067b36314ab5eb2eb47cecc464545ba58e1ad24/library/core/src/panic/unwind_safe.rs:272:9
[INFO] [stdout]   27:     0x5a6616b820c3 - std::panicking::try::do_call::h3da0561d9ab99c25
[INFO] [stdout]                                at /rustc/6067b36314ab5eb2eb47cecc464545ba58e1ad24/library/std/src/panicking.rs:587:40
[INFO] [stdout]   28:     0x5a6616b820c3 - std::panicking::try::h41c9fa508bc61df6
[INFO] [stdout]                                at /rustc/6067b36314ab5eb2eb47cecc464545ba58e1ad24/library/std/src/panicking.rs:550:19
[INFO] [stdout]   29:     0x5a6616b820c3 - std::panic::catch_unwind::h6b3ff07bb5afad93
[INFO] [stdout]                                at /rustc/6067b36314ab5eb2eb47cecc464545ba58e1ad24/library/std/src/panic.rs:358:14
[INFO] [stdout]   30:     0x5a6616b820c3 - test::run_test_in_process::hc7253dd11b39b9f4
[INFO] [stdout]                                at /rustc/6067b36314ab5eb2eb47cecc464545ba58e1ad24/library/test/src/lib.rs:655:27
[INFO] [stdout]   31:     0x5a6616b820c3 - test::run_test::{{closure}}::hfb2007f8649c30bb
[INFO] [stdout]                                at /rustc/6067b36314ab5eb2eb47cecc464545ba58e1ad24/library/test/src/lib.rs:576:43
[INFO] [stdout]   32:     0x5a6616b451a5 - test::run_test::{{closure}}::h56a17aa7a282a9f4
[INFO] [stdout]                                at /rustc/6067b36314ab5eb2eb47cecc464545ba58e1ad24/library/test/src/lib.rs:606:41
[INFO] [stdout]   33:     0x5a6616b451a5 - std::sys::backtrace::__rust_begin_short_backtrace::hd2d2d2fb8e8c6aac
[INFO] [stdout]                                at /rustc/6067b36314ab5eb2eb47cecc464545ba58e1ad24/library/std/src/sys/backtrace.rs:152:18
[INFO] [stdout]   34:     0x5a6616b48a8a - std::thread::Builder::spawn_unchecked_::{{closure}}::{{closure}}::h4faa3f9db6133423
[INFO] [stdout]                                at /rustc/6067b36314ab5eb2eb47cecc464545ba58e1ad24/library/std/src/thread/mod.rs:559:17
[INFO] [stdout]   35:     0x5a6616b48a8a - <core::panic::unwind_safe::AssertUnwindSafe<F> as core::ops::function::FnOnce<()>>::call_once::hf2e855a36a4ea846
[INFO] [stdout]                                at /rustc/6067b36314ab5eb2eb47cecc464545ba58e1ad24/library/core/src/panic/unwind_safe.rs:272:9
[INFO] [stdout]   36:     0x5a6616b48a8a - std::panicking::try::do_call::h2f73af3616c35465
[INFO] [stdout]                                at /rustc/6067b36314ab5eb2eb47cecc464545ba58e1ad24/library/std/src/panicking.rs:587:40
[INFO] [stdout]   37:     0x5a6616b48a8a - std::panicking::try::hd1660ce9efadef5a
[INFO] [stdout]                                at /rustc/6067b36314ab5eb2eb47cecc464545ba58e1ad24/library/std/src/panicking.rs:550:19
[INFO] [stdout]   38:     0x5a6616b48a8a - std::panic::catch_unwind::h5ee8d7823b8ca744
[INFO] [stdout]                                at /rustc/6067b36314ab5eb2eb47cecc464545ba58e1ad24/library/std/src/panic.rs:358:14
[INFO] [stdout]   39:     0x5a6616b48a8a - std::thread::Builder::spawn_unchecked_::{{closure}}::h53c3a1894dce8407
[INFO] [stdout]                                at /rustc/6067b36314ab5eb2eb47cecc464545ba58e1ad24/library/std/src/thread/mod.rs:557:30
[INFO] [stdout]   40:     0x5a6616b48a8a - core::ops::function::FnOnce::call_once{{vtable.shim}}::h048ce291ad4f62bf
[INFO] [stdout]                                at /rustc/6067b36314ab5eb2eb47cecc464545ba58e1ad24/library/core/src/ops/function.rs:250:5
[INFO] [stdout]   41:     0x5a6616c1c72b - <alloc::boxed::Box<F,A> as core::ops::function::FnOnce<Args>>::call_once::ha52bedf99a3b4981
[INFO] [stdout]                                at /rustc/6067b36314ab5eb2eb47cecc464545ba58e1ad24/library/alloc/src/boxed.rs:2013:9
[INFO] [stdout]   42:     0x5a6616c1c72b - <alloc::boxed::Box<F,A> as core::ops::function::FnOnce<Args>>::call_once::h567748934d80ccf8
[INFO] [stdout]                                at /rustc/6067b36314ab5eb2eb47cecc464545ba58e1ad24/library/alloc/src/boxed.rs:2013:9
[INFO] [stdout]   43:     0x5a6616c1c72b - std::sys::pal::unix::thread::Thread::new::thread_start::h2d970728ae887adc
[INFO] [stdout]                                at /rustc/6067b36314ab5eb2eb47cecc464545ba58e1ad24/library/std/src/sys/pal/unix/thread.rs:106:17
[INFO] [stdout]   44:     0x7f6a7a99bac3 - <unknown>
[INFO] [stdout]   45:     0x7f6a7aa2ca04 - clone
[INFO] [stdout]   46:                0x0 - <unknown>
[INFO] [stdout] 
[INFO] [stdout] 
[INFO] [stdout] failures:
[INFO] [stdout]     api::event_flags::set_event_flag
[INFO] [stdout] 
[INFO] [stdout] test result: FAILED. 1 passed; 1 failed; 0 ignored; 0 measured; 0 filtered out; finished in 6.60s
[INFO] [stdout] 
[INFO] [stderr] error: test failed, to rerun pass `--lib`
[INFO] running `Command { std: "docker" "inspect" "464f2774881af549cf1387505a85177576254e454df3dc50656347b6ff08c2b6", kill_on_drop: false }`
[INFO] running `Command { std: "docker" "rm" "-f" "464f2774881af549cf1387505a85177576254e454df3dc50656347b6ff08c2b6", kill_on_drop: false }`
[INFO] [stdout] 464f2774881af549cf1387505a85177576254e454df3dc50656347b6ff08c2b6
