[INFO] cloning repository https://github.com/ChainUpZero/baby-plonk-rust
[INFO] running `Command { std: "git" "-c" "credential.helper=" "-c" "credential.helper=/workspace/cargo-home/bin/git-credential-null" "clone" "--bare" "https://github.com/ChainUpZero/baby-plonk-rust" "/workspace/cache/git-repos/https%3A%2F%2Fgithub.com%2FChainUpZero%2Fbaby-plonk-rust", kill_on_drop: false }`
[INFO] [stderr] Cloning into bare repository '/workspace/cache/git-repos/https%3A%2F%2Fgithub.com%2FChainUpZero%2Fbaby-plonk-rust'...
[INFO] running `Command { std: "git" "rev-parse" "HEAD", kill_on_drop: false }`
[INFO] [stdout] 30ee37277df5e2ecfdc3bd94e9d6a6b2e1a3c98c
[INFO] testing ChainUpZero/baby-plonk-rust against nightly-2025-01-18 for randomize-layout-2
[INFO] running `Command { std: "git" "clone" "/workspace/cache/git-repos/https%3A%2F%2Fgithub.com%2FChainUpZero%2Fbaby-plonk-rust" "/workspace/builds/worker-4-tc1/source", kill_on_drop: false }`
[INFO] [stderr] Cloning into '/workspace/builds/worker-4-tc1/source'...
[INFO] [stderr] done.
[INFO] validating manifest of git repo https://github.com/ChainUpZero/baby-plonk-rust on toolchain nightly-2025-01-18
[INFO] running `Command { std: CARGO_HOME="/workspace/cargo-home" RUSTUP_HOME="/workspace/rustup-home" "/workspace/cargo-home/bin/cargo" "+nightly-2025-01-18" "metadata" "--manifest-path" "Cargo.toml" "--no-deps", kill_on_drop: false }`
[INFO] removed /workspace/builds/worker-4-tc1/source/.cargo/config
[INFO] started tweaking git repo https://github.com/ChainUpZero/baby-plonk-rust
[INFO] finished tweaking git repo https://github.com/ChainUpZero/baby-plonk-rust
[INFO] tweaked toml for git repo https://github.com/ChainUpZero/baby-plonk-rust written to /workspace/builds/worker-4-tc1/source/Cargo.toml
[INFO] crate git repo https://github.com/ChainUpZero/baby-plonk-rust already has a lockfile, it will not be regenerated
[INFO] running `Command { std: CARGO_HOME="/workspace/cargo-home" RUSTUP_HOME="/workspace/rustup-home" "/workspace/cargo-home/bin/cargo" "+nightly-2025-01-18" "fetch" "--manifest-path" "Cargo.toml", kill_on_drop: false }`
[INFO] [stderr]     Blocking waiting for file lock on package cache
[INFO] [stderr]     Updating crates.io index
[INFO] [stderr]     Blocking waiting for file lock on package cache
[INFO] [stderr]  Downloading crates ...
[INFO] [stderr]   Downloaded pairing v0.23.0
[INFO] running `Command { std: "docker" "create" "-v" "/var/lib/crater-agent-workspace/builds/worker-4-tc1/target:/opt/rustwide/target:rw,Z" "-v" "/var/lib/crater-agent-workspace/builds/worker-4-tc1/source:/opt/rustwide/workdir:ro,Z" "-v" "/var/lib/crater-agent-workspace/cargo-home:/opt/rustwide/cargo-home:ro,Z" "-v" "/var/lib/crater-agent-workspace/rustup-home:/opt/rustwide/rustup-home:ro,Z" "-e" "SOURCE_DIR=/opt/rustwide/workdir" "-e" "CARGO_TARGET_DIR=/opt/rustwide/target" "-e" "CARGO_HOME=/opt/rustwide/cargo-home" "-e" "RUSTUP_HOME=/opt/rustwide/rustup-home" "-w" "/opt/rustwide/workdir" "-m" "1610612736" "--user" "0:0" "--network" "none" "ghcr.io/rust-lang/crates-build-env/linux@sha256:819108c5571ea2e421544af4d832f968d213c87fbe3707a016657f43d2f853bc" "/opt/rustwide/cargo-home/bin/cargo" "+nightly-2025-01-18" "metadata" "--no-deps" "--format-version=1", kill_on_drop: false }`
[INFO] [stdout] 6195d7c17d1a444e22741c2396be55c2d36bb271273078d54bc38e603487d913
[INFO] running `Command { std: "docker" "start" "-a" "6195d7c17d1a444e22741c2396be55c2d36bb271273078d54bc38e603487d913", kill_on_drop: false }`
[INFO] running `Command { std: "docker" "inspect" "6195d7c17d1a444e22741c2396be55c2d36bb271273078d54bc38e603487d913", kill_on_drop: false }`
[INFO] running `Command { std: "docker" "rm" "-f" "6195d7c17d1a444e22741c2396be55c2d36bb271273078d54bc38e603487d913", kill_on_drop: false }`
[INFO] [stdout] 6195d7c17d1a444e22741c2396be55c2d36bb271273078d54bc38e603487d913
[INFO] running `Command { std: "docker" "create" "-v" "/var/lib/crater-agent-workspace/builds/worker-4-tc1/target:/opt/rustwide/target:rw,Z" "-v" "/var/lib/crater-agent-workspace/builds/worker-4-tc1/source:/opt/rustwide/workdir:ro,Z" "-v" "/var/lib/crater-agent-workspace/cargo-home:/opt/rustwide/cargo-home:ro,Z" "-v" "/var/lib/crater-agent-workspace/rustup-home:/opt/rustwide/rustup-home:ro,Z" "-e" "SOURCE_DIR=/opt/rustwide/workdir" "-e" "CARGO_TARGET_DIR=/opt/rustwide/target" "-e" "CARGO_INCREMENTAL=0" "-e" "RUST_BACKTRACE=full" "-e" "RUSTFLAGS=--cap-lints=forbid" "-e" "RUSTDOCFLAGS=--cap-lints=forbid" "-e" "CARGO_HOME=/opt/rustwide/cargo-home" "-e" "RUSTUP_HOME=/opt/rustwide/rustup-home" "-w" "/opt/rustwide/workdir" "-m" "1610612736" "--user" "0:0" "--network" "none" "ghcr.io/rust-lang/crates-build-env/linux@sha256:819108c5571ea2e421544af4d832f968d213c87fbe3707a016657f43d2f853bc" "/opt/rustwide/cargo-home/bin/cargo" "+nightly-2025-01-18" "build" "--frozen" "--message-format=json", kill_on_drop: false }`
[INFO] [stdout] 2597f1e3f7529a7a5f2dfe7dd3e2fd5ff80b067ee1ec89173f477fd9c2893f16
[INFO] running `Command { std: "docker" "start" "-a" "2597f1e3f7529a7a5f2dfe7dd3e2fd5ff80b067ee1ec89173f477fd9c2893f16", kill_on_drop: false }`
[INFO] [stderr]    Compiling libc v0.2.153
[INFO] [stderr]    Compiling radium v0.7.0
[INFO] [stderr]    Compiling proc-macro2 v1.0.79
[INFO] [stderr]    Compiling unicode-ident v1.0.12
[INFO] [stderr]    Compiling tap v1.0.1
[INFO] [stderr]    Compiling funty v2.0.0
[INFO] [stderr]    Compiling subtle v2.5.0
[INFO] [stderr]    Compiling memchr v2.7.2
[INFO] [stderr]    Compiling regex-syntax v0.8.3
[INFO] [stderr]    Compiling keccak v0.1.5
[INFO] [stderr]    Compiling byteorder v1.5.0
[INFO] [stderr]    Compiling wyz v0.5.1
[INFO] [stderr]    Compiling bitvec v1.0.1
[INFO] [stderr]    Compiling aho-corasick v1.1.3
[INFO] [stderr]    Compiling quote v1.0.35
[INFO] [stderr]    Compiling getrandom v0.2.12
[INFO] [stderr]    Compiling syn v2.0.58
[INFO] [stderr]    Compiling rand_core v0.6.4
[INFO] [stderr]    Compiling rand_chacha v0.3.1
[INFO] [stderr]    Compiling rand v0.8.5
[INFO] [stderr]    Compiling regex-automata v0.4.6
[INFO] [stderr]    Compiling ff v0.13.0
[INFO] [stderr]    Compiling group v0.13.0
[INFO] [stderr]    Compiling pairing v0.23.0
[INFO] [stderr]    Compiling bls12_381 v0.8.0 (/opt/rustwide/workdir/lib/bls12_381)
[INFO] [stdout] warning: unexpected `cfg` condition value: `std`
[INFO] [stdout]    --> lib/bls12_381/src/scalar.rs:841:7
[INFO] [stdout]     |
[INFO] [stdout] 841 | #[cfg(feature = "std")]
[INFO] [stdout]     |       ^^^^^^^^^^^^^^^
[INFO] [stdout]     |
[INFO] [stdout]     = note: expected values for `feature` are: `alloc`, `bits`, `default`, `digest`, `experimental`, `group`, `groups`, `nightly`, `pairing`, `pairings`, and `zeroize`
[INFO] [stdout]     = help: consider adding `std` as a feature in `Cargo.toml`
[INFO] [stdout]     = note: see <https://doc.rust-lang.org/nightly/rustc/check-cfg/cargo-specifics.html> for more information about checking conditional configuration
[INFO] [stdout]     = note: `#[warn(unexpected_cfgs)]` on by default
[INFO] [stdout] 
[INFO] [stdout] 
[INFO] [stderr]    Compiling regex v1.10.4
[INFO] [stderr]    Compiling zeroize_derive v1.4.2
[INFO] [stderr]    Compiling zeroize v1.7.0
[INFO] [stderr]    Compiling merlin v3.0.0
[INFO] [stderr]    Compiling baby-plonk-rust v0.1.0 (/opt/rustwide/workdir)
[INFO] [stdout] warning: unused variable: `a`
[INFO] [stdout]   --> src/msm.rs:36:13
[INFO] [stdout]    |
[INFO] [stdout] 36 |         let a = Scalar::ROOT_OF_UNITY;
[INFO] [stdout]    |             ^ help: if this is intentional, prefix it with an underscore: `_a`
[INFO] [stdout]    |
[INFO] [stdout]    = note: `#[warn(unused_variables)]` on by default
[INFO] [stdout] 
[INFO] [stdout] 
[INFO] [stdout] warning: associated function `generate_random_points_and_scalars` is never used
[INFO] [stdout]   --> src/msm.rs:10:8
[INFO] [stdout]    |
[INFO] [stdout] 9  | impl BucketMSM {
[INFO] [stdout]    | -------------- associated function in this implementation
[INFO] [stdout] 10 |     fn generate_random_points_and_scalars(num_pairs: usize) -> (Vec<G1Projective>, Vec<Scalar>) {
[INFO] [stdout]    |        ^^^^^^^^^^^^^^^^^^^^^^^^^^^^^^^^^^
[INFO] [stdout]    |
[INFO] [stdout]    = note: `#[warn(dead_code)]` on by default
[INFO] [stdout] 
[INFO] [stdout] 
[INFO] [stdout] warning: field `zw` is never read
[INFO] [stdout]   --> src/prover.rs:26:5
[INFO] [stdout]    |
[INFO] [stdout] 21 | struct WitnessPolys {
[INFO] [stdout]    |        ------------ field in this struct
[INFO] [stdout] ...
[INFO] [stdout] 26 |     zw: Option<Polynomial>,
[INFO] [stdout]    |     ^^
[INFO] [stdout] 
[INFO] [stdout] 
[INFO] [stdout] warning: structure field `L` should have a snake case name
[INFO] [stdout]  --> src/assembly.rs:5:9
[INFO] [stdout]   |
[INFO] [stdout] 5 |     pub L: Option<String>,
[INFO] [stdout]   |         ^ help: convert the identifier to snake case: `l`
[INFO] [stdout]   |
[INFO] [stdout]   = note: `#[warn(non_snake_case)]` on by default
[INFO] [stdout] 
[INFO] [stdout] 
[INFO] [stdout] warning: structure field `R` should have a snake case name
[INFO] [stdout]  --> src/assembly.rs:6:9
[INFO] [stdout]   |
[INFO] [stdout] 6 |     pub R: Option<String>,
[INFO] [stdout]   |         ^ help: convert the identifier to snake case: `r`
[INFO] [stdout] 
[INFO] [stdout] 
[INFO] [stdout] warning: structure field `O` should have a snake case name
[INFO] [stdout]  --> src/assembly.rs:7:9
[INFO] [stdout]   |
[INFO] [stdout] 7 |     pub O: Option<String>,
[INFO] [stdout]   |         ^ help: convert the identifier to snake case (notice the capitalization): `o`
[INFO] [stdout] 
[INFO] [stdout] 
[INFO] [stdout] warning: structure field `L` should have a snake case name
[INFO] [stdout]   --> src/assembly.rs:16:9
[INFO] [stdout]    |
[INFO] [stdout] 16 |     pub L: Scalar,
[INFO] [stdout]    |         ^ help: convert the identifier to snake case: `l`
[INFO] [stdout] 
[INFO] [stdout] 
[INFO] [stdout] warning: structure field `R` should have a snake case name
[INFO] [stdout]   --> src/assembly.rs:17:9
[INFO] [stdout]    |
[INFO] [stdout] 17 |     pub R: Scalar,
[INFO] [stdout]    |         ^ help: convert the identifier to snake case: `r`
[INFO] [stdout] 
[INFO] [stdout] 
[INFO] [stdout] warning: structure field `M` should have a snake case name
[INFO] [stdout]   --> src/assembly.rs:18:9
[INFO] [stdout]    |
[INFO] [stdout] 18 |     pub M: Scalar,
[INFO] [stdout]    |         ^ help: convert the identifier to snake case: `m`
[INFO] [stdout] 
[INFO] [stdout] 
[INFO] [stdout] warning: structure field `O` should have a snake case name
[INFO] [stdout]   --> src/assembly.rs:19:9
[INFO] [stdout]    |
[INFO] [stdout] 19 |     pub O: Scalar,
[INFO] [stdout]    |         ^ help: convert the identifier to snake case (notice the capitalization): `o`
[INFO] [stdout] 
[INFO] [stdout] 
[INFO] [stdout] warning: structure field `C` should have a snake case name
[INFO] [stdout]   --> src/assembly.rs:20:9
[INFO] [stdout]    |
[INFO] [stdout] 20 |     pub C: Scalar,
[INFO] [stdout]    |         ^ help: convert the identifier to snake case (notice the capitalization): `c`
[INFO] [stdout] 
[INFO] [stdout] 
[INFO] [stdout] warning: variable `L` should have a snake case name
[INFO] [stdout]   --> src/program.rs:55:17
[INFO] [stdout]    |
[INFO] [stdout] 55 |         let mut L = vec![Scalar::zero(); self.group_order as usize];
[INFO] [stdout]    |                 ^ help: convert the identifier to snake case: `l`
[INFO] [stdout] 
[INFO] [stdout] 
[INFO] [stdout] warning: variable `R` should have a snake case name
[INFO] [stdout]   --> src/program.rs:56:17
[INFO] [stdout]    |
[INFO] [stdout] 56 |         let mut R = vec![Scalar::zero(); self.group_order as usize];
[INFO] [stdout]    |                 ^ help: convert the identifier to snake case: `r`
[INFO] [stdout] 
[INFO] [stdout] 
[INFO] [stdout] warning: variable `M` should have a snake case name
[INFO] [stdout]   --> src/program.rs:57:17
[INFO] [stdout]    |
[INFO] [stdout] 57 |         let mut M = vec![Scalar::zero(); self.group_order as usize];
[INFO] [stdout]    |                 ^ help: convert the identifier to snake case: `m`
[INFO] [stdout] 
[INFO] [stdout] 
[INFO] [stdout] warning: variable `O` should have a snake case name
[INFO] [stdout]   --> src/program.rs:58:17
[INFO] [stdout]    |
[INFO] [stdout] 58 |         let mut O = vec![Scalar::zero(); self.group_order as usize];
[INFO] [stdout]    |                 ^ help: convert the identifier to snake case (notice the capitalization): `o`
[INFO] [stdout] 
[INFO] [stdout] 
[INFO] [stdout] warning: variable `C` should have a snake case name
[INFO] [stdout]   --> src/program.rs:59:17
[INFO] [stdout]    |
[INFO] [stdout] 59 |         let mut C = vec![Scalar::zero(); self.group_order as usize];
[INFO] [stdout]    |                 ^ help: convert the identifier to snake case (notice the capitalization): `c`
[INFO] [stdout] 
[INFO] [stdout] 
[INFO] [stderr]     Finished `dev` profile [unoptimized + debuginfo] target(s) in 10.38s
[INFO] running `Command { std: "docker" "inspect" "2597f1e3f7529a7a5f2dfe7dd3e2fd5ff80b067ee1ec89173f477fd9c2893f16", kill_on_drop: false }`
[INFO] running `Command { std: "docker" "rm" "-f" "2597f1e3f7529a7a5f2dfe7dd3e2fd5ff80b067ee1ec89173f477fd9c2893f16", kill_on_drop: false }`
[INFO] [stdout] 2597f1e3f7529a7a5f2dfe7dd3e2fd5ff80b067ee1ec89173f477fd9c2893f16
[INFO] running `Command { std: "docker" "create" "-v" "/var/lib/crater-agent-workspace/builds/worker-4-tc1/target:/opt/rustwide/target:rw,Z" "-v" "/var/lib/crater-agent-workspace/builds/worker-4-tc1/source:/opt/rustwide/workdir:ro,Z" "-v" "/var/lib/crater-agent-workspace/cargo-home:/opt/rustwide/cargo-home:ro,Z" "-v" "/var/lib/crater-agent-workspace/rustup-home:/opt/rustwide/rustup-home:ro,Z" "-e" "SOURCE_DIR=/opt/rustwide/workdir" "-e" "CARGO_TARGET_DIR=/opt/rustwide/target" "-e" "CARGO_INCREMENTAL=0" "-e" "RUST_BACKTRACE=full" "-e" "RUSTFLAGS=--cap-lints=forbid" "-e" "RUSTDOCFLAGS=--cap-lints=forbid" "-e" "CARGO_HOME=/opt/rustwide/cargo-home" "-e" "RUSTUP_HOME=/opt/rustwide/rustup-home" "-w" "/opt/rustwide/workdir" "-m" "1610612736" "--user" "0:0" "--network" "none" "ghcr.io/rust-lang/crates-build-env/linux@sha256:819108c5571ea2e421544af4d832f968d213c87fbe3707a016657f43d2f853bc" "/opt/rustwide/cargo-home/bin/cargo" "+nightly-2025-01-18" "test" "--frozen" "--no-run" "--message-format=json", kill_on_drop: false }`
[INFO] [stdout] 78943c60257961bb3a8c923fab129c3cd6a79f5b7949fab94e208adc9f7f5db7
[INFO] running `Command { std: "docker" "start" "-a" "78943c60257961bb3a8c923fab129c3cd6a79f5b7949fab94e208adc9f7f5db7", kill_on_drop: false }`
[INFO] [stdout] warning: unexpected `cfg` condition value: `std`
[INFO] [stdout]    --> lib/bls12_381/src/scalar.rs:841:7
[INFO] [stdout]     |
[INFO] [stdout] 841 | #[cfg(feature = "std")]
[INFO] [stdout]     |       ^^^^^^^^^^^^^^^
[INFO] [stdout]     |
[INFO] [stdout]     = note: expected values for `feature` are: `alloc`, `bits`, `default`, `digest`, `experimental`, `group`, `groups`, `nightly`, `pairing`, `pairings`, and `zeroize`
[INFO] [stdout]     = help: consider adding `std` as a feature in `Cargo.toml`
[INFO] [stdout]     = note: see <https://doc.rust-lang.org/nightly/rustc/check-cfg/cargo-specifics.html> for more information about checking conditional configuration
[INFO] [stdout]     = note: `#[warn(unexpected_cfgs)]` on by default
[INFO] [stdout] 
[INFO] [stdout] 
[INFO] [stdout] warning: unused variable: `a`
[INFO] [stdout]   --> src/msm.rs:36:13
[INFO] [stdout]    |
[INFO] [stdout] 36 |         let a = Scalar::ROOT_OF_UNITY;
[INFO] [stdout]    |             ^ help: if this is intentional, prefix it with an underscore: `_a`
[INFO] [stdout]    |
[INFO] [stdout]    = note: `#[warn(unused_variables)]` on by default
[INFO] [stdout] 
[INFO] [stdout] 
[INFO] [stdout] warning: associated function `generate_random_points_and_scalars` is never used
[INFO] [stdout]   --> src/msm.rs:10:8
[INFO] [stdout]    |
[INFO] [stdout] 9  | impl BucketMSM {
[INFO] [stdout]    | -------------- associated function in this implementation
[INFO] [stdout] 10 |     fn generate_random_points_and_scalars(num_pairs: usize) -> (Vec<G1Projective>, Vec<Scalar>) {
[INFO] [stdout]    |        ^^^^^^^^^^^^^^^^^^^^^^^^^^^^^^^^^^
[INFO] [stdout]    |
[INFO] [stdout]    = note: `#[warn(dead_code)]` on by default
[INFO] [stdout] 
[INFO] [stdout] 
[INFO] [stdout] warning: field `zw` is never read
[INFO] [stdout]   --> src/prover.rs:26:5
[INFO] [stdout]    |
[INFO] [stdout] 21 | struct WitnessPolys {
[INFO] [stdout]    |        ------------ field in this struct
[INFO] [stdout] ...
[INFO] [stdout] 26 |     zw: Option<Polynomial>,
[INFO] [stdout]    |     ^^
[INFO] [stdout] 
[INFO] [stdout] 
[INFO] [stdout] warning: structure field `L` should have a snake case name
[INFO] [stdout]  --> src/assembly.rs:5:9
[INFO] [stdout]   |
[INFO] [stdout] 5 |     pub L: Option<String>,
[INFO] [stdout]   |         ^ help: convert the identifier to snake case: `l`
[INFO] [stdout]   |
[INFO] [stdout]   = note: `#[warn(non_snake_case)]` on by default
[INFO] [stdout] 
[INFO] [stdout] 
[INFO] [stdout] warning: structure field `R` should have a snake case name
[INFO] [stdout]  --> src/assembly.rs:6:9
[INFO] [stdout]   |
[INFO] [stdout] 6 |     pub R: Option<String>,
[INFO] [stdout]   |         ^ help: convert the identifier to snake case: `r`
[INFO] [stdout] 
[INFO] [stdout] 
[INFO] [stdout] warning: structure field `O` should have a snake case name
[INFO] [stdout]  --> src/assembly.rs:7:9
[INFO] [stdout]   |
[INFO] [stdout] 7 |     pub O: Option<String>,
[INFO] [stdout]   |         ^ help: convert the identifier to snake case (notice the capitalization): `o`
[INFO] [stdout] 
[INFO] [stdout] 
[INFO] [stdout] warning: structure field `L` should have a snake case name
[INFO] [stdout]   --> src/assembly.rs:16:9
[INFO] [stdout]    |
[INFO] [stdout] 16 |     pub L: Scalar,
[INFO] [stdout]    |         ^ help: convert the identifier to snake case: `l`
[INFO] [stdout] 
[INFO] [stdout] 
[INFO] [stdout] warning: structure field `R` should have a snake case name
[INFO] [stdout]   --> src/assembly.rs:17:9
[INFO] [stdout]    |
[INFO] [stdout] 17 |     pub R: Scalar,
[INFO] [stdout]    |         ^ help: convert the identifier to snake case: `r`
[INFO] [stdout] 
[INFO] [stdout] 
[INFO] [stdout] warning: structure field `M` should have a snake case name
[INFO] [stdout]   --> src/assembly.rs:18:9
[INFO] [stdout]    |
[INFO] [stdout] 18 |     pub M: Scalar,
[INFO] [stdout]    |         ^ help: convert the identifier to snake case: `m`
[INFO] [stdout] 
[INFO] [stdout] 
[INFO] [stdout] warning: structure field `O` should have a snake case name
[INFO] [stdout]   --> src/assembly.rs:19:9
[INFO] [stdout]    |
[INFO] [stdout] 19 |     pub O: Scalar,
[INFO] [stdout]    |         ^ help: convert the identifier to snake case (notice the capitalization): `o`
[INFO] [stdout] 
[INFO] [stdout] 
[INFO] [stdout] warning: structure field `C` should have a snake case name
[INFO] [stdout]   --> src/assembly.rs:20:9
[INFO] [stdout]    |
[INFO] [stdout] 20 |     pub C: Scalar,
[INFO] [stdout]    |         ^ help: convert the identifier to snake case (notice the capitalization): `c`
[INFO] [stdout] 
[INFO] [stdout] 
[INFO] [stdout] warning: variable `L` should have a snake case name
[INFO] [stdout]   --> src/program.rs:55:17
[INFO] [stdout]    |
[INFO] [stdout] 55 |         let mut L = vec![Scalar::zero(); self.group_order as usize];
[INFO] [stdout]    |                 ^ help: convert the identifier to snake case: `l`
[INFO] [stdout] 
[INFO] [stdout] 
[INFO] [stderr]    Compiling baby-plonk-rust v0.1.0 (/opt/rustwide/workdir)
[INFO] [stdout] warning: variable `R` should have a snake case name
[INFO] [stdout]   --> src/program.rs:56:17
[INFO] [stdout]    |
[INFO] [stdout] 56 |         let mut R = vec![Scalar::zero(); self.group_order as usize];
[INFO] [stdout]    |                 ^ help: convert the identifier to snake case: `r`
[INFO] [stdout] 
[INFO] [stdout] 
[INFO] [stdout] warning: variable `M` should have a snake case name
[INFO] [stdout]   --> src/program.rs:57:17
[INFO] [stdout]    |
[INFO] [stdout] 57 |         let mut M = vec![Scalar::zero(); self.group_order as usize];
[INFO] [stdout]    |                 ^ help: convert the identifier to snake case: `m`
[INFO] [stdout] 
[INFO] [stdout] 
[INFO] [stdout] warning: variable `O` should have a snake case name
[INFO] [stdout]   --> src/program.rs:58:17
[INFO] [stdout]    |
[INFO] [stdout] 58 |         let mut O = vec![Scalar::zero(); self.group_order as usize];
[INFO] [stdout]    |                 ^ help: convert the identifier to snake case (notice the capitalization): `o`
[INFO] [stdout] 
[INFO] [stdout] 
[INFO] [stdout] warning: variable `C` should have a snake case name
[INFO] [stdout]   --> src/program.rs:59:17
[INFO] [stdout]    |
[INFO] [stdout] 59 |         let mut C = vec![Scalar::zero(); self.group_order as usize];
[INFO] [stdout]    |                 ^ help: convert the identifier to snake case (notice the capitalization): `c`
[INFO] [stdout] 
[INFO] [stdout] 
[INFO] [stdout] warning: unused import: `Proof`
[INFO] [stdout]  --> tests/verify_proof_test.rs:9:16
[INFO] [stdout]   |
[INFO] [stdout] 9 |     verifier::{Proof, Verifier},
[INFO] [stdout]   |                ^^^^^
[INFO] [stdout]   |
[INFO] [stdout]   = note: `#[warn(unused_imports)]` on by default
[INFO] [stdout] 
[INFO] [stdout] 
[INFO] [stdout] warning: unused variable: `a`
[INFO] [stdout]   --> src/msm.rs:36:13
[INFO] [stdout]    |
[INFO] [stdout] 36 |         let a = Scalar::ROOT_OF_UNITY;
[INFO] [stdout]    |             ^ help: if this is intentional, prefix it with an underscore: `_a`
[INFO] [stdout]    |
[INFO] [stdout]    = note: `#[warn(unused_variables)]` on by default
[INFO] [stdout] 
[INFO] [stdout] 
[INFO] [stdout] warning: unused variable: `s3`
[INFO] [stdout]    --> src/program.rs:221:22
[INFO] [stdout]     |
[INFO] [stdout] 221 |         let (s1, s2, s3) = program.make_s_polynomials();
[INFO] [stdout]     |                      ^^ help: if this is intentional, prefix it with an underscore: `_s3`
[INFO] [stdout] 
[INFO] [stdout] 
[INFO] [stdout] warning: unused variable: `unmoved_s2`
[INFO] [stdout]    --> src/program.rs:224:13
[INFO] [stdout]     |
[INFO] [stdout] 224 |         let unmoved_s2: Vec<_> = roots_of_unity(8)
[INFO] [stdout]     |             ^^^^^^^^^^ help: if this is intentional, prefix it with an underscore: `_unmoved_s2`
[INFO] [stdout] 
[INFO] [stdout] 
[INFO] [stdout] warning: unused variable: `proof`
[INFO] [stdout]    --> src/prover.rs:755:13
[INFO] [stdout]     |
[INFO] [stdout] 755 |         let proof = prover.prove(witness);
[INFO] [stdout]     |             ^^^^^ help: if this is intentional, prefix it with an underscore: `_proof`
[INFO] [stdout] 
[INFO] [stdout] 
[INFO] [stdout] warning: unused variable: `poly2`
[INFO] [stdout]   --> src/setup.rs:78:13
[INFO] [stdout]    |
[INFO] [stdout] 78 |         let poly2 = Polynomial::new(vec![Scalar::zero(), Scalar::one()], Basis::Monomial);
[INFO] [stdout]    |             ^^^^^ help: if this is intentional, prefix it with an underscore: `_poly2`
[INFO] [stdout] 
[INFO] [stdout] 
[INFO] [stdout] warning: unused variable: `poly3_1`
[INFO] [stdout]   --> src/setup.rs:86:13
[INFO] [stdout]    |
[INFO] [stdout] 86 |         let poly3_1 = setup.commit(&poly3);
[INFO] [stdout]    |             ^^^^^^^ help: if this is intentional, prefix it with an underscore: `_poly3_1`
[INFO] [stdout] 
[INFO] [stdout] 
[INFO] [stdout] warning: unused variable: `poly2`
[INFO] [stdout]   --> src/setup.rs:98:13
[INFO] [stdout]    |
[INFO] [stdout] 98 |         let poly2 = Polynomial::new(vec![Scalar::one().neg(), Scalar::one()], Basis::Monomial);
[INFO] [stdout]    |             ^^^^^ help: if this is intentional, prefix it with an underscore: `_poly2`
[INFO] [stdout] 
[INFO] [stdout] 
[INFO] [stdout] warning: associated function `generate_random_points_and_scalars` is never used
[INFO] [stdout]   --> src/msm.rs:10:8
[INFO] [stdout]    |
[INFO] [stdout] 9  | impl BucketMSM {
[INFO] [stdout]    | -------------- associated function in this implementation
[INFO] [stdout] 10 |     fn generate_random_points_and_scalars(num_pairs: usize) -> (Vec<G1Projective>, Vec<Scalar>) {
[INFO] [stdout]    |        ^^^^^^^^^^^^^^^^^^^^^^^^^^^^^^^^^^
[INFO] [stdout]    |
[INFO] [stdout]    = note: `#[warn(dead_code)]` on by default
[INFO] [stdout] 
[INFO] [stdout] 
[INFO] [stdout] warning: field `zw` is never read
[INFO] [stdout]   --> src/prover.rs:26:5
[INFO] [stdout]    |
[INFO] [stdout] 21 | struct WitnessPolys {
[INFO] [stdout]    |        ------------ field in this struct
[INFO] [stdout] ...
[INFO] [stdout] 26 |     zw: Option<Polynomial>,
[INFO] [stdout]    |     ^^
[INFO] [stdout] 
[INFO] [stdout] 
[INFO] [stdout] warning: structure field `L` should have a snake case name
[INFO] [stdout]  --> src/assembly.rs:5:9
[INFO] [stdout]   |
[INFO] [stdout] 5 |     pub L: Option<String>,
[INFO] [stdout]   |         ^ help: convert the identifier to snake case: `l`
[INFO] [stdout]   |
[INFO] [stdout]   = note: `#[warn(non_snake_case)]` on by default
[INFO] [stdout] 
[INFO] [stdout] 
[INFO] [stdout] warning: structure field `R` should have a snake case name
[INFO] [stdout]  --> src/assembly.rs:6:9
[INFO] [stdout]   |
[INFO] [stdout] 6 |     pub R: Option<String>,
[INFO] [stdout]   |         ^ help: convert the identifier to snake case: `r`
[INFO] [stdout] 
[INFO] [stdout] 
[INFO] [stdout] warning: structure field `O` should have a snake case name
[INFO] [stdout]  --> src/assembly.rs:7:9
[INFO] [stdout]   |
[INFO] [stdout] 7 |     pub O: Option<String>,
[INFO] [stdout]   |         ^ help: convert the identifier to snake case (notice the capitalization): `o`
[INFO] [stdout] 
[INFO] [stdout] 
[INFO] [stdout] warning: structure field `L` should have a snake case name
[INFO] [stdout]   --> src/assembly.rs:16:9
[INFO] [stdout]    |
[INFO] [stdout] 16 |     pub L: Scalar,
[INFO] [stdout]    |         ^ help: convert the identifier to snake case: `l`
[INFO] [stdout] 
[INFO] [stdout] 
[INFO] [stdout] warning: structure field `R` should have a snake case name
[INFO] [stdout]   --> src/assembly.rs:17:9
[INFO] [stdout]    |
[INFO] [stdout] 17 |     pub R: Scalar,
[INFO] [stdout]    |         ^ help: convert the identifier to snake case: `r`
[INFO] [stdout] 
[INFO] [stdout] 
[INFO] [stdout] warning: structure field `M` should have a snake case name
[INFO] [stdout]   --> src/assembly.rs:18:9
[INFO] [stdout]    |
[INFO] [stdout] 18 |     pub M: Scalar,
[INFO] [stdout]    |         ^ help: convert the identifier to snake case: `m`
[INFO] [stdout] 
[INFO] [stdout] 
[INFO] [stdout] warning: structure field `O` should have a snake case name
[INFO] [stdout]   --> src/assembly.rs:19:9
[INFO] [stdout]    |
[INFO] [stdout] 19 |     pub O: Scalar,
[INFO] [stdout]    |         ^ help: convert the identifier to snake case (notice the capitalization): `o`
[INFO] [stdout] 
[INFO] [stdout] 
[INFO] [stdout] warning: structure field `C` should have a snake case name
[INFO] [stdout]   --> src/assembly.rs:20:9
[INFO] [stdout]    |
[INFO] [stdout] 20 |     pub C: Scalar,
[INFO] [stdout]    |         ^ help: convert the identifier to snake case (notice the capitalization): `c`
[INFO] [stdout] 
[INFO] [stdout] 
[INFO] [stdout] warning: variable `L` should have a snake case name
[INFO] [stdout]   --> src/program.rs:55:17
[INFO] [stdout]    |
[INFO] [stdout] 55 |         let mut L = vec![Scalar::zero(); self.group_order as usize];
[INFO] [stdout]    |                 ^ help: convert the identifier to snake case: `l`
[INFO] [stdout] 
[INFO] [stdout] 
[INFO] [stdout] warning: variable `R` should have a snake case name
[INFO] [stdout]   --> src/program.rs:56:17
[INFO] [stdout]    |
[INFO] [stdout] 56 |         let mut R = vec![Scalar::zero(); self.group_order as usize];
[INFO] [stdout]    |                 ^ help: convert the identifier to snake case: `r`
[INFO] [stdout] 
[INFO] [stdout] 
[INFO] [stdout] warning: variable `M` should have a snake case name
[INFO] [stdout]   --> src/program.rs:57:17
[INFO] [stdout]    |
[INFO] [stdout] 57 |         let mut M = vec![Scalar::zero(); self.group_order as usize];
[INFO] [stdout]    |                 ^ help: convert the identifier to snake case: `m`
[INFO] [stdout] 
[INFO] [stdout] 
[INFO] [stdout] warning: variable `O` should have a snake case name
[INFO] [stdout]   --> src/program.rs:58:17
[INFO] [stdout]    |
[INFO] [stdout] 58 |         let mut O = vec![Scalar::zero(); self.group_order as usize];
[INFO] [stdout]    |                 ^ help: convert the identifier to snake case (notice the capitalization): `o`
[INFO] [stdout] 
[INFO] [stdout] 
[INFO] [stdout] warning: variable `C` should have a snake case name
[INFO] [stdout]   --> src/program.rs:59:17
[INFO] [stdout]    |
[INFO] [stdout] 59 |         let mut C = vec![Scalar::zero(); self.group_order as usize];
[INFO] [stdout]    |                 ^ help: convert the identifier to snake case (notice the capitalization): `c`
[INFO] [stdout] 
[INFO] [stdout] 
[INFO] [stderr]     Finished `test` profile [unoptimized + debuginfo] target(s) in 1.33s
[INFO] running `Command { std: "docker" "inspect" "78943c60257961bb3a8c923fab129c3cd6a79f5b7949fab94e208adc9f7f5db7", kill_on_drop: false }`
[INFO] running `Command { std: "docker" "rm" "-f" "78943c60257961bb3a8c923fab129c3cd6a79f5b7949fab94e208adc9f7f5db7", kill_on_drop: false }`
[INFO] [stdout] 78943c60257961bb3a8c923fab129c3cd6a79f5b7949fab94e208adc9f7f5db7
[INFO] running `Command { std: "docker" "create" "-v" "/var/lib/crater-agent-workspace/builds/worker-4-tc1/target:/opt/rustwide/target:rw,Z" "-v" "/var/lib/crater-agent-workspace/builds/worker-4-tc1/source:/opt/rustwide/workdir:ro,Z" "-v" "/var/lib/crater-agent-workspace/cargo-home:/opt/rustwide/cargo-home:ro,Z" "-v" "/var/lib/crater-agent-workspace/rustup-home:/opt/rustwide/rustup-home:ro,Z" "-e" "SOURCE_DIR=/opt/rustwide/workdir" "-e" "CARGO_TARGET_DIR=/opt/rustwide/target" "-e" "CARGO_INCREMENTAL=0" "-e" "RUST_BACKTRACE=full" "-e" "RUSTFLAGS=--cap-lints=forbid" "-e" "RUSTDOCFLAGS=--cap-lints=forbid" "-e" "CARGO_HOME=/opt/rustwide/cargo-home" "-e" "RUSTUP_HOME=/opt/rustwide/rustup-home" "-w" "/opt/rustwide/workdir" "-m" "1610612736" "--user" "0:0" "--network" "none" "ghcr.io/rust-lang/crates-build-env/linux@sha256:819108c5571ea2e421544af4d832f968d213c87fbe3707a016657f43d2f853bc" "/opt/rustwide/cargo-home/bin/cargo" "+nightly-2025-01-18" "test" "--frozen", kill_on_drop: false }`
[INFO] [stdout] 693c17286c5f42cb4493fd7012ccf09cf290b84eb779f82d1f682a52f3fb4465
[INFO] running `Command { std: "docker" "start" "-a" "693c17286c5f42cb4493fd7012ccf09cf290b84eb779f82d1f682a52f3fb4465", kill_on_drop: false }`
[INFO] [stderr] warning: unexpected `cfg` condition value: `std`
[INFO] [stderr]    --> lib/bls12_381/src/scalar.rs:841:7
[INFO] [stderr]     |
[INFO] [stderr] 841 | #[cfg(feature = "std")]
[INFO] [stderr]     |       ^^^^^^^^^^^^^^^
[INFO] [stderr]     |
[INFO] [stderr]     = note: expected values for `feature` are: `alloc`, `bits`, `default`, `digest`, `experimental`, `group`, `groups`, `nightly`, `pairing`, `pairings`, and `zeroize`
[INFO] [stderr]     = help: consider adding `std` as a feature in `Cargo.toml`
[INFO] [stderr]     = note: see <https://doc.rust-lang.org/nightly/rustc/check-cfg/cargo-specifics.html> for more information about checking conditional configuration
[INFO] [stderr]     = note: `#[warn(unexpected_cfgs)]` on by default
[INFO] [stderr] 
[INFO] [stderr] warning: `bls12_381` (lib) generated 1 warning
[INFO] [stderr] warning: unused variable: `a`
[INFO] [stderr]   --> src/msm.rs:36:13
[INFO] [stderr]    |
[INFO] [stderr] 36 |         let a = Scalar::ROOT_OF_UNITY;
[INFO] [stderr]    |             ^ help: if this is intentional, prefix it with an underscore: `_a`
[INFO] [stderr]    |
[INFO] [stderr]    = note: `#[warn(unused_variables)]` on by default
[INFO] [stderr] 
[INFO] [stderr] warning: associated function `generate_random_points_and_scalars` is never used
[INFO] [stderr]   --> src/msm.rs:10:8
[INFO] [stderr]    |
[INFO] [stderr] 9  | impl BucketMSM {
[INFO] [stderr]    | -------------- associated function in this implementation
[INFO] [stderr] 10 |     fn generate_random_points_and_scalars(num_pairs: usize) -> (Vec<G1Projective>, Vec<Scalar>) {
[INFO] [stderr]    |        ^^^^^^^^^^^^^^^^^^^^^^^^^^^^^^^^^^
[INFO] [stderr]    |
[INFO] [stderr]    = note: `#[warn(dead_code)]` on by default
[INFO] [stderr] 
[INFO] [stderr] warning: field `zw` is never read
[INFO] [stderr]   --> src/prover.rs:26:5
[INFO] [stderr]    |
[INFO] [stderr] 21 | struct WitnessPolys {
[INFO] [stderr]    |        ------------ field in this struct
[INFO] [stderr] ...
[INFO] [stderr] 26 |     zw: Option<Polynomial>,
[INFO] [stderr]    |     ^^
[INFO] [stderr] 
[INFO] [stderr] warning: structure field `L` should have a snake case name
[INFO] [stderr]  --> src/assembly.rs:5:9
[INFO] [stderr]   |
[INFO] [stderr] 5 |     pub L: Option<String>,
[INFO] [stderr]   |         ^ help: convert the identifier to snake case: `l`
[INFO] [stderr]   |
[INFO] [stderr]   = note: `#[warn(non_snake_case)]` on by default
[INFO] [stderr] 
[INFO] [stderr] warning: structure field `R` should have a snake case name
[INFO] [stderr]  --> src/assembly.rs:6:9
[INFO] [stderr]   |
[INFO] [stderr] 6 |     pub R: Option<String>,
[INFO] [stderr]   |         ^ help: convert the identifier to snake case: `r`
[INFO] [stderr] 
[INFO] [stderr] warning: structure field `O` should have a snake case name
[INFO] [stderr]  --> src/assembly.rs:7:9
[INFO] [stderr]   |
[INFO] [stderr] 7 |     pub O: Option<String>,
[INFO] [stderr]   |         ^ help: convert the identifier to snake case (notice the capitalization): `o`
[INFO] [stderr] 
[INFO] [stderr] warning: structure field `L` should have a snake case name
[INFO] [stderr]   --> src/assembly.rs:16:9
[INFO] [stderr]    |
[INFO] [stderr] 16 |     pub L: Scalar,
[INFO] [stderr]    |         ^ help: convert the identifier to snake case: `l`
[INFO] [stderr] 
[INFO] [stderr] warning: structure field `R` should have a snake case name
[INFO] [stderr]   --> src/assembly.rs:17:9
[INFO] [stderr]    |
[INFO] [stderr] 17 |     pub R: Scalar,
[INFO] [stderr]    |         ^ help: convert the identifier to snake case: `r`
[INFO] [stderr] 
[INFO] [stderr] warning: structure field `M` should have a snake case name
[INFO] [stderr]   --> src/assembly.rs:18:9
[INFO] [stderr]    |
[INFO] [stderr] 18 |     pub M: Scalar,
[INFO] [stderr]    |         ^ help: convert the identifier to snake case: `m`
[INFO] [stderr] 
[INFO] [stderr] warning: structure field `O` should have a snake case name
[INFO] [stderr]   --> src/assembly.rs:19:9
[INFO] [stderr]    |
[INFO] [stderr] 19 |     pub O: Scalar,
[INFO] [stderr]    |         ^ help: convert the identifier to snake case (notice the capitalization): `o`
[INFO] [stderr] 
[INFO] [stderr] warning: structure field `C` should have a snake case name
[INFO] [stderr]   --> src/assembly.rs:20:9
[INFO] [stderr]    |
[INFO] [stderr] 20 |     pub C: Scalar,
[INFO] [stderr]    |         ^ help: convert the identifier to snake case (notice the capitalization): `c`
[INFO] [stderr] 
[INFO] [stderr] warning: variable `L` should have a snake case name
[INFO] [stderr]   --> src/program.rs:55:17
[INFO] [stderr]    |
[INFO] [stderr] 55 |         let mut L = vec![Scalar::zero(); self.group_order as usize];
[INFO] [stderr]    |                 ^ help: convert the identifier to snake case: `l`
[INFO] [stderr] 
[INFO] [stderr] warning: variable `R` should have a snake case name
[INFO] [stderr]   --> src/program.rs:56:17
[INFO] [stderr]    |
[INFO] [stderr] 56 |         let mut R = vec![Scalar::zero(); self.group_order as usize];
[INFO] [stderr]    |                 ^ help: convert the identifier to snake case: `r`
[INFO] [stderr] 
[INFO] [stderr] warning: variable `M` should have a snake case name
[INFO] [stderr]   --> src/program.rs:57:17
[INFO] [stderr]    |
[INFO] [stderr] 57 |         let mut M = vec![Scalar::zero(); self.group_order as usize];
[INFO] [stderr]    |                 ^ help: convert the identifier to snake case: `m`
[INFO] [stderr] 
[INFO] [stderr] warning: variable `O` should have a snake case name
[INFO] [stderr]   --> src/program.rs:58:17
[INFO] [stderr]    |
[INFO] [stderr] 58 |         let mut O = vec![Scalar::zero(); self.group_order as usize];
[INFO] [stderr]    |                 ^ help: convert the identifier to snake case (notice the capitalization): `o`
[INFO] [stderr] 
[INFO] [stderr] warning: variable `C` should have a snake case name
[INFO] [stderr]   --> src/program.rs:59:17
[INFO] [stderr]    |
[INFO] [stderr] 59 |         let mut C = vec![Scalar::zero(); self.group_order as usize];
[INFO] [stderr]    |                 ^ help: convert the identifier to snake case (notice the capitalization): `c`
[INFO] [stderr] 
[INFO] [stderr] warning: unused variable: `s3`
[INFO] [stderr]    --> src/program.rs:221:22
[INFO] [stderr]     |
[INFO] [stderr] 221 |         let (s1, s2, s3) = program.make_s_polynomials();
[INFO] [stderr]     |                      ^^ help: if this is intentional, prefix it with an underscore: `_s3`
[INFO] [stderr] 
[INFO] [stderr] warning: unused variable: `unmoved_s2`
[INFO] [stderr]    --> src/program.rs:224:13
[INFO] [stderr]     |
[INFO] [stderr] 224 |         let unmoved_s2: Vec<_> = roots_of_unity(8)
[INFO] [stderr]     |             ^^^^^^^^^^ help: if this is intentional, prefix it with an underscore: `_unmoved_s2`
[INFO] [stderr] 
[INFO] [stderr] warning: unused variable: `proof`
[INFO] [stderr]    --> src/prover.rs:755:13
[INFO] [stderr]     |
[INFO] [stderr] 755 |         let proof = prover.prove(witness);
[INFO] [stderr]     |             ^^^^^ help: if this is intentional, prefix it with an underscore: `_proof`
[INFO] [stderr] 
[INFO] [stderr] warning: unused variable: `poly2`
[INFO] [stderr]   --> src/setup.rs:78:13
[INFO] [stderr]    |
[INFO] [stderr] 78 |         let poly2 = Polynomial::new(vec![Scalar::zero(), Scalar::one()], Basis::Monomial);
[INFO] [stderr]    |             ^^^^^ help: if this is intentional, prefix it with an underscore: `_poly2`
[INFO] [stderr] 
[INFO] [stderr] warning: unused variable: `poly3_1`
[INFO] [stderr]   --> src/setup.rs:86:13
[INFO] [stderr]    |
[INFO] [stderr] 86 |         let poly3_1 = setup.commit(&poly3);
[INFO] [stderr]    |             ^^^^^^^ help: if this is intentional, prefix it with an underscore: `_poly3_1`
[INFO] [stderr] 
[INFO] [stderr] warning: unused variable: `poly2`
[INFO] [stderr]   --> src/setup.rs:98:13
[INFO] [stderr]    |
[INFO] [stderr] 98 |         let poly2 = Polynomial::new(vec![Scalar::one().neg(), Scalar::one()], Basis::Monomial);
[INFO] [stderr]    |             ^^^^^ help: if this is intentional, prefix it with an underscore: `_poly2`
[INFO] [stderr] 
[INFO] [stderr] warning: `baby-plonk-rust` (lib) generated 16 warnings
[INFO] [stderr] warning: `baby-plonk-rust` (lib test) generated 22 warnings (16 duplicates)
[INFO] [stderr] warning: unused import: `Proof`
[INFO] [stderr]  --> tests/verify_proof_test.rs:9:16
[INFO] [stderr]   |
[INFO] [stderr] 9 |     verifier::{Proof, Verifier},
[INFO] [stderr]   |                ^^^^^
[INFO] [stderr]   |
[INFO] [stderr]   = note: `#[warn(unused_imports)]` on by default
[INFO] [stderr] 
[INFO] [stderr] warning: `baby-plonk-rust` (test "verify_proof_test") generated 1 warning (run `cargo fix --test "verify_proof_test"` to apply 1 suggestion)
[INFO] [stderr]     Finished `test` profile [unoptimized + debuginfo] target(s) in 0.06s
[INFO] [stderr]      Running unittests src/lib.rs (/opt/rustwide/target/debug/deps/baby_plonk_rust-6a8a93be3c5624ea)
[INFO] [stdout] 
[INFO] [stdout] running 27 tests
[INFO] [stdout] test assembly::test_eval::test_evaluate ... ok
[INFO] [stdout] test polynomial::tests::test_lagrange_add ... ok
[INFO] [stdout] test assembly::tests::test_eq_to_assembly ... ok
[INFO] [stdout] test polynomial::tests::test_monomial_add ... ok
[INFO] [stdout] test polynomial::tests::test_monomial_sub ... ok
[INFO] [stdout] test polynomial::tests::test_poly_scalar_mul ... ok
[INFO] [stdout] test polynomial::tests::test_coeffs_evaluate ... ok
[INFO] [stdout] test polynomial::tests::test_monomial_div ... ok
[INFO] [stdout] test program::test::test_make_gate_polynomials ... ok
[INFO] [stdout] test prover::tests::test_coset ... ok
[INFO] [stdout] test setup::tests::test_ntt ... ok
[INFO] [stdout] test utils::tests::test_split_expression ... ok
[INFO] [stdout] test utils::tests::test_root_of_unity ... ok
[INFO] [stdout] test program::test::test_make_s_polynomials ... ok
[INFO] [stdout] test polynomial::tests::test_monomial_poly_poly_mul ... ok
[INFO] [stdout] test utils::tests::test_extract_number_and_variable ... ok
[INFO] [stdout] test polynomial::tests::test_lagrange_div ... FAILED
[INFO] [stdout] test verifier::tests::test_pairing ... ok
[INFO] [stdout] test setup::tests::test_generate_srs ... ok
[INFO] [stdout] test setup::tests::test_monomial_commit ... ok
[INFO] [stdout] test prover::tests::test_round_3 ... FAILED
[INFO] [stdout] test prover::tests::test_public_input ... ok
[INFO] [stdout] test prover::tests::test_round_4 ... FAILED
[INFO] [stdout] test prover::tests::test_round_2 ... FAILED
[INFO] [stdout] test prover::tests::test_round_5 ... FAILED
[INFO] [stdout] test prover::tests::test_round_1 ... FAILED
[INFO] [stdout] test prover::tests::test_prove ... ok
[INFO] [stdout] 
[INFO] [stdout] failures:
[INFO] [stdout] 
[INFO] [stdout] ---- polynomial::tests::test_lagrange_div stdout ----
[INFO] [stdout] 
[INFO] [stdout] thread 'polynomial::tests::test_lagrange_div' panicked at src/polynomial.rs:319:9:
[INFO] [stdout] assertion `left == right` failed
[INFO] [stdout]   left: Lagrange
[INFO] [stdout]  right: Monomial
[INFO] [stdout] stack backtrace:
[INFO] [stdout]    0:     0x59d5abfc6dfa - std::backtrace_rs::backtrace::libunwind::trace::hb059275cfc8d6126
[INFO] [stdout]                                at /rustc/6067b36314ab5eb2eb47cecc464545ba58e1ad24/library/std/src/../../backtrace/src/backtrace/libunwind.rs:116:5
[INFO] [stdout]    1:     0x59d5abfc6dfa - std::backtrace_rs::backtrace::trace_unsynchronized::h2da071e4327ce3ee
[INFO] [stdout]                                at /rustc/6067b36314ab5eb2eb47cecc464545ba58e1ad24/library/std/src/../../backtrace/src/backtrace/mod.rs:66:5
[INFO] [stdout]    2:     0x59d5abfc6dfa - std::sys::backtrace::_print_fmt::h842a1474e6f8d23f
[INFO] [stdout]                                at /rustc/6067b36314ab5eb2eb47cecc464545ba58e1ad24/library/std/src/sys/backtrace.rs:66:9
[INFO] [stdout]    3:     0x59d5abfc6dfa - <std::sys::backtrace::BacktraceLock::print::DisplayBacktrace as core::fmt::Display>::fmt::h71a62eb3b9696b12
[INFO] [stdout]                                at /rustc/6067b36314ab5eb2eb47cecc464545ba58e1ad24/library/std/src/sys/backtrace.rs:39:26
[INFO] [stdout]    4:     0x59d5abfef093 - core::fmt::rt::Argument::fmt::hdb6b616786b41dc1
[INFO] [stdout]                                at /rustc/6067b36314ab5eb2eb47cecc464545ba58e1ad24/library/core/src/fmt/rt.rs:177:76
[INFO] [stdout]    5:     0x59d5abfef093 - core::fmt::write::h2cc1698af7e2d686
[INFO] [stdout]                                at /rustc/6067b36314ab5eb2eb47cecc464545ba58e1ad24/library/core/src/fmt/mod.rs:1440:21
[INFO] [stdout]    6:     0x59d5abfc3953 - std::io::Write::write_fmt::hab1b4cd059a79022
[INFO] [stdout]                                at /rustc/6067b36314ab5eb2eb47cecc464545ba58e1ad24/library/std/src/io/mod.rs:1887:15
[INFO] [stdout]    7:     0x59d5abfc6c42 - std::sys::backtrace::BacktraceLock::print::h147fe35b4ea13b08
[INFO] [stdout]                                at /rustc/6067b36314ab5eb2eb47cecc464545ba58e1ad24/library/std/src/sys/backtrace.rs:42:9
[INFO] [stdout]    8:     0x59d5abfc821f - std::panicking::default_hook::{{closure}}::hbd44223dbdc0d208
[INFO] [stdout]                                at /rustc/6067b36314ab5eb2eb47cecc464545ba58e1ad24/library/std/src/panicking.rs:298:22
[INFO] [stdout]    9:     0x59d5abfc8038 - std::panicking::default_hook::h20f81eb0576efcec
[INFO] [stdout]                                at /rustc/6067b36314ab5eb2eb47cecc464545ba58e1ad24/library/std/src/panicking.rs:322:9
[INFO] [stdout]   10:     0x59d5abc92103 - <alloc::boxed::Box<F,A> as core::ops::function::Fn<Args>>::call::hdb53814c496a4d34
[INFO] [stdout]                                at /rustc/6067b36314ab5eb2eb47cecc464545ba58e1ad24/library/alloc/src/boxed.rs:2027:9
[INFO] [stdout]   11:     0x59d5abc92103 - test::test_main::{{closure}}::hc0a4963c59427c24
[INFO] [stdout]                                at /rustc/6067b36314ab5eb2eb47cecc464545ba58e1ad24/library/test/src/lib.rs:134:21
[INFO] [stdout]   12:     0x59d5abfc8d13 - <alloc::boxed::Box<F,A> as core::ops::function::Fn<Args>>::call::h591b2225413a77e9
[INFO] [stdout]                                at /rustc/6067b36314ab5eb2eb47cecc464545ba58e1ad24/library/alloc/src/boxed.rs:2027:9
[INFO] [stdout]   13:     0x59d5abfc8d13 - std::panicking::rust_panic_with_hook::h625eea43051b2edc
[INFO] [stdout]                                at /rustc/6067b36314ab5eb2eb47cecc464545ba58e1ad24/library/std/src/panicking.rs:839:13
[INFO] [stdout]   14:     0x59d5abfc89ca - std::panicking::begin_panic_handler::{{closure}}::h4f9159cfbc3f6bd3
[INFO] [stdout]                                at /rustc/6067b36314ab5eb2eb47cecc464545ba58e1ad24/library/std/src/panicking.rs:704:13
[INFO] [stdout]   15:     0x59d5abfc72f9 - std::sys::backtrace::__rust_end_short_backtrace::h0390abce48353151
[INFO] [stdout]                                at /rustc/6067b36314ab5eb2eb47cecc464545ba58e1ad24/library/std/src/sys/backtrace.rs:168:18
[INFO] [stdout]   16:     0x59d5abfc865d - rust_begin_unwind
[INFO] [stdout]                                at /rustc/6067b36314ab5eb2eb47cecc464545ba58e1ad24/library/std/src/panicking.rs:695:5
[INFO] [stdout]   17:     0x59d5abfed720 - core::panicking::panic_fmt::h9e7c637e9e5f29c9
[INFO] [stdout]                                at /rustc/6067b36314ab5eb2eb47cecc464545ba58e1ad24/library/core/src/panicking.rs:75:14
[INFO] [stdout]   18:     0x59d5abfedb12 - core::panicking::assert_failed_inner::h538bec7c1374cd9c
[INFO] [stdout]   19:     0x59d5abc154ec - core::panicking::assert_failed::h8adeb6af8084616d
[INFO] [stdout]                                at /rustc/6067b36314ab5eb2eb47cecc464545ba58e1ad24/library/core/src/panicking.rs:364:5
[INFO] [stdout]   20:     0x59d5abc0f830 - <baby_plonk_rust::polynomial::Polynomial as core::ops::arith::Div>::div::hf5a8ff3bd0e6d5d3
[INFO] [stdout]                                at /opt/rustwide/workdir/src/polynomial.rs:319:9
[INFO] [stdout]   21:     0x59d5abc493c6 - baby_plonk_rust::polynomial::tests::test_lagrange_div::hd91867f227904978
[INFO] [stdout]                                at /opt/rustwide/workdir/src/polynomial.rs:538:13
[INFO] [stdout]   22:     0x59d5abc49087 - baby_plonk_rust::polynomial::tests::test_lagrange_div::{{closure}}::h416d9ea34e28f72c
[INFO] [stdout]                                at /opt/rustwide/workdir/src/polynomial.rs:523:27
[INFO] [stdout]   23:     0x59d5abc366b6 - core::ops::function::FnOnce::call_once::h816bffe0614aef98
[INFO] [stdout]                                at /rustc/6067b36314ab5eb2eb47cecc464545ba58e1ad24/library/core/src/ops/function.rs:250:5
[INFO] [stdout]   24:     0x59d5abc9785b - core::ops::function::FnOnce::call_once::he27718dfdd183f43
[INFO] [stdout]                                at /rustc/6067b36314ab5eb2eb47cecc464545ba58e1ad24/library/core/src/ops/function.rs:250:5
[INFO] [stdout]   25:     0x59d5abc9785b - test::__rust_begin_short_backtrace::h4e84902998457a5d
[INFO] [stdout]                                at /rustc/6067b36314ab5eb2eb47cecc464545ba58e1ad24/library/test/src/lib.rs:632:18
[INFO] [stdout]   26:     0x59d5abc96793 - test::run_test_in_process::{{closure}}::h7176fd18fc1feca0
[INFO] [stdout]                                at /rustc/6067b36314ab5eb2eb47cecc464545ba58e1ad24/library/test/src/lib.rs:655:60
[INFO] [stdout]   27:     0x59d5abc96793 - <core::panic::unwind_safe::AssertUnwindSafe<F> as core::ops::function::FnOnce<()>>::call_once::hf79cff2a624d8cf7
[INFO] [stdout]                                at /rustc/6067b36314ab5eb2eb47cecc464545ba58e1ad24/library/core/src/panic/unwind_safe.rs:272:9
[INFO] [stdout]   28:     0x59d5abc96793 - std::panicking::try::do_call::h3da0561d9ab99c25
[INFO] [stdout]                                at /rustc/6067b36314ab5eb2eb47cecc464545ba58e1ad24/library/std/src/panicking.rs:587:40
[INFO] [stdout]   29:     0x59d5abc96793 - std::panicking::try::h41c9fa508bc61df6
[INFO] [stdout]                                at /rustc/6067b36314ab5eb2eb47cecc464545ba58e1ad24/library/std/src/panicking.rs:550:19
[INFO] [stdout]   30:     0x59d5abc96793 - std::panic::catch_unwind::h6b3ff07bb5afad93
[INFO] [stdout]                                at /rustc/6067b36314ab5eb2eb47cecc464545ba58e1ad24/library/std/src/panic.rs:358:14
[INFO] [stdout]   31:     0x59d5abc96793 - test::run_test_in_process::hc7253dd11b39b9f4
[INFO] [stdout]                                at /rustc/6067b36314ab5eb2eb47cecc464545ba58e1ad24/library/test/src/lib.rs:655:27
[INFO] [stdout]   32:     0x59d5abc96793 - test::run_test::{{closure}}::hfb2007f8649c30bb
[INFO] [stdout]                                at /rustc/6067b36314ab5eb2eb47cecc464545ba58e1ad24/library/test/src/lib.rs:576:43
[INFO] [stdout]   33:     0x59d5abc59875 - test::run_test::{{closure}}::h56a17aa7a282a9f4
[INFO] [stdout]                                at /rustc/6067b36314ab5eb2eb47cecc464545ba58e1ad24/library/test/src/lib.rs:606:41
[INFO] [stdout]   34:     0x59d5abc59875 - std::sys::backtrace::__rust_begin_short_backtrace::hd2d2d2fb8e8c6aac
[INFO] [stdout]                                at /rustc/6067b36314ab5eb2eb47cecc464545ba58e1ad24/library/std/src/sys/backtrace.rs:152:18
[INFO] [stdout]   35:     0x59d5abc5d15a - std::thread::Builder::spawn_unchecked_::{{closure}}::{{closure}}::h4faa3f9db6133423
[INFO] [stdout]                                at /rustc/6067b36314ab5eb2eb47cecc464545ba58e1ad24/library/std/src/thread/mod.rs:559:17
[INFO] [stdout]   36:     0x59d5abc5d15a - <core::panic::unwind_safe::AssertUnwindSafe<F> as core::ops::function::FnOnce<()>>::call_once::hf2e855a36a4ea846
[INFO] [stdout]                                at /rustc/6067b36314ab5eb2eb47cecc464545ba58e1ad24/library/core/src/panic/unwind_safe.rs:272:9
[INFO] [stdout]   37:     0x59d5abc5d15a - std::panicking::try::do_call::h2f73af3616c35465
[INFO] [stdout]                                at /rustc/6067b36314ab5eb2eb47cecc464545ba58e1ad24/library/std/src/panicking.rs:587:40
[INFO] [stdout]   38:     0x59d5abc5d15a - std::panicking::try::hd1660ce9efadef5a
[INFO] [stdout]                                at /rustc/6067b36314ab5eb2eb47cecc464545ba58e1ad24/library/std/src/panicking.rs:550:19
[INFO] [stdout]   39:     0x59d5abc5d15a - std::panic::catch_unwind::h5ee8d7823b8ca744
[INFO] [stdout]                                at /rustc/6067b36314ab5eb2eb47cecc464545ba58e1ad24/library/std/src/panic.rs:358:14
[INFO] [stdout]   40:     0x59d5abc5d15a - std::thread::Builder::spawn_unchecked_::{{closure}}::h53c3a1894dce8407
[INFO] [stdout]                                at /rustc/6067b36314ab5eb2eb47cecc464545ba58e1ad24/library/std/src/thread/mod.rs:557:30
[INFO] [stdout]   41:     0x59d5abc5d15a - core::ops::function::FnOnce::call_once{{vtable.shim}}::h048ce291ad4f62bf
[INFO] [stdout]                                at /rustc/6067b36314ab5eb2eb47cecc464545ba58e1ad24/library/core/src/ops/function.rs:250:5
[INFO] [stdout]   42:     0x59d5abfccc4b - <alloc::boxed::Box<F,A> as core::ops::function::FnOnce<Args>>::call_once::ha52bedf99a3b4981
[INFO] [stdout]                                at /rustc/6067b36314ab5eb2eb47cecc464545ba58e1ad24/library/alloc/src/boxed.rs:2013:9
[INFO] [stdout]   43:     0x59d5abfccc4b - <alloc::boxed::Box<F,A> as core::ops::function::FnOnce<Args>>::call_once::h567748934d80ccf8
[INFO] [stdout]                                at /rustc/6067b36314ab5eb2eb47cecc464545ba58e1ad24/library/alloc/src/boxed.rs:2013:9
[INFO] [stdout]   44:     0x59d5abfccc4b - std::sys::pal::unix::thread::Thread::new::thread_start::h2d970728ae887adc
[INFO] [stdout]                                at /rustc/6067b36314ab5eb2eb47cecc464545ba58e1ad24/library/std/src/sys/pal/unix/thread.rs:106:17
[INFO] [stdout]   45:     0x7d25a318bac3 - <unknown>
[INFO] [stdout]   46:     0x7d25a321ca04 - clone
[INFO] [stdout]   47:                0x0 - <unknown>
[INFO] [stdout] 
[INFO] [stdout] ---- prover::tests::test_round_3 stdout ----
[INFO] [stdout] 
[INFO] [stdout] thread 'prover::tests::test_round_3' panicked at src/prover.rs:283:42:
[INFO] [stdout] called `Option::unwrap()` on a `None` value
[INFO] [stdout] stack backtrace:
[INFO] [stdout]    0:     0x59d5abfc6dfa - std::backtrace_rs::backtrace::libunwind::trace::hb059275cfc8d6126
[INFO] [stdout]                                at /rustc/6067b36314ab5eb2eb47cecc464545ba58e1ad24/library/std/src/../../backtrace/src/backtrace/libunwind.rs:116:5
[INFO] [stdout]    1:     0x59d5abfc6dfa - std::backtrace_rs::backtrace::trace_unsynchronized::h2da071e4327ce3ee
[INFO] [stdout]                                at /rustc/6067b36314ab5eb2eb47cecc464545ba58e1ad24/library/std/src/../../backtrace/src/backtrace/mod.rs:66:5
[INFO] [stdout]    2:     0x59d5abfc6dfa - std::sys::backtrace::_print_fmt::h842a1474e6f8d23f
[INFO] [stdout]                                at /rustc/6067b36314ab5eb2eb47cecc464545ba58e1ad24/library/std/src/sys/backtrace.rs:66:9
[INFO] [stdout]    3:     0x59d5abfc6dfa - <std::sys::backtrace::BacktraceLock::print::DisplayBacktrace as core::fmt::Display>::fmt::h71a62eb3b9696b12
[INFO] [stdout]                                at /rustc/6067b36314ab5eb2eb47cecc464545ba58e1ad24/library/std/src/sys/backtrace.rs:39:26
[INFO] [stdout]    4:     0x59d5abfef093 - core::fmt::rt::Argument::fmt::hdb6b616786b41dc1
[INFO] [stdout]                                at /rustc/6067b36314ab5eb2eb47cecc464545ba58e1ad24/library/core/src/fmt/rt.rs:177:76
[INFO] [stdout]    5:     0x59d5abfef093 - core::fmt::write::h2cc1698af7e2d686
[INFO] [stdout]                                at /rustc/6067b36314ab5eb2eb47cecc464545ba58e1ad24/library/core/src/fmt/mod.rs:1440:21
[INFO] [stdout]    6:     0x59d5abfc3953 - std::io::Write::write_fmt::hab1b4cd059a79022
[INFO] [stdout]                                at /rustc/6067b36314ab5eb2eb47cecc464545ba58e1ad24/library/std/src/io/mod.rs:1887:15
[INFO] [stdout]    7:     0x59d5abfc6c42 - std::sys::backtrace::BacktraceLock::print::h147fe35b4ea13b08
[INFO] [stdout]                                at /rustc/6067b36314ab5eb2eb47cecc464545ba58e1ad24/library/std/src/sys/backtrace.rs:42:9
[INFO] [stdout]    8:     0x59d5abfc821f - std::panicking::default_hook::{{closure}}::hbd44223dbdc0d208
[INFO] [stdout]                                at /rustc/6067b36314ab5eb2eb47cecc464545ba58e1ad24/library/std/src/panicking.rs:298:22
[INFO] [stdout]    9:     0x59d5abfc8038 - std::panicking::default_hook::h20f81eb0576efcec
[INFO] [stdout]                                at /rustc/6067b36314ab5eb2eb47cecc464545ba58e1ad24/library/std/src/panicking.rs:322:9
[INFO] [stdout]   10:     0x59d5abc92103 - <alloc::boxed::Box<F,A> as core::ops::function::Fn<Args>>::call::hdb53814c496a4d34
[INFO] [stdout]                                at /rustc/6067b36314ab5eb2eb47cecc464545ba58e1ad24/library/alloc/src/boxed.rs:2027:9
[INFO] [stdout]   11:     0x59d5abc92103 - test::test_main::{{closure}}::hc0a4963c59427c24
[INFO] [stdout]                                at /rustc/6067b36314ab5eb2eb47cecc464545ba58e1ad24/library/test/src/lib.rs:134:21
[INFO] [stdout]   12:     0x59d5abfc8d13 - <alloc::boxed::Box<F,A> as core::ops::function::Fn<Args>>::call::h591b2225413a77e9
[INFO] [stdout]                                at /rustc/6067b36314ab5eb2eb47cecc464545ba58e1ad24/library/alloc/src/boxed.rs:2027:9
[INFO] [stdout]   13:     0x59d5abfc8d13 - std::panicking::rust_panic_with_hook::h625eea43051b2edc
[INFO] [stdout]                                at /rustc/6067b36314ab5eb2eb47cecc464545ba58e1ad24/library/std/src/panicking.rs:839:13
[INFO] [stdout]   14:     0x59d5abfc8996 - std::panicking::begin_panic_handler::{{closure}}::h4f9159cfbc3f6bd3
[INFO] [stdout]                                at /rustc/6067b36314ab5eb2eb47cecc464545ba58e1ad24/library/std/src/panicking.rs:697:13
[INFO] [stdout]   15:     0x59d5abfc72f9 - std::sys::backtrace::__rust_end_short_backtrace::h0390abce48353151
[INFO] [stdout]                                at /rustc/6067b36314ab5eb2eb47cecc464545ba58e1ad24/library/std/src/sys/backtrace.rs:168:18
[INFO] [stdout]   16:     0x59d5abfc865d - rust_begin_unwind
[INFO] [stdout]                                at /rustc/6067b36314ab5eb2eb47cecc464545ba58e1ad24/library/std/src/panicking.rs:695:5
[INFO] [stdout]   17:     0x59d5abfed720 - core::panicking::panic_fmt::h9e7c637e9e5f29c9
[INFO] [stdout]                                at /rustc/6067b36314ab5eb2eb47cecc464545ba58e1ad24/library/core/src/panicking.rs:75:14
[INFO] [stdout]   18:     0x59d5abfed7ac - core::panicking::panic::haa3255ea20181a33
[INFO] [stdout]                                at /rustc/6067b36314ab5eb2eb47cecc464545ba58e1ad24/library/core/src/panicking.rs:145:5
[INFO] [stdout]   19:     0x59d5abfed699 - core::option::unwrap_failed::h5e50c20db1c9e8f1
[INFO] [stdout]                                at /rustc/6067b36314ab5eb2eb47cecc464545ba58e1ad24/library/core/src/option.rs:2015:5
[INFO] [stdout]   20:     0x59d5abc19374 - core::option::Option<T>::unwrap::h633f86a357348905
[INFO] [stdout]                                at /rustc/6067b36314ab5eb2eb47cecc464545ba58e1ad24/library/core/src/option.rs:978:21
[INFO] [stdout]   21:     0x59d5abc19374 - baby_plonk_rust::prover::Prover::round_2::ha7a29379094c3350
[INFO] [stdout]                                at /opt/rustwide/workdir/src/prover.rs:283:20
[INFO] [stdout]   22:     0x59d5abc576fd - baby_plonk_rust::prover::tests::test_round_3::h018b6414bba3dd91
[INFO] [stdout]                                at /opt/rustwide/workdir/src/prover.rs:876:9
[INFO] [stdout]   23:     0x59d5abc575d7 - baby_plonk_rust::prover::tests::test_round_3::{{closure}}::h0fe77ea62c06f4cb
[INFO] [stdout]                                at /opt/rustwide/workdir/src/prover.rs:872:22
[INFO] [stdout]   24:     0x59d5abc36296 - core::ops::function::FnOnce::call_once::h5b8483f049d86048
[INFO] [stdout]                                at /rustc/6067b36314ab5eb2eb47cecc464545ba58e1ad24/library/core/src/ops/function.rs:250:5
[INFO] [stdout]   25:     0x59d5abc9785b - core::ops::function::FnOnce::call_once::he27718dfdd183f43
[INFO] [stdout]                                at /rustc/6067b36314ab5eb2eb47cecc464545ba58e1ad24/library/core/src/ops/function.rs:250:5
[INFO] [stdout]   26:     0x59d5abc9785b - test::__rust_begin_short_backtrace::h4e84902998457a5d
[INFO] [stdout]                                at /rustc/6067b36314ab5eb2eb47cecc464545ba58e1ad24/library/test/src/lib.rs:632:18
[INFO] [stdout]   27:     0x59d5abc96793 - test::run_test_in_process::{{closure}}::h7176fd18fc1feca0
[INFO] [stdout]                                at /rustc/6067b36314ab5eb2eb47cecc464545ba58e1ad24/library/test/src/lib.rs:655:60
[INFO] [stdout]   28:     0x59d5abc96793 - <core::panic::unwind_safe::AssertUnwindSafe<F> as core::ops::function::FnOnce<()>>::call_once::hf79cff2a624d8cf7
[INFO] [stdout]                                at /rustc/6067b36314ab5eb2eb47cecc464545ba58e1ad24/library/core/src/panic/unwind_safe.rs:272:9
[INFO] [stdout]   29:     0x59d5abc96793 - std::panicking::try::do_call::h3da0561d9ab99c25
[INFO] [stdout]                                at /rustc/6067b36314ab5eb2eb47cecc464545ba58e1ad24/library/std/src/panicking.rs:587:40
[INFO] [stdout]   30:     0x59d5abc96793 - std::panicking::try::h41c9fa508bc61df6
[INFO] [stdout]                                at /rustc/6067b36314ab5eb2eb47cecc464545ba58e1ad24/library/std/src/panicking.rs:550:19
[INFO] [stdout]   31:     0x59d5abc96793 - std::panic::catch_unwind::h6b3ff07bb5afad93
[INFO] [stdout]                                at /rustc/6067b36314ab5eb2eb47cecc464545ba58e1ad24/library/std/src/panic.rs:358:14
[INFO] [stdout]   32:     0x59d5abc96793 - test::run_test_in_process::hc7253dd11b39b9f4
[INFO] [stdout]                                at /rustc/6067b36314ab5eb2eb47cecc464545ba58e1ad24/library/test/src/lib.rs:655:27
[INFO] [stdout]   33:     0x59d5abc96793 - test::run_test::{{closure}}::hfb2007f8649c30bb
[INFO] [stdout]                                at /rustc/6067b36314ab5eb2eb47cecc464545ba58e1ad24/library/test/src/lib.rs:576:43
[INFO] [stdout]   34:     0x59d5abc59875 - test::run_test::{{closure}}::h56a17aa7a282a9f4
[INFO] [stdout]                                at /rustc/6067b36314ab5eb2eb47cecc464545ba58e1ad24/library/test/src/lib.rs:606:41
[INFO] [stdout]   35:     0x59d5abc59875 - std::sys::backtrace::__rust_begin_short_backtrace::hd2d2d2fb8e8c6aac
[INFO] [stdout]                                at /rustc/6067b36314ab5eb2eb47cecc464545ba58e1ad24/library/std/src/sys/backtrace.rs:152:18
[INFO] [stdout]   36:     0x59d5abc5d15a - std::thread::Builder::spawn_unchecked_::{{closure}}::{{closure}}::h4faa3f9db6133423
[INFO] [stdout]                                at /rustc/6067b36314ab5eb2eb47cecc464545ba58e1ad24/library/std/src/thread/mod.rs:559:17
[INFO] [stdout]   37:     0x59d5abc5d15a - <core::panic::unwind_safe::AssertUnwindSafe<F> as core::ops::function::FnOnce<()>>::call_once::hf2e855a36a4ea846
[INFO] [stdout]                                at /rustc/6067b36314ab5eb2eb47cecc464545ba58e1ad24/library/core/src/panic/unwind_safe.rs:272:9
[INFO] [stdout]   38:     0x59d5abc5d15a - std::panicking::try::do_call::h2f73af3616c35465
[INFO] [stdout]                                at /rustc/6067b36314ab5eb2eb47cecc464545ba58e1ad24/library/std/src/panicking.rs:587:40
[INFO] [stdout]   39:     0x59d5abc5d15a - std::panicking::try::hd1660ce9efadef5a
[INFO] [stdout]                                at /rustc/6067b36314ab5eb2eb47cecc464545ba58e1ad24/library/std/src/panicking.rs:550:19
[INFO] [stdout]   40:     0x59d5abc5d15a - std::panic::catch_unwind::h5ee8d7823b8ca744
[INFO] [stdout]                                at /rustc/6067b36314ab5eb2eb47cecc464545ba58e1ad24/library/std/src/panic.rs:358:14
[INFO] [stdout]   41:     0x59d5abc5d15a - std::thread::Builder::spawn_unchecked_::{{closure}}::h53c3a1894dce8407
[INFO] [stdout]                                at /rustc/6067b36314ab5eb2eb47cecc464545ba58e1ad24/library/std/src/thread/mod.rs:557:30
[INFO] [stdout]   42:     0x59d5abc5d15a - core::ops::function::FnOnce::call_once{{vtable.shim}}::h048ce291ad4f62bf
[INFO] [stdout]                                at /rustc/6067b36314ab5eb2eb47cecc464545ba58e1ad24/library/core/src/ops/function.rs:250:5
[INFO] [stdout]   43:     0x59d5abfccc4b - <alloc::boxed::Box<F,A> as core::ops::function::FnOnce<Args>>::call_once::ha52bedf99a3b4981
[INFO] [stdout]                                at /rustc/6067b36314ab5eb2eb47cecc464545ba58e1ad24/library/alloc/src/boxed.rs:2013:9
[INFO] [stdout]   44:     0x59d5abfccc4b - <alloc::boxed::Box<F,A> as core::ops::function::FnOnce<Args>>::call_once::h567748934d80ccf8
[INFO] [stdout]                                at /rustc/6067b36314ab5eb2eb47cecc464545ba58e1ad24/library/alloc/src/boxed.rs:2013:9
[INFO] [stdout]   45:     0x59d5abfccc4b - std::sys::pal::unix::thread::Thread::new::thread_start::h2d970728ae887adc
[INFO] [stdout]                                at /rustc/6067b36314ab5eb2eb47cecc464545ba58e1ad24/library/std/src/sys/pal/unix/thread.rs:106:17
[INFO] [stdout]   46:     0x7d25a318bac3 - <unknown>
[INFO] [stdout]   47:     0x7d25a321ca04 - clone
[INFO] [stdout]   48:                0x0 - <unknown>
[INFO] [stdout] 
[INFO] [stdout] ---- prover::tests::test_round_4 stdout ----
[INFO] [stdout] 
[INFO] [stdout] thread 'prover::tests::test_round_4' panicked at src/prover.rs:283:42:
[INFO] [stdout] called `Option::unwrap()` on a `None` value
[INFO] [stdout] stack backtrace:
[INFO] [stdout]    0:     0x59d5abfc6dfa - std::backtrace_rs::backtrace::libunwind::trace::hb059275cfc8d6126
[INFO] [stdout]                                at /rustc/6067b36314ab5eb2eb47cecc464545ba58e1ad24/library/std/src/../../backtrace/src/backtrace/libunwind.rs:116:5
[INFO] [stdout]    1:     0x59d5abfc6dfa - std::backtrace_rs::backtrace::trace_unsynchronized::h2da071e4327ce3ee
[INFO] [stdout]                                at /rustc/6067b36314ab5eb2eb47cecc464545ba58e1ad24/library/std/src/../../backtrace/src/backtrace/mod.rs:66:5
[INFO] [stdout]    2:     0x59d5abfc6dfa - std::sys::backtrace::_print_fmt::h842a1474e6f8d23f
[INFO] [stdout]                                at /rustc/6067b36314ab5eb2eb47cecc464545ba58e1ad24/library/std/src/sys/backtrace.rs:66:9
[INFO] [stdout]    3:     0x59d5abfc6dfa - <std::sys::backtrace::BacktraceLock::print::DisplayBacktrace as core::fmt::Display>::fmt::h71a62eb3b9696b12
[INFO] [stdout]                                at /rustc/6067b36314ab5eb2eb47cecc464545ba58e1ad24/library/std/src/sys/backtrace.rs:39:26
[INFO] [stdout]    4:     0x59d5abfef093 - core::fmt::rt::Argument::fmt::hdb6b616786b41dc1
[INFO] [stdout]                                at /rustc/6067b36314ab5eb2eb47cecc464545ba58e1ad24/library/core/src/fmt/rt.rs:177:76
[INFO] [stdout]    5:     0x59d5abfef093 - core::fmt::write::h2cc1698af7e2d686
[INFO] [stdout]                                at /rustc/6067b36314ab5eb2eb47cecc464545ba58e1ad24/library/core/src/fmt/mod.rs:1440:21
[INFO] [stdout]    6:     0x59d5abfc3953 - std::io::Write::write_fmt::hab1b4cd059a79022
[INFO] [stdout]                                at /rustc/6067b36314ab5eb2eb47cecc464545ba58e1ad24/library/std/src/io/mod.rs:1887:15
[INFO] [stdout]    7:     0x59d5abfc6c42 - std::sys::backtrace::BacktraceLock::print::h147fe35b4ea13b08
[INFO] [stdout]                                at /rustc/6067b36314ab5eb2eb47cecc464545ba58e1ad24/library/std/src/sys/backtrace.rs:42:9
[INFO] [stdout]    8:     0x59d5abfc821f - std::panicking::default_hook::{{closure}}::hbd44223dbdc0d208
[INFO] [stdout]                                at /rustc/6067b36314ab5eb2eb47cecc464545ba58e1ad24/library/std/src/panicking.rs:298:22
[INFO] [stdout]    9:     0x59d5abfc8038 - std::panicking::default_hook::h20f81eb0576efcec
[INFO] [stdout]                                at /rustc/6067b36314ab5eb2eb47cecc464545ba58e1ad24/library/std/src/panicking.rs:322:9
[INFO] [stdout]   10:     0x59d5abc92103 - <alloc::boxed::Box<F,A> as core::ops::function::Fn<Args>>::call::hdb53814c496a4d34
[INFO] [stdout]                                at /rustc/6067b36314ab5eb2eb47cecc464545ba58e1ad24/library/alloc/src/boxed.rs:2027:9
[INFO] [stdout]   11:     0x59d5abc92103 - test::test_main::{{closure}}::hc0a4963c59427c24
[INFO] [stdout]                                at /rustc/6067b36314ab5eb2eb47cecc464545ba58e1ad24/library/test/src/lib.rs:134:21
[INFO] [stdout]   12:     0x59d5abfc8d13 - <alloc::boxed::Box<F,A> as core::ops::function::Fn<Args>>::call::h591b2225413a77e9
[INFO] [stdout]                                at /rustc/6067b36314ab5eb2eb47cecc464545ba58e1ad24/library/alloc/src/boxed.rs:2027:9
[INFO] [stdout]   13:     0x59d5abfc8d13 - std::panicking::rust_panic_with_hook::h625eea43051b2edc
[INFO] [stdout]                                at /rustc/6067b36314ab5eb2eb47cecc464545ba58e1ad24/library/std/src/panicking.rs:839:13
[INFO] [stdout]   14:     0x59d5abfc8996 - std::panicking::begin_panic_handler::{{closure}}::h4f9159cfbc3f6bd3
[INFO] [stdout]                                at /rustc/6067b36314ab5eb2eb47cecc464545ba58e1ad24/library/std/src/panicking.rs:697:13
[INFO] [stdout]   15:     0x59d5abfc72f9 - std::sys::backtrace::__rust_end_short_backtrace::h0390abce48353151
[INFO] [stdout]                                at /rustc/6067b36314ab5eb2eb47cecc464545ba58e1ad24/library/std/src/sys/backtrace.rs:168:18
[INFO] [stdout]   16:     0x59d5abfc865d - rust_begin_unwind
[INFO] [stdout]                                at /rustc/6067b36314ab5eb2eb47cecc464545ba58e1ad24/library/std/src/panicking.rs:695:5
[INFO] [stdout]   17:     0x59d5abfed720 - core::panicking::panic_fmt::h9e7c637e9e5f29c9
[INFO] [stdout]                                at /rustc/6067b36314ab5eb2eb47cecc464545ba58e1ad24/library/core/src/panicking.rs:75:14
[INFO] [stdout]   18:     0x59d5abfed7ac - core::panicking::panic::haa3255ea20181a33
[INFO] [stdout]                                at /rustc/6067b36314ab5eb2eb47cecc464545ba58e1ad24/library/core/src/panicking.rs:145:5
[INFO] [stdout]   19:     0x59d5abfed699 - core::option::unwrap_failed::h5e50c20db1c9e8f1
[INFO] [stdout]                                at /rustc/6067b36314ab5eb2eb47cecc464545ba58e1ad24/library/core/src/option.rs:2015:5
[INFO] [stdout]   20:     0x59d5abc19374 - core::option::Option<T>::unwrap::h633f86a357348905
[INFO] [stdout]                                at /rustc/6067b36314ab5eb2eb47cecc464545ba58e1ad24/library/core/src/option.rs:978:21
[INFO] [stdout]   21:     0x59d5abc19374 - baby_plonk_rust::prover::Prover::round_2::ha7a29379094c3350
[INFO] [stdout]                                at /opt/rustwide/workdir/src/prover.rs:283:20
[INFO] [stdout]   22:     0x59d5abc5789d - baby_plonk_rust::prover::tests::test_round_4::h6525809b4031163b
[INFO] [stdout]                                at /opt/rustwide/workdir/src/prover.rs:885:9
[INFO] [stdout]   23:     0x59d5abc57777 - baby_plonk_rust::prover::tests::test_round_4::{{closure}}::hc10c085018e28d23
[INFO] [stdout]                                at /opt/rustwide/workdir/src/prover.rs:881:22
[INFO] [stdout]   24:     0x59d5abc35e76 - core::ops::function::FnOnce::call_once::h0a09c01e062406de
[INFO] [stdout]                                at /rustc/6067b36314ab5eb2eb47cecc464545ba58e1ad24/library/core/src/ops/function.rs:250:5
[INFO] [stdout]   25:     0x59d5abc9785b - core::ops::function::FnOnce::call_once::he27718dfdd183f43
[INFO] [stdout]                                at /rustc/6067b36314ab5eb2eb47cecc464545ba58e1ad24/library/core/src/ops/function.rs:250:5
[INFO] [stdout]   26:     0x59d5abc9785b - test::__rust_begin_short_backtrace::h4e84902998457a5d
[INFO] [stdout]                                at /rustc/6067b36314ab5eb2eb47cecc464545ba58e1ad24/library/test/src/lib.rs:632:18
[INFO] [stdout]   27:     0x59d5abc96793 - test::run_test_in_process::{{closure}}::h7176fd18fc1feca0
[INFO] [stdout]                                at /rustc/6067b36314ab5eb2eb47cecc464545ba58e1ad24/library/test/src/lib.rs:655:60
[INFO] [stdout]   28:     0x59d5abc96793 - <core::panic::unwind_safe::AssertUnwindSafe<F> as core::ops::function::FnOnce<()>>::call_once::hf79cff2a624d8cf7
[INFO] [stdout]                                at /rustc/6067b36314ab5eb2eb47cecc464545ba58e1ad24/library/core/src/panic/unwind_safe.rs:272:9
[INFO] [stdout]   29:     0x59d5abc96793 - std::panicking::try::do_call::h3da0561d9ab99c25
[INFO] [stdout]                                at /rustc/6067b36314ab5eb2eb47cecc464545ba58e1ad24/library/std/src/panicking.rs:587:40
[INFO] [stdout]   30:     0x59d5abc96793 - std::panicking::try::h41c9fa508bc61df6
[INFO] [stdout]                                at /rustc/6067b36314ab5eb2eb47cecc464545ba58e1ad24/library/std/src/panicking.rs:550:19
[INFO] [stdout]   31:     0x59d5abc96793 - std::panic::catch_unwind::h6b3ff07bb5afad93
[INFO] [stdout]                                at /rustc/6067b36314ab5eb2eb47cecc464545ba58e1ad24/library/std/src/panic.rs:358:14
[INFO] [stdout]   32:     0x59d5abc96793 - test::run_test_in_process::hc7253dd11b39b9f4
[INFO] [stdout]                                at /rustc/6067b36314ab5eb2eb47cecc464545ba58e1ad24/library/test/src/lib.rs:655:27
[INFO] [stdout]   33:     0x59d5abc96793 - test::run_test::{{closure}}::hfb2007f8649c30bb
[INFO] [stdout]                                at /rustc/6067b36314ab5eb2eb47cecc464545ba58e1ad24/library/test/src/lib.rs:576:43
[INFO] [stdout]   34:     0x59d5abc59875 - test::run_test::{{closure}}::h56a17aa7a282a9f4
[INFO] [stdout]                                at /rustc/6067b36314ab5eb2eb47cecc464545ba58e1ad24/library/test/src/lib.rs:606:41
[INFO] [stdout]   35:     0x59d5abc59875 - std::sys::backtrace::__rust_begin_short_backtrace::hd2d2d2fb8e8c6aac
[INFO] [stdout]                                at /rustc/6067b36314ab5eb2eb47cecc464545ba58e1ad24/library/std/src/sys/backtrace.rs:152:18
[INFO] [stdout]   36:     0x59d5abc5d15a - std::thread::Builder::spawn_unchecked_::{{closure}}::{{closure}}::h4faa3f9db6133423
[INFO] [stdout]                                at /rustc/6067b36314ab5eb2eb47cecc464545ba58e1ad24/library/std/src/thread/mod.rs:559:17
[INFO] [stdout]   37:     0x59d5abc5d15a - <core::panic::unwind_safe::AssertUnwindSafe<F> as core::ops::function::FnOnce<()>>::call_once::hf2e855a36a4ea846
[INFO] [stdout]                                at /rustc/6067b36314ab5eb2eb47cecc464545ba58e1ad24/library/core/src/panic/unwind_safe.rs:272:9
[INFO] [stdout]   38:     0x59d5abc5d15a - std::panicking::try::do_call::h2f73af3616c35465
[INFO] [stdout]                                at /rustc/6067b36314ab5eb2eb47cecc464545ba58e1ad24/library/std/src/panicking.rs:587:40
[INFO] [stdout]   39:     0x59d5abc5d15a - std::panicking::try::hd1660ce9efadef5a
[INFO] [stdout]                                at /rustc/6067b36314ab5eb2eb47cecc464545ba58e1ad24/library/std/src/panicking.rs:550:19
[INFO] [stdout]   40:     0x59d5abc5d15a - std::panic::catch_unwind::h5ee8d7823b8ca744
[INFO] [stdout]                                at /rustc/6067b36314ab5eb2eb47cecc464545ba58e1ad24/library/std/src/panic.rs:358:14
[INFO] [stdout]   41:     0x59d5abc5d15a - std::thread::Builder::spawn_unchecked_::{{closure}}::h53c3a1894dce8407
[INFO] [stdout]                                at /rustc/6067b36314ab5eb2eb47cecc464545ba58e1ad24/library/std/src/thread/mod.rs:557:30
[INFO] [stdout]   42:     0x59d5abc5d15a - core::ops::function::FnOnce::call_once{{vtable.shim}}::h048ce291ad4f62bf
[INFO] [stdout]                                at /rustc/6067b36314ab5eb2eb47cecc464545ba58e1ad24/library/core/src/ops/function.rs:250:5
[INFO] [stdout]   43:     0x59d5abfccc4b - <alloc::boxed::Box<F,A> as core::ops::function::FnOnce<Args>>::call_once::ha52bedf99a3b4981
[INFO] [stdout]                                at /rustc/6067b36314ab5eb2eb47cecc464545ba58e1ad24/library/alloc/src/boxed.rs:2013:9
[INFO] [stdout]   44:     0x59d5abfccc4b - <alloc::boxed::Box<F,A> as core::ops::function::FnOnce<Args>>::call_once::h567748934d80ccf8
[INFO] [stdout]                                at /rustc/6067b36314ab5eb2eb47cecc464545ba58e1ad24/library/alloc/src/boxed.rs:2013:9
[INFO] [stdout]   45:     0x59d5abfccc4b - std::sys::pal::unix::thread::Thread::new::thread_start::h2d970728ae887adc
[INFO] [stdout]                                at /rustc/6067b36314ab5eb2eb47cecc464545ba58e1ad24/library/std/src/sys/pal/unix/thread.rs:106:17
[INFO] [stdout]   46:     0x7d25a318bac3 - <unknown>
[INFO] [stdout]   47:     0x7d25a321ca04 - clone
[INFO] [stdout]   48:                0x0 - <unknown>
[INFO] [stdout] 
[INFO] [stdout] ---- prover::tests::test_round_2 stdout ----
[INFO] [stdout] 
[INFO] [stdout] thread 'prover::tests::test_round_2' panicked at src/prover.rs:283:42:
[INFO] [stdout] called `Option::unwrap()` on a `None` value
[INFO] [stdout] stack backtrace:
[INFO] [stdout]    0:     0x59d5abfc6dfa - std::backtrace_rs::backtrace::libunwind::trace::hb059275cfc8d6126
[INFO] [stdout]                                at /rustc/6067b36314ab5eb2eb47cecc464545ba58e1ad24/library/std/src/../../backtrace/src/backtrace/libunwind.rs:116:5
[INFO] [stdout]    1:     0x59d5abfc6dfa - std::backtrace_rs::backtrace::trace_unsynchronized::h2da071e4327ce3ee
[INFO] [stdout]                                at /rustc/6067b36314ab5eb2eb47cecc464545ba58e1ad24/library/std/src/../../backtrace/src/backtrace/mod.rs:66:5
[INFO] [stdout]    2:     0x59d5abfc6dfa - std::sys::backtrace::_print_fmt::h842a1474e6f8d23f
[INFO] [stdout]                                at /rustc/6067b36314ab5eb2eb47cecc464545ba58e1ad24/library/std/src/sys/backtrace.rs:66:9
[INFO] [stdout]    3:     0x59d5abfc6dfa - <std::sys::backtrace::BacktraceLock::print::DisplayBacktrace as core::fmt::Display>::fmt::h71a62eb3b9696b12
[INFO] [stdout]                                at /rustc/6067b36314ab5eb2eb47cecc464545ba58e1ad24/library/std/src/sys/backtrace.rs:39:26
[INFO] [stdout]    4:     0x59d5abfef093 - core::fmt::rt::Argument::fmt::hdb6b616786b41dc1
[INFO] [stdout]                                at /rustc/6067b36314ab5eb2eb47cecc464545ba58e1ad24/library/core/src/fmt/rt.rs:177:76
[INFO] [stdout]    5:     0x59d5abfef093 - core::fmt::write::h2cc1698af7e2d686
[INFO] [stdout]                                at /rustc/6067b36314ab5eb2eb47cecc464545ba58e1ad24/library/core/src/fmt/mod.rs:1440:21
[INFO] [stdout]    6:     0x59d5abfc3953 - std::io::Write::write_fmt::hab1b4cd059a79022
[INFO] [stdout]                                at /rustc/6067b36314ab5eb2eb47cecc464545ba58e1ad24/library/std/src/io/mod.rs:1887:15
[INFO] [stdout]    7:     0x59d5abfc6c42 - std::sys::backtrace::BacktraceLock::print::h147fe35b4ea13b08
[INFO] [stdout]                                at /rustc/6067b36314ab5eb2eb47cecc464545ba58e1ad24/library/std/src/sys/backtrace.rs:42:9
[INFO] [stdout]    8:     0x59d5abfc821f - std::panicking::default_hook::{{closure}}::hbd44223dbdc0d208
[INFO] [stdout]                                at /rustc/6067b36314ab5eb2eb47cecc464545ba58e1ad24/library/std/src/panicking.rs:298:22
[INFO] [stdout]    9:     0x59d5abfc8038 - std::panicking::default_hook::h20f81eb0576efcec
[INFO] [stdout]                                at /rustc/6067b36314ab5eb2eb47cecc464545ba58e1ad24/library/std/src/panicking.rs:322:9
[INFO] [stdout]   10:     0x59d5abc92103 - <alloc::boxed::Box<F,A> as core::ops::function::Fn<Args>>::call::hdb53814c496a4d34
[INFO] [stdout]                                at /rustc/6067b36314ab5eb2eb47cecc464545ba58e1ad24/library/alloc/src/boxed.rs:2027:9
[INFO] [stdout]   11:     0x59d5abc92103 - test::test_main::{{closure}}::hc0a4963c59427c24
[INFO] [stdout]                                at /rustc/6067b36314ab5eb2eb47cecc464545ba58e1ad24/library/test/src/lib.rs:134:21
[INFO] [stdout]   12:     0x59d5abfc8d13 - <alloc::boxed::Box<F,A> as core::ops::function::Fn<Args>>::call::h591b2225413a77e9
[INFO] [stdout]                                at /rustc/6067b36314ab5eb2eb47cecc464545ba58e1ad24/library/alloc/src/boxed.rs:2027:9
[INFO] [stdout]   13:     0x59d5abfc8d13 - std::panicking::rust_panic_with_hook::h625eea43051b2edc
[INFO] [stdout]                                at /rustc/6067b36314ab5eb2eb47cecc464545ba58e1ad24/library/std/src/panicking.rs:839:13
[INFO] [stdout]   14:     0x59d5abfc8996 - std::panicking::begin_panic_handler::{{closure}}::h4f9159cfbc3f6bd3
[INFO] [stdout]                                at /rustc/6067b36314ab5eb2eb47cecc464545ba58e1ad24/library/std/src/panicking.rs:697:13
[INFO] [stdout]   15:     0x59d5abfc72f9 - std::sys::backtrace::__rust_end_short_backtrace::h0390abce48353151
[INFO] [stdout]                                at /rustc/6067b36314ab5eb2eb47cecc464545ba58e1ad24/library/std/src/sys/backtrace.rs:168:18
[INFO] [stdout]   16:     0x59d5abfc865d - rust_begin_unwind
[INFO] [stdout]                                at /rustc/6067b36314ab5eb2eb47cecc464545ba58e1ad24/library/std/src/panicking.rs:695:5
[INFO] [stdout]   17:     0x59d5abfed720 - core::panicking::panic_fmt::h9e7c637e9e5f29c9
[INFO] [stdout]                                at /rustc/6067b36314ab5eb2eb47cecc464545ba58e1ad24/library/core/src/panicking.rs:75:14
[INFO] [stdout]   18:     0x59d5abfed7ac - core::panicking::panic::haa3255ea20181a33
[INFO] [stdout]                                at /rustc/6067b36314ab5eb2eb47cecc464545ba58e1ad24/library/core/src/panicking.rs:145:5
[INFO] [stdout]   19:     0x59d5abfed699 - core::option::unwrap_failed::h5e50c20db1c9e8f1
[INFO] [stdout]                                at /rustc/6067b36314ab5eb2eb47cecc464545ba58e1ad24/library/core/src/option.rs:2015:5
[INFO] [stdout]   20:     0x59d5abc19374 - core::option::Option<T>::unwrap::h633f86a357348905
[INFO] [stdout]                                at /rustc/6067b36314ab5eb2eb47cecc464545ba58e1ad24/library/core/src/option.rs:978:21
[INFO] [stdout]   21:     0x59d5abc19374 - baby_plonk_rust::prover::Prover::round_2::ha7a29379094c3350
[INFO] [stdout]                                at /opt/rustwide/workdir/src/prover.rs:283:20
[INFO] [stdout]   22:     0x59d5abc5756d - baby_plonk_rust::prover::tests::test_round_2::h2de7dc3b9136e1ea
[INFO] [stdout]                                at /opt/rustwide/workdir/src/prover.rs:869:9
[INFO] [stdout]   23:     0x59d5abc57447 - baby_plonk_rust::prover::tests::test_round_2::{{closure}}::h93b5d84c2e25b3eb
[INFO] [stdout]                                at /opt/rustwide/workdir/src/prover.rs:864:22
[INFO] [stdout]   24:     0x59d5abc365d6 - core::ops::function::FnOnce::call_once::h7c93b52060c670ed
[INFO] [stdout]                                at /rustc/6067b36314ab5eb2eb47cecc464545ba58e1ad24/library/core/src/ops/function.rs:250:5
[INFO] [stdout]   25:     0x59d5abc9785b - core::ops::function::FnOnce::call_once::he27718dfdd183f43
[INFO] [stdout]                                at /rustc/6067b36314ab5eb2eb47cecc464545ba58e1ad24/library/core/src/ops/function.rs:250:5
[INFO] [stdout]   26:     0x59d5abc9785b - test::__rust_begin_short_backtrace::h4e84902998457a5d
[INFO] [stdout]                                at /rustc/6067b36314ab5eb2eb47cecc464545ba58e1ad24/library/test/src/lib.rs:632:18
[INFO] [stdout]   27:     0x59d5abc96793 - test::run_test_in_process::{{closure}}::h7176fd18fc1feca0
[INFO] [stdout]                                at /rustc/6067b36314ab5eb2eb47cecc464545ba58e1ad24/library/test/src/lib.rs:655:60
[INFO] [stdout]   28:     0x59d5abc96793 - <core::panic::unwind_safe::AssertUnwindSafe<F> as core::ops::function::FnOnce<()>>::call_once::hf79cff2a624d8cf7
[INFO] [stdout]                                at /rustc/6067b36314ab5eb2eb47cecc464545ba58e1ad24/library/core/src/panic/unwind_safe.rs:272:9
[INFO] [stdout]   29:     0x59d5abc96793 - std::panicking::try::do_call::h3da0561d9ab99c25
[INFO] [stdout]                                at /rustc/6067b36314ab5eb2eb47cecc464545ba58e1ad24/library/std/src/panicking.rs:587:40
[INFO] [stdout]   30:     0x59d5abc96793 - std::panicking::try::h41c9fa508bc61df6
[INFO] [stdout]                                at /rustc/6067b36314ab5eb2eb47cecc464545ba58e1ad24/library/std/src/panicking.rs:550:19
[INFO] [stdout]   31:     0x59d5abc96793 - std::panic::catch_unwind::h6b3ff07bb5afad93
[INFO] [stdout]                                at /rustc/6067b36314ab5eb2eb47cecc464545ba58e1ad24/library/std/src/panic.rs:358:14
[INFO] [stdout]   32:     0x59d5abc96793 - test::run_test_in_process::hc7253dd11b39b9f4
[INFO] [stdout]                                at /rustc/6067b36314ab5eb2eb47cecc464545ba58e1ad24/library/test/src/lib.rs:655:27
[INFO] [stdout]   33:     0x59d5abc96793 - test::run_test::{{closure}}::hfb2007f8649c30bb
[INFO] [stdout]                                at /rustc/6067b36314ab5eb2eb47cecc464545ba58e1ad24/library/test/src/lib.rs:576:43
[INFO] [stdout]   34:     0x59d5abc59875 - test::run_test::{{closure}}::h56a17aa7a282a9f4
[INFO] [stdout]                                at /rustc/6067b36314ab5eb2eb47cecc464545ba58e1ad24/library/test/src/lib.rs:606:41
[INFO] [stdout]   35:     0x59d5abc59875 - std::sys::backtrace::__rust_begin_short_backtrace::hd2d2d2fb8e8c6aac
[INFO] [stdout]                                at /rustc/6067b36314ab5eb2eb47cecc464545ba58e1ad24/library/std/src/sys/backtrace.rs:152:18
[INFO] [stdout]   36:     0x59d5abc5d15a - std::thread::Builder::spawn_unchecked_::{{closure}}::{{closure}}::h4faa3f9db6133423
[INFO] [stdout]                                at /rustc/6067b36314ab5eb2eb47cecc464545ba58e1ad24/library/std/src/thread/mod.rs:559:17
[INFO] [stdout]   37:     0x59d5abc5d15a - <core::panic::unwind_safe::AssertUnwindSafe<F> as core::ops::function::FnOnce<()>>::call_once::hf2e855a36a4ea846
[INFO] [stdout]                                at /rustc/6067b36314ab5eb2eb47cecc464545ba58e1ad24/library/core/src/panic/unwind_safe.rs:272:9
[INFO] [stdout]   38:     0x59d5abc5d15a - std::panicking::try::do_call::h2f73af3616c35465
[INFO] [stdout]                                at /rustc/6067b36314ab5eb2eb47cecc464545ba58e1ad24/library/std/src/panicking.rs:587:40
[INFO] [stdout]   39:     0x59d5abc5d15a - std::panicking::try::hd1660ce9efadef5a
[INFO] [stdout]                                at /rustc/6067b36314ab5eb2eb47cecc464545ba58e1ad24/library/std/src/panicking.rs:550:19
[INFO] [stdout]   40:     0x59d5abc5d15a - std::panic::catch_unwind::h5ee8d7823b8ca744
[INFO] [stdout]                                at /rustc/6067b36314ab5eb2eb47cecc464545ba58e1ad24/library/std/src/panic.rs:358:14
[INFO] [stdout]   41:     0x59d5abc5d15a - std::thread::Builder::spawn_unchecked_::{{closure}}::h53c3a1894dce8407
[INFO] [stdout]                                at /rustc/6067b36314ab5eb2eb47cecc464545ba58e1ad24/library/std/src/thread/mod.rs:557:30
[INFO] [stdout]   42:     0x59d5abc5d15a - core::ops::function::FnOnce::call_once{{vtable.shim}}::h048ce291ad4f62bf
[INFO] [stdout]                                at /rustc/6067b36314ab5eb2eb47cecc464545ba58e1ad24/library/core/src/ops/function.rs:250:5
[INFO] [stdout]   43:     0x59d5abfccc4b - <alloc::boxed::Box<F,A> as core::ops::function::FnOnce<Args>>::call_once::ha52bedf99a3b4981
[INFO] [stdout]                                at /rustc/6067b36314ab5eb2eb47cecc464545ba58e1ad24/library/alloc/src/boxed.rs:2013:9
[INFO] [stdout]   44:     0x59d5abfccc4b - <alloc::boxed::Box<F,A> as core::ops::function::FnOnce<Args>>::call_once::h567748934d80ccf8
[INFO] [stdout]                                at /rustc/6067b36314ab5eb2eb47cecc464545ba58e1ad24/library/alloc/src/boxed.rs:2013:9
[INFO] [stdout]   45:     0x59d5abfccc4b - std::sys::pal::unix::thread::Thread::new::thread_start::h2d970728ae887adc
[INFO] [stdout]                                at /rustc/6067b36314ab5eb2eb47cecc464545ba58e1ad24/library/std/src/sys/pal/unix/thread.rs:106:17
[INFO] [stdout]   46:     0x7d25a318bac3 - <unknown>
[INFO] [stdout]   47:     0x7d25a321ca04 - clone
[INFO] [stdout]   48:                0x0 - <unknown>
[INFO] [stdout] 
[INFO] [stdout] ---- prover::tests::test_round_5 stdout ----
[INFO] [stdout] 
[INFO] [stdout] thread 'prover::tests::test_round_5' panicked at src/prover.rs:283:42:
[INFO] [stdout] called `Option::unwrap()` on a `None` value
[INFO] [stdout] stack backtrace:
[INFO] [stdout]    0:     0x59d5abfc6dfa - std::backtrace_rs::backtrace::libunwind::trace::hb059275cfc8d6126
[INFO] [stdout]                                at /rustc/6067b36314ab5eb2eb47cecc464545ba58e1ad24/library/std/src/../../backtrace/src/backtrace/libunwind.rs:116:5
[INFO] [stdout]    1:     0x59d5abfc6dfa - std::backtrace_rs::backtrace::trace_unsynchronized::h2da071e4327ce3ee
[INFO] [stdout]                                at /rustc/6067b36314ab5eb2eb47cecc464545ba58e1ad24/library/std/src/../../backtrace/src/backtrace/mod.rs:66:5
[INFO] [stdout]    2:     0x59d5abfc6dfa - std::sys::backtrace::_print_fmt::h842a1474e6f8d23f
[INFO] [stdout]                                at /rustc/6067b36314ab5eb2eb47cecc464545ba58e1ad24/library/std/src/sys/backtrace.rs:66:9
[INFO] [stdout]    3:     0x59d5abfc6dfa - <std::sys::backtrace::BacktraceLock::print::DisplayBacktrace as core::fmt::Display>::fmt::h71a62eb3b9696b12
[INFO] [stdout]                                at /rustc/6067b36314ab5eb2eb47cecc464545ba58e1ad24/library/std/src/sys/backtrace.rs:39:26
[INFO] [stdout]    4:     0x59d5abfef093 - core::fmt::rt::Argument::fmt::hdb6b616786b41dc1
[INFO] [stdout]                                at /rustc/6067b36314ab5eb2eb47cecc464545ba58e1ad24/library/core/src/fmt/rt.rs:177:76
[INFO] [stdout]    5:     0x59d5abfef093 - core::fmt::write::h2cc1698af7e2d686
[INFO] [stdout]                                at /rustc/6067b36314ab5eb2eb47cecc464545ba58e1ad24/library/core/src/fmt/mod.rs:1440:21
[INFO] [stdout]    6:     0x59d5abfc3953 - std::io::Write::write_fmt::hab1b4cd059a79022
[INFO] [stdout]                                at /rustc/6067b36314ab5eb2eb47cecc464545ba58e1ad24/library/std/src/io/mod.rs:1887:15
[INFO] [stdout]    7:     0x59d5abfc6c42 - std::sys::backtrace::BacktraceLock::print::h147fe35b4ea13b08
[INFO] [stdout]                                at /rustc/6067b36314ab5eb2eb47cecc464545ba58e1ad24/library/std/src/sys/backtrace.rs:42:9
[INFO] [stdout]    8:     0x59d5abfc821f - std::panicking::default_hook::{{closure}}::hbd44223dbdc0d208
[INFO] [stdout]                                at /rustc/6067b36314ab5eb2eb47cecc464545ba58e1ad24/library/std/src/panicking.rs:298:22
[INFO] [stdout]    9:     0x59d5abfc8038 - std::panicking::default_hook::h20f81eb0576efcec
[INFO] [stdout]                                at /rustc/6067b36314ab5eb2eb47cecc464545ba58e1ad24/library/std/src/panicking.rs:322:9
[INFO] [stdout]   10:     0x59d5abc92103 - <alloc::boxed::Box<F,A> as core::ops::function::Fn<Args>>::call::hdb53814c496a4d34
[INFO] [stdout]                                at /rustc/6067b36314ab5eb2eb47cecc464545ba58e1ad24/library/alloc/src/boxed.rs:2027:9
[INFO] [stdout]   11:     0x59d5abc92103 - test::test_main::{{closure}}::hc0a4963c59427c24
[INFO] [stdout]                                at /rustc/6067b36314ab5eb2eb47cecc464545ba58e1ad24/library/test/src/lib.rs:134:21
[INFO] [stdout]   12:     0x59d5abfc8d13 - <alloc::boxed::Box<F,A> as core::ops::function::Fn<Args>>::call::h591b2225413a77e9
[INFO] [stdout]                                at /rustc/6067b36314ab5eb2eb47cecc464545ba58e1ad24/library/alloc/src/boxed.rs:2027:9
[INFO] [stdout]   13:     0x59d5abfc8d13 - std::panicking::rust_panic_with_hook::h625eea43051b2edc
[INFO] [stdout]                                at /rustc/6067b36314ab5eb2eb47cecc464545ba58e1ad24/library/std/src/panicking.rs:839:13
[INFO] [stdout]   14:     0x59d5abfc8996 - std::panicking::begin_panic_handler::{{closure}}::h4f9159cfbc3f6bd3
[INFO] [stdout]                                at /rustc/6067b36314ab5eb2eb47cecc464545ba58e1ad24/library/std/src/panicking.rs:697:13
[INFO] [stdout]   15:     0x59d5abfc72f9 - std::sys::backtrace::__rust_end_short_backtrace::h0390abce48353151
[INFO] [stdout]                                at /rustc/6067b36314ab5eb2eb47cecc464545ba58e1ad24/library/std/src/sys/backtrace.rs:168:18
[INFO] [stdout]   16:     0x59d5abfc865d - rust_begin_unwind
[INFO] [stdout]                                at /rustc/6067b36314ab5eb2eb47cecc464545ba58e1ad24/library/std/src/panicking.rs:695:5
[INFO] [stdout]   17:     0x59d5abfed720 - core::panicking::panic_fmt::h9e7c637e9e5f29c9
[INFO] [stdout]                                at /rustc/6067b36314ab5eb2eb47cecc464545ba58e1ad24/library/core/src/panicking.rs:75:14
[INFO] [stdout]   18:     0x59d5abfed7ac - core::panicking::panic::haa3255ea20181a33
[INFO] [stdout]                                at /rustc/6067b36314ab5eb2eb47cecc464545ba58e1ad24/library/core/src/panicking.rs:145:5
[INFO] [stdout]   19:     0x59d5abfed699 - core::option::unwrap_failed::h5e50c20db1c9e8f1
[INFO] [stdout]                                at /rustc/6067b36314ab5eb2eb47cecc464545ba58e1ad24/library/core/src/option.rs:2015:5
[INFO] [stdout]   20:     0x59d5abc19374 - core::option::Option<T>::unwrap::h633f86a357348905
[INFO] [stdout]                                at /rustc/6067b36314ab5eb2eb47cecc464545ba58e1ad24/library/core/src/option.rs:978:21
[INFO] [stdout]   21:     0x59d5abc19374 - baby_plonk_rust::prover::Prover::round_2::ha7a29379094c3350
[INFO] [stdout]                                at /opt/rustwide/workdir/src/prover.rs:283:20
[INFO] [stdout]   22:     0x59d5abc57a64 - baby_plonk_rust::prover::tests::test_round_5::h66aa861962b61e89
[INFO] [stdout]                                at /opt/rustwide/workdir/src/prover.rs:895:9
[INFO] [stdout]   23:     0x59d5abc57937 - baby_plonk_rust::prover::tests::test_round_5::{{closure}}::h01f5cd0baf2a9ce7
[INFO] [stdout]                                at /opt/rustwide/workdir/src/prover.rs:891:22
[INFO] [stdout]   24:     0x59d5abc36216 - core::ops::function::FnOnce::call_once::h5382264a639efea9
[INFO] [stdout]                                at /rustc/6067b36314ab5eb2eb47cecc464545ba58e1ad24/library/core/src/ops/function.rs:250:5
[INFO] [stdout]   25:     0x59d5abc9785b - core::ops::function::FnOnce::call_once::he27718dfdd183f43
[INFO] [stdout]                                at /rustc/6067b36314ab5eb2eb47cecc464545ba58e1ad24/library/core/src/ops/function.rs:250:5
[INFO] [stdout]   26:     0x59d5abc9785b - test::__rust_begin_short_backtrace::h4e84902998457a5d
[INFO] [stdout]                                at /rustc/6067b36314ab5eb2eb47cecc464545ba58e1ad24/library/test/src/lib.rs:632:18
[INFO] [stdout]   27:     0x59d5abc96793 - test::run_test_in_process::{{closure}}::h7176fd18fc1feca0
[INFO] [stdout]                                at /rustc/6067b36314ab5eb2eb47cecc464545ba58e1ad24/library/test/src/lib.rs:655:60
[INFO] [stdout]   28:     0x59d5abc96793 - <core::panic::unwind_safe::AssertUnwindSafe<F> as core::ops::function::FnOnce<()>>::call_once::hf79cff2a624d8cf7
[INFO] [stdout]                                at /rustc/6067b36314ab5eb2eb47cecc464545ba58e1ad24/library/core/src/panic/unwind_safe.rs:272:9
[INFO] [stdout]   29:     0x59d5abc96793 - std::panicking::try::do_call::h3da0561d9ab99c25
[INFO] [stdout]                                at /rustc/6067b36314ab5eb2eb47cecc464545ba58e1ad24/library/std/src/panicking.rs:587:40
[INFO] [stdout]   30:     0x59d5abc96793 - std::panicking::try::h41c9fa508bc61df6
[INFO] [stdout]                                at /rustc/6067b36314ab5eb2eb47cecc464545ba58e1ad24/library/std/src/panicking.rs:550:19
[INFO] [stdout]   31:     0x59d5abc96793 - std::panic::catch_unwind::h6b3ff07bb5afad93
[INFO] [stdout]                                at /rustc/6067b36314ab5eb2eb47cecc464545ba58e1ad24/library/std/src/panic.rs:358:14
[INFO] [stdout]   32:     0x59d5abc96793 - test::run_test_in_process::hc7253dd11b39b9f4
[INFO] [stdout]                                at /rustc/6067b36314ab5eb2eb47cecc464545ba58e1ad24/library/test/src/lib.rs:655:27
[INFO] [stdout]   33:     0x59d5abc96793 - test::run_test::{{closure}}::hfb2007f8649c30bb
[INFO] [stdout]                                at /rustc/6067b36314ab5eb2eb47cecc464545ba58e1ad24/library/test/src/lib.rs:576:43
[INFO] [stdout]   34:     0x59d5abc59875 - test::run_test::{{closure}}::h56a17aa7a282a9f4
[INFO] [stdout]                                at /rustc/6067b36314ab5eb2eb47cecc464545ba58e1ad24/library/test/src/lib.rs:606:41
[INFO] [stdout]   35:     0x59d5abc59875 - std::sys::backtrace::__rust_begin_short_backtrace::hd2d2d2fb8e8c6aac
[INFO] [stdout]                                at /rustc/6067b36314ab5eb2eb47cecc464545ba58e1ad24/library/std/src/sys/backtrace.rs:152:18
[INFO] [stdout]   36:     0x59d5abc5d15a - std::thread::Builder::spawn_unchecked_::{{closure}}::{{closure}}::h4faa3f9db6133423
[INFO] [stdout]                                at /rustc/6067b36314ab5eb2eb47cecc464545ba58e1ad24/library/std/src/thread/mod.rs:559:17
[INFO] [stdout]   37:     0x59d5abc5d15a - <core::panic::unwind_safe::AssertUnwindSafe<F> as core::ops::function::FnOnce<()>>::call_once::hf2e855a36a4ea846
[INFO] [stdout]                                at /rustc/6067b36314ab5eb2eb47cecc464545ba58e1ad24/library/core/src/panic/unwind_safe.rs:272:9
[INFO] [stdout]   38:     0x59d5abc5d15a - std::panicking::try::do_call::h2f73af3616c35465
[INFO] [stdout]                                at /rustc/6067b36314ab5eb2eb47cecc464545ba58e1ad24/library/std/src/panicking.rs:587:40
[INFO] [stdout]   39:     0x59d5abc5d15a - std::panicking::try::hd1660ce9efadef5a
[INFO] [stdout]                                at /rustc/6067b36314ab5eb2eb47cecc464545ba58e1ad24/library/std/src/panicking.rs:550:19
[INFO] [stdout]   40:     0x59d5abc5d15a - std::panic::catch_unwind::h5ee8d7823b8ca744
[INFO] [stdout]                                at /rustc/6067b36314ab5eb2eb47cecc464545ba58e1ad24/library/std/src/panic.rs:358:14
[INFO] [stdout]   41:     0x59d5abc5d15a - std::thread::Builder::spawn_unchecked_::{{closure}}::h53c3a1894dce8407
[INFO] [stdout]                                at /rustc/6067b36314ab5eb2eb47cecc464545ba58e1ad24/library/std/src/thread/mod.rs:557:30
[INFO] [stdout]   42:     0x59d5abc5d15a - core::ops::function::FnOnce::call_once{{vtable.shim}}::h048ce291ad4f62bf
[INFO] [stdout]                                at /rustc/6067b36314ab5eb2eb47cecc464545ba58e1ad24/library/core/src/ops/function.rs:250:5
[INFO] [stdout]   43:     0x59d5abfccc4b - <alloc::boxed::Box<F,A> as core::ops::function::FnOnce<Args>>::call_once::ha52bedf99a3b4981
[INFO] [stdout]                                at /rustc/6067b36314ab5eb2eb47cecc464545ba58e1ad24/library/alloc/src/boxed.rs:2013:9
[INFO] [stdout]   44:     0x59d5abfccc4b - <alloc::boxed::Box<F,A> as core::ops::function::FnOnce<Args>>::call_once::h567748934d80ccf8
[INFO] [stdout]                                at /rustc/6067b36314ab5eb2eb47cecc464545ba58e1ad24/library/alloc/src/boxed.rs:2013:9
[INFO] [stdout]   45:     0x59d5abfccc4b - std::sys::pal::unix::thread::Thread::new::thread_start::h2d970728ae887adc
[INFO] [stdout]                                at /rustc/6067b36314ab5eb2eb47cecc464545ba58e1ad24/library/std/src/sys/pal/unix/thread.rs:106:17
[INFO] [stdout]   46:     0x7d25a318bac3 - <unknown>
[INFO] [stdout]   47:     0x7d25a321ca04 - clone
[INFO] [stdout]   48:                0x0 - <unknown>
[INFO] [stdout] 
[INFO] [stdout] ---- prover::tests::test_round_1 stdout ----
[INFO] [stdout] a_values:[0x0000000000000000000000000000000000000000000000000000000000000003, 0x0000000000000000000000000000000000000000000000000000000000000000, 0x0000000000000000000000000000000000000000000000000000000000000000, 0x0000000000000000000000000000000000000000000000000000000000000000, 0x0000000000000000000000000000000000000000000000000000000000000000, 0x0000000000000000000000000000000000000000000000000000000000000000, 0x0000000000000000000000000000000000000000000000000000000000000000, 0x0000000000000000000000000000000000000000000000000000000000000000]
[INFO] [stdout] b_values:[0x0000000000000000000000000000000000000000000000000000000000000000, 0x0000000000000000000000000000000000000000000000000000000000000000, 0x0000000000000000000000000000000000000000000000000000000000000000, 0x0000000000000000000000000000000000000000000000000000000000000000, 0x0000000000000000000000000000000000000000000000000000000000000000, 0x0000000000000000000000000000000000000000000000000000000000000000, 0x0000000000000000000000000000000000000000000000000000000000000000, 0x0000000000000000000000000000000000000000000000000000000000000000]
[INFO] [stdout] c_values:[0x0000000000000000000000000000000000000000000000000000000000000000, 0x0000000000000000000000000000000000000000000000000000000000000000, 0x0000000000000000000000000000000000000000000000000000000000000000, 0x0000000000000000000000000000000000000000000000000000000000000000, 0x0000000000000000000000000000000000000000000000000000000000000000, 0x0000000000000000000000000000000000000000000000000000000000000000, 0x0000000000000000000000000000000000000000000000000000000000000000, 0x0000000000000000000000000000000000000000000000000000000000000000]
[INFO] [stdout] ql_values:[0x0000000000000000000000000000000000000000000000000000000000000001, 0x0000000000000000000000000000000000000000000000000000000000000000, 0x0000000000000000000000000000000000000000000000000000000000000000, 0x0000000000000000000000000000000000000000000000000000000000000000, 0x0000000000000000000000000000000000000000000000000000000000000000, 0x0000000000000000000000000000000000000000000000000000000000000000, 0x0000000000000000000000000000000000000000000000000000000000000000, 0x0000000000000000000000000000000000000000000000000000000000000000]
[INFO] [stdout] qr_values:[0x0000000000000000000000000000000000000000000000000000000000000000, 0x0000000000000000000000000000000000000000000000000000000000000000, 0x0000000000000000000000000000000000000000000000000000000000000000, 0x0000000000000000000000000000000000000000000000000000000000000000, 0x0000000000000000000000000000000000000000000000000000000000000000, 0x0000000000000000000000000000000000000000000000000000000000000000, 0x0000000000000000000000000000000000000000000000000000000000000000, 0x0000000000000000000000000000000000000000000000000000000000000000]
[INFO] [stdout] qo_values:[0x0000000000000000000000000000000000000000000000000000000000000000, 0x0000000000000000000000000000000000000000000000000000000000000000, 0x0000000000000000000000000000000000000000000000000000000000000000, 0x0000000000000000000000000000000000000000000000000000000000000000, 0x0000000000000000000000000000000000000000000000000000000000000000, 0x0000000000000000000000000000000000000000000000000000000000000000, 0x0000000000000000000000000000000000000000000000000000000000000000, 0x0000000000000000000000000000000000000000000000000000000000000000]
[INFO] [stdout] qm_values:[0x0000000000000000000000000000000000000000000000000000000000000000, 0x0000000000000000000000000000000000000000000000000000000000000000, 0x0000000000000000000000000000000000000000000000000000000000000000, 0x0000000000000000000000000000000000000000000000000000000000000000, 0x0000000000000000000000000000000000000000000000000000000000000000, 0x0000000000000000000000000000000000000000000000000000000000000000, 0x0000000000000000000000000000000000000000000000000000000000000000, 0x0000000000000000000000000000000000000000000000000000000000000000]
[INFO] [stdout] qc_values:[0x0000000000000000000000000000000000000000000000000000000000000000, 0x0000000000000000000000000000000000000000000000000000000000000000, 0x0000000000000000000000000000000000000000000000000000000000000000, 0x0000000000000000000000000000000000000000000000000000000000000000, 0x0000000000000000000000000000000000000000000000000000000000000000, 0x0000000000000000000000000000000000000000000000000000000000000000, 0x0000000000000000000000000000000000000000000000000000000000000000, 0x0000000000000000000000000000000000000000000000000000000000000000]
[INFO] [stdout] ql_coeff:Polynomial { values: [0x656ff268c469cd9f2cd29d07086d9d04a945ef829ffe907f1fffffff20000001, 0x656ff268c469cd9f2cd29d07086d9d04a945ef829ffe907f1fffffff20000001, 0x656ff268c469cd9f2cd29d07086d9d04a945ef829ffe907f1fffffff20000001, 0x656ff268c469cd9f2cd29d07086d9d04a945ef829ffe907f1fffffff20000001, 0x656ff268c469cd9f2cd29d07086d9d04a945ef829ffe907f1fffffff20000001, 0x656ff268c469cd9f2cd29d07086d9d04a945ef829ffe907f1fffffff20000001, 0x656ff268c469cd9f2cd29d07086d9d04a945ef829ffe907f1fffffff20000001, 0x656ff268c469cd9f2cd29d07086d9d04a945ef829ffe907f1fffffff20000001], basis: Monomial }
[INFO] [stdout] ql_coeff convert:[0x0000000000000000000000000000000000000000000000000000000000000001, 0x0000000000000000000000000000000000000000000000000000000000000000, 0x0000000000000000000000000000000000000000000000000000000000000000, 0x0000000000000000000000000000000000000000000000000000000000000000, 0x0000000000000000000000000000000000000000000000000000000000000000, 0x0000000000000000000000000000000000000000000000000000000000000000, 0x0000000000000000000000000000000000000000000000000000000000000000, 0x0000000000000000000000000000000000000000000000000000000000000000]
[INFO] [stdout] 
[INFO] [stdout] thread 'prover::tests::test_round_1' panicked at src/prover.rs:855:13:
[INFO] [stdout] assertion `left == right` failed
[INFO] [stdout]   left: 0x0000000000000000000000000000000000000000000000000000000000000003
[INFO] [stdout]  right: 0x0000000000000000000000000000000000000000000000000000000000000000
[INFO] [stdout] stack backtrace:
[INFO] [stdout]    0:     0x59d5abfc6dfa - std::backtrace_rs::backtrace::libunwind::trace::hb059275cfc8d6126
[INFO] [stdout]                                at /rustc/6067b36314ab5eb2eb47cecc464545ba58e1ad24/library/std/src/../../backtrace/src/backtrace/libunwind.rs:116:5
[INFO] [stdout]    1:     0x59d5abfc6dfa - std::backtrace_rs::backtrace::trace_unsynchronized::h2da071e4327ce3ee
[INFO] [stdout]                                at /rustc/6067b36314ab5eb2eb47cecc464545ba58e1ad24/library/std/src/../../backtrace/src/backtrace/mod.rs:66:5
[INFO] [stdout]    2:     0x59d5abfc6dfa - std::sys::backtrace::_print_fmt::h842a1474e6f8d23f
[INFO] [stdout]                                at /rustc/6067b36314ab5eb2eb47cecc464545ba58e1ad24/library/std/src/sys/backtrace.rs:66:9
[INFO] [stdout]    3:     0x59d5abfc6dfa - <std::sys::backtrace::BacktraceLock::print::DisplayBacktrace as core::fmt::Display>::fmt::h71a62eb3b9696b12
[INFO] [stdout]                                at /rustc/6067b36314ab5eb2eb47cecc464545ba58e1ad24/library/std/src/sys/backtrace.rs:39:26
[INFO] [stdout]    4:     0x59d5abfef093 - core::fmt::rt::Argument::fmt::hdb6b616786b41dc1
[INFO] [stdout]                                at /rustc/6067b36314ab5eb2eb47cecc464545ba58e1ad24/library/core/src/fmt/rt.rs:177:76
[INFO] [stdout]    5:     0x59d5abfef093 - core::fmt::write::h2cc1698af7e2d686
[INFO] [stdout]                                at /rustc/6067b36314ab5eb2eb47cecc464545ba58e1ad24/library/core/src/fmt/mod.rs:1440:21
[INFO] [stdout]    6:     0x59d5abfc3953 - std::io::Write::write_fmt::hab1b4cd059a79022
[INFO] [stdout]                                at /rustc/6067b36314ab5eb2eb47cecc464545ba58e1ad24/library/std/src/io/mod.rs:1887:15
[INFO] [stdout]    7:     0x59d5abfc6c42 - std::sys::backtrace::BacktraceLock::print::h147fe35b4ea13b08
[INFO] [stdout]                                at /rustc/6067b36314ab5eb2eb47cecc464545ba58e1ad24/library/std/src/sys/backtrace.rs:42:9
[INFO] [stdout]    8:     0x59d5abfc821f - std::panicking::default_hook::{{closure}}::hbd44223dbdc0d208
[INFO] [stdout]                                at /rustc/6067b36314ab5eb2eb47cecc464545ba58e1ad24/library/std/src/panicking.rs:298:22
[INFO] [stdout]    9:     0x59d5abfc8038 - std::panicking::default_hook::h20f81eb0576efcec
[INFO] [stdout]                                at /rustc/6067b36314ab5eb2eb47cecc464545ba58e1ad24/library/std/src/panicking.rs:322:9
[INFO] [stdout]   10:     0x59d5abc92103 - <alloc::boxed::Box<F,A> as core::ops::function::Fn<Args>>::call::hdb53814c496a4d34
[INFO] [stdout]                                at /rustc/6067b36314ab5eb2eb47cecc464545ba58e1ad24/library/alloc/src/boxed.rs:2027:9
[INFO] [stdout]   11:     0x59d5abc92103 - test::test_main::{{closure}}::hc0a4963c59427c24
[INFO] [stdout]                                at /rustc/6067b36314ab5eb2eb47cecc464545ba58e1ad24/library/test/src/lib.rs:134:21
[INFO] [stdout]   12:     0x59d5abfc8d13 - <alloc::boxed::Box<F,A> as core::ops::function::Fn<Args>>::call::h591b2225413a77e9
[INFO] [stdout]                                at /rustc/6067b36314ab5eb2eb47cecc464545ba58e1ad24/library/alloc/src/boxed.rs:2027:9
[INFO] [stdout]   13:     0x59d5abfc8d13 - std::panicking::rust_panic_with_hook::h625eea43051b2edc
[INFO] [stdout]                                at /rustc/6067b36314ab5eb2eb47cecc464545ba58e1ad24/library/std/src/panicking.rs:839:13
[INFO] [stdout]   14:     0x59d5abfc89ca - std::panicking::begin_panic_handler::{{closure}}::h4f9159cfbc3f6bd3
[INFO] [stdout]                                at /rustc/6067b36314ab5eb2eb47cecc464545ba58e1ad24/library/std/src/panicking.rs:704:13
[INFO] [stdout]   15:     0x59d5abfc72f9 - std::sys::backtrace::__rust_end_short_backtrace::h0390abce48353151
[INFO] [stdout]                                at /rustc/6067b36314ab5eb2eb47cecc464545ba58e1ad24/library/std/src/sys/backtrace.rs:168:18
[INFO] [stdout]   16:     0x59d5abfc865d - rust_begin_unwind
[INFO] [stdout]                                at /rustc/6067b36314ab5eb2eb47cecc464545ba58e1ad24/library/std/src/panicking.rs:695:5
[INFO] [stdout]   17:     0x59d5abfed720 - core::panicking::panic_fmt::h9e7c637e9e5f29c9
[INFO] [stdout]                                at /rustc/6067b36314ab5eb2eb47cecc464545ba58e1ad24/library/core/src/panicking.rs:75:14
[INFO] [stdout]   18:     0x59d5abfedb12 - core::panicking::assert_failed_inner::h538bec7c1374cd9c
[INFO] [stdout]   19:     0x59d5abc154ae - core::panicking::assert_failed::h5ca0198c82c1fd44
[INFO] [stdout]                                at /rustc/6067b36314ab5eb2eb47cecc464545ba58e1ad24/library/core/src/panicking.rs:364:5
[INFO] [stdout]   20:     0x59d5abc57145 - baby_plonk_rust::prover::tests::test_round_1::hba86e899f48fa352
[INFO] [stdout]                                at /opt/rustwide/workdir/src/prover.rs:855:13
[INFO] [stdout]   21:     0x59d5abc55737 - baby_plonk_rust::prover::tests::test_round_1::{{closure}}::h0ce872e796fa1226
[INFO] [stdout]                                at /opt/rustwide/workdir/src/prover.rs:795:22
[INFO] [stdout]   22:     0x59d5abc361d6 - core::ops::function::FnOnce::call_once::h516cc246a88575bd
[INFO] [stdout]                                at /rustc/6067b36314ab5eb2eb47cecc464545ba58e1ad24/library/core/src/ops/function.rs:250:5
[INFO] [stdout]   23:     0x59d5abc9785b - core::ops::function::FnOnce::call_once::he27718dfdd183f43
[INFO] [stdout]                                at /rustc/6067b36314ab5eb2eb47cecc464545ba58e1ad24/library/core/src/ops/function.rs:250:5
[INFO] [stdout]   24:     0x59d5abc9785b - test::__rust_begin_short_backtrace::h4e84902998457a5d
[INFO] [stdout]                                at /rustc/6067b36314ab5eb2eb47cecc464545ba58e1ad24/library/test/src/lib.rs:632:18
[INFO] [stdout]   25:     0x59d5abc96793 - test::run_test_in_process::{{closure}}::h7176fd18fc1feca0
[INFO] [stdout]                                at /rustc/6067b36314ab5eb2eb47cecc464545ba58e1ad24/library/test/src/lib.rs:655:60
[INFO] [stdout]   26:     0x59d5abc96793 - <core::panic::unwind_safe::AssertUnwindSafe<F> as core::ops::function::FnOnce<()>>::call_once::hf79cff2a624d8cf7
[INFO] [stdout]                                at /rustc/6067b36314ab5eb2eb47cecc464545ba58e1ad24/library/core/src/panic/unwind_safe.rs:272:9
[INFO] [stdout]   27:     0x59d5abc96793 - std::panicking::try::do_call::h3da0561d9ab99c25
[INFO] [stdout]                                at /rustc/6067b36314ab5eb2eb47cecc464545ba58e1ad24/library/std/src/panicking.rs:587:40
[INFO] [stdout]   28:     0x59d5abc96793 - std::panicking::try::h41c9fa508bc61df6
[INFO] [stdout]                                at /rustc/6067b36314ab5eb2eb47cecc464545ba58e1ad24/library/std/src/panicking.rs:550:19
[INFO] [stdout]   29:     0x59d5abc96793 - std::panic::catch_unwind::h6b3ff07bb5afad93
[INFO] [stdout]                                at /rustc/6067b36314ab5eb2eb47cecc464545ba58e1ad24/library/std/src/panic.rs:358:14
[INFO] [stdout]   30:     0x59d5abc96793 - test::run_test_in_process::hc7253dd11b39b9f4
[INFO] [stdout]                                at /rustc/6067b36314ab5eb2eb47cecc464545ba58e1ad24/library/test/src/lib.rs:655:27
[INFO] [stdout]   31:     0x59d5abc96793 - test::run_test::{{closure}}::hfb2007f8649c30bb
[INFO] [stdout]                                at /rustc/6067b36314ab5eb2eb47cecc464545ba58e1ad24/library/test/src/lib.rs:576:43
[INFO] [stdout]   32:     0x59d5abc59875 - test::run_test::{{closure}}::h56a17aa7a282a9f4
[INFO] [stdout]                                at /rustc/6067b36314ab5eb2eb47cecc464545ba58e1ad24/library/test/src/lib.rs:606:41
[INFO] [stdout]   33:     0x59d5abc59875 - std::sys::backtrace::__rust_begin_short_backtrace::hd2d2d2fb8e8c6aac
[INFO] [stdout]                                at /rustc/6067b36314ab5eb2eb47cecc464545ba58e1ad24/library/std/src/sys/backtrace.rs:152:18
[INFO] [stdout]   34:     0x59d5abc5d15a - std::thread::Builder::spawn_unchecked_::{{closure}}::{{closure}}::h4faa3f9db6133423
[INFO] [stdout]                                at /rustc/6067b36314ab5eb2eb47cecc464545ba58e1ad24/library/std/src/thread/mod.rs:559:17
[INFO] [stdout]   35:     0x59d5abc5d15a - <core::panic::unwind_safe::AssertUnwindSafe<F> as core::ops::function::FnOnce<()>>::call_once::hf2e855a36a4ea846
[INFO] [stdout]                                at /rustc/6067b36314ab5eb2eb47cecc464545ba58e1ad24/library/core/src/panic/unwind_safe.rs:272:9
[INFO] [stdout]   36:     0x59d5abc5d15a - std::panicking::try::do_call::h2f73af3616c35465
[INFO] [stdout]                                at /rustc/6067b36314ab5eb2eb47cecc464545ba58e1ad24/library/std/src/panicking.rs:587:40
[INFO] [stdout]   37:     0x59d5abc5d15a - std::panicking::try::hd1660ce9efadef5a
[INFO] [stdout]                                at /rustc/6067b36314ab5eb2eb47cecc464545ba58e1ad24/library/std/src/panicking.rs:550:19
[INFO] [stdout]   38:     0x59d5abc5d15a - std::panic::catch_unwind::h5ee8d7823b8ca744
[INFO] [stdout]                                at /rustc/6067b36314ab5eb2eb47cecc464545ba58e1ad24/library/std/src/panic.rs:358:14
[INFO] [stdout]   39:     0x59d5abc5d15a - std::thread::Builder::spawn_unchecked_::{{closure}}::h53c3a1894dce8407
[INFO] [stdout]                                at /rustc/6067b36314ab5eb2eb47cecc464545ba58e1ad24/library/std/src/thread/mod.rs:557:30
[INFO] [stdout]   40:     0x59d5abc5d15a - core::ops::function::FnOnce::call_once{{vtable.shim}}::h048ce291ad4f62bf
[INFO] [stdout]                                at /rustc/6067b36314ab5eb2eb47cecc464545ba58e1ad24/library/core/src/ops/function.rs:250:5
[INFO] [stdout]   41:     0x59d5abfccc4b - <alloc::boxed::Box<F,A> as core::ops::function::FnOnce<Args>>::call_once::ha52bedf99a3b4981
[INFO] [stdout]                                at /rustc/6067b36314ab5eb2eb47cecc464545ba58e1ad24/library/alloc/src/boxed.rs:2013:9
[INFO] [stdout]   42:     0x59d5abfccc4b - <alloc::boxed::Box<F,A> as core::ops::function::FnOnce<Args>>::call_once::h567748934d80ccf8
[INFO] [stdout]                                at /rustc/6067b36314ab5eb2eb47cecc464545ba58e1ad24/library/alloc/src/boxed.rs:2013:9
[INFO] [stdout]   43:     0x59d5abfccc4b - std::sys::pal::unix::thread::Thread::new::thread_start::h2d970728ae887adc
[INFO] [stdout]                                at /rustc/6067b36314ab5eb2eb47cecc464545ba58e1ad24/library/std/src/sys/pal/unix/thread.rs:106:17
[INFO] [stdout]   44:     0x7d25a318bac3 - <unknown>
[INFO] [stdout]   45:     0x7d25a321ca04 - clone
[INFO] [stdout]   46:                0x0 - <unknown>
[INFO] [stdout] 
[INFO] [stdout] 
[INFO] [stdout] failures:
[INFO] [stdout]     polynomial::tests::test_lagrange_div
[INFO] [stdout]     prover::tests::test_round_1
[INFO] [stdout]     prover::tests::test_round_2
[INFO] [stdout]     prover::tests::test_round_3
[INFO] [stdout]     prover::tests::test_round_4
[INFO] [stdout]     prover::tests::test_round_5
[INFO] [stdout] 
[INFO] [stdout] test result: FAILED. 21 passed; 6 failed; 0 ignored; 0 measured; 0 filtered out; finished in 8.81s
[INFO] [stdout] 
[INFO] [stderr] error: test failed, to rerun pass `--lib`
[INFO] running `Command { std: "docker" "inspect" "693c17286c5f42cb4493fd7012ccf09cf290b84eb779f82d1f682a52f3fb4465", kill_on_drop: false }`
[INFO] running `Command { std: "docker" "rm" "-f" "693c17286c5f42cb4493fd7012ccf09cf290b84eb779f82d1f682a52f3fb4465", kill_on_drop: false }`
[INFO] [stdout] 693c17286c5f42cb4493fd7012ccf09cf290b84eb779f82d1f682a52f3fb4465
