[INFO] cloning repository https://github.com/CarsonMcKinstry/aoc-2024
[INFO] running `Command { std: "git" "-c" "credential.helper=" "-c" "credential.helper=/workspace/cargo-home/bin/git-credential-null" "clone" "--bare" "https://github.com/CarsonMcKinstry/aoc-2024" "/workspace/cache/git-repos/https%3A%2F%2Fgithub.com%2FCarsonMcKinstry%2Faoc-2024", kill_on_drop: false }`
[INFO] [stderr] Cloning into bare repository '/workspace/cache/git-repos/https%3A%2F%2Fgithub.com%2FCarsonMcKinstry%2Faoc-2024'...
[INFO] running `Command { std: "git" "rev-parse" "HEAD", kill_on_drop: false }`
[INFO] [stdout] 6857ecc718430148c64003d4abf1489a0883a984
[INFO] testing CarsonMcKinstry/aoc-2024 against nightly-2025-01-18+rustflags=-Zrandomize-layout for randomize-layout-2
[INFO] running `Command { std: "git" "clone" "/workspace/cache/git-repos/https%3A%2F%2Fgithub.com%2FCarsonMcKinstry%2Faoc-2024" "/workspace/builds/worker-0-tc2/source", kill_on_drop: false }`
[INFO] [stderr] Cloning into '/workspace/builds/worker-0-tc2/source'...
[INFO] [stderr] done.
[INFO] validating manifest of git repo https://github.com/CarsonMcKinstry/aoc-2024 on toolchain nightly-2025-01-18
[INFO] running `Command { std: CARGO_HOME="/workspace/cargo-home" RUSTUP_HOME="/workspace/rustup-home" "/workspace/cargo-home/bin/cargo" "+nightly-2025-01-18" "metadata" "--manifest-path" "Cargo.toml" "--no-deps", kill_on_drop: false }`
[INFO] started tweaking git repo https://github.com/CarsonMcKinstry/aoc-2024
[INFO] finished tweaking git repo https://github.com/CarsonMcKinstry/aoc-2024
[INFO] tweaked toml for git repo https://github.com/CarsonMcKinstry/aoc-2024 written to /workspace/builds/worker-0-tc2/source/Cargo.toml
[INFO] crate git repo https://github.com/CarsonMcKinstry/aoc-2024 already has a lockfile, it will not be regenerated
[INFO] running `Command { std: CARGO_HOME="/workspace/cargo-home" RUSTUP_HOME="/workspace/rustup-home" "/workspace/cargo-home/bin/cargo" "+nightly-2025-01-18" "fetch" "--manifest-path" "Cargo.toml", kill_on_drop: false }`
[INFO] running `Command { std: "docker" "create" "-v" "/var/lib/crater-agent-workspace/builds/worker-0-tc2/target:/opt/rustwide/target:rw,Z" "-v" "/var/lib/crater-agent-workspace/builds/worker-0-tc2/source:/opt/rustwide/workdir:ro,Z" "-v" "/var/lib/crater-agent-workspace/cargo-home:/opt/rustwide/cargo-home:ro,Z" "-v" "/var/lib/crater-agent-workspace/rustup-home:/opt/rustwide/rustup-home:ro,Z" "-e" "SOURCE_DIR=/opt/rustwide/workdir" "-e" "CARGO_TARGET_DIR=/opt/rustwide/target" "-e" "CARGO_HOME=/opt/rustwide/cargo-home" "-e" "RUSTUP_HOME=/opt/rustwide/rustup-home" "-w" "/opt/rustwide/workdir" "-m" "1610612736" "--user" "0:0" "--network" "none" "ghcr.io/rust-lang/crates-build-env/linux@sha256:819108c5571ea2e421544af4d832f968d213c87fbe3707a016657f43d2f853bc" "/opt/rustwide/cargo-home/bin/cargo" "+nightly-2025-01-18" "metadata" "--no-deps" "--format-version=1", kill_on_drop: false }`
[INFO] [stdout] 4f4b94dd0e9d549d167b50e2e5aef3d182d18f7bf9466ead316229915e165ccb
[INFO] running `Command { std: "docker" "start" "-a" "4f4b94dd0e9d549d167b50e2e5aef3d182d18f7bf9466ead316229915e165ccb", kill_on_drop: false }`
[INFO] running `Command { std: "docker" "inspect" "4f4b94dd0e9d549d167b50e2e5aef3d182d18f7bf9466ead316229915e165ccb", kill_on_drop: false }`
[INFO] running `Command { std: "docker" "rm" "-f" "4f4b94dd0e9d549d167b50e2e5aef3d182d18f7bf9466ead316229915e165ccb", kill_on_drop: false }`
[INFO] [stdout] 4f4b94dd0e9d549d167b50e2e5aef3d182d18f7bf9466ead316229915e165ccb
[INFO] running `Command { std: "docker" "create" "-v" "/var/lib/crater-agent-workspace/builds/worker-0-tc2/target:/opt/rustwide/target:rw,Z" "-v" "/var/lib/crater-agent-workspace/builds/worker-0-tc2/source:/opt/rustwide/workdir:ro,Z" "-v" "/var/lib/crater-agent-workspace/cargo-home:/opt/rustwide/cargo-home:ro,Z" "-v" "/var/lib/crater-agent-workspace/rustup-home:/opt/rustwide/rustup-home:ro,Z" "-e" "SOURCE_DIR=/opt/rustwide/workdir" "-e" "CARGO_TARGET_DIR=/opt/rustwide/target" "-e" "CARGO_INCREMENTAL=0" "-e" "RUST_BACKTRACE=full" "-e" "RUSTFLAGS=--cap-lints=forbid -Zrandomize-layout" "-e" "RUSTDOCFLAGS=--cap-lints=forbid" "-e" "CARGO_HOME=/opt/rustwide/cargo-home" "-e" "RUSTUP_HOME=/opt/rustwide/rustup-home" "-w" "/opt/rustwide/workdir" "-m" "1610612736" "--user" "0:0" "--network" "none" "ghcr.io/rust-lang/crates-build-env/linux@sha256:819108c5571ea2e421544af4d832f968d213c87fbe3707a016657f43d2f853bc" "/opt/rustwide/cargo-home/bin/cargo" "+nightly-2025-01-18" "build" "--frozen" "--message-format=json", kill_on_drop: false }`
[INFO] [stdout] 1c869bb44e5362477197d3e5c286b6c3c6973304c15d126ce9281a9ad3f695da
[INFO] running `Command { std: "docker" "start" "-a" "1c869bb44e5362477197d3e5c286b6c3c6973304c15d126ce9281a9ad3f695da", kill_on_drop: false }`
[INFO] [stderr]    Compiling proc-macro2 v1.0.92
[INFO] [stderr]    Compiling unicode-ident v1.0.14
[INFO] [stderr]    Compiling crossbeam-utils v0.8.20
[INFO] [stderr]    Compiling equivalent v1.0.1
[INFO] [stderr]    Compiling hashbrown v0.15.2
[INFO] [stderr]    Compiling toml_datetime v0.6.8
[INFO] [stderr]    Compiling winnow v0.6.20
[INFO] [stderr]    Compiling memchr v2.7.4
[INFO] [stderr]    Compiling rayon-core v1.12.1
[INFO] [stderr]    Compiling regex-syntax v0.8.5
[INFO] [stderr]    Compiling either v1.13.0
[INFO] [stderr]    Compiling quote v1.0.37
[INFO] [stderr]    Compiling crossbeam-epoch v0.9.18
[INFO] [stderr]    Compiling aho-corasick v1.1.3
[INFO] [stderr]    Compiling indexmap v2.7.0
[INFO] [stderr]    Compiling syn v1.0.109
[INFO] [stderr]    Compiling syn v2.0.90
[INFO] [stderr]    Compiling crossbeam-deque v0.8.5
[INFO] [stderr]    Compiling toml_edit v0.22.22
[INFO] [stderr]    Compiling regex-automata v0.4.9
[INFO] [stderr]    Compiling rayon v1.10.0
[INFO] [stderr]    Compiling regex v1.11.1
[INFO] [stderr]    Compiling time_it v0.1.0 (/opt/rustwide/workdir/time_it)
[INFO] [stderr]    Compiling proc-macro-crate v3.2.0
[INFO] [stderr]    Compiling ntest_timeout v0.9.3
[INFO] [stderr]    Compiling ntest_test_cases v0.9.3
[INFO] [stderr]    Compiling ntest v0.9.3
[INFO] [stderr]    Compiling aoc-2024 v0.1.0 (/opt/rustwide/workdir)
[INFO] [stderr]     Finished `dev` profile [unoptimized + debuginfo] target(s) in 18.00s
[INFO] running `Command { std: "docker" "inspect" "1c869bb44e5362477197d3e5c286b6c3c6973304c15d126ce9281a9ad3f695da", kill_on_drop: false }`
[INFO] running `Command { std: "docker" "rm" "-f" "1c869bb44e5362477197d3e5c286b6c3c6973304c15d126ce9281a9ad3f695da", kill_on_drop: false }`
[INFO] [stdout] 1c869bb44e5362477197d3e5c286b6c3c6973304c15d126ce9281a9ad3f695da
[INFO] running `Command { std: "docker" "create" "-v" "/var/lib/crater-agent-workspace/builds/worker-0-tc2/target:/opt/rustwide/target:rw,Z" "-v" "/var/lib/crater-agent-workspace/builds/worker-0-tc2/source:/opt/rustwide/workdir:ro,Z" "-v" "/var/lib/crater-agent-workspace/cargo-home:/opt/rustwide/cargo-home:ro,Z" "-v" "/var/lib/crater-agent-workspace/rustup-home:/opt/rustwide/rustup-home:ro,Z" "-e" "SOURCE_DIR=/opt/rustwide/workdir" "-e" "CARGO_TARGET_DIR=/opt/rustwide/target" "-e" "CARGO_INCREMENTAL=0" "-e" "RUST_BACKTRACE=full" "-e" "RUSTFLAGS=--cap-lints=forbid -Zrandomize-layout" "-e" "RUSTDOCFLAGS=--cap-lints=forbid" "-e" "CARGO_HOME=/opt/rustwide/cargo-home" "-e" "RUSTUP_HOME=/opt/rustwide/rustup-home" "-w" "/opt/rustwide/workdir" "-m" "1610612736" "--user" "0:0" "--network" "none" "ghcr.io/rust-lang/crates-build-env/linux@sha256:819108c5571ea2e421544af4d832f968d213c87fbe3707a016657f43d2f853bc" "/opt/rustwide/cargo-home/bin/cargo" "+nightly-2025-01-18" "test" "--frozen" "--no-run" "--message-format=json", kill_on_drop: false }`
[INFO] [stdout] 29cdf0934bfc8ef502856f88becdfcd11b04b05abc22732fc288cec279c21a24
[INFO] running `Command { std: "docker" "start" "-a" "29cdf0934bfc8ef502856f88becdfcd11b04b05abc22732fc288cec279c21a24", kill_on_drop: false }`
[INFO] [stderr]    Compiling aoc-2024 v0.1.0 (/opt/rustwide/workdir)
[INFO] [stderr]     Finished `test` profile [unoptimized + debuginfo] target(s) in 2.09s
[INFO] running `Command { std: "docker" "inspect" "29cdf0934bfc8ef502856f88becdfcd11b04b05abc22732fc288cec279c21a24", kill_on_drop: false }`
[INFO] running `Command { std: "docker" "rm" "-f" "29cdf0934bfc8ef502856f88becdfcd11b04b05abc22732fc288cec279c21a24", kill_on_drop: false }`
[INFO] [stdout] 29cdf0934bfc8ef502856f88becdfcd11b04b05abc22732fc288cec279c21a24
[INFO] running `Command { std: "docker" "create" "-v" "/var/lib/crater-agent-workspace/builds/worker-0-tc2/target:/opt/rustwide/target:rw,Z" "-v" "/var/lib/crater-agent-workspace/builds/worker-0-tc2/source:/opt/rustwide/workdir:ro,Z" "-v" "/var/lib/crater-agent-workspace/cargo-home:/opt/rustwide/cargo-home:ro,Z" "-v" "/var/lib/crater-agent-workspace/rustup-home:/opt/rustwide/rustup-home:ro,Z" "-e" "SOURCE_DIR=/opt/rustwide/workdir" "-e" "CARGO_TARGET_DIR=/opt/rustwide/target" "-e" "CARGO_INCREMENTAL=0" "-e" "RUST_BACKTRACE=full" "-e" "RUSTFLAGS=--cap-lints=forbid -Zrandomize-layout" "-e" "RUSTDOCFLAGS=--cap-lints=forbid" "-e" "CARGO_HOME=/opt/rustwide/cargo-home" "-e" "RUSTUP_HOME=/opt/rustwide/rustup-home" "-w" "/opt/rustwide/workdir" "-m" "1610612736" "--user" "0:0" "--network" "none" "ghcr.io/rust-lang/crates-build-env/linux@sha256:819108c5571ea2e421544af4d832f968d213c87fbe3707a016657f43d2f853bc" "/opt/rustwide/cargo-home/bin/cargo" "+nightly-2025-01-18" "test" "--frozen", kill_on_drop: false }`
[INFO] [stdout] 4175125e2428f4d84ad9dd477a80c9f0d9abb2bb59dbe065e354a6cd2c01849f
[INFO] running `Command { std: "docker" "start" "-a" "4175125e2428f4d84ad9dd477a80c9f0d9abb2bb59dbe065e354a6cd2c01849f", kill_on_drop: false }`
[INFO] [stderr]     Finished `test` profile [unoptimized + debuginfo] target(s) in 0.04s
[INFO] [stderr]      Running unittests src/main.rs (/opt/rustwide/target/debug/deps/aoc_2024-623aea800ba5a3cc)
[INFO] [stdout] 
[INFO] [stdout] running 49 tests
[INFO] [stdout] test day10::tests::part_one::part_one_branching ... ok
[INFO] [stdout] test day10::tests::part_one::part_one_simple ... ok
[INFO] [stdout] test day10::tests::part_two::part_two_example_returns_the_correct_answer ... ok
[INFO] [stdout] test day11::tests::part_one::part_one_simple ... ok
[INFO] [stdout] test day1::tests::part_one__example_returns_the_correct_answer ... ok
[INFO] [stdout] test day10::tests::part_two::part_two_branching ... ok
[INFO] [stdout] test day10::tests::part_one::part_one_example_returns_the_correct_answer ... ok
[INFO] [stdout] test day6::tests::obstacles::test_find_next_obstacle ... ok
[INFO] [stdout] test day2::tests::part_two_example_returns_the_correct_answer ... ok
[INFO] [stdout] test day5::tests::part_one_example_returns_the_correct_answer ... ok
[INFO] [stdout] test day11::tests::part_one::part_one_example_returns_the_correct_answer ... ok
[INFO] [stdout] test day2::tests::part_one_example_returns_the_correct_answer ... ok
[INFO] [stdout] test day5::tests::part_two_example_returns_the_correct_answer ... ok
[INFO] [stdout] test day6::tests::parts::part_one_example_returns_the_correct_answer ... ok
[INFO] [stdout] test day6::tests::infinite_loops::test_should_return_none_for_infinite_loop ... ok
[INFO] [stdout] test day8::tests::part_one_two_antennas ... ok
[INFO] [stdout] test day8::tests::part_one_with_3_antennas ... ok
[INFO] [stdout] test day8::tests::part_two_with_3_antennas ... ok
[INFO] [stdout] test day4::tests::part_one_example_returns_the_correct_answer ... ok
[INFO] [stdout] test day1::tests::part_two_example_returns_the_correct_answer ... ok
[INFO] [stdout] test day8::tests::part_two_example_returns_the_correct_answer ... ok
[INFO] [stdout] test day8::tests::part_one_with_4_antennas_with_1_different ... ok
[INFO] [stdout] test day4::tests::part_two_example_returns_the_correct_answer ... ok
[INFO] [stdout] test models::bounding_box::tests::contains_should_return_false_if_point_outside_bounding_box ... ok
[INFO] [stdout] test models::bounding_box::tests::point_out_on_x_axis ... ok
[INFO] [stdout] test models::bounding_box::tests::point_out_on_y_axis ... ok
[INFO] [stdout] test day9::tests::part_one_example_returns_the_correct_answer ... ok
[INFO] [stdout] test day9::tests::part_two_example_returns_the_correct_answer ... ok
[INFO] [stdout] test day9::tests::part_one_simple ... ok
[INFO] [stdout] test day8::tests::part_one_example_returns_the_correct_answer ... ok
[INFO] [stdout] test day3::tests::part_one_example_returns_the_correct_answer ... ok
[INFO] [stdout] test models::point::tests::addition_should_work ... ok
[INFO] [stdout] test day3::tests::part_two_complicated_example_returns_the_correct_answer ... ok
[INFO] [stdout] test models::point::tests::comparison_works ... ok
[INFO] [stdout] test models::point::tests::subtraction_should_work ... ok
[INFO] [stdout] test models::position::tests::test_east_of ... ok
[INFO] [stdout] test models::position::tests::test_north_of ... ok
[INFO] [stdout] test models::position::tests::test_south_of ... ok
[INFO] [stdout] test models::position::tests::test_west_of ... ok
[INFO] [stdout] test day3::tests::part_two_example_returns_the_correct_answer ... ok
[INFO] [stdout] test models::point::tests::diff_should_follow_associative_rules ... ok
[INFO] [stdout] test day7::tests::part_two_example_returns_the_correct_answer ... ok
[INFO] [stdout] test models::point::tests::greater_than_should_work ... ok
[INFO] [stdout] test day7::tests::part_one_example_returns_the_correct_answer ... ok
[INFO] [stdout] test models::point::tests::diff_should_work ... ok
[INFO] [stdout] test day6::tests::parts::part_two_example_returns_the_correct_answer ... ok
[INFO] [stdout] test models::point::tests::less_than_should_work ... FAILED
[INFO] [stdout] test day6::tests::parts::part_one_actual_input ... ok
[INFO] [stdout] test day6::tests::parts::part_two_actual_input ... ok
[INFO] [stdout] 
[INFO] [stdout] failures:
[INFO] [stdout] 
[INFO] [stdout] ---- models::point::tests::less_than_should_work stdout ----
[INFO] [stdout] 
[INFO] [stdout] thread 'models::point::tests::less_than_should_work' panicked at src/models/point.rs:182:9:
[INFO] [stdout] assertion failed: b < a
[INFO] [stdout] stack backtrace:
[INFO] [stdout]    0:     0x5f9abecb7e4a - std::backtrace_rs::backtrace::libunwind::trace::hb059275cfc8d6126
[INFO] [stdout]                                at /rustc/6067b36314ab5eb2eb47cecc464545ba58e1ad24/library/std/src/../../backtrace/src/backtrace/libunwind.rs:116:5
[INFO] [stdout]    1:     0x5f9abecb7e4a - std::backtrace_rs::backtrace::trace_unsynchronized::h2da071e4327ce3ee
[INFO] [stdout]                                at /rustc/6067b36314ab5eb2eb47cecc464545ba58e1ad24/library/std/src/../../backtrace/src/backtrace/mod.rs:66:5
[INFO] [stdout]    2:     0x5f9abecb7e4a - std::sys::backtrace::_print_fmt::h842a1474e6f8d23f
[INFO] [stdout]                                at /rustc/6067b36314ab5eb2eb47cecc464545ba58e1ad24/library/std/src/sys/backtrace.rs:66:9
[INFO] [stdout]    3:     0x5f9abecb7e4a - <std::sys::backtrace::BacktraceLock::print::DisplayBacktrace as core::fmt::Display>::fmt::h71a62eb3b9696b12
[INFO] [stdout]                                at /rustc/6067b36314ab5eb2eb47cecc464545ba58e1ad24/library/std/src/sys/backtrace.rs:39:26
[INFO] [stdout]    4:     0x5f9abece0803 - core::fmt::rt::Argument::fmt::hdb6b616786b41dc1
[INFO] [stdout]                                at /rustc/6067b36314ab5eb2eb47cecc464545ba58e1ad24/library/core/src/fmt/rt.rs:177:76
[INFO] [stdout]    5:     0x5f9abece0803 - core::fmt::write::h2cc1698af7e2d686
[INFO] [stdout]                                at /rustc/6067b36314ab5eb2eb47cecc464545ba58e1ad24/library/core/src/fmt/mod.rs:1440:21
[INFO] [stdout]    6:     0x5f9abecb4933 - std::io::Write::write_fmt::hab1b4cd059a79022
[INFO] [stdout]                                at /rustc/6067b36314ab5eb2eb47cecc464545ba58e1ad24/library/std/src/io/mod.rs:1887:15
[INFO] [stdout]    7:     0x5f9abecb7c92 - std::sys::backtrace::BacktraceLock::print::h147fe35b4ea13b08
[INFO] [stdout]                                at /rustc/6067b36314ab5eb2eb47cecc464545ba58e1ad24/library/std/src/sys/backtrace.rs:42:9
[INFO] [stdout]    8:     0x5f9abecb926f - std::panicking::default_hook::{{closure}}::hbd44223dbdc0d208
[INFO] [stdout]                                at /rustc/6067b36314ab5eb2eb47cecc464545ba58e1ad24/library/std/src/panicking.rs:298:22
[INFO] [stdout]    9:     0x5f9abecb9088 - std::panicking::default_hook::h20f81eb0576efcec
[INFO] [stdout]                                at /rustc/6067b36314ab5eb2eb47cecc464545ba58e1ad24/library/std/src/panicking.rs:322:9
[INFO] [stdout]   10:     0x5f9abe9db053 - <alloc::boxed::Box<F,A> as core::ops::function::Fn<Args>>::call::hdb53814c496a4d34
[INFO] [stdout]                                at /rustc/6067b36314ab5eb2eb47cecc464545ba58e1ad24/library/alloc/src/boxed.rs:2027:9
[INFO] [stdout]   11:     0x5f9abe9db053 - test::test_main::{{closure}}::hc0a4963c59427c24
[INFO] [stdout]                                at /rustc/6067b36314ab5eb2eb47cecc464545ba58e1ad24/library/test/src/lib.rs:134:21
[INFO] [stdout]   12:     0x5f9abecb9d63 - <alloc::boxed::Box<F,A> as core::ops::function::Fn<Args>>::call::h591b2225413a77e9
[INFO] [stdout]                                at /rustc/6067b36314ab5eb2eb47cecc464545ba58e1ad24/library/alloc/src/boxed.rs:2027:9
[INFO] [stdout]   13:     0x5f9abecb9d63 - std::panicking::rust_panic_with_hook::h625eea43051b2edc
[INFO] [stdout]                                at /rustc/6067b36314ab5eb2eb47cecc464545ba58e1ad24/library/std/src/panicking.rs:839:13
[INFO] [stdout]   14:     0x5f9abecb99e6 - std::panicking::begin_panic_handler::{{closure}}::h4f9159cfbc3f6bd3
[INFO] [stdout]                                at /rustc/6067b36314ab5eb2eb47cecc464545ba58e1ad24/library/std/src/panicking.rs:697:13
[INFO] [stdout]   15:     0x5f9abecb8349 - std::sys::backtrace::__rust_end_short_backtrace::h0390abce48353151
[INFO] [stdout]                                at /rustc/6067b36314ab5eb2eb47cecc464545ba58e1ad24/library/std/src/sys/backtrace.rs:168:18
[INFO] [stdout]   16:     0x5f9abecb96ad - rust_begin_unwind
[INFO] [stdout]                                at /rustc/6067b36314ab5eb2eb47cecc464545ba58e1ad24/library/std/src/panicking.rs:695:5
[INFO] [stdout]   17:     0x5f9abecde950 - core::panicking::panic_fmt::h9e7c637e9e5f29c9
[INFO] [stdout]                                at /rustc/6067b36314ab5eb2eb47cecc464545ba58e1ad24/library/core/src/panicking.rs:75:14
[INFO] [stdout]   18:     0x5f9abecde9dc - core::panicking::panic::haa3255ea20181a33
[INFO] [stdout]                                at /rustc/6067b36314ab5eb2eb47cecc464545ba58e1ad24/library/core/src/panicking.rs:145:5
[INFO] [stdout]   19:     0x5f9abe968768 - aoc_2024::models::point::tests::less_than_should_work::h7bdf93210bec4bab
[INFO] [stdout]                                at /opt/rustwide/workdir/src/models/point.rs:182:9
[INFO] [stdout]   20:     0x5f9abe9686f7 - aoc_2024::models::point::tests::less_than_should_work::{{closure}}::h1859f11a9af8dcf3
[INFO] [stdout]                                at /opt/rustwide/workdir/src/models/point.rs:178:31
[INFO] [stdout]   21:     0x5f9abe949f76 - core::ops::function::FnOnce::call_once::h31532122688a838d
[INFO] [stdout]                                at /rustc/6067b36314ab5eb2eb47cecc464545ba58e1ad24/library/core/src/ops/function.rs:250:5
[INFO] [stdout]   22:     0x5f9abe9e07ab - core::ops::function::FnOnce::call_once::he27718dfdd183f43
[INFO] [stdout]                                at /rustc/6067b36314ab5eb2eb47cecc464545ba58e1ad24/library/core/src/ops/function.rs:250:5
[INFO] [stdout]   23:     0x5f9abe9e07ab - test::__rust_begin_short_backtrace::h4e84902998457a5d
[INFO] [stdout]                                at /rustc/6067b36314ab5eb2eb47cecc464545ba58e1ad24/library/test/src/lib.rs:632:18
[INFO] [stdout]   24:     0x5f9abe9df6e3 - test::run_test_in_process::{{closure}}::h7176fd18fc1feca0
[INFO] [stdout]                                at /rustc/6067b36314ab5eb2eb47cecc464545ba58e1ad24/library/test/src/lib.rs:655:60
[INFO] [stdout]   25:     0x5f9abe9df6e3 - <core::panic::unwind_safe::AssertUnwindSafe<F> as core::ops::function::FnOnce<()>>::call_once::hf79cff2a624d8cf7
[INFO] [stdout]                                at /rustc/6067b36314ab5eb2eb47cecc464545ba58e1ad24/library/core/src/panic/unwind_safe.rs:272:9
[INFO] [stdout]   26:     0x5f9abe9df6e3 - std::panicking::try::do_call::h3da0561d9ab99c25
[INFO] [stdout]                                at /rustc/6067b36314ab5eb2eb47cecc464545ba58e1ad24/library/std/src/panicking.rs:587:40
[INFO] [stdout]   27:     0x5f9abe9df6e3 - std::panicking::try::h41c9fa508bc61df6
[INFO] [stdout]                                at /rustc/6067b36314ab5eb2eb47cecc464545ba58e1ad24/library/std/src/panicking.rs:550:19
[INFO] [stdout]   28:     0x5f9abe9df6e3 - std::panic::catch_unwind::h6b3ff07bb5afad93
[INFO] [stdout]                                at /rustc/6067b36314ab5eb2eb47cecc464545ba58e1ad24/library/std/src/panic.rs:358:14
[INFO] [stdout]   29:     0x5f9abe9df6e3 - test::run_test_in_process::hc7253dd11b39b9f4
[INFO] [stdout]                                at /rustc/6067b36314ab5eb2eb47cecc464545ba58e1ad24/library/test/src/lib.rs:655:27
[INFO] [stdout]   30:     0x5f9abe9df6e3 - test::run_test::{{closure}}::hfb2007f8649c30bb
[INFO] [stdout]                                at /rustc/6067b36314ab5eb2eb47cecc464545ba58e1ad24/library/test/src/lib.rs:576:43
[INFO] [stdout]   31:     0x5f9abe9a27c5 - test::run_test::{{closure}}::h56a17aa7a282a9f4
[INFO] [stdout]                                at /rustc/6067b36314ab5eb2eb47cecc464545ba58e1ad24/library/test/src/lib.rs:606:41
[INFO] [stdout]   32:     0x5f9abe9a27c5 - std::sys::backtrace::__rust_begin_short_backtrace::hd2d2d2fb8e8c6aac
[INFO] [stdout]                                at /rustc/6067b36314ab5eb2eb47cecc464545ba58e1ad24/library/std/src/sys/backtrace.rs:152:18
[INFO] [stdout]   33:     0x5f9abe9a60aa - std::thread::Builder::spawn_unchecked_::{{closure}}::{{closure}}::h4faa3f9db6133423
[INFO] [stdout]                                at /rustc/6067b36314ab5eb2eb47cecc464545ba58e1ad24/library/std/src/thread/mod.rs:559:17
[INFO] [stdout]   34:     0x5f9abe9a60aa - <core::panic::unwind_safe::AssertUnwindSafe<F> as core::ops::function::FnOnce<()>>::call_once::hf2e855a36a4ea846
[INFO] [stdout]                                at /rustc/6067b36314ab5eb2eb47cecc464545ba58e1ad24/library/core/src/panic/unwind_safe.rs:272:9
[INFO] [stdout]   35:     0x5f9abe9a60aa - std::panicking::try::do_call::h2f73af3616c35465
[INFO] [stdout]                                at /rustc/6067b36314ab5eb2eb47cecc464545ba58e1ad24/library/std/src/panicking.rs:587:40
[INFO] [stdout]   36:     0x5f9abe9a60aa - std::panicking::try::hd1660ce9efadef5a
[INFO] [stdout]                                at /rustc/6067b36314ab5eb2eb47cecc464545ba58e1ad24/library/std/src/panicking.rs:550:19
[INFO] [stdout]   37:     0x5f9abe9a60aa - std::panic::catch_unwind::h5ee8d7823b8ca744
[INFO] [stdout]                                at /rustc/6067b36314ab5eb2eb47cecc464545ba58e1ad24/library/std/src/panic.rs:358:14
[INFO] [stdout]   38:     0x5f9abe9a60aa - std::thread::Builder::spawn_unchecked_::{{closure}}::h53c3a1894dce8407
[INFO] [stdout]                                at /rustc/6067b36314ab5eb2eb47cecc464545ba58e1ad24/library/std/src/thread/mod.rs:557:30
[INFO] [stdout]   39:     0x5f9abe9a60aa - core::ops::function::FnOnce::call_once{{vtable.shim}}::h048ce291ad4f62bf
[INFO] [stdout]                                at /rustc/6067b36314ab5eb2eb47cecc464545ba58e1ad24/library/core/src/ops/function.rs:250:5
[INFO] [stdout]   40:     0x5f9abecbdd9b - <alloc::boxed::Box<F,A> as core::ops::function::FnOnce<Args>>::call_once::ha52bedf99a3b4981
[INFO] [stdout]                                at /rustc/6067b36314ab5eb2eb47cecc464545ba58e1ad24/library/alloc/src/boxed.rs:2013:9
[INFO] [stdout]   41:     0x5f9abecbdd9b - <alloc::boxed::Box<F,A> as core::ops::function::FnOnce<Args>>::call_once::h567748934d80ccf8
[INFO] [stdout]                                at /rustc/6067b36314ab5eb2eb47cecc464545ba58e1ad24/library/alloc/src/boxed.rs:2013:9
[INFO] [stdout]   42:     0x5f9abecbdd9b - std::sys::pal::unix::thread::Thread::new::thread_start::h2d970728ae887adc
[INFO] [stdout]                                at /rustc/6067b36314ab5eb2eb47cecc464545ba58e1ad24/library/std/src/sys/pal/unix/thread.rs:106:17
[INFO] [stdout]   43:     0x7fdd66157ac3 - <unknown>
[INFO] [stdout]   44:     0x7fdd661e8a04 - clone
[INFO] [stdout]   45:                0x0 - <unknown>
[INFO] [stdout] 
[INFO] [stdout] 
[INFO] [stdout] failures:
[INFO] [stdout]     models::point::tests::less_than_should_work
[INFO] [stdout] 
[INFO] [stdout] test result: FAILED. 48 passed; 1 failed; 0 ignored; 0 measured; 0 filtered out; finished in 27.20s
[INFO] [stdout] 
[INFO] [stderr] error: test failed, to rerun pass `--bin aoc-2024`
[INFO] running `Command { std: "docker" "inspect" "4175125e2428f4d84ad9dd477a80c9f0d9abb2bb59dbe065e354a6cd2c01849f", kill_on_drop: false }`
[INFO] running `Command { std: "docker" "rm" "-f" "4175125e2428f4d84ad9dd477a80c9f0d9abb2bb59dbe065e354a6cd2c01849f", kill_on_drop: false }`
[INFO] [stdout] 4175125e2428f4d84ad9dd477a80c9f0d9abb2bb59dbe065e354a6cd2c01849f
