[INFO] cloning repository https://github.com/CVB91/auto_component
[INFO] running `Command { std: "git" "-c" "credential.helper=" "-c" "credential.helper=/workspace/cargo-home/bin/git-credential-null" "clone" "--bare" "https://github.com/CVB91/auto_component" "/workspace/cache/git-repos/https%3A%2F%2Fgithub.com%2FCVB91%2Fauto_component", kill_on_drop: false }`
[INFO] [stderr] Cloning into bare repository '/workspace/cache/git-repos/https%3A%2F%2Fgithub.com%2FCVB91%2Fauto_component'...
[INFO] running `Command { std: "git" "rev-parse" "HEAD", kill_on_drop: false }`
[INFO] [stdout] 0193d6c62049fe5e623ea7bd8e89dbb3364240d3
[INFO] testing CVB91/auto_component against nightly-2025-01-18+rustflags=-Zrandomize-layout for randomize-layout-2
[INFO] running `Command { std: "git" "clone" "/workspace/cache/git-repos/https%3A%2F%2Fgithub.com%2FCVB91%2Fauto_component" "/workspace/builds/worker-2-tc2/source", kill_on_drop: false }`
[INFO] [stderr] Cloning into '/workspace/builds/worker-2-tc2/source'...
[INFO] [stderr] done.
[INFO] validating manifest of git repo https://github.com/CVB91/auto_component on toolchain nightly-2025-01-18
[INFO] running `Command { std: CARGO_HOME="/workspace/cargo-home" RUSTUP_HOME="/workspace/rustup-home" "/workspace/cargo-home/bin/cargo" "+nightly-2025-01-18" "metadata" "--manifest-path" "Cargo.toml" "--no-deps", kill_on_drop: false }`
[INFO] started tweaking git repo https://github.com/CVB91/auto_component
[INFO] finished tweaking git repo https://github.com/CVB91/auto_component
[INFO] tweaked toml for git repo https://github.com/CVB91/auto_component written to /workspace/builds/worker-2-tc2/source/Cargo.toml
[INFO] crate git repo https://github.com/CVB91/auto_component already has a lockfile, it will not be regenerated
[INFO] running `Command { std: CARGO_HOME="/workspace/cargo-home" RUSTUP_HOME="/workspace/rustup-home" "/workspace/cargo-home/bin/cargo" "+nightly-2025-01-18" "fetch" "--manifest-path" "Cargo.toml", kill_on_drop: false }`
[INFO] [stderr]     Blocking waiting for file lock on package cache
[INFO] running `Command { std: "docker" "create" "-v" "/var/lib/crater-agent-workspace/builds/worker-2-tc2/target:/opt/rustwide/target:rw,Z" "-v" "/var/lib/crater-agent-workspace/builds/worker-2-tc2/source:/opt/rustwide/workdir:ro,Z" "-v" "/var/lib/crater-agent-workspace/cargo-home:/opt/rustwide/cargo-home:ro,Z" "-v" "/var/lib/crater-agent-workspace/rustup-home:/opt/rustwide/rustup-home:ro,Z" "-e" "SOURCE_DIR=/opt/rustwide/workdir" "-e" "CARGO_TARGET_DIR=/opt/rustwide/target" "-e" "CARGO_HOME=/opt/rustwide/cargo-home" "-e" "RUSTUP_HOME=/opt/rustwide/rustup-home" "-w" "/opt/rustwide/workdir" "-m" "1610612736" "--user" "0:0" "--network" "none" "ghcr.io/rust-lang/crates-build-env/linux@sha256:819108c5571ea2e421544af4d832f968d213c87fbe3707a016657f43d2f853bc" "/opt/rustwide/cargo-home/bin/cargo" "+nightly-2025-01-18" "metadata" "--no-deps" "--format-version=1", kill_on_drop: false }`
[INFO] [stdout] 639e73e76d0c35cd62a391f519302c28a0fb3046181956bd8f2e0152029ffe75
[INFO] running `Command { std: "docker" "start" "-a" "639e73e76d0c35cd62a391f519302c28a0fb3046181956bd8f2e0152029ffe75", kill_on_drop: false }`
[INFO] running `Command { std: "docker" "inspect" "639e73e76d0c35cd62a391f519302c28a0fb3046181956bd8f2e0152029ffe75", kill_on_drop: false }`
[INFO] running `Command { std: "docker" "rm" "-f" "639e73e76d0c35cd62a391f519302c28a0fb3046181956bd8f2e0152029ffe75", kill_on_drop: false }`
[INFO] [stdout] 639e73e76d0c35cd62a391f519302c28a0fb3046181956bd8f2e0152029ffe75
[INFO] running `Command { std: "docker" "create" "-v" "/var/lib/crater-agent-workspace/builds/worker-2-tc2/target:/opt/rustwide/target:rw,Z" "-v" "/var/lib/crater-agent-workspace/builds/worker-2-tc2/source:/opt/rustwide/workdir:ro,Z" "-v" "/var/lib/crater-agent-workspace/cargo-home:/opt/rustwide/cargo-home:ro,Z" "-v" "/var/lib/crater-agent-workspace/rustup-home:/opt/rustwide/rustup-home:ro,Z" "-e" "SOURCE_DIR=/opt/rustwide/workdir" "-e" "CARGO_TARGET_DIR=/opt/rustwide/target" "-e" "CARGO_INCREMENTAL=0" "-e" "RUST_BACKTRACE=full" "-e" "RUSTFLAGS=--cap-lints=forbid -Zrandomize-layout" "-e" "RUSTDOCFLAGS=--cap-lints=forbid" "-e" "CARGO_HOME=/opt/rustwide/cargo-home" "-e" "RUSTUP_HOME=/opt/rustwide/rustup-home" "-w" "/opt/rustwide/workdir" "-m" "1610612736" "--user" "0:0" "--network" "none" "ghcr.io/rust-lang/crates-build-env/linux@sha256:819108c5571ea2e421544af4d832f968d213c87fbe3707a016657f43d2f853bc" "/opt/rustwide/cargo-home/bin/cargo" "+nightly-2025-01-18" "build" "--frozen" "--message-format=json", kill_on_drop: false }`
[INFO] [stdout] 31ca2df3dd26c6e7030d11015d54dd1994ed6dd1dd6a0156d805313a932258e2
[INFO] running `Command { std: "docker" "start" "-a" "31ca2df3dd26c6e7030d11015d54dd1994ed6dd1dd6a0156d805313a932258e2", kill_on_drop: false }`
[INFO] [stderr]    Compiling proc-macro2 v1.0.76
[INFO] [stderr]    Compiling unicode-ident v1.0.12
[INFO] [stderr]    Compiling libc v0.2.152
[INFO] [stderr]    Compiling autocfg v1.1.0
[INFO] [stderr]    Compiling log v0.4.20
[INFO] [stderr]    Compiling parking_lot_core v0.9.9
[INFO] [stderr]    Compiling pkg-config v0.3.28
[INFO] [stderr]    Compiling pin-project-lite v0.2.13
[INFO] [stderr]    Compiling once_cell v1.19.0
[INFO] [stderr]    Compiling smallvec v1.11.2
[INFO] [stderr]    Compiling bytes v1.5.0
[INFO] [stderr]    Compiling itoa v1.0.10
[INFO] [stderr]    Compiling futures-core v0.3.30
[INFO] [stderr]    Compiling openssl v0.10.62
[INFO] [stderr]    Compiling tinyvec v1.6.0
[INFO] [stderr]    Compiling futures-task v0.3.30
[INFO] [stderr]    Compiling hashbrown v0.14.3
[INFO] [stderr]    Compiling native-tls v0.2.11
[INFO] [stderr]    Compiling bitflags v2.4.1
[INFO] [stderr]    Compiling httparse v1.8.0
[INFO] [stderr]    Compiling serde v1.0.195
[INFO] [stderr]    Compiling futures-sink v0.3.30
[INFO] [stderr]    Compiling futures-util v0.3.30
[INFO] [stderr]    Compiling signal-hook v0.3.17
[INFO] [stderr]    Compiling unicode-bidi v0.3.14
[INFO] [stderr]    Compiling tracing-core v0.1.32
[INFO] [stderr]    Compiling futures-channel v0.3.30
[INFO] [stderr]    Compiling rustversion v1.0.14
[INFO] [stderr]    Compiling serde_json v1.0.111
[INFO] [stderr]    Compiling ryu v1.0.16
[INFO] [stderr]    Compiling tower-service v0.3.2
[INFO] [stderr]    Compiling lock_api v0.4.11
[INFO] [stderr]    Compiling slab v0.4.9
[INFO] [stderr]    Compiling async-trait v0.1.77
[INFO] [stderr]    Compiling http v0.2.11
[INFO] [stderr]    Compiling encoding_rs v0.8.33
[INFO] [stderr]    Compiling quote v1.0.35
[INFO] [stderr]    Compiling tracing v0.1.40
[INFO] [stderr]    Compiling home v0.5.9
[INFO] [stderr]    Compiling bitflags v1.3.2
[INFO] [stderr]    Compiling base64 v0.21.6
[INFO] [stderr]    Compiling syn v2.0.48
[INFO] [stderr]    Compiling syn v1.0.109
[INFO] [stderr]    Compiling ipnet v2.9.0
[INFO] [stderr]    Compiling dotenv v0.15.0
[INFO] [stderr]    Compiling indexmap v2.1.0
[INFO] [stderr]    Compiling strum v0.24.1
[INFO] [stderr]    Compiling unicode-normalization v0.1.22
[INFO] [stderr]    Compiling signal-hook-registry v1.4.1
[INFO] [stderr]    Compiling mio v0.8.10
[INFO] [stderr]    Compiling socket2 v0.5.5
[INFO] [stderr]    Compiling num_cpus v1.16.0
[INFO] [stderr]    Compiling cc v1.0.83
[INFO] [stderr]    Compiling http-body v0.4.6
[INFO] [stderr]    Compiling parking_lot v0.12.1
[INFO] [stderr]    Compiling idna v0.5.0
[INFO] [stderr]    Compiling signal-hook-mio v0.2.3
[INFO] [stderr]    Compiling crossterm v0.26.1
[INFO] [stderr]    Compiling openssl-sys v0.9.98
[INFO] [stderr]    Compiling url v2.5.0
[INFO] [stderr]    Compiling webbrowser v0.8.12
[INFO] [stderr]    Compiling strum_macros v0.24.3
[INFO] [stderr]    Compiling tokio-macros v2.2.0
[INFO] [stderr]    Compiling openssl-macros v0.1.1
[INFO] [stderr]    Compiling serde_derive v1.0.195
[INFO] [stderr]    Compiling ai_functions v0.1.1
[INFO] [stderr]    Compiling tokio v1.35.1
[INFO] [stderr]    Compiling tokio-util v0.7.10
[INFO] [stderr]    Compiling tokio-native-tls v0.3.1
[INFO] [stderr]    Compiling h2 v0.3.22
[INFO] [stderr]    Compiling serde_urlencoded v0.7.1
[INFO] [stderr]    Compiling hyper v0.14.28
[INFO] [stderr]    Compiling hyper-tls v0.5.0
[INFO] [stderr]    Compiling reqwest v0.11.23
[INFO] [stderr]    Compiling auto_component v0.1.0 (/opt/rustwide/workdir)
[INFO] [stdout] warning: associated items `new`, `get_objective`, `get_position`, `get_state`, and `get_memory` are never used
[INFO] [stdout]   --> src/models/agent_basic/basic_traits.rs:5:8
[INFO] [stdout]    |
[INFO] [stdout] 4  | pub trait BasicTraits {
[INFO] [stdout]    |           ----------- associated items in this trait
[INFO] [stdout] 5  |     fn new(objective: String, position: String) -> Self;
[INFO] [stdout]    |        ^^^
[INFO] [stdout] 6  |     fn update_state(&mut self, new_state: AgentState);
[INFO] [stdout] 7  |     fn get_objective(&self) -> &String;
[INFO] [stdout]    |        ^^^^^^^^^^^^^
[INFO] [stdout] 8  |     fn get_position(&self) -> &String;
[INFO] [stdout]    |        ^^^^^^^^^^^^
[INFO] [stdout] 9  |     fn get_state(&self) -> &AgentState;
[INFO] [stdout]    |        ^^^^^^^^^
[INFO] [stdout] 10 |     fn get_memory(&self) -> &Vec<Message>;
[INFO] [stdout]    |        ^^^^^^^^^^
[INFO] [stdout]    |
[INFO] [stdout]    = note: `#[warn(dead_code)]` on by default
[INFO] [stdout] 
[INFO] [stdout] 
[INFO] [stdout] warning: method `get_attributes_from_agent` is never used
[INFO] [stdout]   --> src/models/agents/agent_traits.rs:34:8
[INFO] [stdout]    |
[INFO] [stdout] 32 | pub trait SpecialFunctions: Debug {
[INFO] [stdout]    |           ---------------- method in this trait
[INFO] [stdout] 33 |     // Used so that the manager can get attributes from Agents
[INFO] [stdout] 34 |     fn get_attributes_from_agent(&self) -> &BasicAgent;
[INFO] [stdout]    |        ^^^^^^^^^^^^^^^^^^^^^^^^^
[INFO] [stdout] 
[INFO] [stdout] 
[INFO] [stderr]     Finished `dev` profile [unoptimized + debuginfo] target(s) in 43.71s
[INFO] running `Command { std: "docker" "inspect" "31ca2df3dd26c6e7030d11015d54dd1994ed6dd1dd6a0156d805313a932258e2", kill_on_drop: false }`
[INFO] running `Command { std: "docker" "rm" "-f" "31ca2df3dd26c6e7030d11015d54dd1994ed6dd1dd6a0156d805313a932258e2", kill_on_drop: false }`
[INFO] [stdout] 31ca2df3dd26c6e7030d11015d54dd1994ed6dd1dd6a0156d805313a932258e2
[INFO] running `Command { std: "docker" "create" "-v" "/var/lib/crater-agent-workspace/builds/worker-2-tc2/target:/opt/rustwide/target:rw,Z" "-v" "/var/lib/crater-agent-workspace/builds/worker-2-tc2/source:/opt/rustwide/workdir:ro,Z" "-v" "/var/lib/crater-agent-workspace/cargo-home:/opt/rustwide/cargo-home:ro,Z" "-v" "/var/lib/crater-agent-workspace/rustup-home:/opt/rustwide/rustup-home:ro,Z" "-e" "SOURCE_DIR=/opt/rustwide/workdir" "-e" "CARGO_TARGET_DIR=/opt/rustwide/target" "-e" "CARGO_INCREMENTAL=0" "-e" "RUST_BACKTRACE=full" "-e" "RUSTFLAGS=--cap-lints=forbid -Zrandomize-layout" "-e" "RUSTDOCFLAGS=--cap-lints=forbid" "-e" "CARGO_HOME=/opt/rustwide/cargo-home" "-e" "RUSTUP_HOME=/opt/rustwide/rustup-home" "-w" "/opt/rustwide/workdir" "-m" "1610612736" "--user" "0:0" "--network" "none" "ghcr.io/rust-lang/crates-build-env/linux@sha256:819108c5571ea2e421544af4d832f968d213c87fbe3707a016657f43d2f853bc" "/opt/rustwide/cargo-home/bin/cargo" "+nightly-2025-01-18" "test" "--frozen" "--no-run" "--message-format=json", kill_on_drop: false }`
[INFO] [stdout] f1fa36975109f39c8b9bc646de2d4f6fd0e607c713eb6ced70a2cbd592c6a244
[INFO] running `Command { std: "docker" "start" "-a" "f1fa36975109f39c8b9bc646de2d4f6fd0e607c713eb6ced70a2cbd592c6a244", kill_on_drop: false }`
[INFO] [stderr]    Compiling auto_component v0.1.0 (/opt/rustwide/workdir)
[INFO] [stdout] warning: associated items `new`, `get_objective`, `get_position`, `get_state`, and `get_memory` are never used
[INFO] [stdout]   --> src/models/agent_basic/basic_traits.rs:5:8
[INFO] [stdout]    |
[INFO] [stdout] 4  | pub trait BasicTraits {
[INFO] [stdout]    |           ----------- associated items in this trait
[INFO] [stdout] 5  |     fn new(objective: String, position: String) -> Self;
[INFO] [stdout]    |        ^^^
[INFO] [stdout] 6  |     fn update_state(&mut self, new_state: AgentState);
[INFO] [stdout] 7  |     fn get_objective(&self) -> &String;
[INFO] [stdout]    |        ^^^^^^^^^^^^^
[INFO] [stdout] 8  |     fn get_position(&self) -> &String;
[INFO] [stdout]    |        ^^^^^^^^^^^^
[INFO] [stdout] 9  |     fn get_state(&self) -> &AgentState;
[INFO] [stdout]    |        ^^^^^^^^^
[INFO] [stdout] 10 |     fn get_memory(&self) -> &Vec<Message>;
[INFO] [stdout]    |        ^^^^^^^^^^
[INFO] [stdout]    |
[INFO] [stdout]    = note: `#[warn(dead_code)]` on by default
[INFO] [stdout] 
[INFO] [stdout] 
[INFO] [stdout] warning: method `get_attributes_from_agent` is never used
[INFO] [stdout]   --> src/models/agents/agent_traits.rs:34:8
[INFO] [stdout]    |
[INFO] [stdout] 32 | pub trait SpecialFunctions: Debug {
[INFO] [stdout]    |           ---------------- method in this trait
[INFO] [stdout] 33 |     // Used so that the manager can get attributes from Agents
[INFO] [stdout] 34 |     fn get_attributes_from_agent(&self) -> &BasicAgent;
[INFO] [stdout]    |        ^^^^^^^^^^^^^^^^^^^^^^^^^
[INFO] [stdout] 
[INFO] [stdout] 
[INFO] [stderr]     Finished `test` profile [unoptimized + debuginfo] target(s) in 2.94s
[INFO] running `Command { std: "docker" "inspect" "f1fa36975109f39c8b9bc646de2d4f6fd0e607c713eb6ced70a2cbd592c6a244", kill_on_drop: false }`
[INFO] running `Command { std: "docker" "rm" "-f" "f1fa36975109f39c8b9bc646de2d4f6fd0e607c713eb6ced70a2cbd592c6a244", kill_on_drop: false }`
[INFO] [stdout] f1fa36975109f39c8b9bc646de2d4f6fd0e607c713eb6ced70a2cbd592c6a244
[INFO] running `Command { std: "docker" "create" "-v" "/var/lib/crater-agent-workspace/builds/worker-2-tc2/target:/opt/rustwide/target:rw,Z" "-v" "/var/lib/crater-agent-workspace/builds/worker-2-tc2/source:/opt/rustwide/workdir:ro,Z" "-v" "/var/lib/crater-agent-workspace/cargo-home:/opt/rustwide/cargo-home:ro,Z" "-v" "/var/lib/crater-agent-workspace/rustup-home:/opt/rustwide/rustup-home:ro,Z" "-e" "SOURCE_DIR=/opt/rustwide/workdir" "-e" "CARGO_TARGET_DIR=/opt/rustwide/target" "-e" "CARGO_INCREMENTAL=0" "-e" "RUST_BACKTRACE=full" "-e" "RUSTFLAGS=--cap-lints=forbid -Zrandomize-layout" "-e" "RUSTDOCFLAGS=--cap-lints=forbid" "-e" "CARGO_HOME=/opt/rustwide/cargo-home" "-e" "RUSTUP_HOME=/opt/rustwide/rustup-home" "-w" "/opt/rustwide/workdir" "-m" "1610612736" "--user" "0:0" "--network" "none" "ghcr.io/rust-lang/crates-build-env/linux@sha256:819108c5571ea2e421544af4d832f968d213c87fbe3707a016657f43d2f853bc" "/opt/rustwide/cargo-home/bin/cargo" "+nightly-2025-01-18" "test" "--frozen", kill_on_drop: false }`
[INFO] [stdout] eeb7afe6937d4bbc4c5c1bbd7f032e28c9621bbc6b9351199fd42805c8ebe778
[INFO] running `Command { std: "docker" "start" "-a" "eeb7afe6937d4bbc4c5c1bbd7f032e28c9621bbc6b9351199fd42805c8ebe778", kill_on_drop: false }`
[INFO] [stderr] warning: associated items `new`, `get_objective`, `get_position`, `get_state`, and `get_memory` are never used
[INFO] [stderr]   --> src/models/agent_basic/basic_traits.rs:5:8
[INFO] [stderr]    |
[INFO] [stderr] 4  | pub trait BasicTraits {
[INFO] [stderr]    |           ----------- associated items in this trait
[INFO] [stderr] 5  |     fn new(objective: String, position: String) -> Self;
[INFO] [stderr]    |        ^^^
[INFO] [stderr] 6  |     fn update_state(&mut self, new_state: AgentState);
[INFO] [stderr] 7  |     fn get_objective(&self) -> &String;
[INFO] [stderr]    |        ^^^^^^^^^^^^^
[INFO] [stderr] 8  |     fn get_position(&self) -> &String;
[INFO] [stderr]    |        ^^^^^^^^^^^^
[INFO] [stderr] 9  |     fn get_state(&self) -> &AgentState;
[INFO] [stderr]    |        ^^^^^^^^^
[INFO] [stderr] 10 |     fn get_memory(&self) -> &Vec<Message>;
[INFO] [stderr]    |        ^^^^^^^^^^
[INFO] [stderr]    |
[INFO] [stderr]    = note: `#[warn(dead_code)]` on by default
[INFO] [stderr] 
[INFO] [stderr] warning: method `get_attributes_from_agent` is never used
[INFO] [stderr]   --> src/models/agents/agent_traits.rs:34:8
[INFO] [stderr]    |
[INFO] [stderr] 32 | pub trait SpecialFunctions: Debug {
[INFO] [stderr]    |           ---------------- method in this trait
[INFO] [stderr] 33 |     // Used so that the manager can get attributes from Agents
[INFO] [stderr] 34 |     fn get_attributes_from_agent(&self) -> &BasicAgent;
[INFO] [stderr]    |        ^^^^^^^^^^^^^^^^^^^^^^^^^
[INFO] [stderr] 
[INFO] [stderr] warning: `auto_component` (bin "auto_component" test) generated 2 warnings
[INFO] [stderr]     Finished `test` profile [unoptimized + debuginfo] target(s) in 0.33s
[INFO] [stderr]      Running unittests src/main.rs (/opt/rustwide/target/debug/deps/auto_component-2d89c12fbd2b8700)
[INFO] [stdout] 
[INFO] [stdout] running 7 tests
[INFO] [stdout] [38;5;10m[38;5;14m[0m[38;5;10m[38;5;14m[0m[38;5;10m[38;5;14m[0mtest helpers::general::tests::test_extend_ai_function ... ok
[INFO] [stdout] test helpers::command_line::tests::tests_prints_agent_msg ... ok
[INFO] [stdout] [38;5;10m[38;5;14m[0mtest models::agents::agent_architect::tests::tests_solution_architect ... FAILED
[INFO] [stdout] test helpers::general::tests::tests_ai_task_request ... FAILED
[INFO] [stdout] test apis::call_request::tests::test_call_gpt ... FAILED
[INFO] [stdout] test models::agents::agent_backend::tests::tests_backend_developer ... FAILED
[INFO] [stdout] test models::agents_manager::managing_agent::tests::tests_managing_agent ... FAILED
[INFO] [stdout] 
[INFO] [stdout] failures:
[INFO] [stdout] 
[INFO] [stdout] ---- models::agents::agent_architect::tests::tests_solution_architect stdout ----
[INFO] [stdout] [src/helpers/general.rs:20:5] ai_function_str = "pub fn print_project_scope(_project_description : & str)\n{\n    #[doc =\n    \" Input: Takes in a user request to build a website project description\"]\n    #[doc =\n    \" Function: Converts user request into JSON response of information items required for a website build.\"]\n    #[doc = \" Important: At least one of the bool results must be true\"]\n    #[doc = \" Output: Prints an object response in the following format:\"]\n    #[doc = \"   {\"]\n    #[doc =\n    \"     \\\"is_crud_required\\\": bool, // true if site needs CRUD functionality\"]\n    #[doc =\n    \"     \\\"is_user_login_and_logout\\\": bool // true if site needs users to be able to log in and log out\"]\n    #[doc =\n    \"     \\\"is_external_urls_required\\\": bool // true if site needs to fetch data from third part providers\"]\n    #[doc = \"   }\"] #[doc = \" Example 1:\"]\n    #[doc =\n    \"   user_request = \\\"I need a full stack website that accepts users and gets stock price data\\\"\"]\n    #[doc = \"   prints:\"] #[doc = \"   {\"]\n    #[doc = \"     \\\"is_crud_required\\\": true\"]\n    #[doc = \"     \\\"is_user_login_and_logout\\\": true\"]\n    #[doc = \"     \\\"is_external_urls_required\\\": bool true\"] #[doc = \"   }\"]\n    #[doc = \" Example 2:\"]\n    #[doc = \"   user_request = \\\"I need a simple TODO app\\\"\"]\n    #[doc = \"   prints:\"] #[doc = \"   {\"]\n    #[doc = \"     \\\"is_crud_required\\\": true\"]\n    #[doc = \"     \\\"is_user_login_and_logout\\\": false\"]\n    #[doc = \"     \\\"is_external_urls_required\\\": bool false\"] #[doc = \"   }\"]\n    println! (OUTPUT)\n}"
[INFO] [stdout] Agent: Solutions Architect: print_project_scope
[INFO] [stdout] 
[INFO] [stdout] thread 'models::agents::agent_architect::tests::tests_solution_architect' panicked at src/apis/call_request.rs:14:54:
[INFO] [stdout] API key not found: NotPresent
[INFO] [stdout] stack backtrace:
[INFO] [stdout]    0:     0x61d1377c66fa - std::backtrace_rs::backtrace::libunwind::trace::hb059275cfc8d6126
[INFO] [stdout]                                at /rustc/6067b36314ab5eb2eb47cecc464545ba58e1ad24/library/std/src/../../backtrace/src/backtrace/libunwind.rs:116:5
[INFO] [stdout]    1:     0x61d1377c66fa - std::backtrace_rs::backtrace::trace_unsynchronized::h2da071e4327ce3ee
[INFO] [stdout]                                at /rustc/6067b36314ab5eb2eb47cecc464545ba58e1ad24/library/std/src/../../backtrace/src/backtrace/mod.rs:66:5
[INFO] [stdout]    2:     0x61d1377c66fa - std::sys::backtrace::_print_fmt::h842a1474e6f8d23f
[INFO] [stdout]                                at /rustc/6067b36314ab5eb2eb47cecc464545ba58e1ad24/library/std/src/sys/backtrace.rs:66:9
[INFO] [stdout]    3:     0x61d1377c66fa - <std::sys::backtrace::BacktraceLock::print::DisplayBacktrace as core::fmt::Display>::fmt::h71a62eb3b9696b12
[INFO] [stdout]                                at /rustc/6067b36314ab5eb2eb47cecc464545ba58e1ad24/library/std/src/sys/backtrace.rs:39:26
[INFO] [stdout]    4:     0x61d1377f2593 - core::fmt::rt::Argument::fmt::hdb6b616786b41dc1
[INFO] [stdout]                                at /rustc/6067b36314ab5eb2eb47cecc464545ba58e1ad24/library/core/src/fmt/rt.rs:177:76
[INFO] [stdout]    5:     0x61d1377f2593 - core::fmt::write::h2cc1698af7e2d686
[INFO] [stdout]                                at /rustc/6067b36314ab5eb2eb47cecc464545ba58e1ad24/library/core/src/fmt/mod.rs:1440:21
[INFO] [stdout]    6:     0x61d1377c1f63 - std::io::Write::write_fmt::hab1b4cd059a79022
[INFO] [stdout]                                at /rustc/6067b36314ab5eb2eb47cecc464545ba58e1ad24/library/std/src/io/mod.rs:1887:15
[INFO] [stdout]    7:     0x61d1377c6542 - std::sys::backtrace::BacktraceLock::print::h147fe35b4ea13b08
[INFO] [stdout]                                at /rustc/6067b36314ab5eb2eb47cecc464545ba58e1ad24/library/std/src/sys/backtrace.rs:42:9
[INFO] [stdout]    8:     0x61d1377c7b1f - std::panicking::default_hook::{{closure}}::hbd44223dbdc0d208
[INFO] [stdout]                                at /rustc/6067b36314ab5eb2eb47cecc464545ba58e1ad24/library/std/src/panicking.rs:298:22
[INFO] [stdout]    9:     0x61d1377c7938 - std::panicking::default_hook::h20f81eb0576efcec
[INFO] [stdout]                                at /rustc/6067b36314ab5eb2eb47cecc464545ba58e1ad24/library/std/src/panicking.rs:322:9
[INFO] [stdout]   10:     0x61d1373a34d3 - <alloc::boxed::Box<F,A> as core::ops::function::Fn<Args>>::call::hdb53814c496a4d34
[INFO] [stdout]                                at /rustc/6067b36314ab5eb2eb47cecc464545ba58e1ad24/library/alloc/src/boxed.rs:2027:9
[INFO] [stdout]   11:     0x61d1373a34d3 - test::test_main::{{closure}}::hc0a4963c59427c24
[INFO] [stdout]                                at /rustc/6067b36314ab5eb2eb47cecc464545ba58e1ad24/library/test/src/lib.rs:134:21
[INFO] [stdout]   12:     0x61d1377c8613 - <alloc::boxed::Box<F,A> as core::ops::function::Fn<Args>>::call::h591b2225413a77e9
[INFO] [stdout]                                at /rustc/6067b36314ab5eb2eb47cecc464545ba58e1ad24/library/alloc/src/boxed.rs:2027:9
[INFO] [stdout]   13:     0x61d1377c8613 - std::panicking::rust_panic_with_hook::h625eea43051b2edc
[INFO] [stdout]                                at /rustc/6067b36314ab5eb2eb47cecc464545ba58e1ad24/library/std/src/panicking.rs:839:13
[INFO] [stdout]   14:     0x61d1377c82ca - std::panicking::begin_panic_handler::{{closure}}::h4f9159cfbc3f6bd3
[INFO] [stdout]                                at /rustc/6067b36314ab5eb2eb47cecc464545ba58e1ad24/library/std/src/panicking.rs:704:13
[INFO] [stdout]   15:     0x61d1377c6bf9 - std::sys::backtrace::__rust_end_short_backtrace::h0390abce48353151
[INFO] [stdout]                                at /rustc/6067b36314ab5eb2eb47cecc464545ba58e1ad24/library/std/src/sys/backtrace.rs:168:18
[INFO] [stdout]   16:     0x61d1377c7f5d - rust_begin_unwind
[INFO] [stdout]                                at /rustc/6067b36314ab5eb2eb47cecc464545ba58e1ad24/library/std/src/panicking.rs:695:5
[INFO] [stdout]   17:     0x61d1377f07a0 - core::panicking::panic_fmt::h9e7c637e9e5f29c9
[INFO] [stdout]                                at /rustc/6067b36314ab5eb2eb47cecc464545ba58e1ad24/library/core/src/panicking.rs:75:14
[INFO] [stdout]   18:     0x61d1377f0c76 - core::result::unwrap_failed::h7979f09313fe1849
[INFO] [stdout]                                at /rustc/6067b36314ab5eb2eb47cecc464545ba58e1ad24/library/core/src/result.rs:1704:5
[INFO] [stdout]   19:     0x61d137345236 - core::result::Result<T,E>::expect::ha8f56b88dbbe5e7b
[INFO] [stdout]                                at /rustc/6067b36314ab5eb2eb47cecc464545ba58e1ad24/library/core/src/result.rs:1061:23
[INFO] [stdout]   20:     0x61d13735b225 - auto_component::apis::call_request::call_gpt::{{closure}}::h7164315dedecabf0
[INFO] [stdout]                                at /opt/rustwide/workdir/src/apis/call_request.rs:14:27
[INFO] [stdout]   21:     0x61d13735fc5f - auto_component::helpers::general::ai_task_request::{{closure}}::h641d973290fc95f2
[INFO] [stdout]                                at /opt/rustwide/workdir/src/helpers/general.rs:50:46
[INFO] [stdout]   22:     0x61d1373603ea - auto_component::helpers::general::ai_task_request_decoded::{{closure}}::h2e4c6c48e374ec71
[INFO] [stdout]                                at /opt/rustwide/workdir/src/helpers/general.rs:70:86
[INFO] [stdout]   23:     0x61d13735d29b - auto_component::models::agents::agent_architect::AgentSolutionArchitect::call_project_scope::{{closure}}::hef8844a9625b78c8
[INFO] [stdout]                                at /opt/rustwide/workdir/src/models/agents/agent_architect.rs:41:10
[INFO] [stdout]   24:     0x61d13735e57e - <auto_component::models::agents::agent_architect::AgentSolutionArchitect as auto_component::models::agents::agent_traits::SpecialFunctions>::execute::{{closure}}::h101be7ff58582af3
[INFO] [stdout]                                at /opt/rustwide/workdir/src/models/agents/agent_architect.rs:81:90
[INFO] [stdout]   25:     0x61d13735ab9f - <core::pin::Pin<P> as core::future::future::Future>::poll::hae8c57fee76df75b
[INFO] [stdout]                                at /rustc/6067b36314ab5eb2eb47cecc464545ba58e1ad24/library/core/src/future/future.rs:124:9
[INFO] [stdout]   26:     0x61d13734994c - auto_component::models::agents::agent_architect::tests::tests_solution_architect::{{closure}}::h93317112fe964d52
[INFO] [stdout]                                at /opt/rustwide/workdir/src/models/agents/agent_architect.rs:173:14
[INFO] [stdout]   27:     0x61d13735abe2 - <core::pin::Pin<P> as core::future::future::Future>::poll::hfa8c7abdbb5cf6ee
[INFO] [stdout]                                at /rustc/6067b36314ab5eb2eb47cecc464545ba58e1ad24/library/core/src/future/future.rs:124:9
[INFO] [stdout]   28:     0x61d13735ab3d - <core::pin::Pin<P> as core::future::future::Future>::poll::h4dc15efa9b762455
[INFO] [stdout]                                at /rustc/6067b36314ab5eb2eb47cecc464545ba58e1ad24/library/core/src/future/future.rs:124:9
[INFO] [stdout]   29:     0x61d13734822f - tokio::runtime::scheduler::current_thread::CoreGuard::block_on::{{closure}}::{{closure}}::{{closure}}::h7fded7600ed35b61
[INFO] [stdout]                                at /opt/rustwide/cargo-home/registry/src/index.crates.io-1949cf8c6b5b557f/tokio-1.35.1/src/runtime/scheduler/current_thread/mod.rs:665:57
[INFO] [stdout]   30:     0x61d137348165 - tokio::runtime::coop::with_budget::h44a2da0f3ca00472
[INFO] [stdout]                                at /opt/rustwide/cargo-home/registry/src/index.crates.io-1949cf8c6b5b557f/tokio-1.35.1/src/runtime/coop.rs:107:5
[INFO] [stdout]   31:     0x61d137348165 - tokio::runtime::coop::budget::h7b628ce6eb4020bd
[INFO] [stdout]                                at /opt/rustwide/cargo-home/registry/src/index.crates.io-1949cf8c6b5b557f/tokio-1.35.1/src/runtime/coop.rs:73:5
[INFO] [stdout]   32:     0x61d137348165 - tokio::runtime::scheduler::current_thread::CoreGuard::block_on::{{closure}}::{{closure}}::h1a3b691da241c2d4
[INFO] [stdout]                                at /opt/rustwide/cargo-home/registry/src/index.crates.io-1949cf8c6b5b557f/tokio-1.35.1/src/runtime/scheduler/current_thread/mod.rs:665:25
[INFO] [stdout]   33:     0x61d137346c60 - tokio::runtime::scheduler::current_thread::Context::enter::h64fe0f5f7aadb8ca
[INFO] [stdout]                                at /opt/rustwide/cargo-home/registry/src/index.crates.io-1949cf8c6b5b557f/tokio-1.35.1/src/runtime/scheduler/current_thread/mod.rs:410:19
[INFO] [stdout]   34:     0x61d1373479f7 - tokio::runtime::scheduler::current_thread::CoreGuard::block_on::{{closure}}::heba0e88023234ae6
[INFO] [stdout]                                at /opt/rustwide/cargo-home/registry/src/index.crates.io-1949cf8c6b5b557f/tokio-1.35.1/src/runtime/scheduler/current_thread/mod.rs:664:36
[INFO] [stdout]   35:     0x61d137347774 - tokio::runtime::scheduler::current_thread::CoreGuard::enter::{{closure}}::h1fd2d4930980a50a
[INFO] [stdout]                                at /opt/rustwide/cargo-home/registry/src/index.crates.io-1949cf8c6b5b557f/tokio-1.35.1/src/runtime/scheduler/current_thread/mod.rs:743:68
[INFO] [stdout]   36:     0x61d13735f40b - tokio::runtime::context::scoped::Scoped<T>::set::h4370dbf65d279682
[INFO] [stdout]                                at /opt/rustwide/cargo-home/registry/src/index.crates.io-1949cf8c6b5b557f/tokio-1.35.1/src/runtime/context/scoped.rs:40:9
[INFO] [stdout]   37:     0x61d1373569c9 - tokio::runtime::context::set_scheduler::{{closure}}::h0da3186a41a011cf
[INFO] [stdout]                                at /opt/rustwide/cargo-home/registry/src/index.crates.io-1949cf8c6b5b557f/tokio-1.35.1/src/runtime/context.rs:176:26
[INFO] [stdout]   38:     0x61d1373519b2 - std::thread::local::LocalKey<T>::try_with::h927bbe914c4e1227
[INFO] [stdout]                                at /rustc/6067b36314ab5eb2eb47cecc464545ba58e1ad24/library/std/src/thread/local.rs:308:12
[INFO] [stdout]   39:     0x61d13735142a - std::thread::local::LocalKey<T>::with::hafc25325260a5368
[INFO] [stdout]                                at /rustc/6067b36314ab5eb2eb47cecc464545ba58e1ad24/library/std/src/thread/local.rs:272:9
[INFO] [stdout]   40:     0x61d13735697d - tokio::runtime::context::set_scheduler::h74e9f0038b01282d
[INFO] [stdout]                                at /opt/rustwide/cargo-home/registry/src/index.crates.io-1949cf8c6b5b557f/tokio-1.35.1/src/runtime/context.rs:176:9
[INFO] [stdout]   41:     0x61d137347528 - tokio::runtime::scheduler::current_thread::CoreGuard::enter::h3258b047feee3318
[INFO] [stdout]                                at /opt/rustwide/cargo-home/registry/src/index.crates.io-1949cf8c6b5b557f/tokio-1.35.1/src/runtime/scheduler/current_thread/mod.rs:743:27
[INFO] [stdout]   42:     0x61d137347793 - tokio::runtime::scheduler::current_thread::CoreGuard::block_on::hd18c25a63c4fe0b2
[INFO] [stdout]                                at /opt/rustwide/cargo-home/registry/src/index.crates.io-1949cf8c6b5b557f/tokio-1.35.1/src/runtime/scheduler/current_thread/mod.rs:652:19
[INFO] [stdout]   43:     0x61d13734679d - tokio::runtime::scheduler::current_thread::CurrentThread::block_on::{{closure}}::h0f80006d4e572af5
[INFO] [stdout]                                at /opt/rustwide/cargo-home/registry/src/index.crates.io-1949cf8c6b5b557f/tokio-1.35.1/src/runtime/scheduler/current_thread/mod.rs:175:28
[INFO] [stdout]   44:     0x61d137356d86 - tokio::runtime::context::runtime::enter_runtime::he72e4251e65270f9
[INFO] [stdout]                                at /opt/rustwide/cargo-home/registry/src/index.crates.io-1949cf8c6b5b557f/tokio-1.35.1/src/runtime/context/runtime.rs:65:16
[INFO] [stdout]   45:     0x61d1373466b1 - tokio::runtime::scheduler::current_thread::CurrentThread::block_on::h06360731afe21017
[INFO] [stdout]                                at /opt/rustwide/cargo-home/registry/src/index.crates.io-1949cf8c6b5b557f/tokio-1.35.1/src/runtime/scheduler/current_thread/mod.rs:167:9
[INFO] [stdout]   46:     0x61d13734b3bd - tokio::runtime::runtime::Runtime::block_on::hb83b259bbfe37afc
[INFO] [stdout]                                at /opt/rustwide/cargo-home/registry/src/index.crates.io-1949cf8c6b5b557f/tokio-1.35.1/src/runtime/runtime.rs:348:47
[INFO] [stdout]   47:     0x61d1373495f3 - auto_component::models::agents::agent_architect::tests::tests_solution_architect::h136fb78ab2d9cbdf
[INFO] [stdout]                                at /opt/rustwide/workdir/src/models/agents/agent_architect.rs:178:9
[INFO] [stdout]   48:     0x61d137349497 - auto_component::models::agents::agent_architect::tests::tests_solution_architect::{{closure}}::h2f65f26912c18af9
[INFO] [stdout]                                at /opt/rustwide/workdir/src/models/agents/agent_architect.rs:160:40
[INFO] [stdout]   49:     0x61d1373667a6 - core::ops::function::FnOnce::call_once::hb7e39df89ee108e7
[INFO] [stdout]                                at /rustc/6067b36314ab5eb2eb47cecc464545ba58e1ad24/library/core/src/ops/function.rs:250:5
[INFO] [stdout]   50:     0x61d1373a8c2b - core::ops::function::FnOnce::call_once::he27718dfdd183f43
[INFO] [stdout]                                at /rustc/6067b36314ab5eb2eb47cecc464545ba58e1ad24/library/core/src/ops/function.rs:250:5
[INFO] [stdout]   51:     0x61d1373a8c2b - test::__rust_begin_short_backtrace::h4e84902998457a5d
[INFO] [stdout]                                at /rustc/6067b36314ab5eb2eb47cecc464545ba58e1ad24/library/test/src/lib.rs:632:18
[INFO] [stdout]   52:     0x61d1373a7b63 - test::run_test_in_process::{{closure}}::h7176fd18fc1feca0
[INFO] [stdout]                                at /rustc/6067b36314ab5eb2eb47cecc464545ba58e1ad24/library/test/src/lib.rs:655:60
[INFO] [stdout]   53:     0x61d1373a7b63 - <core::panic::unwind_safe::AssertUnwindSafe<F> as core::ops::function::FnOnce<()>>::call_once::hf79cff2a624d8cf7
[INFO] [stdout]                                at /rustc/6067b36314ab5eb2eb47cecc464545ba58e1ad24/library/core/src/panic/unwind_safe.rs:272:9
[INFO] [stdout]   54:     0x61d1373a7b63 - std::panicking::try::do_call::h3da0561d9ab99c25
[INFO] [stdout]                                at /rustc/6067b36314ab5eb2eb47cecc464545ba58e1ad24/library/std/src/panicking.rs:587:40
[INFO] [stdout]   55:     0x61d1373a7b63 - std::panicking::try::h41c9fa508bc61df6
[INFO] [stdout]                                at /rustc/6067b36314ab5eb2eb47cecc464545ba58e1ad24/library/std/src/panicking.rs:550:19
[INFO] [stdout]   56:     0x61d1373a7b63 - std::panic::catch_unwind::h6b3ff07bb5afad93
[INFO] [stdout]                                at /rustc/6067b36314ab5eb2eb47cecc464545ba58e1ad24/library/std/src/panic.rs:358:14
[INFO] [stdout]   57:     0x61d1373a7b63 - test::run_test_in_process::hc7253dd11b39b9f4
[INFO] [stdout]                                at /rustc/6067b36314ab5eb2eb47cecc464545ba58e1ad24/library/test/src/lib.rs:655:27
[INFO] [stdout]   58:     0x61d1373a7b63 - test::run_test::{{closure}}::hfb2007f8649c30bb
[INFO] [stdout]                                at /rustc/6067b36314ab5eb2eb47cecc464545ba58e1ad24/library/test/src/lib.rs:576:43
[INFO] [stdout]   59:     0x61d13736ac45 - test::run_test::{{closure}}::h56a17aa7a282a9f4
[INFO] [stdout]                                at /rustc/6067b36314ab5eb2eb47cecc464545ba58e1ad24/library/test/src/lib.rs:606:41
[INFO] [stdout]   60:     0x61d13736ac45 - std::sys::backtrace::__rust_begin_short_backtrace::hd2d2d2fb8e8c6aac
[INFO] [stdout]                                at /rustc/6067b36314ab5eb2eb47cecc464545ba58e1ad24/library/std/src/sys/backtrace.rs:152:18
[INFO] [stdout]   61:     0x61d13736e52a - std::thread::Builder::spawn_unchecked_::{{closure}}::{{closure}}::h4faa3f9db6133423
[INFO] [stdout]                                at /rustc/6067b36314ab5eb2eb47cecc464545ba58e1ad24/library/std/src/thread/mod.rs:559:17
[INFO] [stdout]   62:     0x61d13736e52a - <core::panic::unwind_safe::AssertUnwindSafe<F> as core::ops::function::FnOnce<()>>::call_once::hf2e855a36a4ea846
[INFO] [stdout]                                at /rustc/6067b36314ab5eb2eb47cecc464545ba58e1ad24/library/core/src/panic/unwind_safe.rs:272:9
[INFO] [stdout]   63:     0x61d13736e52a - std::panicking::try::do_call::h2f73af3616c35465
[INFO] [stdout]                                at /rustc/6067b36314ab5eb2eb47cecc464545ba58e1ad24/library/std/src/panicking.rs:587:40
[INFO] [stdout]   64:     0x61d13736e52a - std::panicking::try::hd1660ce9efadef5a
[INFO] [stdout]                                at /rustc/6067b36314ab5eb2eb47cecc464545ba58e1ad24/library/std/src/panicking.rs:550:19
[INFO] [stdout]   65:     0x61d13736e52a - std::panic::catch_unwind::h5ee8d7823b8ca744
[INFO] [stdout]                                at /rustc/6067b36314ab5eb2eb47cecc464545ba58e1ad24/library/std/src/panic.rs:358:14
[INFO] [stdout]   66:     0x61d13736e52a - std::thread::Builder::spawn_unchecked_::{{closure}}::h53c3a1894dce8407
[INFO] [stdout]                                at /rustc/6067b36314ab5eb2eb47cecc464545ba58e1ad24/library/std/src/thread/mod.rs:557:30
[INFO] [stdout]   67:     0x61d13736e52a - core::ops::function::FnOnce::call_once{{vtable.shim}}::h048ce291ad4f62bf
[INFO] [stdout]                                at /rustc/6067b36314ab5eb2eb47cecc464545ba58e1ad24/library/core/src/ops/function.rs:250:5
[INFO] [stdout]   68:     0x61d1377cccdb - <alloc::boxed::Box<F,A> as core::ops::function::FnOnce<Args>>::call_once::ha52bedf99a3b4981
[INFO] [stdout]                                at /rustc/6067b36314ab5eb2eb47cecc464545ba58e1ad24/library/alloc/src/boxed.rs:2013:9
[INFO] [stdout]   69:     0x61d1377cccdb - <alloc::boxed::Box<F,A> as core::ops::function::FnOnce<Args>>::call_once::h567748934d80ccf8
[INFO] [stdout]                                at /rustc/6067b36314ab5eb2eb47cecc464545ba58e1ad24/library/alloc/src/boxed.rs:2013:9
[INFO] [stdout]   70:     0x61d1377cccdb - std::sys::pal::unix::thread::Thread::new::thread_start::h2d970728ae887adc
[INFO] [stdout]                                at /rustc/6067b36314ab5eb2eb47cecc464545ba58e1ad24/library/std/src/sys/pal/unix/thread.rs:106:17
[INFO] [stdout]   71:     0x73070d31dac3 - <unknown>
[INFO] [stdout]   72:     0x73070d3aea04 - clone
[INFO] [stdout]   73:                0x0 - <unknown>
[INFO] [stdout] 
[INFO] [stdout] ---- helpers::general::tests::tests_ai_task_request stdout ----
[INFO] [stdout] [src/helpers/general.rs:20:5] ai_function_str = "pub fn convert_user_input_to_goal(_user_request : & str)\n{\n    #[doc = \" Input: Takes in a user request\"]\n    #[doc = \" Function: Converts user request into a short summarized goal\"]\n    #[doc =\n    \" Output: Prints goal. All outputs start with \\\"build a website that ...\\\"\"]\n    #[doc = \" Example 1:\"]\n    #[doc =\n    \"   user_request = \\\"I need a website that lets users login and logout. It needs to look fancy and accept payments.\\\"\"]\n    #[doc =\n    \"   OUTPUT = \\\"build a website that handles users logging in and logging out and accepts payments\\\"\"]\n    #[doc = \" Example 2:\"]\n    #[doc =\n    \"   user_request = \\\"Create something that stores crypto price data in a database using supabase and retrieves prices on the frontend.\\\"\"]\n    #[doc =\n    \"   OUTPUT = \\\"build a website that fetches and stores crypto price data within a supabase setup including a frontend UI to fetch the data.\\\"\"]\n    println! (OUTPUT)\n}"
[INFO] [stdout] Agent: Managing Agent: Defining user requirements
[INFO] [stdout] 
[INFO] [stdout] thread 'helpers::general::tests::tests_ai_task_request' panicked at src/apis/call_request.rs:14:54:
[INFO] [stdout] API key not found: NotPresent
[INFO] [stdout] stack backtrace:
[INFO] [stdout]    0:     0x61d1377c66fa - std::backtrace_rs::backtrace::libunwind::trace::hb059275cfc8d6126
[INFO] [stdout]                                at /rustc/6067b36314ab5eb2eb47cecc464545ba58e1ad24/library/std/src/../../backtrace/src/backtrace/libunwind.rs:116:5
[INFO] [stdout]    1:     0x61d1377c66fa - std::backtrace_rs::backtrace::trace_unsynchronized::h2da071e4327ce3ee
[INFO] [stdout]                                at /rustc/6067b36314ab5eb2eb47cecc464545ba58e1ad24/library/std/src/../../backtrace/src/backtrace/mod.rs:66:5
[INFO] [stdout]    2:     0x61d1377c66fa - std::sys::backtrace::_print_fmt::h842a1474e6f8d23f
[INFO] [stdout]                                at /rustc/6067b36314ab5eb2eb47cecc464545ba58e1ad24/library/std/src/sys/backtrace.rs:66:9
[INFO] [stdout]    3:     0x61d1377c66fa - <std::sys::backtrace::BacktraceLock::print::DisplayBacktrace as core::fmt::Display>::fmt::h71a62eb3b9696b12
[INFO] [stdout]                                at /rustc/6067b36314ab5eb2eb47cecc464545ba58e1ad24/library/std/src/sys/backtrace.rs:39:26
[INFO] [stdout]    4:     0x61d1377f2593 - core::fmt::rt::Argument::fmt::hdb6b616786b41dc1
[INFO] [stdout]                                at /rustc/6067b36314ab5eb2eb47cecc464545ba58e1ad24/library/core/src/fmt/rt.rs:177:76
[INFO] [stdout]    5:     0x61d1377f2593 - core::fmt::write::h2cc1698af7e2d686
[INFO] [stdout]                                at /rustc/6067b36314ab5eb2eb47cecc464545ba58e1ad24/library/core/src/fmt/mod.rs:1440:21
[INFO] [stdout]    6:     0x61d1377c1f63 - std::io::Write::write_fmt::hab1b4cd059a79022
[INFO] [stdout]                                at /rustc/6067b36314ab5eb2eb47cecc464545ba58e1ad24/library/std/src/io/mod.rs:1887:15
[INFO] [stdout]    7:     0x61d1377c6542 - std::sys::backtrace::BacktraceLock::print::h147fe35b4ea13b08
[INFO] [stdout]                                at /rustc/6067b36314ab5eb2eb47cecc464545ba58e1ad24/library/std/src/sys/backtrace.rs:42:9
[INFO] [stdout]    8:     0x61d1377c7b1f - std::panicking::default_hook::{{closure}}::hbd44223dbdc0d208
[INFO] [stdout]                                at /rustc/6067b36314ab5eb2eb47cecc464545ba58e1ad24/library/std/src/panicking.rs:298:22
[INFO] [stdout]    9:     0x61d1377c7938 - std::panicking::default_hook::h20f81eb0576efcec
[INFO] [stdout]                                at /rustc/6067b36314ab5eb2eb47cecc464545ba58e1ad24/library/std/src/panicking.rs:322:9
[INFO] [stdout]   10:     0x61d1373a34d3 - <alloc::boxed::Box<F,A> as core::ops::function::Fn<Args>>::call::hdb53814c496a4d34
[INFO] [stdout]                                at /rustc/6067b36314ab5eb2eb47cecc464545ba58e1ad24/library/alloc/src/boxed.rs:2027:9
[INFO] [stdout]   11:     0x61d1373a34d3 - test::test_main::{{closure}}::hc0a4963c59427c24
[INFO] [stdout]                                at /rustc/6067b36314ab5eb2eb47cecc464545ba58e1ad24/library/test/src/lib.rs:134:21
[INFO] [stdout]   12:     0x61d1377c8613 - <alloc::boxed::Box<F,A> as core::ops::function::Fn<Args>>::call::h591b2225413a77e9
[INFO] [stdout]                                at /rustc/6067b36314ab5eb2eb47cecc464545ba58e1ad24/library/alloc/src/boxed.rs:2027:9
[INFO] [stdout]   13:     0x61d1377c8613 - std::panicking::rust_panic_with_hook::h625eea43051b2edc
[INFO] [stdout]                                at /rustc/6067b36314ab5eb2eb47cecc464545ba58e1ad24/library/std/src/panicking.rs:839:13
[INFO] [stdout]   14:     0x61d1377c82ca - std::panicking::begin_panic_handler::{{closure}}::h4f9159cfbc3f6bd3
[INFO] [stdout]                                at /rustc/6067b36314ab5eb2eb47cecc464545ba58e1ad24/library/std/src/panicking.rs:704:13
[INFO] [stdout]   15:     0x61d1377c6bf9 - std::sys::backtrace::__rust_end_short_backtrace::h0390abce48353151
[INFO] [stdout]                                at /rustc/6067b36314ab5eb2eb47cecc464545ba58e1ad24/library/std/src/sys/backtrace.rs:168:18
[INFO] [stdout]   16:     0x61d1377c7f5d - rust_begin_unwind
[INFO] [stdout]                                at /rustc/6067b36314ab5eb2eb47cecc464545ba58e1ad24/library/std/src/panicking.rs:695:5
[INFO] [stdout]   17:     0x61d1377f07a0 - core::panicking::panic_fmt::h9e7c637e9e5f29c9
[INFO] [stdout]                                at /rustc/6067b36314ab5eb2eb47cecc464545ba58e1ad24/library/core/src/panicking.rs:75:14
[INFO] [stdout]   18:     0x61d1377f0c76 - core::result::unwrap_failed::h7979f09313fe1849
[INFO] [stdout]                                at /rustc/6067b36314ab5eb2eb47cecc464545ba58e1ad24/library/core/src/result.rs:1704:5
[INFO] [stdout]   19:     0x61d137345236 - core::result::Result<T,E>::expect::ha8f56b88dbbe5e7b
[INFO] [stdout]                                at /rustc/6067b36314ab5eb2eb47cecc464545ba58e1ad24/library/core/src/result.rs:1061:23
[INFO] [stdout]   20:     0x61d13735b225 - auto_component::apis::call_request::call_gpt::{{closure}}::h7164315dedecabf0
[INFO] [stdout]                                at /opt/rustwide/workdir/src/apis/call_request.rs:14:27
[INFO] [stdout]   21:     0x61d13735fc5f - auto_component::helpers::general::ai_task_request::{{closure}}::h641d973290fc95f2
[INFO] [stdout]                                at /opt/rustwide/workdir/src/helpers/general.rs:50:46
[INFO] [stdout]   22:     0x61d137363d86 - auto_component::helpers::general::tests::tests_ai_task_request::{{closure}}::h0532e7fad14389d2
[INFO] [stdout]                                at /opt/rustwide/workdir/src/helpers/general.rs:129:10
[INFO] [stdout]   23:     0x61d13735abe2 - <core::pin::Pin<P> as core::future::future::Future>::poll::hfa8c7abdbb5cf6ee
[INFO] [stdout]                                at /rustc/6067b36314ab5eb2eb47cecc464545ba58e1ad24/library/core/src/future/future.rs:124:9
[INFO] [stdout]   24:     0x61d13735ab3d - <core::pin::Pin<P> as core::future::future::Future>::poll::h4dc15efa9b762455
[INFO] [stdout]                                at /rustc/6067b36314ab5eb2eb47cecc464545ba58e1ad24/library/core/src/future/future.rs:124:9
[INFO] [stdout]   25:     0x61d13734822f - tokio::runtime::scheduler::current_thread::CoreGuard::block_on::{{closure}}::{{closure}}::{{closure}}::h7fded7600ed35b61
[INFO] [stdout]                                at /opt/rustwide/cargo-home/registry/src/index.crates.io-1949cf8c6b5b557f/tokio-1.35.1/src/runtime/scheduler/current_thread/mod.rs:665:57
[INFO] [stdout]   26:     0x61d137348165 - tokio::runtime::coop::with_budget::h44a2da0f3ca00472
[INFO] [stdout]                                at /opt/rustwide/cargo-home/registry/src/index.crates.io-1949cf8c6b5b557f/tokio-1.35.1/src/runtime/coop.rs:107:5
[INFO] [stdout]   27:     0x61d137348165 - tokio::runtime::coop::budget::h7b628ce6eb4020bd
[INFO] [stdout]                                at /opt/rustwide/cargo-home/registry/src/index.crates.io-1949cf8c6b5b557f/tokio-1.35.1/src/runtime/coop.rs:73:5
[INFO] [stdout]   28:     0x61d137348165 - tokio::runtime::scheduler::current_thread::CoreGuard::block_on::{{closure}}::{{closure}}::h1a3b691da241c2d4
[INFO] [stdout]                                at /opt/rustwide/cargo-home/registry/src/index.crates.io-1949cf8c6b5b557f/tokio-1.35.1/src/runtime/scheduler/current_thread/mod.rs:665:25
[INFO] [stdout]   29:     0x61d137346c60 - tokio::runtime::scheduler::current_thread::Context::enter::h64fe0f5f7aadb8ca
[INFO] [stdout]                                at /opt/rustwide/cargo-home/registry/src/index.crates.io-1949cf8c6b5b557f/tokio-1.35.1/src/runtime/scheduler/current_thread/mod.rs:410:19
[INFO] [stdout]   30:     0x61d1373479f7 - tokio::runtime::scheduler::current_thread::CoreGuard::block_on::{{closure}}::heba0e88023234ae6
[INFO] [stdout]                                at /opt/rustwide/cargo-home/registry/src/index.crates.io-1949cf8c6b5b557f/tokio-1.35.1/src/runtime/scheduler/current_thread/mod.rs:664:36
[INFO] [stdout]   31:     0x61d137347774 - tokio::runtime::scheduler::current_thread::CoreGuard::enter::{{closure}}::h1fd2d4930980a50a
[INFO] [stdout]                                at /opt/rustwide/cargo-home/registry/src/index.crates.io-1949cf8c6b5b557f/tokio-1.35.1/src/runtime/scheduler/current_thread/mod.rs:743:68
[INFO] [stdout]   32:     0x61d13735f40b - tokio::runtime::context::scoped::Scoped<T>::set::h4370dbf65d279682
[INFO] [stdout]                                at /opt/rustwide/cargo-home/registry/src/index.crates.io-1949cf8c6b5b557f/tokio-1.35.1/src/runtime/context/scoped.rs:40:9
[INFO] [stdout]   33:     0x61d1373569c9 - tokio::runtime::context::set_scheduler::{{closure}}::h0da3186a41a011cf
[INFO] [stdout]                                at /opt/rustwide/cargo-home/registry/src/index.crates.io-1949cf8c6b5b557f/tokio-1.35.1/src/runtime/context.rs:176:26
[INFO] [stdout]   34:     0x61d1373519b2 - std::thread::local::LocalKey<T>::try_with::h927bbe914c4e1227
[INFO] [stdout]                                at /rustc/6067b36314ab5eb2eb47cecc464545ba58e1ad24/library/std/src/thread/local.rs:308:12
[INFO] [stdout]   35:     0x61d13735142a - std::thread::local::LocalKey<T>::with::hafc25325260a5368
[INFO] [stdout]                                at /rustc/6067b36314ab5eb2eb47cecc464545ba58e1ad24/library/std/src/thread/local.rs:272:9
[INFO] [stdout]   36:     0x61d13735697d - tokio::runtime::context::set_scheduler::h74e9f0038b01282d
[INFO] [stdout]                                at /opt/rustwide/cargo-home/registry/src/index.crates.io-1949cf8c6b5b557f/tokio-1.35.1/src/runtime/context.rs:176:9
[INFO] [stdout]   37:     0x61d137347528 - tokio::runtime::scheduler::current_thread::CoreGuard::enter::h3258b047feee3318
[INFO] [stdout]                                at /opt/rustwide/cargo-home/registry/src/index.crates.io-1949cf8c6b5b557f/tokio-1.35.1/src/runtime/scheduler/current_thread/mod.rs:743:27
[INFO] [stdout]   38:     0x61d137347793 - tokio::runtime::scheduler::current_thread::CoreGuard::block_on::hd18c25a63c4fe0b2
[INFO] [stdout]                                at /opt/rustwide/cargo-home/registry/src/index.crates.io-1949cf8c6b5b557f/tokio-1.35.1/src/runtime/scheduler/current_thread/mod.rs:652:19
[INFO] [stdout]   39:     0x61d13734679d - tokio::runtime::scheduler::current_thread::CurrentThread::block_on::{{closure}}::h0f80006d4e572af5
[INFO] [stdout]                                at /opt/rustwide/cargo-home/registry/src/index.crates.io-1949cf8c6b5b557f/tokio-1.35.1/src/runtime/scheduler/current_thread/mod.rs:175:28
[INFO] [stdout]   40:     0x61d137356d86 - tokio::runtime::context::runtime::enter_runtime::he72e4251e65270f9
[INFO] [stdout]                                at /opt/rustwide/cargo-home/registry/src/index.crates.io-1949cf8c6b5b557f/tokio-1.35.1/src/runtime/context/runtime.rs:65:16
[INFO] [stdout]   41:     0x61d1373466b1 - tokio::runtime::scheduler::current_thread::CurrentThread::block_on::h06360731afe21017
[INFO] [stdout]                                at /opt/rustwide/cargo-home/registry/src/index.crates.io-1949cf8c6b5b557f/tokio-1.35.1/src/runtime/scheduler/current_thread/mod.rs:167:9
[INFO] [stdout]   42:     0x61d13734b3bd - tokio::runtime::runtime::Runtime::block_on::hb83b259bbfe37afc
[INFO] [stdout]                                at /opt/rustwide/cargo-home/registry/src/index.crates.io-1949cf8c6b5b557f/tokio-1.35.1/src/runtime/runtime.rs:348:47
[INFO] [stdout]   43:     0x61d137363b63 - auto_component::helpers::general::tests::tests_ai_task_request::h991d2400d548849e
[INFO] [stdout]                                at /opt/rustwide/workdir/src/helpers/general.rs:131:9
[INFO] [stdout]   44:     0x61d137363a07 - auto_component::helpers::general::tests::tests_ai_task_request::{{closure}}::h7388990887bc303a
[INFO] [stdout]                                at /opt/rustwide/workdir/src/helpers/general.rs:119:37
[INFO] [stdout]   45:     0x61d1373665f6 - core::ops::function::FnOnce::call_once::h6f23cac6ae6ea277
[INFO] [stdout]                                at /rustc/6067b36314ab5eb2eb47cecc464545ba58e1ad24/library/core/src/ops/function.rs:250:5
[INFO] [stdout]   46:     0x61d1373a8c2b - core::ops::function::FnOnce::call_once::he27718dfdd183f43
[INFO] [stdout]                                at /rustc/6067b36314ab5eb2eb47cecc464545ba58e1ad24/library/core/src/ops/function.rs:250:5
[INFO] [stdout]   47:     0x61d1373a8c2b - test::__rust_begin_short_backtrace::h4e84902998457a5d
[INFO] [stdout]                                at /rustc/6067b36314ab5eb2eb47cecc464545ba58e1ad24/library/test/src/lib.rs:632:18
[INFO] [stdout]   48:     0x61d1373a7b63 - test::run_test_in_process::{{closure}}::h7176fd18fc1feca0
[INFO] [stdout]                                at /rustc/6067b36314ab5eb2eb47cecc464545ba58e1ad24/library/test/src/lib.rs:655:60
[INFO] [stdout]   49:     0x61d1373a7b63 - <core::panic::unwind_safe::AssertUnwindSafe<F> as core::ops::function::FnOnce<()>>::call_once::hf79cff2a624d8cf7
[INFO] [stdout]                                at /rustc/6067b36314ab5eb2eb47cecc464545ba58e1ad24/library/core/src/panic/unwind_safe.rs:272:9
[INFO] [stdout]   50:     0x61d1373a7b63 - std::panicking::try::do_call::h3da0561d9ab99c25
[INFO] [stdout]                                at /rustc/6067b36314ab5eb2eb47cecc464545ba58e1ad24/library/std/src/panicking.rs:587:40
[INFO] [stdout]   51:     0x61d1373a7b63 - std::panicking::try::h41c9fa508bc61df6
[INFO] [stdout]                                at /rustc/6067b36314ab5eb2eb47cecc464545ba58e1ad24/library/std/src/panicking.rs:550:19
[INFO] [stdout]   52:     0x61d1373a7b63 - std::panic::catch_unwind::h6b3ff07bb5afad93
[INFO] [stdout]                                at /rustc/6067b36314ab5eb2eb47cecc464545ba58e1ad24/library/std/src/panic.rs:358:14
[INFO] [stdout]   53:     0x61d1373a7b63 - test::run_test_in_process::hc7253dd11b39b9f4
[INFO] [stdout]                                at /rustc/6067b36314ab5eb2eb47cecc464545ba58e1ad24/library/test/src/lib.rs:655:27
[INFO] [stdout]   54:     0x61d1373a7b63 - test::run_test::{{closure}}::hfb2007f8649c30bb
[INFO] [stdout]                                at /rustc/6067b36314ab5eb2eb47cecc464545ba58e1ad24/library/test/src/lib.rs:576:43
[INFO] [stdout]   55:     0x61d13736ac45 - test::run_test::{{closure}}::h56a17aa7a282a9f4
[INFO] [stdout]                                at /rustc/6067b36314ab5eb2eb47cecc464545ba58e1ad24/library/test/src/lib.rs:606:41
[INFO] [stdout]   56:     0x61d13736ac45 - std::sys::backtrace::__rust_begin_short_backtrace::hd2d2d2fb8e8c6aac
[INFO] [stdout]                                at /rustc/6067b36314ab5eb2eb47cecc464545ba58e1ad24/library/std/src/sys/backtrace.rs:152:18
[INFO] [stdout]   57:     0x61d13736e52a - std::thread::Builder::spawn_unchecked_::{{closure}}::{{closure}}::h4faa3f9db6133423
[INFO] [stdout]                                at /rustc/6067b36314ab5eb2eb47cecc464545ba58e1ad24/library/std/src/thread/mod.rs:559:17
[INFO] [stdout]   58:     0x61d13736e52a - <core::panic::unwind_safe::AssertUnwindSafe<F> as core::ops::function::FnOnce<()>>::call_once::hf2e855a36a4ea846
[INFO] [stdout]                                at /rustc/6067b36314ab5eb2eb47cecc464545ba58e1ad24/library/core/src/panic/unwind_safe.rs:272:9
[INFO] [stdout]   59:     0x61d13736e52a - std::panicking::try::do_call::h2f73af3616c35465
[INFO] [stdout]                                at /rustc/6067b36314ab5eb2eb47cecc464545ba58e1ad24/library/std/src/panicking.rs:587:40
[INFO] [stdout]   60:     0x61d13736e52a - std::panicking::try::hd1660ce9efadef5a
[INFO] [stdout]                                at /rustc/6067b36314ab5eb2eb47cecc464545ba58e1ad24/library/std/src/panicking.rs:550:19
[INFO] [stdout]   61:     0x61d13736e52a - std::panic::catch_unwind::h5ee8d7823b8ca744
[INFO] [stdout]                                at /rustc/6067b36314ab5eb2eb47cecc464545ba58e1ad24/library/std/src/panic.rs:358:14
[INFO] [stdout]   62:     0x61d13736e52a - std::thread::Builder::spawn_unchecked_::{{closure}}::h53c3a1894dce8407
[INFO] [stdout]                                at /rustc/6067b36314ab5eb2eb47cecc464545ba58e1ad24/library/std/src/thread/mod.rs:557:30
[INFO] [stdout]   63:     0x61d13736e52a - core::ops::function::FnOnce::call_once{{vtable.shim}}::h048ce291ad4f62bf
[INFO] [stdout]                                at /rustc/6067b36314ab5eb2eb47cecc464545ba58e1ad24/library/core/src/ops/function.rs:250:5
[INFO] [stdout]   64:     0x61d1377cccdb - <alloc::boxed::Box<F,A> as core::ops::function::FnOnce<Args>>::call_once::ha52bedf99a3b4981
[INFO] [stdout]                                at /rustc/6067b36314ab5eb2eb47cecc464545ba58e1ad24/library/alloc/src/boxed.rs:2013:9
[INFO] [stdout]   65:     0x61d1377cccdb - <alloc::boxed::Box<F,A> as core::ops::function::FnOnce<Args>>::call_once::h567748934d80ccf8
[INFO] [stdout]                                at /rustc/6067b36314ab5eb2eb47cecc464545ba58e1ad24/library/alloc/src/boxed.rs:2013:9
[INFO] [stdout]   66:     0x61d1377cccdb - std::sys::pal::unix::thread::Thread::new::thread_start::h2d970728ae887adc
[INFO] [stdout]                                at /rustc/6067b36314ab5eb2eb47cecc464545ba58e1ad24/library/std/src/sys/pal/unix/thread.rs:106:17
[INFO] [stdout]   67:     0x73070d31dac3 - <unknown>
[INFO] [stdout]   68:     0x73070d3aea04 - clone
[INFO] [stdout]   69:                0x0 - <unknown>
[INFO] [stdout] 
[INFO] [stdout] ---- apis::call_request::tests::test_call_gpt stdout ----
[INFO] [stdout] 
[INFO] [stdout] thread 'apis::call_request::tests::test_call_gpt' panicked at src/apis/call_request.rs:14:54:
[INFO] [stdout] API key not found: NotPresent
[INFO] [stdout] stack backtrace:
[INFO] [stdout]    0:     0x61d1377c66fa - std::backtrace_rs::backtrace::libunwind::trace::hb059275cfc8d6126
[INFO] [stdout]                                at /rustc/6067b36314ab5eb2eb47cecc464545ba58e1ad24/library/std/src/../../backtrace/src/backtrace/libunwind.rs:116:5
[INFO] [stdout]    1:     0x61d1377c66fa - std::backtrace_rs::backtrace::trace_unsynchronized::h2da071e4327ce3ee
[INFO] [stdout]                                at /rustc/6067b36314ab5eb2eb47cecc464545ba58e1ad24/library/std/src/../../backtrace/src/backtrace/mod.rs:66:5
[INFO] [stdout]    2:     0x61d1377c66fa - std::sys::backtrace::_print_fmt::h842a1474e6f8d23f
[INFO] [stdout]                                at /rustc/6067b36314ab5eb2eb47cecc464545ba58e1ad24/library/std/src/sys/backtrace.rs:66:9
[INFO] [stdout]    3:     0x61d1377c66fa - <std::sys::backtrace::BacktraceLock::print::DisplayBacktrace as core::fmt::Display>::fmt::h71a62eb3b9696b12
[INFO] [stdout]                                at /rustc/6067b36314ab5eb2eb47cecc464545ba58e1ad24/library/std/src/sys/backtrace.rs:39:26
[INFO] [stdout]    4:     0x61d1377f2593 - core::fmt::rt::Argument::fmt::hdb6b616786b41dc1
[INFO] [stdout]                                at /rustc/6067b36314ab5eb2eb47cecc464545ba58e1ad24/library/core/src/fmt/rt.rs:177:76
[INFO] [stdout]    5:     0x61d1377f2593 - core::fmt::write::h2cc1698af7e2d686
[INFO] [stdout]                                at /rustc/6067b36314ab5eb2eb47cecc464545ba58e1ad24/library/core/src/fmt/mod.rs:1440:21
[INFO] [stdout]    6:     0x61d1377c1f63 - std::io::Write::write_fmt::hab1b4cd059a79022
[INFO] [stdout]                                at /rustc/6067b36314ab5eb2eb47cecc464545ba58e1ad24/library/std/src/io/mod.rs:1887:15
[INFO] [stdout]    7:     0x61d1377c6542 - std::sys::backtrace::BacktraceLock::print::h147fe35b4ea13b08
[INFO] [stdout]                                at /rustc/6067b36314ab5eb2eb47cecc464545ba58e1ad24/library/std/src/sys/backtrace.rs:42:9
[INFO] [stdout]    8:     0x61d1377c7b1f - std::panicking::default_hook::{{closure}}::hbd44223dbdc0d208
[INFO] [stdout]                                at /rustc/6067b36314ab5eb2eb47cecc464545ba58e1ad24/library/std/src/panicking.rs:298:22
[INFO] [stdout]    9:     0x61d1377c7938 - std::panicking::default_hook::h20f81eb0576efcec
[INFO] [stdout]                                at /rustc/6067b36314ab5eb2eb47cecc464545ba58e1ad24/library/std/src/panicking.rs:322:9
[INFO] [stdout]   10:     0x61d1373a34d3 - <alloc::boxed::Box<F,A> as core::ops::function::Fn<Args>>::call::hdb53814c496a4d34
[INFO] [stdout]                                at /rustc/6067b36314ab5eb2eb47cecc464545ba58e1ad24/library/alloc/src/boxed.rs:2027:9
[INFO] [stdout]   11:     0x61d1373a34d3 - test::test_main::{{closure}}::hc0a4963c59427c24
[INFO] [stdout]                                at /rustc/6067b36314ab5eb2eb47cecc464545ba58e1ad24/library/test/src/lib.rs:134:21
[INFO] [stdout]   12:     0x61d1377c8613 - <alloc::boxed::Box<F,A> as core::ops::function::Fn<Args>>::call::h591b2225413a77e9
[INFO] [stdout]                                at /rustc/6067b36314ab5eb2eb47cecc464545ba58e1ad24/library/alloc/src/boxed.rs:2027:9
[INFO] [stdout]   13:     0x61d1377c8613 - std::panicking::rust_panic_with_hook::h625eea43051b2edc
[INFO] [stdout]                                at /rustc/6067b36314ab5eb2eb47cecc464545ba58e1ad24/library/std/src/panicking.rs:839:13
[INFO] [stdout]   14:     0x61d1377c82ca - std::panicking::begin_panic_handler::{{closure}}::h4f9159cfbc3f6bd3
[INFO] [stdout]                                at /rustc/6067b36314ab5eb2eb47cecc464545ba58e1ad24/library/std/src/panicking.rs:704:13
[INFO] [stdout]   15:     0x61d1377c6bf9 - std::sys::backtrace::__rust_end_short_backtrace::h0390abce48353151
[INFO] [stdout]                                at /rustc/6067b36314ab5eb2eb47cecc464545ba58e1ad24/library/std/src/sys/backtrace.rs:168:18
[INFO] [stdout]   16:     0x61d1377c7f5d - rust_begin_unwind
[INFO] [stdout]                                at /rustc/6067b36314ab5eb2eb47cecc464545ba58e1ad24/library/std/src/panicking.rs:695:5
[INFO] [stdout]   17:     0x61d1377f07a0 - core::panicking::panic_fmt::h9e7c637e9e5f29c9
[INFO] [stdout]                                at /rustc/6067b36314ab5eb2eb47cecc464545ba58e1ad24/library/core/src/panicking.rs:75:14
[INFO] [stdout]   18:     0x61d1377f0c76 - core::result::unwrap_failed::h7979f09313fe1849
[INFO] [stdout]                                at /rustc/6067b36314ab5eb2eb47cecc464545ba58e1ad24/library/core/src/result.rs:1704:5
[INFO] [stdout]   19:     0x61d137345236 - core::result::Result<T,E>::expect::ha8f56b88dbbe5e7b
[INFO] [stdout]                                at /rustc/6067b36314ab5eb2eb47cecc464545ba58e1ad24/library/core/src/result.rs:1061:23
[INFO] [stdout]   20:     0x61d13735b225 - auto_component::apis::call_request::call_gpt::{{closure}}::h7164315dedecabf0
[INFO] [stdout]                                at /opt/rustwide/workdir/src/apis/call_request.rs:14:27
[INFO] [stdout]   21:     0x61d137363366 - auto_component::apis::call_request::tests::test_call_gpt::{{closure}}::h1d1ccf18f72f8e22
[INFO] [stdout]                                at /opt/rustwide/workdir/src/apis/call_request.rs:91:42
[INFO] [stdout]   22:     0x61d13735abe2 - <core::pin::Pin<P> as core::future::future::Future>::poll::hfa8c7abdbb5cf6ee
[INFO] [stdout]                                at /rustc/6067b36314ab5eb2eb47cecc464545ba58e1ad24/library/core/src/future/future.rs:124:9
[INFO] [stdout]   23:     0x61d13735ab3d - <core::pin::Pin<P> as core::future::future::Future>::poll::h4dc15efa9b762455
[INFO] [stdout]                                at /rustc/6067b36314ab5eb2eb47cecc464545ba58e1ad24/library/core/src/future/future.rs:124:9
[INFO] [stdout]   24:     0x61d13734822f - tokio::runtime::scheduler::current_thread::CoreGuard::block_on::{{closure}}::{{closure}}::{{closure}}::h7fded7600ed35b61
[INFO] [stdout]                                at /opt/rustwide/cargo-home/registry/src/index.crates.io-1949cf8c6b5b557f/tokio-1.35.1/src/runtime/scheduler/current_thread/mod.rs:665:57
[INFO] [stdout]   25:     0x61d137348165 - tokio::runtime::coop::with_budget::h44a2da0f3ca00472
[INFO] [stdout]                                at /opt/rustwide/cargo-home/registry/src/index.crates.io-1949cf8c6b5b557f/tokio-1.35.1/src/runtime/coop.rs:107:5
[INFO] [stdout]   26:     0x61d137348165 - tokio::runtime::coop::budget::h7b628ce6eb4020bd
[INFO] [stdout]                                at /opt/rustwide/cargo-home/registry/src/index.crates.io-1949cf8c6b5b557f/tokio-1.35.1/src/runtime/coop.rs:73:5
[INFO] [stdout]   27:     0x61d137348165 - tokio::runtime::scheduler::current_thread::CoreGuard::block_on::{{closure}}::{{closure}}::h1a3b691da241c2d4
[INFO] [stdout]                                at /opt/rustwide/cargo-home/registry/src/index.crates.io-1949cf8c6b5b557f/tokio-1.35.1/src/runtime/scheduler/current_thread/mod.rs:665:25
[INFO] [stdout]   28:     0x61d137346c60 - tokio::runtime::scheduler::current_thread::Context::enter::h64fe0f5f7aadb8ca
[INFO] [stdout]                                at /opt/rustwide/cargo-home/registry/src/index.crates.io-1949cf8c6b5b557f/tokio-1.35.1/src/runtime/scheduler/current_thread/mod.rs:410:19
[INFO] [stdout]   29:     0x61d1373479f7 - tokio::runtime::scheduler::current_thread::CoreGuard::block_on::{{closure}}::heba0e88023234ae6
[INFO] [stdout]                                at /opt/rustwide/cargo-home/registry/src/index.crates.io-1949cf8c6b5b557f/tokio-1.35.1/src/runtime/scheduler/current_thread/mod.rs:664:36
[INFO] [stdout]   30:     0x61d137347774 - tokio::runtime::scheduler::current_thread::CoreGuard::enter::{{closure}}::h1fd2d4930980a50a
[INFO] [stdout]                                at /opt/rustwide/cargo-home/registry/src/index.crates.io-1949cf8c6b5b557f/tokio-1.35.1/src/runtime/scheduler/current_thread/mod.rs:743:68
[INFO] [stdout]   31:     0x61d13735f40b - tokio::runtime::context::scoped::Scoped<T>::set::h4370dbf65d279682
[INFO] [stdout]                                at /opt/rustwide/cargo-home/registry/src/index.crates.io-1949cf8c6b5b557f/tokio-1.35.1/src/runtime/context/scoped.rs:40:9
[INFO] [stdout]   32:     0x61d1373569c9 - tokio::runtime::context::set_scheduler::{{closure}}::h0da3186a41a011cf
[INFO] [stdout]                                at /opt/rustwide/cargo-home/registry/src/index.crates.io-1949cf8c6b5b557f/tokio-1.35.1/src/runtime/context.rs:176:26
[INFO] [stdout]   33:     0x61d1373519b2 - std::thread::local::LocalKey<T>::try_with::h927bbe914c4e1227
[INFO] [stdout]                                at /rustc/6067b36314ab5eb2eb47cecc464545ba58e1ad24/library/std/src/thread/local.rs:308:12
[INFO] [stdout]   34:     0x61d13735142a - std::thread::local::LocalKey<T>::with::hafc25325260a5368
[INFO] [stdout]                                at /rustc/6067b36314ab5eb2eb47cecc464545ba58e1ad24/library/std/src/thread/local.rs:272:9
[INFO] [stdout]   35:     0x61d13735697d - tokio::runtime::context::set_scheduler::h74e9f0038b01282d
[INFO] [stdout]                                at /opt/rustwide/cargo-home/registry/src/index.crates.io-1949cf8c6b5b557f/tokio-1.35.1/src/runtime/context.rs:176:9
[INFO] [stdout]   36:     0x61d137347528 - tokio::runtime::scheduler::current_thread::CoreGuard::enter::h3258b047feee3318
[INFO] [stdout]                                at /opt/rustwide/cargo-home/registry/src/index.crates.io-1949cf8c6b5b557f/tokio-1.35.1/src/runtime/scheduler/current_thread/mod.rs:743:27
[INFO] [stdout]   37:     0x61d137347793 - tokio::runtime::scheduler::current_thread::CoreGuard::block_on::hd18c25a63c4fe0b2
[INFO] [stdout]                                at /opt/rustwide/cargo-home/registry/src/index.crates.io-1949cf8c6b5b557f/tokio-1.35.1/src/runtime/scheduler/current_thread/mod.rs:652:19
[INFO] [stdout]   38:     0x61d13734679d - tokio::runtime::scheduler::current_thread::CurrentThread::block_on::{{closure}}::h0f80006d4e572af5
[INFO] [stdout]                                at /opt/rustwide/cargo-home/registry/src/index.crates.io-1949cf8c6b5b557f/tokio-1.35.1/src/runtime/scheduler/current_thread/mod.rs:175:28
[INFO] [stdout]   39:     0x61d137356d86 - tokio::runtime::context::runtime::enter_runtime::he72e4251e65270f9
[INFO] [stdout]                                at /opt/rustwide/cargo-home/registry/src/index.crates.io-1949cf8c6b5b557f/tokio-1.35.1/src/runtime/context/runtime.rs:65:16
[INFO] [stdout]   40:     0x61d1373466b1 - tokio::runtime::scheduler::current_thread::CurrentThread::block_on::h06360731afe21017
[INFO] [stdout]                                at /opt/rustwide/cargo-home/registry/src/index.crates.io-1949cf8c6b5b557f/tokio-1.35.1/src/runtime/scheduler/current_thread/mod.rs:167:9
[INFO] [stdout]   41:     0x61d13734b3bd - tokio::runtime::runtime::Runtime::block_on::hb83b259bbfe37afc
[INFO] [stdout]                                at /opt/rustwide/cargo-home/registry/src/index.crates.io-1949cf8c6b5b557f/tokio-1.35.1/src/runtime/runtime.rs:348:47
[INFO] [stdout]   42:     0x61d137362fc3 - auto_component::apis::call_request::tests::test_call_gpt::hb5877edf9d433f30
[INFO] [stdout]                                at /opt/rustwide/workdir/src/apis/call_request.rs:93:9
[INFO] [stdout]   43:     0x61d137362e67 - auto_component::apis::call_request::tests::test_call_gpt::{{closure}}::h43584f97cdd56708
[INFO] [stdout]                                at /opt/rustwide/workdir/src/apis/call_request.rs:85:29
[INFO] [stdout]   44:     0x61d1373668c6 - core::ops::function::FnOnce::call_once::hee96219a17eb4c56
[INFO] [stdout]                                at /rustc/6067b36314ab5eb2eb47cecc464545ba58e1ad24/library/core/src/ops/function.rs:250:5
[INFO] [stdout]   45:     0x61d1373a8c2b - core::ops::function::FnOnce::call_once::he27718dfdd183f43
[INFO] [stdout]                                at /rustc/6067b36314ab5eb2eb47cecc464545ba58e1ad24/library/core/src/ops/function.rs:250:5
[INFO] [stdout]   46:     0x61d1373a8c2b - test::__rust_begin_short_backtrace::h4e84902998457a5d
[INFO] [stdout]                                at /rustc/6067b36314ab5eb2eb47cecc464545ba58e1ad24/library/test/src/lib.rs:632:18
[INFO] [stdout]   47:     0x61d1373a7b63 - test::run_test_in_process::{{closure}}::h7176fd18fc1feca0
[INFO] [stdout]                                at /rustc/6067b36314ab5eb2eb47cecc464545ba58e1ad24/library/test/src/lib.rs:655:60
[INFO] [stdout]   48:     0x61d1373a7b63 - <core::panic::unwind_safe::AssertUnwindSafe<F> as core::ops::function::FnOnce<()>>::call_once::hf79cff2a624d8cf7
[INFO] [stdout]                                at /rustc/6067b36314ab5eb2eb47cecc464545ba58e1ad24/library/core/src/panic/unwind_safe.rs:272:9
[INFO] [stdout]   49:     0x61d1373a7b63 - std::panicking::try::do_call::h3da0561d9ab99c25
[INFO] [stdout]                                at /rustc/6067b36314ab5eb2eb47cecc464545ba58e1ad24/library/std/src/panicking.rs:587:40
[INFO] [stdout]   50:     0x61d1373a7b63 - std::panicking::try::h41c9fa508bc61df6
[INFO] [stdout]                                at /rustc/6067b36314ab5eb2eb47cecc464545ba58e1ad24/library/std/src/panicking.rs:550:19
[INFO] [stdout]   51:     0x61d1373a7b63 - std::panic::catch_unwind::h6b3ff07bb5afad93
[INFO] [stdout]                                at /rustc/6067b36314ab5eb2eb47cecc464545ba58e1ad24/library/std/src/panic.rs:358:14
[INFO] [stdout]   52:     0x61d1373a7b63 - test::run_test_in_process::hc7253dd11b39b9f4
[INFO] [stdout]                                at /rustc/6067b36314ab5eb2eb47cecc464545ba58e1ad24/library/test/src/lib.rs:655:27
[INFO] [stdout]   53:     0x61d1373a7b63 - test::run_test::{{closure}}::hfb2007f8649c30bb
[INFO] [stdout]                                at /rustc/6067b36314ab5eb2eb47cecc464545ba58e1ad24/library/test/src/lib.rs:576:43
[INFO] [stdout]   54:     0x61d13736ac45 - test::run_test::{{closure}}::h56a17aa7a282a9f4
[INFO] [stdout]                                at /rustc/6067b36314ab5eb2eb47cecc464545ba58e1ad24/library/test/src/lib.rs:606:41
[INFO] [stdout]   55:     0x61d13736ac45 - std::sys::backtrace::__rust_begin_short_backtrace::hd2d2d2fb8e8c6aac
[INFO] [stdout]                                at /rustc/6067b36314ab5eb2eb47cecc464545ba58e1ad24/library/std/src/sys/backtrace.rs:152:18
[INFO] [stdout]   56:     0x61d13736e52a - std::thread::Builder::spawn_unchecked_::{{closure}}::{{closure}}::h4faa3f9db6133423
[INFO] [stdout]                                at /rustc/6067b36314ab5eb2eb47cecc464545ba58e1ad24/library/std/src/thread/mod.rs:559:17
[INFO] [stdout]   57:     0x61d13736e52a - <core::panic::unwind_safe::AssertUnwindSafe<F> as core::ops::function::FnOnce<()>>::call_once::hf2e855a36a4ea846
[INFO] [stdout]                                at /rustc/6067b36314ab5eb2eb47cecc464545ba58e1ad24/library/core/src/panic/unwind_safe.rs:272:9
[INFO] [stdout]   58:     0x61d13736e52a - std::panicking::try::do_call::h2f73af3616c35465
[INFO] [stdout]                                at /rustc/6067b36314ab5eb2eb47cecc464545ba58e1ad24/library/std/src/panicking.rs:587:40
[INFO] [stdout]   59:     0x61d13736e52a - std::panicking::try::hd1660ce9efadef5a
[INFO] [stdout]                                at /rustc/6067b36314ab5eb2eb47cecc464545ba58e1ad24/library/std/src/panicking.rs:550:19
[INFO] [stdout]   60:     0x61d13736e52a - std::panic::catch_unwind::h5ee8d7823b8ca744
[INFO] [stdout]                                at /rustc/6067b36314ab5eb2eb47cecc464545ba58e1ad24/library/std/src/panic.rs:358:14
[INFO] [stdout]   61:     0x61d13736e52a - std::thread::Builder::spawn_unchecked_::{{closure}}::h53c3a1894dce8407
[INFO] [stdout]                                at /rustc/6067b36314ab5eb2eb47cecc464545ba58e1ad24/library/std/src/thread/mod.rs:557:30
[INFO] [stdout]   62:     0x61d13736e52a - core::ops::function::FnOnce::call_once{{vtable.shim}}::h048ce291ad4f62bf
[INFO] [stdout]                                at /rustc/6067b36314ab5eb2eb47cecc464545ba58e1ad24/library/core/src/ops/function.rs:250:5
[INFO] [stdout]   63:     0x61d1377cccdb - <alloc::boxed::Box<F,A> as core::ops::function::FnOnce<Args>>::call_once::ha52bedf99a3b4981
[INFO] [stdout]                                at /rustc/6067b36314ab5eb2eb47cecc464545ba58e1ad24/library/alloc/src/boxed.rs:2013:9
[INFO] [stdout]   64:     0x61d1377cccdb - <alloc::boxed::Box<F,A> as core::ops::function::FnOnce<Args>>::call_once::h567748934d80ccf8
[INFO] [stdout]                                at /rustc/6067b36314ab5eb2eb47cecc464545ba58e1ad24/library/alloc/src/boxed.rs:2013:9
[INFO] [stdout]   65:     0x61d1377cccdb - std::sys::pal::unix::thread::Thread::new::thread_start::h2d970728ae887adc
[INFO] [stdout]                                at /rustc/6067b36314ab5eb2eb47cecc464545ba58e1ad24/library/std/src/sys/pal/unix/thread.rs:106:17
[INFO] [stdout]   66:     0x73070d31dac3 - <unknown>
[INFO] [stdout]   67:     0x73070d3aea04 - clone
[INFO] [stdout]   68:                0x0 - <unknown>
[INFO] [stdout] 
[INFO] [stdout] ---- models::agents::agent_backend::tests::tests_backend_developer stdout ----
[INFO] [stdout] 
[INFO] [stdout] thread 'models::agents::agent_backend::tests::tests_backend_developer' panicked at src/helpers/general.rs:85:30:
[INFO] [stdout] Failed to read code template: Os { code: 2, kind: NotFound, message: "No such file or directory" }
[INFO] [stdout] stack backtrace:
[INFO] [stdout]    0:     0x61d1377c66fa - std::backtrace_rs::backtrace::libunwind::trace::hb059275cfc8d6126
[INFO] [stdout]                                at /rustc/6067b36314ab5eb2eb47cecc464545ba58e1ad24/library/std/src/../../backtrace/src/backtrace/libunwind.rs:116:5
[INFO] [stdout]    1:     0x61d1377c66fa - std::backtrace_rs::backtrace::trace_unsynchronized::h2da071e4327ce3ee
[INFO] [stdout]                                at /rustc/6067b36314ab5eb2eb47cecc464545ba58e1ad24/library/std/src/../../backtrace/src/backtrace/mod.rs:66:5
[INFO] [stdout]    2:     0x61d1377c66fa - std::sys::backtrace::_print_fmt::h842a1474e6f8d23f
[INFO] [stdout]                                at /rustc/6067b36314ab5eb2eb47cecc464545ba58e1ad24/library/std/src/sys/backtrace.rs:66:9
[INFO] [stdout]    3:     0x61d1377c66fa - <std::sys::backtrace::BacktraceLock::print::DisplayBacktrace as core::fmt::Display>::fmt::h71a62eb3b9696b12
[INFO] [stdout]                                at /rustc/6067b36314ab5eb2eb47cecc464545ba58e1ad24/library/std/src/sys/backtrace.rs:39:26
[INFO] [stdout]    4:     0x61d1377f2593 - core::fmt::rt::Argument::fmt::hdb6b616786b41dc1
[INFO] [stdout]                                at /rustc/6067b36314ab5eb2eb47cecc464545ba58e1ad24/library/core/src/fmt/rt.rs:177:76
[INFO] [stdout]    5:     0x61d1377f2593 - core::fmt::write::h2cc1698af7e2d686
[INFO] [stdout]                                at /rustc/6067b36314ab5eb2eb47cecc464545ba58e1ad24/library/core/src/fmt/mod.rs:1440:21
[INFO] [stdout]    6:     0x61d1377c1f63 - std::io::Write::write_fmt::hab1b4cd059a79022
[INFO] [stdout]                                at /rustc/6067b36314ab5eb2eb47cecc464545ba58e1ad24/library/std/src/io/mod.rs:1887:15
[INFO] [stdout]    7:     0x61d1377c6542 - std::sys::backtrace::BacktraceLock::print::h147fe35b4ea13b08
[INFO] [stdout]                                at /rustc/6067b36314ab5eb2eb47cecc464545ba58e1ad24/library/std/src/sys/backtrace.rs:42:9
[INFO] [stdout]    8:     0x61d1377c7b1f - std::panicking::default_hook::{{closure}}::hbd44223dbdc0d208
[INFO] [stdout]                                at /rustc/6067b36314ab5eb2eb47cecc464545ba58e1ad24/library/std/src/panicking.rs:298:22
[INFO] [stdout]    9:     0x61d1377c7938 - std::panicking::default_hook::h20f81eb0576efcec
[INFO] [stdout]                                at /rustc/6067b36314ab5eb2eb47cecc464545ba58e1ad24/library/std/src/panicking.rs:322:9
[INFO] [stdout]   10:     0x61d1373a34d3 - <alloc::boxed::Box<F,A> as core::ops::function::Fn<Args>>::call::hdb53814c496a4d34
[INFO] [stdout]                                at /rustc/6067b36314ab5eb2eb47cecc464545ba58e1ad24/library/alloc/src/boxed.rs:2027:9
[INFO] [stdout]   11:     0x61d1373a34d3 - test::test_main::{{closure}}::hc0a4963c59427c24
[INFO] [stdout]                                at /rustc/6067b36314ab5eb2eb47cecc464545ba58e1ad24/library/test/src/lib.rs:134:21
[INFO] [stdout]   12:     0x61d1377c8613 - <alloc::boxed::Box<F,A> as core::ops::function::Fn<Args>>::call::h591b2225413a77e9
[INFO] [stdout]                                at /rustc/6067b36314ab5eb2eb47cecc464545ba58e1ad24/library/alloc/src/boxed.rs:2027:9
[INFO] [stdout]   13:     0x61d1377c8613 - std::panicking::rust_panic_with_hook::h625eea43051b2edc
[INFO] [stdout]                                at /rustc/6067b36314ab5eb2eb47cecc464545ba58e1ad24/library/std/src/panicking.rs:839:13
[INFO] [stdout]   14:     0x61d1377c82ca - std::panicking::begin_panic_handler::{{closure}}::h4f9159cfbc3f6bd3
[INFO] [stdout]                                at /rustc/6067b36314ab5eb2eb47cecc464545ba58e1ad24/library/std/src/panicking.rs:704:13
[INFO] [stdout]   15:     0x61d1377c6bf9 - std::sys::backtrace::__rust_end_short_backtrace::h0390abce48353151
[INFO] [stdout]                                at /rustc/6067b36314ab5eb2eb47cecc464545ba58e1ad24/library/std/src/sys/backtrace.rs:168:18
[INFO] [stdout]   16:     0x61d1377c7f5d - rust_begin_unwind
[INFO] [stdout]                                at /rustc/6067b36314ab5eb2eb47cecc464545ba58e1ad24/library/std/src/panicking.rs:695:5
[INFO] [stdout]   17:     0x61d1377f07a0 - core::panicking::panic_fmt::h9e7c637e9e5f29c9
[INFO] [stdout]                                at /rustc/6067b36314ab5eb2eb47cecc464545ba58e1ad24/library/core/src/panicking.rs:75:14
[INFO] [stdout]   18:     0x61d1377f0c76 - core::result::unwrap_failed::h7979f09313fe1849
[INFO] [stdout]                                at /rustc/6067b36314ab5eb2eb47cecc464545ba58e1ad24/library/core/src/result.rs:1704:5
[INFO] [stdout]   19:     0x61d1373457b4 - core::result::Result<T,E>::expect::heb06e99b0bb6ef23
[INFO] [stdout]                                at /rustc/6067b36314ab5eb2eb47cecc464545ba58e1ad24/library/core/src/result.rs:1061:23
[INFO] [stdout]   20:     0x61d137360ce5 - auto_component::helpers::general::read_code_template_contents::h4d6c47e24439a8d1
[INFO] [stdout]                                at /opt/rustwide/workdir/src/helpers/general.rs:85:5
[INFO] [stdout]   21:     0x61d137361066 - auto_component::models::agents::agent_backend::AgentBackendDeveloper::call_initial_backend_code::{{closure}}::hd0112580da439f85
[INFO] [stdout]                                at /opt/rustwide/workdir/src/models/agents/agent_backend.rs:45:41
[INFO] [stdout]   22:     0x61d137364da8 - <auto_component::models::agents::agent_backend::AgentBackendDeveloper as auto_component::models::agents::agent_traits::SpecialFunctions>::execute::{{closure}}::hcdd63bf66280337b
[INFO] [stdout]                                at /opt/rustwide/workdir/src/models/agents/agent_backend.rs:138:63
[INFO] [stdout]   23:     0x61d13735ab9f - <core::pin::Pin<P> as core::future::future::Future>::poll::hae8c57fee76df75b
[INFO] [stdout]                                at /rustc/6067b36314ab5eb2eb47cecc464545ba58e1ad24/library/core/src/future/future.rs:124:9
[INFO] [stdout]   24:     0x61d13734a207 - auto_component::models::agents::agent_backend::tests::tests_backend_developer::{{closure}}::h09867cd8d6dadc55
[INFO] [stdout]                                at /opt/rustwide/workdir/src/models/agents/agent_backend.rs:354:14
[INFO] [stdout]   25:     0x61d13735abe2 - <core::pin::Pin<P> as core::future::future::Future>::poll::hfa8c7abdbb5cf6ee
[INFO] [stdout]                                at /rustc/6067b36314ab5eb2eb47cecc464545ba58e1ad24/library/core/src/future/future.rs:124:9
[INFO] [stdout]   26:     0x61d13735ab3d - <core::pin::Pin<P> as core::future::future::Future>::poll::h4dc15efa9b762455
[INFO] [stdout]                                at /rustc/6067b36314ab5eb2eb47cecc464545ba58e1ad24/library/core/src/future/future.rs:124:9
[INFO] [stdout]   27:     0x61d13734822f - tokio::runtime::scheduler::current_thread::CoreGuard::block_on::{{closure}}::{{closure}}::{{closure}}::h7fded7600ed35b61
[INFO] [stdout]                                at /opt/rustwide/cargo-home/registry/src/index.crates.io-1949cf8c6b5b557f/tokio-1.35.1/src/runtime/scheduler/current_thread/mod.rs:665:57
[INFO] [stdout]   28:     0x61d137348165 - tokio::runtime::coop::with_budget::h44a2da0f3ca00472
[INFO] [stdout]                                at /opt/rustwide/cargo-home/registry/src/index.crates.io-1949cf8c6b5b557f/tokio-1.35.1/src/runtime/coop.rs:107:5
[INFO] [stdout]   29:     0x61d137348165 - tokio::runtime::coop::budget::h7b628ce6eb4020bd
[INFO] [stdout]                                at /opt/rustwide/cargo-home/registry/src/index.crates.io-1949cf8c6b5b557f/tokio-1.35.1/src/runtime/coop.rs:73:5
[INFO] [stdout]   30:     0x61d137348165 - tokio::runtime::scheduler::current_thread::CoreGuard::block_on::{{closure}}::{{closure}}::h1a3b691da241c2d4
[INFO] [stdout]                                at /opt/rustwide/cargo-home/registry/src/index.crates.io-1949cf8c6b5b557f/tokio-1.35.1/src/runtime/scheduler/current_thread/mod.rs:665:25
[INFO] [stdout]   31:     0x61d137346c60 - tokio::runtime::scheduler::current_thread::Context::enter::h64fe0f5f7aadb8ca
[INFO] [stdout]                                at /opt/rustwide/cargo-home/registry/src/index.crates.io-1949cf8c6b5b557f/tokio-1.35.1/src/runtime/scheduler/current_thread/mod.rs:410:19
[INFO] [stdout]   32:     0x61d1373479f7 - tokio::runtime::scheduler::current_thread::CoreGuard::block_on::{{closure}}::heba0e88023234ae6
[INFO] [stdout]                                at /opt/rustwide/cargo-home/registry/src/index.crates.io-1949cf8c6b5b557f/tokio-1.35.1/src/runtime/scheduler/current_thread/mod.rs:664:36
[INFO] [stdout]   33:     0x61d137347774 - tokio::runtime::scheduler::current_thread::CoreGuard::enter::{{closure}}::h1fd2d4930980a50a
[INFO] [stdout]                                at /opt/rustwide/cargo-home/registry/src/index.crates.io-1949cf8c6b5b557f/tokio-1.35.1/src/runtime/scheduler/current_thread/mod.rs:743:68
[INFO] [stdout]   34:     0x61d13735f40b - tokio::runtime::context::scoped::Scoped<T>::set::h4370dbf65d279682
[INFO] [stdout]                                at /opt/rustwide/cargo-home/registry/src/index.crates.io-1949cf8c6b5b557f/tokio-1.35.1/src/runtime/context/scoped.rs:40:9
[INFO] [stdout]   35:     0x61d1373569c9 - tokio::runtime::context::set_scheduler::{{closure}}::h0da3186a41a011cf
[INFO] [stdout]                                at /opt/rustwide/cargo-home/registry/src/index.crates.io-1949cf8c6b5b557f/tokio-1.35.1/src/runtime/context.rs:176:26
[INFO] [stdout]   36:     0x61d1373519b2 - std::thread::local::LocalKey<T>::try_with::h927bbe914c4e1227
[INFO] [stdout]                                at /rustc/6067b36314ab5eb2eb47cecc464545ba58e1ad24/library/std/src/thread/local.rs:308:12
[INFO] [stdout]   37:     0x61d13735142a - std::thread::local::LocalKey<T>::with::hafc25325260a5368
[INFO] [stdout]                                at /rustc/6067b36314ab5eb2eb47cecc464545ba58e1ad24/library/std/src/thread/local.rs:272:9
[INFO] [stdout]   38:     0x61d13735697d - tokio::runtime::context::set_scheduler::h74e9f0038b01282d
[INFO] [stdout]                                at /opt/rustwide/cargo-home/registry/src/index.crates.io-1949cf8c6b5b557f/tokio-1.35.1/src/runtime/context.rs:176:9
[INFO] [stdout]   39:     0x61d137347528 - tokio::runtime::scheduler::current_thread::CoreGuard::enter::h3258b047feee3318
[INFO] [stdout]                                at /opt/rustwide/cargo-home/registry/src/index.crates.io-1949cf8c6b5b557f/tokio-1.35.1/src/runtime/scheduler/current_thread/mod.rs:743:27
[INFO] [stdout]   40:     0x61d137347793 - tokio::runtime::scheduler::current_thread::CoreGuard::block_on::hd18c25a63c4fe0b2
[INFO] [stdout]                                at /opt/rustwide/cargo-home/registry/src/index.crates.io-1949cf8c6b5b557f/tokio-1.35.1/src/runtime/scheduler/current_thread/mod.rs:652:19
[INFO] [stdout]   41:     0x61d13734679d - tokio::runtime::scheduler::current_thread::CurrentThread::block_on::{{closure}}::h0f80006d4e572af5
[INFO] [stdout]                                at /opt/rustwide/cargo-home/registry/src/index.crates.io-1949cf8c6b5b557f/tokio-1.35.1/src/runtime/scheduler/current_thread/mod.rs:175:28
[INFO] [stdout]   42:     0x61d137356d86 - tokio::runtime::context::runtime::enter_runtime::he72e4251e65270f9
[INFO] [stdout]                                at /opt/rustwide/cargo-home/registry/src/index.crates.io-1949cf8c6b5b557f/tokio-1.35.1/src/runtime/context/runtime.rs:65:16
[INFO] [stdout]   43:     0x61d1373466b1 - tokio::runtime::scheduler::current_thread::CurrentThread::block_on::h06360731afe21017
[INFO] [stdout]                                at /opt/rustwide/cargo-home/registry/src/index.crates.io-1949cf8c6b5b557f/tokio-1.35.1/src/runtime/scheduler/current_thread/mod.rs:167:9
[INFO] [stdout]   44:     0x61d13734b3bd - tokio::runtime::runtime::Runtime::block_on::hb83b259bbfe37afc
[INFO] [stdout]                                at /opt/rustwide/cargo-home/registry/src/index.crates.io-1949cf8c6b5b557f/tokio-1.35.1/src/runtime/runtime.rs:348:47
[INFO] [stdout]   45:     0x61d137349e83 - auto_component::models::agents::agent_backend::tests::tests_backend_developer::he8eee7ec89785ed7
[INFO] [stdout]                                at /opt/rustwide/workdir/src/models/agents/agent_backend.rs:352:9
[INFO] [stdout]   46:     0x61d137349d27 - auto_component::models::agents::agent_backend::tests::tests_backend_developer::{{closure}}::h963dfc2fe585992c
[INFO] [stdout]                                at /opt/rustwide/workdir/src/models/agents/agent_backend.rs:331:39
[INFO] [stdout]   47:     0x61d1373665b6 - core::ops::function::FnOnce::call_once::h64ea6d2b0172bbc3
[INFO] [stdout]                                at /rustc/6067b36314ab5eb2eb47cecc464545ba58e1ad24/library/core/src/ops/function.rs:250:5
[INFO] [stdout]   48:     0x61d1373a8c2b - core::ops::function::FnOnce::call_once::he27718dfdd183f43
[INFO] [stdout]                                at /rustc/6067b36314ab5eb2eb47cecc464545ba58e1ad24/library/core/src/ops/function.rs:250:5
[INFO] [stdout]   49:     0x61d1373a8c2b - test::__rust_begin_short_backtrace::h4e84902998457a5d
[INFO] [stdout]                                at /rustc/6067b36314ab5eb2eb47cecc464545ba58e1ad24/library/test/src/lib.rs:632:18
[INFO] [stdout]   50:     0x61d1373a7b63 - test::run_test_in_process::{{closure}}::h7176fd18fc1feca0
[INFO] [stdout]                                at /rustc/6067b36314ab5eb2eb47cecc464545ba58e1ad24/library/test/src/lib.rs:655:60
[INFO] [stdout]   51:     0x61d1373a7b63 - <core::panic::unwind_safe::AssertUnwindSafe<F> as core::ops::function::FnOnce<()>>::call_once::hf79cff2a624d8cf7
[INFO] [stdout]                                at /rustc/6067b36314ab5eb2eb47cecc464545ba58e1ad24/library/core/src/panic/unwind_safe.rs:272:9
[INFO] [stdout]   52:     0x61d1373a7b63 - std::panicking::try::do_call::h3da0561d9ab99c25
[INFO] [stdout]                                at /rustc/6067b36314ab5eb2eb47cecc464545ba58e1ad24/library/std/src/panicking.rs:587:40
[INFO] [stdout]   53:     0x61d1373a7b63 - std::panicking::try::h41c9fa508bc61df6
[INFO] [stdout]                                at /rustc/6067b36314ab5eb2eb47cecc464545ba58e1ad24/library/std/src/panicking.rs:550:19
[INFO] [stdout]   54:     0x61d1373a7b63 - std::panic::catch_unwind::h6b3ff07bb5afad93
[INFO] [stdout]                                at /rustc/6067b36314ab5eb2eb47cecc464545ba58e1ad24/library/std/src/panic.rs:358:14
[INFO] [stdout]   55:     0x61d1373a7b63 - test::run_test_in_process::hc7253dd11b39b9f4
[INFO] [stdout]                                at /rustc/6067b36314ab5eb2eb47cecc464545ba58e1ad24/library/test/src/lib.rs:655:27
[INFO] [stdout]   56:     0x61d1373a7b63 - test::run_test::{{closure}}::hfb2007f8649c30bb
[INFO] [stdout]                                at /rustc/6067b36314ab5eb2eb47cecc464545ba58e1ad24/library/test/src/lib.rs:576:43
[INFO] [stdout]   57:     0x61d13736ac45 - test::run_test::{{closure}}::h56a17aa7a282a9f4
[INFO] [stdout]                                at /rustc/6067b36314ab5eb2eb47cecc464545ba58e1ad24/library/test/src/lib.rs:606:41
[INFO] [stdout]   58:     0x61d13736ac45 - std::sys::backtrace::__rust_begin_short_backtrace::hd2d2d2fb8e8c6aac
[INFO] [stdout]                                at /rustc/6067b36314ab5eb2eb47cecc464545ba58e1ad24/library/std/src/sys/backtrace.rs:152:18
[INFO] [stdout]   59:     0x61d13736e52a - std::thread::Builder::spawn_unchecked_::{{closure}}::{{closure}}::h4faa3f9db6133423
[INFO] [stdout]                                at /rustc/6067b36314ab5eb2eb47cecc464545ba58e1ad24/library/std/src/thread/mod.rs:559:17
[INFO] [stdout]   60:     0x61d13736e52a - <core::panic::unwind_safe::AssertUnwindSafe<F> as core::ops::function::FnOnce<()>>::call_once::hf2e855a36a4ea846
[INFO] [stdout]                                at /rustc/6067b36314ab5eb2eb47cecc464545ba58e1ad24/library/core/src/panic/unwind_safe.rs:272:9
[INFO] [stdout]   61:     0x61d13736e52a - std::panicking::try::do_call::h2f73af3616c35465
[INFO] [stdout]                                at /rustc/6067b36314ab5eb2eb47cecc464545ba58e1ad24/library/std/src/panicking.rs:587:40
[INFO] [stdout]   62:     0x61d13736e52a - std::panicking::try::hd1660ce9efadef5a
[INFO] [stdout]                                at /rustc/6067b36314ab5eb2eb47cecc464545ba58e1ad24/library/std/src/panicking.rs:550:19
[INFO] [stdout]   63:     0x61d13736e52a - std::panic::catch_unwind::h5ee8d7823b8ca744
[INFO] [stdout]                                at /rustc/6067b36314ab5eb2eb47cecc464545ba58e1ad24/library/std/src/panic.rs:358:14
[INFO] [stdout]   64:     0x61d13736e52a - std::thread::Builder::spawn_unchecked_::{{closure}}::h53c3a1894dce8407
[INFO] [stdout]                                at /rustc/6067b36314ab5eb2eb47cecc464545ba58e1ad24/library/std/src/thread/mod.rs:557:30
[INFO] [stdout]   65:     0x61d13736e52a - core::ops::function::FnOnce::call_once{{vtable.shim}}::h048ce291ad4f62bf
[INFO] [stdout]                                at /rustc/6067b36314ab5eb2eb47cecc464545ba58e1ad24/library/core/src/ops/function.rs:250:5
[INFO] [stdout]   66:     0x61d1377cccdb - <alloc::boxed::Box<F,A> as core::ops::function::FnOnce<Args>>::call_once::ha52bedf99a3b4981
[INFO] [stdout]                                at /rustc/6067b36314ab5eb2eb47cecc464545ba58e1ad24/library/alloc/src/boxed.rs:2013:9
[INFO] [stdout]   67:     0x61d1377cccdb - <alloc::boxed::Box<F,A> as core::ops::function::FnOnce<Args>>::call_once::h567748934d80ccf8
[INFO] [stdout]                                at /rustc/6067b36314ab5eb2eb47cecc464545ba58e1ad24/library/alloc/src/boxed.rs:2013:9
[INFO] [stdout]   68:     0x61d1377cccdb - std::sys::pal::unix::thread::Thread::new::thread_start::h2d970728ae887adc
[INFO] [stdout]                                at /rustc/6067b36314ab5eb2eb47cecc464545ba58e1ad24/library/std/src/sys/pal/unix/thread.rs:106:17
[INFO] [stdout]   69:     0x73070d31dac3 - <unknown>
[INFO] [stdout]   70:     0x73070d3aea04 - clone
[INFO] [stdout]   71:                0x0 - <unknown>
[INFO] [stdout] 
[INFO] [stdout] ---- models::agents_manager::managing_agent::tests::tests_managing_agent stdout ----
[INFO] [stdout] [src/helpers/general.rs:20:5] ai_function_str = "pub fn convert_user_input_to_goal(_user_request : & str)\n{\n    #[doc = \" Input: Takes in a user request\"]\n    #[doc = \" Function: Converts user request into a short summarized goal\"]\n    #[doc =\n    \" Output: Prints goal. All outputs start with \\\"build a website that ...\\\"\"]\n    #[doc = \" Example 1:\"]\n    #[doc =\n    \"   user_request = \\\"I need a website that lets users login and logout. It needs to look fancy and accept payments.\\\"\"]\n    #[doc =\n    \"   OUTPUT = \\\"build a website that handles users logging in and logging out and accepts payments\\\"\"]\n    #[doc = \" Example 2:\"]\n    #[doc =\n    \"   user_request = \\\"Create something that stores crypto price data in a database using supabase and retrieves prices on the frontend.\\\"\"]\n    #[doc =\n    \"   OUTPUT = \\\"build a website that fetches and stores crypto price data within a supabase setup including a frontend UI to fetch the data.\\\"\"]\n    println! (OUTPUT)\n}"
[INFO] [stdout] Agent: Project Manager: convert_user_input_to_goal
[INFO] [stdout] 
[INFO] [stdout] thread 'models::agents_manager::managing_agent::tests::tests_managing_agent' panicked at src/apis/call_request.rs:14:54:
[INFO] [stdout] API key not found: NotPresent
[INFO] [stdout] stack backtrace:
[INFO] [stdout]    0:     0x61d1377c66fa - std::backtrace_rs::backtrace::libunwind::trace::hb059275cfc8d6126
[INFO] [stdout]                                at /rustc/6067b36314ab5eb2eb47cecc464545ba58e1ad24/library/std/src/../../backtrace/src/backtrace/libunwind.rs:116:5
[INFO] [stdout]    1:     0x61d1377c66fa - std::backtrace_rs::backtrace::trace_unsynchronized::h2da071e4327ce3ee
[INFO] [stdout]                                at /rustc/6067b36314ab5eb2eb47cecc464545ba58e1ad24/library/std/src/../../backtrace/src/backtrace/mod.rs:66:5
[INFO] [stdout]    2:     0x61d1377c66fa - std::sys::backtrace::_print_fmt::h842a1474e6f8d23f
[INFO] [stdout]                                at /rustc/6067b36314ab5eb2eb47cecc464545ba58e1ad24/library/std/src/sys/backtrace.rs:66:9
[INFO] [stdout]    3:     0x61d1377c66fa - <std::sys::backtrace::BacktraceLock::print::DisplayBacktrace as core::fmt::Display>::fmt::h71a62eb3b9696b12
[INFO] [stdout]                                at /rustc/6067b36314ab5eb2eb47cecc464545ba58e1ad24/library/std/src/sys/backtrace.rs:39:26
[INFO] [stdout]    4:     0x61d1377f2593 - core::fmt::rt::Argument::fmt::hdb6b616786b41dc1
[INFO] [stdout]                                at /rustc/6067b36314ab5eb2eb47cecc464545ba58e1ad24/library/core/src/fmt/rt.rs:177:76
[INFO] [stdout]    5:     0x61d1377f2593 - core::fmt::write::h2cc1698af7e2d686
[INFO] [stdout]                                at /rustc/6067b36314ab5eb2eb47cecc464545ba58e1ad24/library/core/src/fmt/mod.rs:1440:21
[INFO] [stdout]    6:     0x61d1377c1f63 - std::io::Write::write_fmt::hab1b4cd059a79022
[INFO] [stdout]                                at /rustc/6067b36314ab5eb2eb47cecc464545ba58e1ad24/library/std/src/io/mod.rs:1887:15
[INFO] [stdout]    7:     0x61d1377c6542 - std::sys::backtrace::BacktraceLock::print::h147fe35b4ea13b08
[INFO] [stdout]                                at /rustc/6067b36314ab5eb2eb47cecc464545ba58e1ad24/library/std/src/sys/backtrace.rs:42:9
[INFO] [stdout]    8:     0x61d1377c7b1f - std::panicking::default_hook::{{closure}}::hbd44223dbdc0d208
[INFO] [stdout]                                at /rustc/6067b36314ab5eb2eb47cecc464545ba58e1ad24/library/std/src/panicking.rs:298:22
[INFO] [stdout]    9:     0x61d1377c7938 - std::panicking::default_hook::h20f81eb0576efcec
[INFO] [stdout]                                at /rustc/6067b36314ab5eb2eb47cecc464545ba58e1ad24/library/std/src/panicking.rs:322:9
[INFO] [stdout]   10:     0x61d1373a34d3 - <alloc::boxed::Box<F,A> as core::ops::function::Fn<Args>>::call::hdb53814c496a4d34
[INFO] [stdout]                                at /rustc/6067b36314ab5eb2eb47cecc464545ba58e1ad24/library/alloc/src/boxed.rs:2027:9
[INFO] [stdout]   11:     0x61d1373a34d3 - test::test_main::{{closure}}::hc0a4963c59427c24
[INFO] [stdout]                                at /rustc/6067b36314ab5eb2eb47cecc464545ba58e1ad24/library/test/src/lib.rs:134:21
[INFO] [stdout]   12:     0x61d1377c8613 - <alloc::boxed::Box<F,A> as core::ops::function::Fn<Args>>::call::h591b2225413a77e9
[INFO] [stdout]                                at /rustc/6067b36314ab5eb2eb47cecc464545ba58e1ad24/library/alloc/src/boxed.rs:2027:9
[INFO] [stdout]   13:     0x61d1377c8613 - std::panicking::rust_panic_with_hook::h625eea43051b2edc
[INFO] [stdout]                                at /rustc/6067b36314ab5eb2eb47cecc464545ba58e1ad24/library/std/src/panicking.rs:839:13
[INFO] [stdout]   14:     0x61d1377c82ca - std::panicking::begin_panic_handler::{{closure}}::h4f9159cfbc3f6bd3
[INFO] [stdout]                                at /rustc/6067b36314ab5eb2eb47cecc464545ba58e1ad24/library/std/src/panicking.rs:704:13
[INFO] [stdout]   15:     0x61d1377c6bf9 - std::sys::backtrace::__rust_end_short_backtrace::h0390abce48353151
[INFO] [stdout]                                at /rustc/6067b36314ab5eb2eb47cecc464545ba58e1ad24/library/std/src/sys/backtrace.rs:168:18
[INFO] [stdout]   16:     0x61d1377c7f5d - rust_begin_unwind
[INFO] [stdout]                                at /rustc/6067b36314ab5eb2eb47cecc464545ba58e1ad24/library/std/src/panicking.rs:695:5
[INFO] [stdout]   17:     0x61d1377f07a0 - core::panicking::panic_fmt::h9e7c637e9e5f29c9
[INFO] [stdout]                                at /rustc/6067b36314ab5eb2eb47cecc464545ba58e1ad24/library/core/src/panicking.rs:75:14
[INFO] [stdout]   18:     0x61d1377f0c76 - core::result::unwrap_failed::h7979f09313fe1849
[INFO] [stdout]                                at /rustc/6067b36314ab5eb2eb47cecc464545ba58e1ad24/library/core/src/result.rs:1704:5
[INFO] [stdout]   19:     0x61d137345236 - core::result::Result<T,E>::expect::ha8f56b88dbbe5e7b
[INFO] [stdout]                                at /rustc/6067b36314ab5eb2eb47cecc464545ba58e1ad24/library/core/src/result.rs:1061:23
[INFO] [stdout]   20:     0x61d13735b225 - auto_component::apis::call_request::call_gpt::{{closure}}::h7164315dedecabf0
[INFO] [stdout]                                at /opt/rustwide/workdir/src/apis/call_request.rs:14:27
[INFO] [stdout]   21:     0x61d13735fc5f - auto_component::helpers::general::ai_task_request::{{closure}}::h641d973290fc95f2
[INFO] [stdout]                                at /opt/rustwide/workdir/src/helpers/general.rs:50:46
[INFO] [stdout]   22:     0x61d13736267f - auto_component::models::agents_manager::managing_agent::ManagingAgent::new::{{closure}}::h0f0a4e9392d93671
[INFO] [stdout]                                at /opt/rustwide/workdir/src/models/agents_manager/managing_agent.rs:34:10
[INFO] [stdout]   23:     0x61d13734e172 - auto_component::models::agents_manager::managing_agent::tests::tests_managing_agent::{{closure}}::hea2baab0f11070be
[INFO] [stdout]                                at /opt/rustwide/workdir/src/models/agents_manager/managing_agent.rs:87:14
[INFO] [stdout]   24:     0x61d13735abe2 - <core::pin::Pin<P> as core::future::future::Future>::poll::hfa8c7abdbb5cf6ee
[INFO] [stdout]                                at /rustc/6067b36314ab5eb2eb47cecc464545ba58e1ad24/library/core/src/future/future.rs:124:9
[INFO] [stdout]   25:     0x61d13735ab3d - <core::pin::Pin<P> as core::future::future::Future>::poll::h4dc15efa9b762455
[INFO] [stdout]                                at /rustc/6067b36314ab5eb2eb47cecc464545ba58e1ad24/library/core/src/future/future.rs:124:9
[INFO] [stdout]   26:     0x61d13734822f - tokio::runtime::scheduler::current_thread::CoreGuard::block_on::{{closure}}::{{closure}}::{{closure}}::h7fded7600ed35b61
[INFO] [stdout]                                at /opt/rustwide/cargo-home/registry/src/index.crates.io-1949cf8c6b5b557f/tokio-1.35.1/src/runtime/scheduler/current_thread/mod.rs:665:57
[INFO] [stdout]   27:     0x61d137348165 - tokio::runtime::coop::with_budget::h44a2da0f3ca00472
[INFO] [stdout]                                at /opt/rustwide/cargo-home/registry/src/index.crates.io-1949cf8c6b5b557f/tokio-1.35.1/src/runtime/coop.rs:107:5
[INFO] [stdout]   28:     0x61d137348165 - tokio::runtime::coop::budget::h7b628ce6eb4020bd
[INFO] [stdout]                                at /opt/rustwide/cargo-home/registry/src/index.crates.io-1949cf8c6b5b557f/tokio-1.35.1/src/runtime/coop.rs:73:5
[INFO] [stdout]   29:     0x61d137348165 - tokio::runtime::scheduler::current_thread::CoreGuard::block_on::{{closure}}::{{closure}}::h1a3b691da241c2d4
[INFO] [stdout]                                at /opt/rustwide/cargo-home/registry/src/index.crates.io-1949cf8c6b5b557f/tokio-1.35.1/src/runtime/scheduler/current_thread/mod.rs:665:25
[INFO] [stdout]   30:     0x61d137346c60 - tokio::runtime::scheduler::current_thread::Context::enter::h64fe0f5f7aadb8ca
[INFO] [stdout]                                at /opt/rustwide/cargo-home/registry/src/index.crates.io-1949cf8c6b5b557f/tokio-1.35.1/src/runtime/scheduler/current_thread/mod.rs:410:19
[INFO] [stdout]   31:     0x61d1373479f7 - tokio::runtime::scheduler::current_thread::CoreGuard::block_on::{{closure}}::heba0e88023234ae6
[INFO] [stdout]                                at /opt/rustwide/cargo-home/registry/src/index.crates.io-1949cf8c6b5b557f/tokio-1.35.1/src/runtime/scheduler/current_thread/mod.rs:664:36
[INFO] [stdout]   32:     0x61d137347774 - tokio::runtime::scheduler::current_thread::CoreGuard::enter::{{closure}}::h1fd2d4930980a50a
[INFO] [stdout]                                at /opt/rustwide/cargo-home/registry/src/index.crates.io-1949cf8c6b5b557f/tokio-1.35.1/src/runtime/scheduler/current_thread/mod.rs:743:68
[INFO] [stdout]   33:     0x61d13735f40b - tokio::runtime::context::scoped::Scoped<T>::set::h4370dbf65d279682
[INFO] [stdout]                                at /opt/rustwide/cargo-home/registry/src/index.crates.io-1949cf8c6b5b557f/tokio-1.35.1/src/runtime/context/scoped.rs:40:9
[INFO] [stdout]   34:     0x61d1373569c9 - tokio::runtime::context::set_scheduler::{{closure}}::h0da3186a41a011cf
[INFO] [stdout]                                at /opt/rustwide/cargo-home/registry/src/index.crates.io-1949cf8c6b5b557f/tokio-1.35.1/src/runtime/context.rs:176:26
[INFO] [stdout]   35:     0x61d1373519b2 - std::thread::local::LocalKey<T>::try_with::h927bbe914c4e1227
[INFO] [stdout]                                at /rustc/6067b36314ab5eb2eb47cecc464545ba58e1ad24/library/std/src/thread/local.rs:308:12
[INFO] [stdout]   36:     0x61d13735142a - std::thread::local::LocalKey<T>::with::hafc25325260a5368
[INFO] [stdout]                                at /rustc/6067b36314ab5eb2eb47cecc464545ba58e1ad24/library/std/src/thread/local.rs:272:9
[INFO] [stdout]   37:     0x61d13735697d - tokio::runtime::context::set_scheduler::h74e9f0038b01282d
[INFO] [stdout]                                at /opt/rustwide/cargo-home/registry/src/index.crates.io-1949cf8c6b5b557f/tokio-1.35.1/src/runtime/context.rs:176:9
[INFO] [stdout]   38:     0x61d137347528 - tokio::runtime::scheduler::current_thread::CoreGuard::enter::h3258b047feee3318
[INFO] [stdout]                                at /opt/rustwide/cargo-home/registry/src/index.crates.io-1949cf8c6b5b557f/tokio-1.35.1/src/runtime/scheduler/current_thread/mod.rs:743:27
[INFO] [stdout]   39:     0x61d137347793 - tokio::runtime::scheduler::current_thread::CoreGuard::block_on::hd18c25a63c4fe0b2
[INFO] [stdout]                                at /opt/rustwide/cargo-home/registry/src/index.crates.io-1949cf8c6b5b557f/tokio-1.35.1/src/runtime/scheduler/current_thread/mod.rs:652:19
[INFO] [stdout]   40:     0x61d13734679d - tokio::runtime::scheduler::current_thread::CurrentThread::block_on::{{closure}}::h0f80006d4e572af5
[INFO] [stdout]                                at /opt/rustwide/cargo-home/registry/src/index.crates.io-1949cf8c6b5b557f/tokio-1.35.1/src/runtime/scheduler/current_thread/mod.rs:175:28
[INFO] [stdout]   41:     0x61d137356d86 - tokio::runtime::context::runtime::enter_runtime::he72e4251e65270f9
[INFO] [stdout]                                at /opt/rustwide/cargo-home/registry/src/index.crates.io-1949cf8c6b5b557f/tokio-1.35.1/src/runtime/context/runtime.rs:65:16
[INFO] [stdout]   42:     0x61d1373466b1 - tokio::runtime::scheduler::current_thread::CurrentThread::block_on::h06360731afe21017
[INFO] [stdout]                                at /opt/rustwide/cargo-home/registry/src/index.crates.io-1949cf8c6b5b557f/tokio-1.35.1/src/runtime/scheduler/current_thread/mod.rs:167:9
[INFO] [stdout]   43:     0x61d13734b3bd - tokio::runtime::runtime::Runtime::block_on::hb83b259bbfe37afc
[INFO] [stdout]                                at /opt/rustwide/cargo-home/registry/src/index.crates.io-1949cf8c6b5b557f/tokio-1.35.1/src/runtime/runtime.rs:348:47
[INFO] [stdout]   44:     0x61d13734df40 - auto_component::models::agents_manager::managing_agent::tests::tests_managing_agent::h64d4da5ebe006211
[INFO] [stdout]                                at /opt/rustwide/workdir/src/models/agents_manager/managing_agent.rs:92:9
[INFO] [stdout]   45:     0x61d13734dde7 - auto_component::models::agents_manager::managing_agent::tests::tests_managing_agent::{{closure}}::h66e401e312159b53
[INFO] [stdout]                                at /opt/rustwide/workdir/src/models/agents_manager/managing_agent.rs:83:36
[INFO] [stdout]   46:     0x61d137366886 - core::ops::function::FnOnce::call_once::he0f224e522f0ed81
[INFO] [stdout]                                at /rustc/6067b36314ab5eb2eb47cecc464545ba58e1ad24/library/core/src/ops/function.rs:250:5
[INFO] [stdout]   47:     0x61d1373a8c2b - core::ops::function::FnOnce::call_once::he27718dfdd183f43
[INFO] [stdout]                                at /rustc/6067b36314ab5eb2eb47cecc464545ba58e1ad24/library/core/src/ops/function.rs:250:5
[INFO] [stdout]   48:     0x61d1373a8c2b - test::__rust_begin_short_backtrace::h4e84902998457a5d
[INFO] [stdout]                                at /rustc/6067b36314ab5eb2eb47cecc464545ba58e1ad24/library/test/src/lib.rs:632:18
[INFO] [stdout]   49:     0x61d1373a7b63 - test::run_test_in_process::{{closure}}::h7176fd18fc1feca0
[INFO] [stdout]                                at /rustc/6067b36314ab5eb2eb47cecc464545ba58e1ad24/library/test/src/lib.rs:655:60
[INFO] [stdout]   50:     0x61d1373a7b63 - <core::panic::unwind_safe::AssertUnwindSafe<F> as core::ops::function::FnOnce<()>>::call_once::hf79cff2a624d8cf7
[INFO] [stdout]                                at /rustc/6067b36314ab5eb2eb47cecc464545ba58e1ad24/library/core/src/panic/unwind_safe.rs:272:9
[INFO] [stdout]   51:     0x61d1373a7b63 - std::panicking::try::do_call::h3da0561d9ab99c25
[INFO] [stdout]                                at /rustc/6067b36314ab5eb2eb47cecc464545ba58e1ad24/library/std/src/panicking.rs:587:40
[INFO] [stdout]   52:     0x61d1373a7b63 - std::panicking::try::h41c9fa508bc61df6
[INFO] [stdout]                                at /rustc/6067b36314ab5eb2eb47cecc464545ba58e1ad24/library/std/src/panicking.rs:550:19
[INFO] [stdout]   53:     0x61d1373a7b63 - std::panic::catch_unwind::h6b3ff07bb5afad93
[INFO] [stdout]                                at /rustc/6067b36314ab5eb2eb47cecc464545ba58e1ad24/library/std/src/panic.rs:358:14
[INFO] [stdout]   54:     0x61d1373a7b63 - test::run_test_in_process::hc7253dd11b39b9f4
[INFO] [stdout]                                at /rustc/6067b36314ab5eb2eb47cecc464545ba58e1ad24/library/test/src/lib.rs:655:27
[INFO] [stdout]   55:     0x61d1373a7b63 - test::run_test::{{closure}}::hfb2007f8649c30bb
[INFO] [stdout]                                at /rustc/6067b36314ab5eb2eb47cecc464545ba58e1ad24/library/test/src/lib.rs:576:43
[INFO] [stdout]   56:     0x61d13736ac45 - test::run_test::{{closure}}::h56a17aa7a282a9f4
[INFO] [stdout]                                at /rustc/6067b36314ab5eb2eb47cecc464545ba58e1ad24/library/test/src/lib.rs:606:41
[INFO] [stdout]   57:     0x61d13736ac45 - std::sys::backtrace::__rust_begin_short_backtrace::hd2d2d2fb8e8c6aac
[INFO] [stdout]                                at /rustc/6067b36314ab5eb2eb47cecc464545ba58e1ad24/library/std/src/sys/backtrace.rs:152:18
[INFO] [stdout]   58:     0x61d13736e52a - std::thread::Builder::spawn_unchecked_::{{closure}}::{{closure}}::h4faa3f9db6133423
[INFO] [stdout]                                at /rustc/6067b36314ab5eb2eb47cecc464545ba58e1ad24/library/std/src/thread/mod.rs:559:17
[INFO] [stdout]   59:     0x61d13736e52a - <core::panic::unwind_safe::AssertUnwindSafe<F> as core::ops::function::FnOnce<()>>::call_once::hf2e855a36a4ea846
[INFO] [stdout]                                at /rustc/6067b36314ab5eb2eb47cecc464545ba58e1ad24/library/core/src/panic/unwind_safe.rs:272:9
[INFO] [stdout]   60:     0x61d13736e52a - std::panicking::try::do_call::h2f73af3616c35465
[INFO] [stdout]                                at /rustc/6067b36314ab5eb2eb47cecc464545ba58e1ad24/library/std/src/panicking.rs:587:40
[INFO] [stdout]   61:     0x61d13736e52a - std::panicking::try::hd1660ce9efadef5a
[INFO] [stdout]                                at /rustc/6067b36314ab5eb2eb47cecc464545ba58e1ad24/library/std/src/panicking.rs:550:19
[INFO] [stdout]   62:     0x61d13736e52a - std::panic::catch_unwind::h5ee8d7823b8ca744
[INFO] [stdout]                                at /rustc/6067b36314ab5eb2eb47cecc464545ba58e1ad24/library/std/src/panic.rs:358:14
[INFO] [stdout]   63:     0x61d13736e52a - std::thread::Builder::spawn_unchecked_::{{closure}}::h53c3a1894dce8407
[INFO] [stdout]                                at /rustc/6067b36314ab5eb2eb47cecc464545ba58e1ad24/library/std/src/thread/mod.rs:557:30
[INFO] [stdout]   64:     0x61d13736e52a - core::ops::function::FnOnce::call_once{{vtable.shim}}::h048ce291ad4f62bf
[INFO] [stdout]                                at /rustc/6067b36314ab5eb2eb47cecc464545ba58e1ad24/library/core/src/ops/function.rs:250:5
[INFO] [stdout]   65:     0x61d1377cccdb - <alloc::boxed::Box<F,A> as core::ops::function::FnOnce<Args>>::call_once::ha52bedf99a3b4981
[INFO] [stdout]                                at /rustc/6067b36314ab5eb2eb47cecc464545ba58e1ad24/library/alloc/src/boxed.rs:2013:9
[INFO] [stdout]   66:     0x61d1377cccdb - <alloc::boxed::Box<F,A> as core::ops::function::FnOnce<Args>>::call_once::h567748934d80ccf8
[INFO] [stdout]                                at /rustc/6067b36314ab5eb2eb47cecc464545ba58e1ad24/library/alloc/src/boxed.rs:2013:9
[INFO] [stdout]   67:     0x61d1377cccdb - std::sys::pal::unix::thread::Thread::new::thread_start::h2d970728ae887adc
[INFO] [stdout]                                at /rustc/6067b36314ab5eb2eb47cecc464545ba58e1ad24/library/std/src/sys/pal/unix/thread.rs:106:17
[INFO] [stdout]   68:     0x73070d31dac3 - <unknown>
[INFO] [stdout]   69:     0x73070d3aea04 - clone
[INFO] [stdout]   70:                0x0 - <unknown>
[INFO] [stdout] 
[INFO] [stdout] 
[INFO] [stdout] failures:
[INFO] [stdout]     apis::call_request::tests::test_call_gpt
[INFO] [stdout]     helpers::general::tests::tests_ai_task_request
[INFO] [stdout]     models::agents::agent_architect::tests::tests_solution_architect
[INFO] [stdout]     models::agents::agent_backend::tests::tests_backend_developer
[INFO] [stdout]     models::agents_manager::managing_agent::tests::tests_managing_agent
[INFO] [stdout] 
[INFO] [stdout] test result: FAILED. 2 passed; 5 failed; 0 ignored; 0 measured; 0 filtered out; finished in 0.07s
[INFO] [stdout] 
[INFO] [stderr] error: test failed, to rerun pass `--bin auto_component`
[INFO] running `Command { std: "docker" "inspect" "eeb7afe6937d4bbc4c5c1bbd7f032e28c9621bbc6b9351199fd42805c8ebe778", kill_on_drop: false }`
[INFO] running `Command { std: "docker" "rm" "-f" "eeb7afe6937d4bbc4c5c1bbd7f032e28c9621bbc6b9351199fd42805c8ebe778", kill_on_drop: false }`
[INFO] [stdout] eeb7afe6937d4bbc4c5c1bbd7f032e28c9621bbc6b9351199fd42805c8ebe778
