[INFO] cloning repository https://github.com/CMGSK/rs-aoc24
[INFO] running `Command { std: "git" "-c" "credential.helper=" "-c" "credential.helper=/workspace/cargo-home/bin/git-credential-null" "clone" "--bare" "https://github.com/CMGSK/rs-aoc24" "/workspace/cache/git-repos/https%3A%2F%2Fgithub.com%2FCMGSK%2Frs-aoc24", kill_on_drop: false }`
[INFO] [stderr] Cloning into bare repository '/workspace/cache/git-repos/https%3A%2F%2Fgithub.com%2FCMGSK%2Frs-aoc24'...
[INFO] running `Command { std: "git" "rev-parse" "HEAD", kill_on_drop: false }`
[INFO] [stdout] c2f811a00a4fd6e2a90d25af28dfe61cb1cc9f89
[INFO] testing CMGSK/rs-aoc24 against nightly-2025-01-18+rustflags=-Zrandomize-layout for randomize-layout-2
[INFO] running `Command { std: "git" "clone" "/workspace/cache/git-repos/https%3A%2F%2Fgithub.com%2FCMGSK%2Frs-aoc24" "/workspace/builds/worker-6-tc2/source", kill_on_drop: false }`
[INFO] [stderr] Cloning into '/workspace/builds/worker-6-tc2/source'...
[INFO] [stderr] done.
[INFO] validating manifest of git repo https://github.com/CMGSK/rs-aoc24 on toolchain nightly-2025-01-18
[INFO] running `Command { std: CARGO_HOME="/workspace/cargo-home" RUSTUP_HOME="/workspace/rustup-home" "/workspace/cargo-home/bin/cargo" "+nightly-2025-01-18" "metadata" "--manifest-path" "Cargo.toml" "--no-deps", kill_on_drop: false }`
[INFO] started tweaking git repo https://github.com/CMGSK/rs-aoc24
[INFO] finished tweaking git repo https://github.com/CMGSK/rs-aoc24
[INFO] tweaked toml for git repo https://github.com/CMGSK/rs-aoc24 written to /workspace/builds/worker-6-tc2/source/Cargo.toml
[INFO] crate git repo https://github.com/CMGSK/rs-aoc24 already has a lockfile, it will not be regenerated
[INFO] running `Command { std: CARGO_HOME="/workspace/cargo-home" RUSTUP_HOME="/workspace/rustup-home" "/workspace/cargo-home/bin/cargo" "+nightly-2025-01-18" "fetch" "--manifest-path" "Cargo.toml", kill_on_drop: false }`
[INFO] running `Command { std: "docker" "create" "-v" "/var/lib/crater-agent-workspace/builds/worker-6-tc2/target:/opt/rustwide/target:rw,Z" "-v" "/var/lib/crater-agent-workspace/builds/worker-6-tc2/source:/opt/rustwide/workdir:ro,Z" "-v" "/var/lib/crater-agent-workspace/cargo-home:/opt/rustwide/cargo-home:ro,Z" "-v" "/var/lib/crater-agent-workspace/rustup-home:/opt/rustwide/rustup-home:ro,Z" "-e" "SOURCE_DIR=/opt/rustwide/workdir" "-e" "CARGO_TARGET_DIR=/opt/rustwide/target" "-e" "CARGO_HOME=/opt/rustwide/cargo-home" "-e" "RUSTUP_HOME=/opt/rustwide/rustup-home" "-w" "/opt/rustwide/workdir" "-m" "1610612736" "--user" "0:0" "--network" "none" "ghcr.io/rust-lang/crates-build-env/linux@sha256:819108c5571ea2e421544af4d832f968d213c87fbe3707a016657f43d2f853bc" "/opt/rustwide/cargo-home/bin/cargo" "+nightly-2025-01-18" "metadata" "--no-deps" "--format-version=1", kill_on_drop: false }`
[INFO] [stdout] 5a27cc2b46b6780183d22c12f820e3f42127c9c4231b2e55f47ead19bc6cdd6d
[INFO] running `Command { std: "docker" "start" "-a" "5a27cc2b46b6780183d22c12f820e3f42127c9c4231b2e55f47ead19bc6cdd6d", kill_on_drop: false }`
[INFO] running `Command { std: "docker" "inspect" "5a27cc2b46b6780183d22c12f820e3f42127c9c4231b2e55f47ead19bc6cdd6d", kill_on_drop: false }`
[INFO] running `Command { std: "docker" "rm" "-f" "5a27cc2b46b6780183d22c12f820e3f42127c9c4231b2e55f47ead19bc6cdd6d", kill_on_drop: false }`
[INFO] [stdout] 5a27cc2b46b6780183d22c12f820e3f42127c9c4231b2e55f47ead19bc6cdd6d
[INFO] running `Command { std: "docker" "create" "-v" "/var/lib/crater-agent-workspace/builds/worker-6-tc2/target:/opt/rustwide/target:rw,Z" "-v" "/var/lib/crater-agent-workspace/builds/worker-6-tc2/source:/opt/rustwide/workdir:ro,Z" "-v" "/var/lib/crater-agent-workspace/cargo-home:/opt/rustwide/cargo-home:ro,Z" "-v" "/var/lib/crater-agent-workspace/rustup-home:/opt/rustwide/rustup-home:ro,Z" "-e" "SOURCE_DIR=/opt/rustwide/workdir" "-e" "CARGO_TARGET_DIR=/opt/rustwide/target" "-e" "CARGO_INCREMENTAL=0" "-e" "RUST_BACKTRACE=full" "-e" "RUSTFLAGS=--cap-lints=forbid -Zrandomize-layout" "-e" "RUSTDOCFLAGS=--cap-lints=forbid" "-e" "CARGO_HOME=/opt/rustwide/cargo-home" "-e" "RUSTUP_HOME=/opt/rustwide/rustup-home" "-w" "/opt/rustwide/workdir" "-m" "1610612736" "--user" "0:0" "--network" "none" "ghcr.io/rust-lang/crates-build-env/linux@sha256:819108c5571ea2e421544af4d832f968d213c87fbe3707a016657f43d2f853bc" "/opt/rustwide/cargo-home/bin/cargo" "+nightly-2025-01-18" "build" "--frozen" "--message-format=json", kill_on_drop: false }`
[INFO] [stdout] 1bc7491e47ae18d11652a0c1fbe9f02dceb3cab744039b9ca38cb8331afa290f
[INFO] running `Command { std: "docker" "start" "-a" "1bc7491e47ae18d11652a0c1fbe9f02dceb3cab744039b9ca38cb8331afa290f", kill_on_drop: false }`
[INFO] [stderr]    Compiling aoc_25 v0.1.0 (/opt/rustwide/workdir)
[INFO] [stdout] warning: unused variable: `parse`
[INFO] [stdout]    --> src/days/day06/mod.rs:168:9
[INFO] [stdout]     |
[INFO] [stdout] 168 |     let parse = now.elapsed();
[INFO] [stdout]     |         ^^^^^ help: if this is intentional, prefix it with an underscore: `_parse`
[INFO] [stdout]     |
[INFO] [stdout]     = note: `#[warn(unused_variables)]` on by default
[INFO] [stdout] 
[INFO] [stdout] 
[INFO] [stdout] warning: unused variable: `now`
[INFO] [stdout]    --> src/days/day06/mod.rs:169:9
[INFO] [stdout]     |
[INFO] [stdout] 169 |     let now = Instant::now();
[INFO] [stdout]     |         ^^^ help: if this is intentional, prefix it with an underscore: `_now`
[INFO] [stdout] 
[INFO] [stdout] 
[INFO] [stdout] warning: unused variable: `day`
[INFO] [stdout]    --> src/days/day06/mod.rs:165:14
[INFO] [stdout]     |
[INFO] [stdout] 165 | pub fn part2(day: &mut Day) {
[INFO] [stdout]     |              ^^^ help: if this is intentional, prefix it with an underscore: `_day`
[INFO] [stdout] 
[INFO] [stdout] 
[INFO] [stderr]     Finished `dev` profile [unoptimized + debuginfo] target(s) in 0.98s
[INFO] running `Command { std: "docker" "inspect" "1bc7491e47ae18d11652a0c1fbe9f02dceb3cab744039b9ca38cb8331afa290f", kill_on_drop: false }`
[INFO] running `Command { std: "docker" "rm" "-f" "1bc7491e47ae18d11652a0c1fbe9f02dceb3cab744039b9ca38cb8331afa290f", kill_on_drop: false }`
[INFO] [stdout] 1bc7491e47ae18d11652a0c1fbe9f02dceb3cab744039b9ca38cb8331afa290f
[INFO] running `Command { std: "docker" "create" "-v" "/var/lib/crater-agent-workspace/builds/worker-6-tc2/target:/opt/rustwide/target:rw,Z" "-v" "/var/lib/crater-agent-workspace/builds/worker-6-tc2/source:/opt/rustwide/workdir:ro,Z" "-v" "/var/lib/crater-agent-workspace/cargo-home:/opt/rustwide/cargo-home:ro,Z" "-v" "/var/lib/crater-agent-workspace/rustup-home:/opt/rustwide/rustup-home:ro,Z" "-e" "SOURCE_DIR=/opt/rustwide/workdir" "-e" "CARGO_TARGET_DIR=/opt/rustwide/target" "-e" "CARGO_INCREMENTAL=0" "-e" "RUST_BACKTRACE=full" "-e" "RUSTFLAGS=--cap-lints=forbid -Zrandomize-layout" "-e" "RUSTDOCFLAGS=--cap-lints=forbid" "-e" "CARGO_HOME=/opt/rustwide/cargo-home" "-e" "RUSTUP_HOME=/opt/rustwide/rustup-home" "-w" "/opt/rustwide/workdir" "-m" "1610612736" "--user" "0:0" "--network" "none" "ghcr.io/rust-lang/crates-build-env/linux@sha256:819108c5571ea2e421544af4d832f968d213c87fbe3707a016657f43d2f853bc" "/opt/rustwide/cargo-home/bin/cargo" "+nightly-2025-01-18" "test" "--frozen" "--no-run" "--message-format=json", kill_on_drop: false }`
[INFO] [stdout] 92edc773542cbad2b55fa017d674d699a83612c5175076f1a12cdf6282024f43
[INFO] running `Command { std: "docker" "start" "-a" "92edc773542cbad2b55fa017d674d699a83612c5175076f1a12cdf6282024f43", kill_on_drop: false }`
[INFO] [stderr]    Compiling aoc_25 v0.1.0 (/opt/rustwide/workdir)
[INFO] [stdout] warning: unused variable: `parse`
[INFO] [stdout]    --> src/days/day06/mod.rs:168:9
[INFO] [stdout]     |
[INFO] [stdout] 168 |     let parse = now.elapsed();
[INFO] [stdout]     |         ^^^^^ help: if this is intentional, prefix it with an underscore: `_parse`
[INFO] [stdout]     |
[INFO] [stdout]     = note: `#[warn(unused_variables)]` on by default
[INFO] [stdout] 
[INFO] [stdout] 
[INFO] [stdout] warning: unused variable: `now`
[INFO] [stdout]    --> src/days/day06/mod.rs:169:9
[INFO] [stdout]     |
[INFO] [stdout] 169 |     let now = Instant::now();
[INFO] [stdout]     |         ^^^ help: if this is intentional, prefix it with an underscore: `_now`
[INFO] [stdout] 
[INFO] [stdout] 
[INFO] [stdout] warning: unused variable: `day`
[INFO] [stdout]    --> src/days/day06/mod.rs:165:14
[INFO] [stdout]     |
[INFO] [stdout] 165 | pub fn part2(day: &mut Day) {
[INFO] [stdout]     |              ^^^ help: if this is intentional, prefix it with an underscore: `_day`
[INFO] [stdout] 
[INFO] [stdout] 
[INFO] [stderr]     Finished `test` profile [unoptimized + debuginfo] target(s) in 0.72s
[INFO] running `Command { std: "docker" "inspect" "92edc773542cbad2b55fa017d674d699a83612c5175076f1a12cdf6282024f43", kill_on_drop: false }`
[INFO] running `Command { std: "docker" "rm" "-f" "92edc773542cbad2b55fa017d674d699a83612c5175076f1a12cdf6282024f43", kill_on_drop: false }`
[INFO] [stdout] 92edc773542cbad2b55fa017d674d699a83612c5175076f1a12cdf6282024f43
[INFO] running `Command { std: "docker" "create" "-v" "/var/lib/crater-agent-workspace/builds/worker-6-tc2/target:/opt/rustwide/target:rw,Z" "-v" "/var/lib/crater-agent-workspace/builds/worker-6-tc2/source:/opt/rustwide/workdir:ro,Z" "-v" "/var/lib/crater-agent-workspace/cargo-home:/opt/rustwide/cargo-home:ro,Z" "-v" "/var/lib/crater-agent-workspace/rustup-home:/opt/rustwide/rustup-home:ro,Z" "-e" "SOURCE_DIR=/opt/rustwide/workdir" "-e" "CARGO_TARGET_DIR=/opt/rustwide/target" "-e" "CARGO_INCREMENTAL=0" "-e" "RUST_BACKTRACE=full" "-e" "RUSTFLAGS=--cap-lints=forbid -Zrandomize-layout" "-e" "RUSTDOCFLAGS=--cap-lints=forbid" "-e" "CARGO_HOME=/opt/rustwide/cargo-home" "-e" "RUSTUP_HOME=/opt/rustwide/rustup-home" "-w" "/opt/rustwide/workdir" "-m" "1610612736" "--user" "0:0" "--network" "none" "ghcr.io/rust-lang/crates-build-env/linux@sha256:819108c5571ea2e421544af4d832f968d213c87fbe3707a016657f43d2f853bc" "/opt/rustwide/cargo-home/bin/cargo" "+nightly-2025-01-18" "test" "--frozen", kill_on_drop: false }`
[INFO] [stdout] 01ec8b8631b838eff73a2270b41109c5b1bcf79a9e45723f2dc6e9c009070788
[INFO] running `Command { std: "docker" "start" "-a" "01ec8b8631b838eff73a2270b41109c5b1bcf79a9e45723f2dc6e9c009070788", kill_on_drop: false }`
[INFO] [stderr] warning: unused variable: `parse`
[INFO] [stderr]    --> src/days/day06/mod.rs:168:9
[INFO] [stderr]     |
[INFO] [stderr] 168 |     let parse = now.elapsed();
[INFO] [stderr]     |         ^^^^^ help: if this is intentional, prefix it with an underscore: `_parse`
[INFO] [stderr]     |
[INFO] [stderr]     = note: `#[warn(unused_variables)]` on by default
[INFO] [stderr] 
[INFO] [stderr] warning: unused variable: `now`
[INFO] [stderr]    --> src/days/day06/mod.rs:169:9
[INFO] [stderr]     |
[INFO] [stderr] 169 |     let now = Instant::now();
[INFO] [stderr]     |         ^^^ help: if this is intentional, prefix it with an underscore: `_now`
[INFO] [stderr] 
[INFO] [stderr] warning: unused variable: `day`
[INFO] [stderr]    --> src/days/day06/mod.rs:165:14
[INFO] [stderr]     |
[INFO] [stderr] 165 | pub fn part2(day: &mut Day) {
[INFO] [stderr]     |              ^^^ help: if this is intentional, prefix it with an underscore: `_day`
[INFO] [stderr] 
[INFO] [stderr] warning: `aoc_25` (bin "aoc_25" test) generated 3 warnings
[INFO] [stderr]     Finished `test` profile [unoptimized + debuginfo] target(s) in 0.01s
[INFO] [stderr]      Running unittests src/main.rs (/opt/rustwide/target/debug/deps/aoc_25-8b07b453d4f88fae)
[INFO] [stdout] 
[INFO] [stdout] running 6 tests
[INFO] [stdout] test days::day01::tests::live_test ... ok
[INFO] [stdout] test days::day02::tests::live_test ... ok
[INFO] [stdout] test days::day04::tests::live_test ... ok
[INFO] [stdout] test days::day05::tests::live_test ... ok
[INFO] [stdout] test days::day06::tests::live_test ... FAILED
[INFO] [stdout] test days::day03::tests::live_test ... FAILED
[INFO] [stdout] 
[INFO] [stdout] failures:
[INFO] [stdout] 
[INFO] [stdout] ---- days::day06::tests::live_test stdout ----
[INFO] [stdout] We're placed in: [.]
[INFO] [stdout] We're into coordinates: [(5, 4)] - Steps: 1
[INFO] [stdout] We're placed in: [.]
[INFO] [stdout] We're into coordinates: [(4, 4)] - Steps: 2
[INFO] [stdout] We're placed in: [.]
[INFO] [stdout] We're into coordinates: [(3, 4)] - Steps: 3
[INFO] [stdout] We're placed in: [.]
[INFO] [stdout] We're into coordinates: [(2, 4)] - Steps: 4
[INFO] [stdout] We're placed in: [.]
[INFO] [stdout] We're into coordinates: [(1, 4)] - Steps: 5
[INFO] [stdout] We're placed in: [#]
[INFO] [stdout] We're back into: [(1, 4)]
[INFO] [stdout] We're placed in: [.]
[INFO] [stdout] We're into coordinates: [(1, 5)] - Steps: 6
[INFO] [stdout] We're placed in: [.]
[INFO] [stdout] We're into coordinates: [(1, 6)] - Steps: 7
[INFO] [stdout] We're placed in: [.]
[INFO] [stdout] We're into coordinates: [(1, 7)] - Steps: 8
[INFO] [stdout] We're placed in: [A]
[INFO] [stdout] We're into coordinates: [(1, 8)] - Steps: 9
[INFO] [stdout] We're placed in: [#]
[INFO] [stdout] We're back into: [(1, 8)]
[INFO] [stdout] We're placed in: [.]
[INFO] [stdout] We're into coordinates: [(2, 8)] - Steps: 10
[INFO] [stdout] We're placed in: [.]
[INFO] [stdout] We're into coordinates: [(3, 8)] - Steps: 11
[INFO] [stdout] We're placed in: [.]
[INFO] [stdout] We're into coordinates: [(4, 8)] - Steps: 12
[INFO] [stdout] We're placed in: [.]
[INFO] [stdout] We're into coordinates: [(5, 8)] - Steps: 13
[INFO] [stdout] We're placed in: [.]
[INFO] [stdout] We're into coordinates: [(6, 8)] - Steps: 14
[INFO] [stdout] We're placed in: [#]
[INFO] [stdout] We're back into: [(6, 8)]
[INFO] [stdout] We're placed in: [.]
[INFO] [stdout] We're into coordinates: [(6, 7)] - Steps: 15
[INFO] [stdout] We're placed in: [.]
[INFO] [stdout] We're into coordinates: [(6, 6)] - Steps: 16
[INFO] [stdout] We're placed in: [.]
[INFO] [stdout] We're into coordinates: [(6, 5)] - Steps: 17
[INFO] [stdout] We're placed in: [^]
[INFO] [stdout] We're into coordinates: [(6, 4)] - Steps: 18
[INFO] [stdout] We're placed in: [.]
[INFO] [stdout] We're into coordinates: [(6, 3)] - Steps: 19
[INFO] [stdout] We're placed in: [.]
[INFO] [stdout] We're into coordinates: [(6, 2)] - Steps: 20
[INFO] [stdout] We're placed in: [#]
[INFO] [stdout] We're back into: [(6, 2)]
[INFO] [stdout] We're placed in: [.]
[INFO] [stdout] We're into coordinates: [(5, 2)] - Steps: 21
[INFO] [stdout] We're placed in: [.]
[INFO] [stdout] We're into coordinates: [(4, 2)] - Steps: 22
[INFO] [stdout] We're placed in: [#]
[INFO] [stdout] We're back into: [(4, 2)]
[INFO] [stdout] We're placed in: [.]
[INFO] [stdout] We're into coordinates: [(4, 3)] - Steps: 23
[INFO] [stdout] We're placed in: [.]
[INFO] [stdout] We're into coordinates: [(4, 4)] - Steps: 23
[INFO] [stdout] We're placed in: [.]
[INFO] [stdout] We're into coordinates: [(4, 5)] - Steps: 24
[INFO] [stdout] We're placed in: [.]
[INFO] [stdout] We're into coordinates: [(4, 6)] - Steps: 25
[INFO] [stdout] We're placed in: [#]
[INFO] [stdout] We're back into: [(4, 6)]
[INFO] [stdout] We're placed in: [.]
[INFO] [stdout] We're into coordinates: [(5, 6)] - Steps: 26
[INFO] [stdout] We're placed in: [.]
[INFO] [stdout] We're into coordinates: [(6, 6)] - Steps: 26
[INFO] [stdout] We're placed in: [.]
[INFO] [stdout] We're into coordinates: [(7, 6)] - Steps: 27
[INFO] [stdout] We're placed in: [.]
[INFO] [stdout] We're into coordinates: [(8, 6)] - Steps: 28
[INFO] [stdout] We're placed in: [#]
[INFO] [stdout] We're back into: [(8, 6)]
[INFO] [stdout] We're placed in: [.]
[INFO] [stdout] We're into coordinates: [(8, 5)] - Steps: 29
[INFO] [stdout] We're placed in: [.]
[INFO] [stdout] We're into coordinates: [(8, 4)] - Steps: 30
[INFO] [stdout] We're placed in: [.]
[INFO] [stdout] We're into coordinates: [(8, 3)] - Steps: 31
[INFO] [stdout] We're placed in: [.]
[INFO] [stdout] We're into coordinates: [(8, 2)] - Steps: 32
[INFO] [stdout] We're placed in: [.]
[INFO] [stdout] We're into coordinates: [(8, 1)] - Steps: 33
[INFO] [stdout] We're placed in: [#]
[INFO] [stdout] We're back into: [(8, 1)]
[INFO] [stdout] We're placed in: [.]
[INFO] [stdout] We're into coordinates: [(7, 1)] - Steps: 34
[INFO] [stdout] We're placed in: [#]
[INFO] [stdout] We're back into: [(7, 1)]
[INFO] [stdout] We're placed in: [.]
[INFO] [stdout] We're into coordinates: [(7, 2)] - Steps: 35
[INFO] [stdout] We're placed in: [.]
[INFO] [stdout] We're into coordinates: [(7, 3)] - Steps: 36
[INFO] [stdout] We're placed in: [.]
[INFO] [stdout] We're into coordinates: [(7, 4)] - Steps: 37
[INFO] [stdout] We're placed in: [.]
[INFO] [stdout] We're into coordinates: [(7, 5)] - Steps: 38
[INFO] [stdout] We're placed in: [.]
[INFO] [stdout] We're into coordinates: [(7, 6)] - Steps: 38
[INFO] [stdout] We're placed in: [.]
[INFO] [stdout] We're into coordinates: [(7, 7)] - Steps: 39
[INFO] [stdout] We're placed in: [#]
[INFO] [stdout] We're back into: [(7, 7)]
[INFO] [stdout] We're placed in: [.]
[INFO] [stdout] We're into coordinates: [(8, 7)] - Steps: 40
[INFO] [stdout] We're placed in: [.]
[INFO] [stdout] We're into coordinates: [(9, 7)] - Steps: 41
[INFO] [stdout] 
[INFO] [stdout] thread 'days::day06::tests::live_test' panicked at src/days/day06/mod.rs:194:9:
[INFO] [stdout] assertion `left == right` failed
[INFO] [stdout]   left: "42"
[INFO] [stdout]  right: "41"
[INFO] [stdout] stack backtrace:
[INFO] [stdout]    0:     0x5de4c54a6e4a - std::backtrace_rs::backtrace::libunwind::trace::hb059275cfc8d6126
[INFO] [stdout]                                at /rustc/6067b36314ab5eb2eb47cecc464545ba58e1ad24/library/std/src/../../backtrace/src/backtrace/libunwind.rs:116:5
[INFO] [stdout]    1:     0x5de4c54a6e4a - std::backtrace_rs::backtrace::trace_unsynchronized::h2da071e4327ce3ee
[INFO] [stdout]                                at /rustc/6067b36314ab5eb2eb47cecc464545ba58e1ad24/library/std/src/../../backtrace/src/backtrace/mod.rs:66:5
[INFO] [stdout]    2:     0x5de4c54a6e4a - std::sys::backtrace::_print_fmt::h842a1474e6f8d23f
[INFO] [stdout]                                at /rustc/6067b36314ab5eb2eb47cecc464545ba58e1ad24/library/std/src/sys/backtrace.rs:66:9
[INFO] [stdout]    3:     0x5de4c54a6e4a - <std::sys::backtrace::BacktraceLock::print::DisplayBacktrace as core::fmt::Display>::fmt::h71a62eb3b9696b12
[INFO] [stdout]                                at /rustc/6067b36314ab5eb2eb47cecc464545ba58e1ad24/library/std/src/sys/backtrace.rs:39:26
[INFO] [stdout]    4:     0x5de4c54ce563 - core::fmt::rt::Argument::fmt::hdb6b616786b41dc1
[INFO] [stdout]                                at /rustc/6067b36314ab5eb2eb47cecc464545ba58e1ad24/library/core/src/fmt/rt.rs:177:76
[INFO] [stdout]    5:     0x5de4c54ce563 - core::fmt::write::h2cc1698af7e2d686
[INFO] [stdout]                                at /rustc/6067b36314ab5eb2eb47cecc464545ba58e1ad24/library/core/src/fmt/mod.rs:1440:21
[INFO] [stdout]    6:     0x5de4c54a39a3 - std::io::Write::write_fmt::hab1b4cd059a79022
[INFO] [stdout]                                at /rustc/6067b36314ab5eb2eb47cecc464545ba58e1ad24/library/std/src/io/mod.rs:1887:15
[INFO] [stdout]    7:     0x5de4c54a6c92 - std::sys::backtrace::BacktraceLock::print::h147fe35b4ea13b08
[INFO] [stdout]                                at /rustc/6067b36314ab5eb2eb47cecc464545ba58e1ad24/library/std/src/sys/backtrace.rs:42:9
[INFO] [stdout]    8:     0x5de4c54a826f - std::panicking::default_hook::{{closure}}::hbd44223dbdc0d208
[INFO] [stdout]                                at /rustc/6067b36314ab5eb2eb47cecc464545ba58e1ad24/library/std/src/panicking.rs:298:22
[INFO] [stdout]    9:     0x5de4c54a8088 - std::panicking::default_hook::h20f81eb0576efcec
[INFO] [stdout]                                at /rustc/6067b36314ab5eb2eb47cecc464545ba58e1ad24/library/std/src/panicking.rs:322:9
[INFO] [stdout]   10:     0x5de4c5470753 - <alloc::boxed::Box<F,A> as core::ops::function::Fn<Args>>::call::hdb53814c496a4d34
[INFO] [stdout]                                at /rustc/6067b36314ab5eb2eb47cecc464545ba58e1ad24/library/alloc/src/boxed.rs:2027:9
[INFO] [stdout]   11:     0x5de4c5470753 - test::test_main::{{closure}}::hc0a4963c59427c24
[INFO] [stdout]                                at /rustc/6067b36314ab5eb2eb47cecc464545ba58e1ad24/library/test/src/lib.rs:134:21
[INFO] [stdout]   12:     0x5de4c54a8d63 - <alloc::boxed::Box<F,A> as core::ops::function::Fn<Args>>::call::h591b2225413a77e9
[INFO] [stdout]                                at /rustc/6067b36314ab5eb2eb47cecc464545ba58e1ad24/library/alloc/src/boxed.rs:2027:9
[INFO] [stdout]   13:     0x5de4c54a8d63 - std::panicking::rust_panic_with_hook::h625eea43051b2edc
[INFO] [stdout]                                at /rustc/6067b36314ab5eb2eb47cecc464545ba58e1ad24/library/std/src/panicking.rs:839:13
[INFO] [stdout]   14:     0x5de4c54a8a1a - std::panicking::begin_panic_handler::{{closure}}::h4f9159cfbc3f6bd3
[INFO] [stdout]                                at /rustc/6067b36314ab5eb2eb47cecc464545ba58e1ad24/library/std/src/panicking.rs:704:13
[INFO] [stdout]   15:     0x5de4c54a7349 - std::sys::backtrace::__rust_end_short_backtrace::h0390abce48353151
[INFO] [stdout]                                at /rustc/6067b36314ab5eb2eb47cecc464545ba58e1ad24/library/std/src/sys/backtrace.rs:168:18
[INFO] [stdout]   16:     0x5de4c54a86ad - rust_begin_unwind
[INFO] [stdout]                                at /rustc/6067b36314ab5eb2eb47cecc464545ba58e1ad24/library/std/src/panicking.rs:695:5
[INFO] [stdout]   17:     0x5de4c54cd010 - core::panicking::panic_fmt::h9e7c637e9e5f29c9
[INFO] [stdout]                                at /rustc/6067b36314ab5eb2eb47cecc464545ba58e1ad24/library/core/src/panicking.rs:75:14
[INFO] [stdout]   18:     0x5de4c54cd332 - core::panicking::assert_failed_inner::h538bec7c1374cd9c
[INFO] [stdout]   19:     0x5de4c5430b85 - core::panicking::assert_failed::hf12899f76265b9c2
[INFO] [stdout]                                at /rustc/6067b36314ab5eb2eb47cecc464545ba58e1ad24/library/core/src/panicking.rs:364:5
[INFO] [stdout]   20:     0x5de4c5428afc - aoc_25::days::day06::tests::live_test::h155ee90ec7d1560e
[INFO] [stdout]                                at /opt/rustwide/workdir/src/days/day06/mod.rs:194:9
[INFO] [stdout]   21:     0x5de4c54289f7 - aoc_25::days::day06::tests::live_test::{{closure}}::h74f89e6d3d4c2865
[INFO] [stdout]                                at /opt/rustwide/workdir/src/days/day06/mod.rs:191:19
[INFO] [stdout]   22:     0x5de4c541e8e6 - core::ops::function::FnOnce::call_once::ha58dba9b70becb5f
[INFO] [stdout]                                at /rustc/6067b36314ab5eb2eb47cecc464545ba58e1ad24/library/core/src/ops/function.rs:250:5
[INFO] [stdout]   23:     0x5de4c5475eab - core::ops::function::FnOnce::call_once::he27718dfdd183f43
[INFO] [stdout]                                at /rustc/6067b36314ab5eb2eb47cecc464545ba58e1ad24/library/core/src/ops/function.rs:250:5
[INFO] [stdout]   24:     0x5de4c5475eab - test::__rust_begin_short_backtrace::h4e84902998457a5d
[INFO] [stdout]                                at /rustc/6067b36314ab5eb2eb47cecc464545ba58e1ad24/library/test/src/lib.rs:632:18
[INFO] [stdout]   25:     0x5de4c5474de3 - test::run_test_in_process::{{closure}}::h7176fd18fc1feca0
[INFO] [stdout]                                at /rustc/6067b36314ab5eb2eb47cecc464545ba58e1ad24/library/test/src/lib.rs:655:60
[INFO] [stdout]   26:     0x5de4c5474de3 - <core::panic::unwind_safe::AssertUnwindSafe<F> as core::ops::function::FnOnce<()>>::call_once::hf79cff2a624d8cf7
[INFO] [stdout]                                at /rustc/6067b36314ab5eb2eb47cecc464545ba58e1ad24/library/core/src/panic/unwind_safe.rs:272:9
[INFO] [stdout]   27:     0x5de4c5474de3 - std::panicking::try::do_call::h3da0561d9ab99c25
[INFO] [stdout]                                at /rustc/6067b36314ab5eb2eb47cecc464545ba58e1ad24/library/std/src/panicking.rs:587:40
[INFO] [stdout]   28:     0x5de4c5474de3 - std::panicking::try::h41c9fa508bc61df6
[INFO] [stdout]                                at /rustc/6067b36314ab5eb2eb47cecc464545ba58e1ad24/library/std/src/panicking.rs:550:19
[INFO] [stdout]   29:     0x5de4c5474de3 - std::panic::catch_unwind::h6b3ff07bb5afad93
[INFO] [stdout]                                at /rustc/6067b36314ab5eb2eb47cecc464545ba58e1ad24/library/std/src/panic.rs:358:14
[INFO] [stdout]   30:     0x5de4c5474de3 - test::run_test_in_process::hc7253dd11b39b9f4
[INFO] [stdout]                                at /rustc/6067b36314ab5eb2eb47cecc464545ba58e1ad24/library/test/src/lib.rs:655:27
[INFO] [stdout]   31:     0x5de4c5474de3 - test::run_test::{{closure}}::hfb2007f8649c30bb
[INFO] [stdout]                                at /rustc/6067b36314ab5eb2eb47cecc464545ba58e1ad24/library/test/src/lib.rs:576:43
[INFO] [stdout]   32:     0x5de4c5437ec5 - test::run_test::{{closure}}::h56a17aa7a282a9f4
[INFO] [stdout]                                at /rustc/6067b36314ab5eb2eb47cecc464545ba58e1ad24/library/test/src/lib.rs:606:41
[INFO] [stdout]   33:     0x5de4c5437ec5 - std::sys::backtrace::__rust_begin_short_backtrace::hd2d2d2fb8e8c6aac
[INFO] [stdout]                                at /rustc/6067b36314ab5eb2eb47cecc464545ba58e1ad24/library/std/src/sys/backtrace.rs:152:18
[INFO] [stdout]   34:     0x5de4c543b7aa - std::thread::Builder::spawn_unchecked_::{{closure}}::{{closure}}::h4faa3f9db6133423
[INFO] [stdout]                                at /rustc/6067b36314ab5eb2eb47cecc464545ba58e1ad24/library/std/src/thread/mod.rs:559:17
[INFO] [stdout]   35:     0x5de4c543b7aa - <core::panic::unwind_safe::AssertUnwindSafe<F> as core::ops::function::FnOnce<()>>::call_once::hf2e855a36a4ea846
[INFO] [stdout]                                at /rustc/6067b36314ab5eb2eb47cecc464545ba58e1ad24/library/core/src/panic/unwind_safe.rs:272:9
[INFO] [stdout]   36:     0x5de4c543b7aa - std::panicking::try::do_call::h2f73af3616c35465
[INFO] [stdout]                                at /rustc/6067b36314ab5eb2eb47cecc464545ba58e1ad24/library/std/src/panicking.rs:587:40
[INFO] [stdout]   37:     0x5de4c543b7aa - std::panicking::try::hd1660ce9efadef5a
[INFO] [stdout]                                at /rustc/6067b36314ab5eb2eb47cecc464545ba58e1ad24/library/std/src/panicking.rs:550:19
[INFO] [stdout]   38:     0x5de4c543b7aa - std::panic::catch_unwind::h5ee8d7823b8ca744
[INFO] [stdout]                                at /rustc/6067b36314ab5eb2eb47cecc464545ba58e1ad24/library/std/src/panic.rs:358:14
[INFO] [stdout]   39:     0x5de4c543b7aa - std::thread::Builder::spawn_unchecked_::{{closure}}::h53c3a1894dce8407
[INFO] [stdout]                                at /rustc/6067b36314ab5eb2eb47cecc464545ba58e1ad24/library/std/src/thread/mod.rs:557:30
[INFO] [stdout]   40:     0x5de4c543b7aa - core::ops::function::FnOnce::call_once{{vtable.shim}}::h048ce291ad4f62bf
[INFO] [stdout]                                at /rustc/6067b36314ab5eb2eb47cecc464545ba58e1ad24/library/core/src/ops/function.rs:250:5
[INFO] [stdout]   41:     0x5de4c54acc9b - <alloc::boxed::Box<F,A> as core::ops::function::FnOnce<Args>>::call_once::ha52bedf99a3b4981
[INFO] [stdout]                                at /rustc/6067b36314ab5eb2eb47cecc464545ba58e1ad24/library/alloc/src/boxed.rs:2013:9
[INFO] [stdout]   42:     0x5de4c54acc9b - <alloc::boxed::Box<F,A> as core::ops::function::FnOnce<Args>>::call_once::h567748934d80ccf8
[INFO] [stdout]                                at /rustc/6067b36314ab5eb2eb47cecc464545ba58e1ad24/library/alloc/src/boxed.rs:2013:9
[INFO] [stdout]   43:     0x5de4c54acc9b - std::sys::pal::unix::thread::Thread::new::thread_start::h2d970728ae887adc
[INFO] [stdout]                                at /rustc/6067b36314ab5eb2eb47cecc464545ba58e1ad24/library/std/src/sys/pal/unix/thread.rs:106:17
[INFO] [stdout]   44:     0x7e6cd7eeeac3 - <unknown>
[INFO] [stdout]   45:     0x7e6cd7f7fa04 - clone
[INFO] [stdout]   46:                0x0 - <unknown>
[INFO] [stdout] 
[INFO] [stdout] ---- days::day03::tests::live_test stdout ----
[INFO] [stdout] 
[INFO] [stdout] thread 'days::day03::tests::live_test' panicked at src/days/day03/mod.rs:146:9:
[INFO] [stdout] assertion `left == right` failed
[INFO] [stdout]   left: "96"
[INFO] [stdout]  right: "48"
[INFO] [stdout] stack backtrace:
[INFO] [stdout]    0:     0x5de4c54a6e4a - std::backtrace_rs::backtrace::libunwind::trace::hb059275cfc8d6126
[INFO] [stdout]                                at /rustc/6067b36314ab5eb2eb47cecc464545ba58e1ad24/library/std/src/../../backtrace/src/backtrace/libunwind.rs:116:5
[INFO] [stdout]    1:     0x5de4c54a6e4a - std::backtrace_rs::backtrace::trace_unsynchronized::h2da071e4327ce3ee
[INFO] [stdout]                                at /rustc/6067b36314ab5eb2eb47cecc464545ba58e1ad24/library/std/src/../../backtrace/src/backtrace/mod.rs:66:5
[INFO] [stdout]    2:     0x5de4c54a6e4a - std::sys::backtrace::_print_fmt::h842a1474e6f8d23f
[INFO] [stdout]                                at /rustc/6067b36314ab5eb2eb47cecc464545ba58e1ad24/library/std/src/sys/backtrace.rs:66:9
[INFO] [stdout]    3:     0x5de4c54a6e4a - <std::sys::backtrace::BacktraceLock::print::DisplayBacktrace as core::fmt::Display>::fmt::h71a62eb3b9696b12
[INFO] [stdout]                                at /rustc/6067b36314ab5eb2eb47cecc464545ba58e1ad24/library/std/src/sys/backtrace.rs:39:26
[INFO] [stdout]    4:     0x5de4c54ce563 - core::fmt::rt::Argument::fmt::hdb6b616786b41dc1
[INFO] [stdout]                                at /rustc/6067b36314ab5eb2eb47cecc464545ba58e1ad24/library/core/src/fmt/rt.rs:177:76
[INFO] [stdout]    5:     0x5de4c54ce563 - core::fmt::write::h2cc1698af7e2d686
[INFO] [stdout]                                at /rustc/6067b36314ab5eb2eb47cecc464545ba58e1ad24/library/core/src/fmt/mod.rs:1440:21
[INFO] [stdout]    6:     0x5de4c54a39a3 - std::io::Write::write_fmt::hab1b4cd059a79022
[INFO] [stdout]                                at /rustc/6067b36314ab5eb2eb47cecc464545ba58e1ad24/library/std/src/io/mod.rs:1887:15
[INFO] [stdout]    7:     0x5de4c54a6c92 - std::sys::backtrace::BacktraceLock::print::h147fe35b4ea13b08
[INFO] [stdout]                                at /rustc/6067b36314ab5eb2eb47cecc464545ba58e1ad24/library/std/src/sys/backtrace.rs:42:9
[INFO] [stdout]    8:     0x5de4c54a826f - std::panicking::default_hook::{{closure}}::hbd44223dbdc0d208
[INFO] [stdout]                                at /rustc/6067b36314ab5eb2eb47cecc464545ba58e1ad24/library/std/src/panicking.rs:298:22
[INFO] [stdout]    9:     0x5de4c54a8088 - std::panicking::default_hook::h20f81eb0576efcec
[INFO] [stdout]                                at /rustc/6067b36314ab5eb2eb47cecc464545ba58e1ad24/library/std/src/panicking.rs:322:9
[INFO] [stdout]   10:     0x5de4c5470753 - <alloc::boxed::Box<F,A> as core::ops::function::Fn<Args>>::call::hdb53814c496a4d34
[INFO] [stdout]                                at /rustc/6067b36314ab5eb2eb47cecc464545ba58e1ad24/library/alloc/src/boxed.rs:2027:9
[INFO] [stdout]   11:     0x5de4c5470753 - test::test_main::{{closure}}::hc0a4963c59427c24
[INFO] [stdout]                                at /rustc/6067b36314ab5eb2eb47cecc464545ba58e1ad24/library/test/src/lib.rs:134:21
[INFO] [stdout]   12:     0x5de4c54a8d63 - <alloc::boxed::Box<F,A> as core::ops::function::Fn<Args>>::call::h591b2225413a77e9
[INFO] [stdout]                                at /rustc/6067b36314ab5eb2eb47cecc464545ba58e1ad24/library/alloc/src/boxed.rs:2027:9
[INFO] [stdout]   13:     0x5de4c54a8d63 - std::panicking::rust_panic_with_hook::h625eea43051b2edc
[INFO] [stdout]                                at /rustc/6067b36314ab5eb2eb47cecc464545ba58e1ad24/library/std/src/panicking.rs:839:13
[INFO] [stdout]   14:     0x5de4c54a8a1a - std::panicking::begin_panic_handler::{{closure}}::h4f9159cfbc3f6bd3
[INFO] [stdout]                                at /rustc/6067b36314ab5eb2eb47cecc464545ba58e1ad24/library/std/src/panicking.rs:704:13
[INFO] [stdout]   15:     0x5de4c54a7349 - std::sys::backtrace::__rust_end_short_backtrace::h0390abce48353151
[INFO] [stdout]                                at /rustc/6067b36314ab5eb2eb47cecc464545ba58e1ad24/library/std/src/sys/backtrace.rs:168:18
[INFO] [stdout]   16:     0x5de4c54a86ad - rust_begin_unwind
[INFO] [stdout]                                at /rustc/6067b36314ab5eb2eb47cecc464545ba58e1ad24/library/std/src/panicking.rs:695:5
[INFO] [stdout]   17:     0x5de4c54cd010 - core::panicking::panic_fmt::h9e7c637e9e5f29c9
[INFO] [stdout]                                at /rustc/6067b36314ab5eb2eb47cecc464545ba58e1ad24/library/core/src/panicking.rs:75:14
[INFO] [stdout]   18:     0x5de4c54cd332 - core::panicking::assert_failed_inner::h538bec7c1374cd9c
[INFO] [stdout]   19:     0x5de4c5430b85 - core::panicking::assert_failed::hf12899f76265b9c2
[INFO] [stdout]                                at /rustc/6067b36314ab5eb2eb47cecc464545ba58e1ad24/library/core/src/panicking.rs:364:5
[INFO] [stdout]   20:     0x5de4c542dd1c - aoc_25::days::day03::tests::live_test::hc11b1844ecb06d9e
[INFO] [stdout]                                at /opt/rustwide/workdir/src/days/day03/mod.rs:146:9
[INFO] [stdout]   21:     0x5de4c542dc17 - aoc_25::days::day03::tests::live_test::{{closure}}::h4d751fa9754b0539
[INFO] [stdout]                                at /opt/rustwide/workdir/src/days/day03/mod.rs:141:19
[INFO] [stdout]   22:     0x5de4c541e816 - core::ops::function::FnOnce::call_once::h850e5fc67bdf99a5
[INFO] [stdout]                                at /rustc/6067b36314ab5eb2eb47cecc464545ba58e1ad24/library/core/src/ops/function.rs:250:5
[INFO] [stdout]   23:     0x5de4c5475eab - core::ops::function::FnOnce::call_once::he27718dfdd183f43
[INFO] [stdout]                                at /rustc/6067b36314ab5eb2eb47cecc464545ba58e1ad24/library/core/src/ops/function.rs:250:5
[INFO] [stdout]   24:     0x5de4c5475eab - test::__rust_begin_short_backtrace::h4e84902998457a5d
[INFO] [stdout]                                at /rustc/6067b36314ab5eb2eb47cecc464545ba58e1ad24/library/test/src/lib.rs:632:18
[INFO] [stdout]   25:     0x5de4c5474de3 - test::run_test_in_process::{{closure}}::h7176fd18fc1feca0
[INFO] [stdout]                                at /rustc/6067b36314ab5eb2eb47cecc464545ba58e1ad24/library/test/src/lib.rs:655:60
[INFO] [stdout]   26:     0x5de4c5474de3 - <core::panic::unwind_safe::AssertUnwindSafe<F> as core::ops::function::FnOnce<()>>::call_once::hf79cff2a624d8cf7
[INFO] [stdout]                                at /rustc/6067b36314ab5eb2eb47cecc464545ba58e1ad24/library/core/src/panic/unwind_safe.rs:272:9
[INFO] [stdout]   27:     0x5de4c5474de3 - std::panicking::try::do_call::h3da0561d9ab99c25
[INFO] [stdout]                                at /rustc/6067b36314ab5eb2eb47cecc464545ba58e1ad24/library/std/src/panicking.rs:587:40
[INFO] [stdout]   28:     0x5de4c5474de3 - std::panicking::try::h41c9fa508bc61df6
[INFO] [stdout]                                at /rustc/6067b36314ab5eb2eb47cecc464545ba58e1ad24/library/std/src/panicking.rs:550:19
[INFO] [stdout]   29:     0x5de4c5474de3 - std::panic::catch_unwind::h6b3ff07bb5afad93
[INFO] [stdout]                                at /rustc/6067b36314ab5eb2eb47cecc464545ba58e1ad24/library/std/src/panic.rs:358:14
[INFO] [stdout]   30:     0x5de4c5474de3 - test::run_test_in_process::hc7253dd11b39b9f4
[INFO] [stdout]                                at /rustc/6067b36314ab5eb2eb47cecc464545ba58e1ad24/library/test/src/lib.rs:655:27
[INFO] [stdout]   31:     0x5de4c5474de3 - test::run_test::{{closure}}::hfb2007f8649c30bb
[INFO] [stdout]                                at /rustc/6067b36314ab5eb2eb47cecc464545ba58e1ad24/library/test/src/lib.rs:576:43
[INFO] [stdout]   32:     0x5de4c5437ec5 - test::run_test::{{closure}}::h56a17aa7a282a9f4
[INFO] [stdout]                                at /rustc/6067b36314ab5eb2eb47cecc464545ba58e1ad24/library/test/src/lib.rs:606:41
[INFO] [stdout]   33:     0x5de4c5437ec5 - std::sys::backtrace::__rust_begin_short_backtrace::hd2d2d2fb8e8c6aac
[INFO] [stdout]                                at /rustc/6067b36314ab5eb2eb47cecc464545ba58e1ad24/library/std/src/sys/backtrace.rs:152:18
[INFO] [stdout]   34:     0x5de4c543b7aa - std::thread::Builder::spawn_unchecked_::{{closure}}::{{closure}}::h4faa3f9db6133423
[INFO] [stdout]                                at /rustc/6067b36314ab5eb2eb47cecc464545ba58e1ad24/library/std/src/thread/mod.rs:559:17
[INFO] [stdout]   35:     0x5de4c543b7aa - <core::panic::unwind_safe::AssertUnwindSafe<F> as core::ops::function::FnOnce<()>>::call_once::hf2e855a36a4ea846
[INFO] [stdout]                                at /rustc/6067b36314ab5eb2eb47cecc464545ba58e1ad24/library/core/src/panic/unwind_safe.rs:272:9
[INFO] [stdout]   36:     0x5de4c543b7aa - std::panicking::try::do_call::h2f73af3616c35465
[INFO] [stdout]                                at /rustc/6067b36314ab5eb2eb47cecc464545ba58e1ad24/library/std/src/panicking.rs:587:40
[INFO] [stdout]   37:     0x5de4c543b7aa - std::panicking::try::hd1660ce9efadef5a
[INFO] [stdout]                                at /rustc/6067b36314ab5eb2eb47cecc464545ba58e1ad24/library/std/src/panicking.rs:550:19
[INFO] [stdout]   38:     0x5de4c543b7aa - std::panic::catch_unwind::h5ee8d7823b8ca744
[INFO] [stdout]                                at /rustc/6067b36314ab5eb2eb47cecc464545ba58e1ad24/library/std/src/panic.rs:358:14
[INFO] [stdout]   39:     0x5de4c543b7aa - std::thread::Builder::spawn_unchecked_::{{closure}}::h53c3a1894dce8407
[INFO] [stdout]                                at /rustc/6067b36314ab5eb2eb47cecc464545ba58e1ad24/library/std/src/thread/mod.rs:557:30
[INFO] [stdout]   40:     0x5de4c543b7aa - core::ops::function::FnOnce::call_once{{vtable.shim}}::h048ce291ad4f62bf
[INFO] [stdout]                                at /rustc/6067b36314ab5eb2eb47cecc464545ba58e1ad24/library/core/src/ops/function.rs:250:5
[INFO] [stdout]   41:     0x5de4c54acc9b - <alloc::boxed::Box<F,A> as core::ops::function::FnOnce<Args>>::call_once::ha52bedf99a3b4981
[INFO] [stdout]                                at /rustc/6067b36314ab5eb2eb47cecc464545ba58e1ad24/library/alloc/src/boxed.rs:2013:9
[INFO] [stdout]   42:     0x5de4c54acc9b - <alloc::boxed::Box<F,A> as core::ops::function::FnOnce<Args>>::call_once::h567748934d80ccf8
[INFO] [stdout]                                at /rustc/6067b36314ab5eb2eb47cecc464545ba58e1ad24/library/alloc/src/boxed.rs:2013:9
[INFO] [stdout]   43:     0x5de4c54acc9b - std::sys::pal::unix::thread::Thread::new::thread_start::h2d970728ae887adc
[INFO] [stdout]                                at /rustc/6067b36314ab5eb2eb47cecc464545ba58e1ad24/library/std/src/sys/pal/unix/thread.rs:106:17
[INFO] [stdout]   44:     0x7e6cd7eeeac3 - <unknown>
[INFO] [stdout]   45:     0x7e6cd7f7fa04 - clone
[INFO] [stdout]   46:                0x0 - <unknown>
[INFO] [stdout] 
[INFO] [stdout] 
[INFO] [stdout] failures:
[INFO] [stdout]     days::day03::tests::live_test
[INFO] [stdout]     days::day06::tests::live_test
[INFO] [stdout] 
[INFO] [stdout] test result: FAILED. 4 passed; 2 failed; 0 ignored; 0 measured; 0 filtered out; finished in 0.03s
[INFO] [stdout] 
[INFO] [stderr] error: test failed, to rerun pass `--bin aoc_25`
[INFO] running `Command { std: "docker" "inspect" "01ec8b8631b838eff73a2270b41109c5b1bcf79a9e45723f2dc6e9c009070788", kill_on_drop: false }`
[INFO] running `Command { std: "docker" "rm" "-f" "01ec8b8631b838eff73a2270b41109c5b1bcf79a9e45723f2dc6e9c009070788", kill_on_drop: false }`
[INFO] [stdout] 01ec8b8631b838eff73a2270b41109c5b1bcf79a9e45723f2dc6e9c009070788
