[INFO] cloning repository https://github.com/Brandon-G-Tripp/task-manager
[INFO] running `Command { std: "git" "-c" "credential.helper=" "-c" "credential.helper=/workspace/cargo-home/bin/git-credential-null" "clone" "--bare" "https://github.com/Brandon-G-Tripp/task-manager" "/workspace/cache/git-repos/https%3A%2F%2Fgithub.com%2FBrandon-G-Tripp%2Ftask-manager", kill_on_drop: false }`
[INFO] [stderr] Cloning into bare repository '/workspace/cache/git-repos/https%3A%2F%2Fgithub.com%2FBrandon-G-Tripp%2Ftask-manager'...
[INFO] running `Command { std: "git" "rev-parse" "HEAD", kill_on_drop: false }`
[INFO] [stdout] 695a7c4c50fc34b2927c43e91211ba408d54e80e
[INFO] testing Brandon-G-Tripp/task-manager against nightly-2025-01-18+rustflags=-Zrandomize-layout for randomize-layout-2
[INFO] running `Command { std: "git" "clone" "/workspace/cache/git-repos/https%3A%2F%2Fgithub.com%2FBrandon-G-Tripp%2Ftask-manager" "/workspace/builds/worker-5-tc2/source", kill_on_drop: false }`
[INFO] [stderr] Cloning into '/workspace/builds/worker-5-tc2/source'...
[INFO] [stderr] done.
[INFO] validating manifest of git repo https://github.com/Brandon-G-Tripp/task-manager on toolchain nightly-2025-01-18
[INFO] running `Command { std: CARGO_HOME="/workspace/cargo-home" RUSTUP_HOME="/workspace/rustup-home" "/workspace/cargo-home/bin/cargo" "+nightly-2025-01-18" "metadata" "--manifest-path" "Cargo.toml" "--no-deps", kill_on_drop: false }`
[INFO] started tweaking git repo https://github.com/Brandon-G-Tripp/task-manager
[INFO] finished tweaking git repo https://github.com/Brandon-G-Tripp/task-manager
[INFO] tweaked toml for git repo https://github.com/Brandon-G-Tripp/task-manager written to /workspace/builds/worker-5-tc2/source/Cargo.toml
[INFO] crate git repo https://github.com/Brandon-G-Tripp/task-manager already has a lockfile, it will not be regenerated
[INFO] running `Command { std: CARGO_HOME="/workspace/cargo-home" RUSTUP_HOME="/workspace/rustup-home" "/workspace/cargo-home/bin/cargo" "+nightly-2025-01-18" "fetch" "--manifest-path" "Cargo.toml", kill_on_drop: false }`
[INFO] running `Command { std: "docker" "create" "-v" "/var/lib/crater-agent-workspace/builds/worker-5-tc2/target:/opt/rustwide/target:rw,Z" "-v" "/var/lib/crater-agent-workspace/builds/worker-5-tc2/source:/opt/rustwide/workdir:ro,Z" "-v" "/var/lib/crater-agent-workspace/cargo-home:/opt/rustwide/cargo-home:ro,Z" "-v" "/var/lib/crater-agent-workspace/rustup-home:/opt/rustwide/rustup-home:ro,Z" "-e" "SOURCE_DIR=/opt/rustwide/workdir" "-e" "CARGO_TARGET_DIR=/opt/rustwide/target" "-e" "CARGO_HOME=/opt/rustwide/cargo-home" "-e" "RUSTUP_HOME=/opt/rustwide/rustup-home" "-w" "/opt/rustwide/workdir" "-m" "1610612736" "--user" "0:0" "--network" "none" "ghcr.io/rust-lang/crates-build-env/linux@sha256:819108c5571ea2e421544af4d832f968d213c87fbe3707a016657f43d2f853bc" "/opt/rustwide/cargo-home/bin/cargo" "+nightly-2025-01-18" "metadata" "--no-deps" "--format-version=1", kill_on_drop: false }`
[INFO] [stdout] 98733ece65c367b9ef66fe182452c8755b78688fdbeb59ef783f4e1e51b78296
[INFO] running `Command { std: "docker" "start" "-a" "98733ece65c367b9ef66fe182452c8755b78688fdbeb59ef783f4e1e51b78296", kill_on_drop: false }`
[INFO] running `Command { std: "docker" "inspect" "98733ece65c367b9ef66fe182452c8755b78688fdbeb59ef783f4e1e51b78296", kill_on_drop: false }`
[INFO] running `Command { std: "docker" "rm" "-f" "98733ece65c367b9ef66fe182452c8755b78688fdbeb59ef783f4e1e51b78296", kill_on_drop: false }`
[INFO] [stdout] 98733ece65c367b9ef66fe182452c8755b78688fdbeb59ef783f4e1e51b78296
[INFO] running `Command { std: "docker" "create" "-v" "/var/lib/crater-agent-workspace/builds/worker-5-tc2/target:/opt/rustwide/target:rw,Z" "-v" "/var/lib/crater-agent-workspace/builds/worker-5-tc2/source:/opt/rustwide/workdir:ro,Z" "-v" "/var/lib/crater-agent-workspace/cargo-home:/opt/rustwide/cargo-home:ro,Z" "-v" "/var/lib/crater-agent-workspace/rustup-home:/opt/rustwide/rustup-home:ro,Z" "-e" "SOURCE_DIR=/opt/rustwide/workdir" "-e" "CARGO_TARGET_DIR=/opt/rustwide/target" "-e" "CARGO_INCREMENTAL=0" "-e" "RUST_BACKTRACE=full" "-e" "RUSTFLAGS=--cap-lints=forbid -Zrandomize-layout" "-e" "RUSTDOCFLAGS=--cap-lints=forbid" "-e" "CARGO_HOME=/opt/rustwide/cargo-home" "-e" "RUSTUP_HOME=/opt/rustwide/rustup-home" "-w" "/opt/rustwide/workdir" "-m" "1610612736" "--user" "0:0" "--network" "none" "ghcr.io/rust-lang/crates-build-env/linux@sha256:819108c5571ea2e421544af4d832f968d213c87fbe3707a016657f43d2f853bc" "/opt/rustwide/cargo-home/bin/cargo" "+nightly-2025-01-18" "build" "--frozen" "--message-format=json", kill_on_drop: false }`
[INFO] [stdout] c0d59fce415a08fdc209de995078eff9dc5fbe90c3c97b54866f5e55bc6fb07c
[INFO] running `Command { std: "docker" "start" "-a" "c0d59fce415a08fdc209de995078eff9dc5fbe90c3c97b54866f5e55bc6fb07c", kill_on_drop: false }`
[INFO] [stderr]    Compiling proc-macro2 v1.0.76
[INFO] [stderr]    Compiling strsim v0.10.0
[INFO] [stderr]    Compiling fnv v1.0.7
[INFO] [stderr]    Compiling ident_case v1.0.1
[INFO] [stderr]    Compiling libc v0.2.152
[INFO] [stderr]    Compiling serde v1.0.195
[INFO] [stderr]    Compiling memchr v2.7.1
[INFO] [stderr]    Compiling unicode-segmentation v1.10.1
[INFO] [stderr]    Compiling unicode-width v0.1.11
[INFO] [stderr]    Compiling num-traits v0.2.17
[INFO] [stderr]    Compiling proc-macro-error-attr v1.0.4
[INFO] [stderr]    Compiling proc-macro-error v1.0.4
[INFO] [stderr]    Compiling indexmap v1.9.3
[INFO] [stderr]    Compiling ansi_term v0.12.1
[INFO] [stderr]    Compiling strsim v0.8.0
[INFO] [stderr]    Compiling linked-hash-map v0.5.6
[INFO] [stderr]    Compiling textwrap v0.11.0
[INFO] [stderr]    Compiling hashbrown v0.12.3
[INFO] [stderr]    Compiling anstyle v1.0.4
[INFO] [stderr]    Compiling normalize-line-endings v0.3.0
[INFO] [stderr]    Compiling predicates-core v1.0.6
[INFO] [stderr]    Compiling yaml-rust v0.4.5
[INFO] [stderr]    Compiling difflib v0.4.0
[INFO] [stderr]    Compiling ryu v1.0.16
[INFO] [stderr]    Compiling iana-time-zone v0.1.59
[INFO] [stderr]    Compiling colored v2.1.0
[INFO] [stderr]    Compiling heck v0.3.3
[INFO] [stderr]    Compiling aho-corasick v1.1.2
[INFO] [stderr]    Compiling quote v1.0.35
[INFO] [stderr]    Compiling atty v0.2.14
[INFO] [stderr]    Compiling clap v2.34.0
[INFO] [stderr]    Compiling syn v1.0.109
[INFO] [stderr]    Compiling syn v2.0.48
[INFO] [stderr]    Compiling float-cmp v0.9.0
[INFO] [stderr]    Compiling chrono v0.4.31
[INFO] [stderr]    Compiling regex-automata v0.4.5
[INFO] [stderr]    Compiling serde_derive v1.0.195
[INFO] [stderr]    Compiling darling_core v0.13.4
[INFO] [stderr]    Compiling regex v1.10.3
[INFO] [stderr]    Compiling predicates v3.1.0
[INFO] [stderr]    Compiling structopt-derive v0.4.18
[INFO] [stderr]    Compiling darling_macro v0.13.4
[INFO] [stderr]    Compiling structopt v0.3.26
[INFO] [stderr]    Compiling darling v0.13.4
[INFO] [stderr]    Compiling serde_with_macros v1.5.2
[INFO] [stderr]    Compiling serde_yaml v0.8.26
[INFO] [stderr]    Compiling serde_with v1.14.0
[INFO] [stderr]    Compiling task-manager v0.1.0 (/opt/rustwide/workdir)
[INFO] [stderr]     Finished `dev` profile [unoptimized + debuginfo] target(s) in 28.98s
[INFO] running `Command { std: "docker" "inspect" "c0d59fce415a08fdc209de995078eff9dc5fbe90c3c97b54866f5e55bc6fb07c", kill_on_drop: false }`
[INFO] running `Command { std: "docker" "rm" "-f" "c0d59fce415a08fdc209de995078eff9dc5fbe90c3c97b54866f5e55bc6fb07c", kill_on_drop: false }`
[INFO] [stdout] c0d59fce415a08fdc209de995078eff9dc5fbe90c3c97b54866f5e55bc6fb07c
[INFO] running `Command { std: "docker" "create" "-v" "/var/lib/crater-agent-workspace/builds/worker-5-tc2/target:/opt/rustwide/target:rw,Z" "-v" "/var/lib/crater-agent-workspace/builds/worker-5-tc2/source:/opt/rustwide/workdir:ro,Z" "-v" "/var/lib/crater-agent-workspace/cargo-home:/opt/rustwide/cargo-home:ro,Z" "-v" "/var/lib/crater-agent-workspace/rustup-home:/opt/rustwide/rustup-home:ro,Z" "-e" "SOURCE_DIR=/opt/rustwide/workdir" "-e" "CARGO_TARGET_DIR=/opt/rustwide/target" "-e" "CARGO_INCREMENTAL=0" "-e" "RUST_BACKTRACE=full" "-e" "RUSTFLAGS=--cap-lints=forbid -Zrandomize-layout" "-e" "RUSTDOCFLAGS=--cap-lints=forbid" "-e" "CARGO_HOME=/opt/rustwide/cargo-home" "-e" "RUSTUP_HOME=/opt/rustwide/rustup-home" "-w" "/opt/rustwide/workdir" "-m" "1610612736" "--user" "0:0" "--network" "none" "ghcr.io/rust-lang/crates-build-env/linux@sha256:819108c5571ea2e421544af4d832f968d213c87fbe3707a016657f43d2f853bc" "/opt/rustwide/cargo-home/bin/cargo" "+nightly-2025-01-18" "test" "--frozen" "--no-run" "--message-format=json", kill_on_drop: false }`
[INFO] [stdout] 84999e2d5ebeaaae738df9490860fa227fccb6313458b6ed5f3d9b6f36c3a4be
[INFO] running `Command { std: "docker" "start" "-a" "84999e2d5ebeaaae738df9490860fa227fccb6313458b6ed5f3d9b6f36c3a4be", kill_on_drop: false }`
[INFO] [stderr]    Compiling libc v0.2.152
[INFO] [stderr]    Compiling doc-comment v0.3.3
[INFO] [stderr]    Compiling termtree v0.4.1
[INFO] [stderr]    Compiling regex-automata v0.4.5
[INFO] [stderr]    Compiling predicates-tree v1.0.9
[INFO] [stderr]    Compiling atty v0.2.14
[INFO] [stderr]    Compiling wait-timeout v0.2.0
[INFO] [stderr]    Compiling clap v2.34.0
[INFO] [stderr]    Compiling regex v1.10.3
[INFO] [stderr]    Compiling bstr v1.9.0
[INFO] [stderr]    Compiling predicates v3.1.0
[INFO] [stderr]    Compiling structopt v0.3.26
[INFO] [stderr]    Compiling assert_cmd v2.0.13
[INFO] [stderr]    Compiling task-manager v0.1.0 (/opt/rustwide/workdir)
[INFO] [stderr]     Finished `test` profile [unoptimized + debuginfo] target(s) in 9.80s
[INFO] running `Command { std: "docker" "inspect" "84999e2d5ebeaaae738df9490860fa227fccb6313458b6ed5f3d9b6f36c3a4be", kill_on_drop: false }`
[INFO] running `Command { std: "docker" "rm" "-f" "84999e2d5ebeaaae738df9490860fa227fccb6313458b6ed5f3d9b6f36c3a4be", kill_on_drop: false }`
[INFO] [stdout] 84999e2d5ebeaaae738df9490860fa227fccb6313458b6ed5f3d9b6f36c3a4be
[INFO] running `Command { std: "docker" "create" "-v" "/var/lib/crater-agent-workspace/builds/worker-5-tc2/target:/opt/rustwide/target:rw,Z" "-v" "/var/lib/crater-agent-workspace/builds/worker-5-tc2/source:/opt/rustwide/workdir:ro,Z" "-v" "/var/lib/crater-agent-workspace/cargo-home:/opt/rustwide/cargo-home:ro,Z" "-v" "/var/lib/crater-agent-workspace/rustup-home:/opt/rustwide/rustup-home:ro,Z" "-e" "SOURCE_DIR=/opt/rustwide/workdir" "-e" "CARGO_TARGET_DIR=/opt/rustwide/target" "-e" "CARGO_INCREMENTAL=0" "-e" "RUST_BACKTRACE=full" "-e" "RUSTFLAGS=--cap-lints=forbid -Zrandomize-layout" "-e" "RUSTDOCFLAGS=--cap-lints=forbid" "-e" "CARGO_HOME=/opt/rustwide/cargo-home" "-e" "RUSTUP_HOME=/opt/rustwide/rustup-home" "-w" "/opt/rustwide/workdir" "-m" "1610612736" "--user" "0:0" "--network" "none" "ghcr.io/rust-lang/crates-build-env/linux@sha256:819108c5571ea2e421544af4d832f968d213c87fbe3707a016657f43d2f853bc" "/opt/rustwide/cargo-home/bin/cargo" "+nightly-2025-01-18" "test" "--frozen", kill_on_drop: false }`
[INFO] [stdout] 64c82ab004fe79f08c15203bd8bf27b0df41ea39062b0ed43d29aca60c391866
[INFO] running `Command { std: "docker" "start" "-a" "64c82ab004fe79f08c15203bd8bf27b0df41ea39062b0ed43d29aca60c391866", kill_on_drop: false }`
[INFO] [stderr]     Finished `test` profile [unoptimized + debuginfo] target(s) in 0.12s
[INFO] [stderr]      Running unittests src/main.rs (/opt/rustwide/target/debug/deps/task_manager-a58785f9b1da7bf1)
[INFO] [stdout] 
[INFO] [stdout] running 55 tests
[INFO] [stdout] 1 - Task 1 -  - 2023-03-01 12:00:00 UTC
[INFO] [stdout] 1 - Task 1 - Description: Overdue Task 1 - 2025-01-17 03:40:07.175869320 UTC
[INFO] [stdout] 1 - Task 1 - Text for task1 - 2025-01-20 03:40:07.176008260 UTC
[INFO] [stdout] test config::tests::test_load_yaml_error ... ok
[INFO] [stdout] test config::tests::test_load_system_time_error ... ok
[INFO] [stdout] test tasks::cli::tests::test_add_command_parsing ... ok
[INFO] [stdout] 1 - Task 1 - Description: Overdue Task 1 - 2025-01-17 03:40:07.176431649 UTC
[INFO] [stdout] test config::tests::test_load_invalid_path ... ok
[INFO] [stdout] test tasks::cli::tests::test_list_command ... ok
[INFO] [stdout] test tasks::cli::tests::test_update_command ... ok
[INFO] [stdout] test tasks::cli::tests::test_list_command_filters ... ok
[INFO] [stdout] test tasks::crud::tests::tests::test_add_task ... ok
[INFO] [stdout] test tasks::crud::tests::tests::test_delete_task ... ok
[INFO] [stdout] test tasks::cli::tests::test_list_command_with_due_filter ... ok
[INFO] [stdout] test tasks::crud::tests::tests::test_delete_task_removes_it ... ok
[INFO] [stdout] test tasks::crud::tests::tests::test_find_invalid_id ... ok
[INFO] [stdout] test tasks::cli::tests::test_show_command ... ok
[INFO] [stdout] test tasks::crud::tests::tests::test_get_tasks ... ok
[INFO] [stdout] test tasks::crud::tests::tests::test_list_multiple ... ok
[INFO] [stdout] test tasks::crud::tests::tests::test_find_task_by_id ... ok
[INFO] [stdout] test tasks::cli::tests::test_delete_command ... ok
[INFO] [stdout] test config::tests::test_new_config ... ok
[INFO] [stdout] test tasks::crud::tests::tests::test_complete_task ... ok
[INFO] [stdout] test tasks::crud::tests::tests::test_delete_invalid ... ok
[INFO] [stdout] test tasks::crud::tests::tests::test_update_args ... ok
[INFO] [stdout] test tasks::filtering::tests::format_due_filter ... ok
[INFO] [stdout] test tasks::filtering::tests::parse_completion_filter_from_str ... ok
[INFO] [stdout] test tasks::crud::tests::tests::test_list_one_task ... ok
[INFO] [stdout] test tasks::filtering::tests::format_completion_filter ... ok
[INFO] [stdout] test tasks::filtering::tests::returns_only_completed_tasks ... ok
[INFO] [stdout] test tasks::crud::tests::tests::test_list_tasks_empty ... ok
[INFO] [stdout] test tasks::filtering::tests::filter_due_today ... ok
[INFO] [stdout] test tasks::persistence::tests::test_read_invalid_file ... ok
[INFO] [stdout] test tasks::persistence::tests::test_read_tasks ... ok
[INFO] [stdout] test tasks::crud::tests::tests::test_update_task ... ok
[INFO] [stdout] test tasks::filtering::tests::parse_due_filter_from_str ... ok
[INFO] [stdout] test tasks::stats::test_stats ... ok
[INFO] [stdout] test tasks::filtering::tests::returns_all_tasks_when_all_filter ... ok
[INFO] [stdout] test tasks::persistence::tests::test_save_tasks ... ok
[INFO] [stdout] test tasks::crud::tests::tests::test_show_task ... ok
[INFO] [stdout] test tasks::filtering::tests::returns_only_incomplete_tasks ... ok
[INFO] [stdout] test tasks::filtering::tests::filter_due_this_week ... ok
[INFO] [stdout] test tasks::persistence::tests::test_load_from_file ... ok
[INFO] [stdout] test tasks::persistence::tests::test_write_tasks ... ok
[INFO] [stdout] test tasks::tests::test_task_error_from ... ok
[INFO] [stdout] test tasks::update::tests::test_parse_update_invalid_completed ... ok
[INFO] [stdout] test tasks::update::tests::test_parse_update_invalid ... ok
[INFO] [stdout] test tasks::tests::test_task_error_display ... ok
[INFO] [stdout] test tasks::task::tests::test_create_task ... ok
[INFO] [stdout] test tasks::filtering::tests::filter_past_due ... ok
[INFO] [stdout] test tasks::filtering::tests::filter_all ... ok
[INFO] [stdout] test tasks::update::tests::test_parse_update_invalid_due_date ... ok
[INFO] [stdout] test tests::test_tasks_command ... ok
[INFO] [stdout] test tests::test_snippets_command ... ok
[INFO] [stdout] test tests::test_timers_command ... ok
[INFO] [stdout] test config::tests::test_load_config ... FAILED
[INFO] [stdout] test tests::test_update_command ... ok
[INFO] [stdout] test tasks::cli::tests::test_add_command_invalid_due_date - should panic ... ok
[INFO] [stdout] test tests_common::test_setup::tests::test_setup_fail - should panic ... ok
[INFO] [stdout] 
[INFO] [stdout] failures:
[INFO] [stdout] 
[INFO] [stdout] ---- config::tests::test_load_config stdout ----
[INFO] [stdout] 
[INFO] [stdout] thread 'config::tests::test_load_config' panicked at src/config.rs:127:9:
[INFO] [stdout] assertion failed: Path::new(tmp_file_path).exists()
[INFO] [stdout] stack backtrace:
[INFO] [stdout]    0:     0x5f5614ecbf9a - std::backtrace_rs::backtrace::libunwind::trace::hb059275cfc8d6126
[INFO] [stdout]                                at /rustc/6067b36314ab5eb2eb47cecc464545ba58e1ad24/library/std/src/../../backtrace/src/backtrace/libunwind.rs:116:5
[INFO] [stdout]    1:     0x5f5614ecbf9a - std::backtrace_rs::backtrace::trace_unsynchronized::h2da071e4327ce3ee
[INFO] [stdout]                                at /rustc/6067b36314ab5eb2eb47cecc464545ba58e1ad24/library/std/src/../../backtrace/src/backtrace/mod.rs:66:5
[INFO] [stdout]    2:     0x5f5614ecbf9a - std::sys::backtrace::_print_fmt::h842a1474e6f8d23f
[INFO] [stdout]                                at /rustc/6067b36314ab5eb2eb47cecc464545ba58e1ad24/library/std/src/sys/backtrace.rs:66:9
[INFO] [stdout]    3:     0x5f5614ecbf9a - <std::sys::backtrace::BacktraceLock::print::DisplayBacktrace as core::fmt::Display>::fmt::h71a62eb3b9696b12
[INFO] [stdout]                                at /rustc/6067b36314ab5eb2eb47cecc464545ba58e1ad24/library/std/src/sys/backtrace.rs:39:26
[INFO] [stdout]    4:     0x5f5614ef69e3 - core::fmt::rt::Argument::fmt::hdb6b616786b41dc1
[INFO] [stdout]                                at /rustc/6067b36314ab5eb2eb47cecc464545ba58e1ad24/library/core/src/fmt/rt.rs:177:76
[INFO] [stdout]    5:     0x5f5614ef69e3 - core::fmt::write::h2cc1698af7e2d686
[INFO] [stdout]                                at /rustc/6067b36314ab5eb2eb47cecc464545ba58e1ad24/library/core/src/fmt/mod.rs:1440:21
[INFO] [stdout]    6:     0x5f5614ec82f3 - std::io::Write::write_fmt::hab1b4cd059a79022
[INFO] [stdout]                                at /rustc/6067b36314ab5eb2eb47cecc464545ba58e1ad24/library/std/src/io/mod.rs:1887:15
[INFO] [stdout]    7:     0x5f5614ecbde2 - std::sys::backtrace::BacktraceLock::print::h147fe35b4ea13b08
[INFO] [stdout]                                at /rustc/6067b36314ab5eb2eb47cecc464545ba58e1ad24/library/std/src/sys/backtrace.rs:42:9
[INFO] [stdout]    8:     0x5f5614ecd43f - std::panicking::default_hook::{{closure}}::hbd44223dbdc0d208
[INFO] [stdout]                                at /rustc/6067b36314ab5eb2eb47cecc464545ba58e1ad24/library/std/src/panicking.rs:298:22
[INFO] [stdout]    9:     0x5f5614ecd258 - std::panicking::default_hook::h20f81eb0576efcec
[INFO] [stdout]                                at /rustc/6067b36314ab5eb2eb47cecc464545ba58e1ad24/library/std/src/panicking.rs:322:9
[INFO] [stdout]   10:     0x5f5614b64833 - <alloc::boxed::Box<F,A> as core::ops::function::Fn<Args>>::call::hdb53814c496a4d34
[INFO] [stdout]                                at /rustc/6067b36314ab5eb2eb47cecc464545ba58e1ad24/library/alloc/src/boxed.rs:2027:9
[INFO] [stdout]   11:     0x5f5614b64833 - test::test_main::{{closure}}::hc0a4963c59427c24
[INFO] [stdout]                                at /rustc/6067b36314ab5eb2eb47cecc464545ba58e1ad24/library/test/src/lib.rs:134:21
[INFO] [stdout]   12:     0x5f5614ecdf33 - <alloc::boxed::Box<F,A> as core::ops::function::Fn<Args>>::call::h591b2225413a77e9
[INFO] [stdout]                                at /rustc/6067b36314ab5eb2eb47cecc464545ba58e1ad24/library/alloc/src/boxed.rs:2027:9
[INFO] [stdout]   13:     0x5f5614ecdf33 - std::panicking::rust_panic_with_hook::h625eea43051b2edc
[INFO] [stdout]                                at /rustc/6067b36314ab5eb2eb47cecc464545ba58e1ad24/library/std/src/panicking.rs:839:13
[INFO] [stdout]   14:     0x5f5614ecdbb6 - std::panicking::begin_panic_handler::{{closure}}::h4f9159cfbc3f6bd3
[INFO] [stdout]                                at /rustc/6067b36314ab5eb2eb47cecc464545ba58e1ad24/library/std/src/panicking.rs:697:13
[INFO] [stdout]   15:     0x5f5614ecc499 - std::sys::backtrace::__rust_end_short_backtrace::h0390abce48353151
[INFO] [stdout]                                at /rustc/6067b36314ab5eb2eb47cecc464545ba58e1ad24/library/std/src/sys/backtrace.rs:168:18
[INFO] [stdout]   16:     0x5f5614ecd87d - rust_begin_unwind
[INFO] [stdout]                                at /rustc/6067b36314ab5eb2eb47cecc464545ba58e1ad24/library/std/src/panicking.rs:695:5
[INFO] [stdout]   17:     0x5f5614ef4750 - core::panicking::panic_fmt::h9e7c637e9e5f29c9
[INFO] [stdout]                                at /rustc/6067b36314ab5eb2eb47cecc464545ba58e1ad24/library/core/src/panicking.rs:75:14
[INFO] [stdout]   18:     0x5f5614ef47dc - core::panicking::panic::haa3255ea20181a33
[INFO] [stdout]                                at /rustc/6067b36314ab5eb2eb47cecc464545ba58e1ad24/library/core/src/panicking.rs:145:5
[INFO] [stdout]   19:     0x5f5614b04d07 - task_manager::config::tests::test_load_config::h88caaee63c2819ae
[INFO] [stdout]                                at /opt/rustwide/workdir/src/config.rs:127:9
[INFO] [stdout]   20:     0x5f5614b04b77 - task_manager::config::tests::test_load_config::{{closure}}::h2fd8ed21ec6dea75
[INFO] [stdout]                                at /opt/rustwide/workdir/src/config.rs:110:26
[INFO] [stdout]   21:     0x5f5614afd3f6 - core::ops::function::FnOnce::call_once::h5e9ea012699c900e
[INFO] [stdout]                                at /rustc/6067b36314ab5eb2eb47cecc464545ba58e1ad24/library/core/src/ops/function.rs:250:5
[INFO] [stdout]   22:     0x5f5614b69f8b - core::ops::function::FnOnce::call_once::he27718dfdd183f43
[INFO] [stdout]                                at /rustc/6067b36314ab5eb2eb47cecc464545ba58e1ad24/library/core/src/ops/function.rs:250:5
[INFO] [stdout]   23:     0x5f5614b69f8b - test::__rust_begin_short_backtrace::h4e84902998457a5d
[INFO] [stdout]                                at /rustc/6067b36314ab5eb2eb47cecc464545ba58e1ad24/library/test/src/lib.rs:632:18
[INFO] [stdout]   24:     0x5f5614b68ec3 - test::run_test_in_process::{{closure}}::h7176fd18fc1feca0
[INFO] [stdout]                                at /rustc/6067b36314ab5eb2eb47cecc464545ba58e1ad24/library/test/src/lib.rs:655:60
[INFO] [stdout]   25:     0x5f5614b68ec3 - <core::panic::unwind_safe::AssertUnwindSafe<F> as core::ops::function::FnOnce<()>>::call_once::hf79cff2a624d8cf7
[INFO] [stdout]                                at /rustc/6067b36314ab5eb2eb47cecc464545ba58e1ad24/library/core/src/panic/unwind_safe.rs:272:9
[INFO] [stdout]   26:     0x5f5614b68ec3 - std::panicking::try::do_call::h3da0561d9ab99c25
[INFO] [stdout]                                at /rustc/6067b36314ab5eb2eb47cecc464545ba58e1ad24/library/std/src/panicking.rs:587:40
[INFO] [stdout]   27:     0x5f5614b68ec3 - std::panicking::try::h41c9fa508bc61df6
[INFO] [stdout]                                at /rustc/6067b36314ab5eb2eb47cecc464545ba58e1ad24/library/std/src/panicking.rs:550:19
[INFO] [stdout]   28:     0x5f5614b68ec3 - std::panic::catch_unwind::h6b3ff07bb5afad93
[INFO] [stdout]                                at /rustc/6067b36314ab5eb2eb47cecc464545ba58e1ad24/library/std/src/panic.rs:358:14
[INFO] [stdout]   29:     0x5f5614b68ec3 - test::run_test_in_process::hc7253dd11b39b9f4
[INFO] [stdout]                                at /rustc/6067b36314ab5eb2eb47cecc464545ba58e1ad24/library/test/src/lib.rs:655:27
[INFO] [stdout]   30:     0x5f5614b68ec3 - test::run_test::{{closure}}::hfb2007f8649c30bb
[INFO] [stdout]                                at /rustc/6067b36314ab5eb2eb47cecc464545ba58e1ad24/library/test/src/lib.rs:576:43
[INFO] [stdout]   31:     0x5f5614b2bfa5 - test::run_test::{{closure}}::h56a17aa7a282a9f4
[INFO] [stdout]                                at /rustc/6067b36314ab5eb2eb47cecc464545ba58e1ad24/library/test/src/lib.rs:606:41
[INFO] [stdout]   32:     0x5f5614b2bfa5 - std::sys::backtrace::__rust_begin_short_backtrace::hd2d2d2fb8e8c6aac
[INFO] [stdout]                                at /rustc/6067b36314ab5eb2eb47cecc464545ba58e1ad24/library/std/src/sys/backtrace.rs:152:18
[INFO] [stdout]   33:     0x5f5614b2f88a - std::thread::Builder::spawn_unchecked_::{{closure}}::{{closure}}::h4faa3f9db6133423
[INFO] [stdout]                                at /rustc/6067b36314ab5eb2eb47cecc464545ba58e1ad24/library/std/src/thread/mod.rs:559:17
[INFO] [stdout]   34:     0x5f5614b2f88a - <core::panic::unwind_safe::AssertUnwindSafe<F> as core::ops::function::FnOnce<()>>::call_once::hf2e855a36a4ea846
[INFO] [stdout]                                at /rustc/6067b36314ab5eb2eb47cecc464545ba58e1ad24/library/core/src/panic/unwind_safe.rs:272:9
[INFO] [stdout]   35:     0x5f5614b2f88a - std::panicking::try::do_call::h2f73af3616c35465
[INFO] [stdout]                                at /rustc/6067b36314ab5eb2eb47cecc464545ba58e1ad24/library/std/src/panicking.rs:587:40
[INFO] [stdout]   36:     0x5f5614b2f88a - std::panicking::try::hd1660ce9efadef5a
[INFO] [stdout]                                at /rustc/6067b36314ab5eb2eb47cecc464545ba58e1ad24/library/std/src/panicking.rs:550:19
[INFO] [stdout]   37:     0x5f5614b2f88a - std::panic::catch_unwind::h5ee8d7823b8ca744
[INFO] [stdout]                                at /rustc/6067b36314ab5eb2eb47cecc464545ba58e1ad24/library/std/src/panic.rs:358:14
[INFO] [stdout]   38:     0x5f5614b2f88a - std::thread::Builder::spawn_unchecked_::{{closure}}::h53c3a1894dce8407
[INFO] [stdout]                                at /rustc/6067b36314ab5eb2eb47cecc464545ba58e1ad24/library/std/src/thread/mod.rs:557:30
[INFO] [stdout]   39:     0x5f5614b2f88a - core::ops::function::FnOnce::call_once{{vtable.shim}}::h048ce291ad4f62bf
[INFO] [stdout]                                at /rustc/6067b36314ab5eb2eb47cecc464545ba58e1ad24/library/core/src/ops/function.rs:250:5
[INFO] [stdout]   40:     0x5f5614ed2acb - <alloc::boxed::Box<F,A> as core::ops::function::FnOnce<Args>>::call_once::ha52bedf99a3b4981
[INFO] [stdout]                                at /rustc/6067b36314ab5eb2eb47cecc464545ba58e1ad24/library/alloc/src/boxed.rs:2013:9
[INFO] [stdout]   41:     0x5f5614ed2acb - <alloc::boxed::Box<F,A> as core::ops::function::FnOnce<Args>>::call_once::h567748934d80ccf8
[INFO] [stdout]                                at /rustc/6067b36314ab5eb2eb47cecc464545ba58e1ad24/library/alloc/src/boxed.rs:2013:9
[INFO] [stdout]   42:     0x5f5614ed2acb - std::sys::pal::unix::thread::Thread::new::thread_start::h2d970728ae887adc
[INFO] [stdout]                                at /rustc/6067b36314ab5eb2eb47cecc464545ba58e1ad24/library/std/src/sys/pal/unix/thread.rs:106:17
[INFO] [stdout]   43:     0x797283faaac3 - <unknown>
[INFO] [stdout]   44:     0x79728403ba04 - clone
[INFO] [stdout]   45:                0x0 - <unknown>
[INFO] [stdout] 
[INFO] [stdout] 
[INFO] [stdout] failures:
[INFO] [stdout]     config::tests::test_load_config
[INFO] [stdout] 
[INFO] [stdout] test result: FAILED. 54 passed; 1 failed; 0 ignored; 0 measured; 0 filtered out; finished in 0.12s
[INFO] [stdout] 
[INFO] [stderr] error: test failed, to rerun pass `--bin task-manager`
[INFO] running `Command { std: "docker" "inspect" "64c82ab004fe79f08c15203bd8bf27b0df41ea39062b0ed43d29aca60c391866", kill_on_drop: false }`
[INFO] running `Command { std: "docker" "rm" "-f" "64c82ab004fe79f08c15203bd8bf27b0df41ea39062b0ed43d29aca60c391866", kill_on_drop: false }`
[INFO] [stdout] 64c82ab004fe79f08c15203bd8bf27b0df41ea39062b0ed43d29aca60c391866
