[INFO] cloning repository https://github.com/BlockchainCommons/bc-depo-rust
[INFO] running `Command { std: "git" "-c" "credential.helper=" "-c" "credential.helper=/workspace/cargo-home/bin/git-credential-null" "clone" "--bare" "https://github.com/BlockchainCommons/bc-depo-rust" "/workspace/cache/git-repos/https%3A%2F%2Fgithub.com%2FBlockchainCommons%2Fbc-depo-rust", kill_on_drop: false }`
[INFO] [stderr] Cloning into bare repository '/workspace/cache/git-repos/https%3A%2F%2Fgithub.com%2FBlockchainCommons%2Fbc-depo-rust'...
[INFO] running `Command { std: "git" "rev-parse" "HEAD", kill_on_drop: false }`
[INFO] [stdout] c0d353f165468e0207992ee8ef9fe717d32049a2
[INFO] testing BlockchainCommons/bc-depo-rust against nightly-2025-01-18+rustflags=-Zrandomize-layout for randomize-layout-2
[INFO] running `Command { std: "git" "clone" "/workspace/cache/git-repos/https%3A%2F%2Fgithub.com%2FBlockchainCommons%2Fbc-depo-rust" "/workspace/builds/worker-4-tc2/source", kill_on_drop: false }`
[INFO] [stderr] Cloning into '/workspace/builds/worker-4-tc2/source'...
[INFO] [stderr] done.
[INFO] validating manifest of git repo https://github.com/BlockchainCommons/bc-depo-rust on toolchain nightly-2025-01-18
[INFO] running `Command { std: CARGO_HOME="/workspace/cargo-home" RUSTUP_HOME="/workspace/rustup-home" "/workspace/cargo-home/bin/cargo" "+nightly-2025-01-18" "metadata" "--manifest-path" "Cargo.toml" "--no-deps", kill_on_drop: false }`
[INFO] started tweaking git repo https://github.com/BlockchainCommons/bc-depo-rust
[INFO] finished tweaking git repo https://github.com/BlockchainCommons/bc-depo-rust
[INFO] tweaked toml for git repo https://github.com/BlockchainCommons/bc-depo-rust written to /workspace/builds/worker-4-tc2/source/Cargo.toml
[INFO] running `Command { std: CARGO_HOME="/workspace/cargo-home" RUSTUP_HOME="/workspace/rustup-home" "/workspace/cargo-home/bin/cargo" "+nightly-2025-01-18" "generate-lockfile" "--manifest-path" "Cargo.toml", kill_on_drop: false }`
[INFO] [stderr]     Updating crates.io index
[INFO] [stderr]      Locking 399 packages to latest compatible versions
[INFO] [stderr]       Adding env_logger v0.10.2 (available: v0.11.6)
[INFO] [stderr]       Adding mysql_async v0.32.2 (available: v0.35.1)
[INFO] [stderr]       Adding nu-ansi-term v0.49.0 (available: v0.50.1)
[INFO] [stderr]       Adding reqwest v0.11.27 (available: v0.12.12)
[INFO] [stderr]       Adding ssh-key v0.6.6 (available: v0.6.7)
[INFO] running `Command { std: CARGO_HOME="/workspace/cargo-home" RUSTUP_HOME="/workspace/rustup-home" "/workspace/cargo-home/bin/cargo" "+nightly-2025-01-18" "fetch" "--manifest-path" "Cargo.toml", kill_on_drop: false }`
[INFO] [stderr]     Blocking waiting for file lock on package cache
[INFO] running `Command { std: "docker" "create" "-v" "/var/lib/crater-agent-workspace/builds/worker-4-tc2/target:/opt/rustwide/target:rw,Z" "-v" "/var/lib/crater-agent-workspace/builds/worker-4-tc2/source:/opt/rustwide/workdir:ro,Z" "-v" "/var/lib/crater-agent-workspace/cargo-home:/opt/rustwide/cargo-home:ro,Z" "-v" "/var/lib/crater-agent-workspace/rustup-home:/opt/rustwide/rustup-home:ro,Z" "-e" "SOURCE_DIR=/opt/rustwide/workdir" "-e" "CARGO_TARGET_DIR=/opt/rustwide/target" "-e" "CARGO_HOME=/opt/rustwide/cargo-home" "-e" "RUSTUP_HOME=/opt/rustwide/rustup-home" "-w" "/opt/rustwide/workdir" "-m" "1610612736" "--user" "0:0" "--network" "none" "ghcr.io/rust-lang/crates-build-env/linux@sha256:819108c5571ea2e421544af4d832f968d213c87fbe3707a016657f43d2f853bc" "/opt/rustwide/cargo-home/bin/cargo" "+nightly-2025-01-18" "metadata" "--no-deps" "--format-version=1", kill_on_drop: false }`
[INFO] [stdout] 5cf05ec601e79684cd8ef3e3de4ffff19a4a4f7fd3a21a6488fa7932ba506281
[INFO] running `Command { std: "docker" "start" "-a" "5cf05ec601e79684cd8ef3e3de4ffff19a4a4f7fd3a21a6488fa7932ba506281", kill_on_drop: false }`
[INFO] running `Command { std: "docker" "inspect" "5cf05ec601e79684cd8ef3e3de4ffff19a4a4f7fd3a21a6488fa7932ba506281", kill_on_drop: false }`
[INFO] running `Command { std: "docker" "rm" "-f" "5cf05ec601e79684cd8ef3e3de4ffff19a4a4f7fd3a21a6488fa7932ba506281", kill_on_drop: false }`
[INFO] [stdout] 5cf05ec601e79684cd8ef3e3de4ffff19a4a4f7fd3a21a6488fa7932ba506281
[INFO] running `Command { std: "docker" "create" "-v" "/var/lib/crater-agent-workspace/builds/worker-4-tc2/target:/opt/rustwide/target:rw,Z" "-v" "/var/lib/crater-agent-workspace/builds/worker-4-tc2/source:/opt/rustwide/workdir:ro,Z" "-v" "/var/lib/crater-agent-workspace/cargo-home:/opt/rustwide/cargo-home:ro,Z" "-v" "/var/lib/crater-agent-workspace/rustup-home:/opt/rustwide/rustup-home:ro,Z" "-e" "SOURCE_DIR=/opt/rustwide/workdir" "-e" "CARGO_TARGET_DIR=/opt/rustwide/target" "-e" "CARGO_INCREMENTAL=0" "-e" "RUST_BACKTRACE=full" "-e" "RUSTFLAGS=--cap-lints=forbid -Zrandomize-layout" "-e" "RUSTDOCFLAGS=--cap-lints=forbid" "-e" "CARGO_HOME=/opt/rustwide/cargo-home" "-e" "RUSTUP_HOME=/opt/rustwide/rustup-home" "-w" "/opt/rustwide/workdir" "-m" "1610612736" "--user" "0:0" "--network" "none" "ghcr.io/rust-lang/crates-build-env/linux@sha256:819108c5571ea2e421544af4d832f968d213c87fbe3707a016657f43d2f853bc" "/opt/rustwide/cargo-home/bin/cargo" "+nightly-2025-01-18" "build" "--frozen" "--message-format=json", kill_on_drop: false }`
[INFO] [stdout] 7502609ad470f45ea7690956ea6d0fe1924b1d505ec890359237e8eb593ef071
[INFO] running `Command { std: "docker" "start" "-a" "7502609ad470f45ea7690956ea6d0fe1924b1d505ec890359237e8eb593ef071", kill_on_drop: false }`
[INFO] [stderr]    Compiling proc-macro2 v1.0.93
[INFO] [stderr]    Compiling unicode-ident v1.0.14
[INFO] [stderr]    Compiling libc v0.2.169
[INFO] [stderr]    Compiling version_check v0.9.5
[INFO] [stderr]    Compiling subtle v2.6.1
[INFO] [stderr]    Compiling const-oid v0.9.6
[INFO] [stderr]    Compiling shlex v1.3.0
[INFO] [stderr]    Compiling cpufeatures v0.2.16
[INFO] [stderr]    Compiling byteorder v1.5.0
[INFO] [stderr]    Compiling libm v0.2.11
[INFO] [stderr]    Compiling num-traits v0.2.19
[INFO] [stderr]    Compiling cc v1.2.10
[INFO] [stderr]    Compiling smallvec v1.13.2
[INFO] [stderr]    Compiling stable_deref_trait v1.2.0
[INFO] [stderr]    Compiling bytes v1.9.0
[INFO] [stderr]    Compiling thiserror v1.0.69
[INFO] [stderr]    Compiling generic-array v0.14.7
[INFO] [stderr]    Compiling itoa v1.0.14
[INFO] [stderr]    Compiling spin v0.9.8
[INFO] [stderr]    Compiling writeable v0.5.5
[INFO] [stderr]    Compiling litemap v0.7.4
[INFO] [stderr]    Compiling semver v1.0.25
[INFO] [stderr]    Compiling serde v1.0.217
[INFO] [stderr]    Compiling lazy_static v1.5.0
[INFO] [stderr]    Compiling icu_locid_transform_data v1.5.0
[INFO] [stderr]    Compiling icu_properties_data v1.5.0
[INFO] [stderr]    Compiling once_cell v1.20.2
[INFO] [stderr]    Compiling quote v1.0.38
[INFO] [stderr]    Compiling rustc_version v0.4.1
[INFO] [stderr]    Compiling getrandom v0.2.15
[INFO] [stderr]    Compiling utf16_iter v1.0.5
[INFO] [stderr]    Compiling syn v2.0.96
[INFO] [stderr]    Compiling rand_core v0.6.4
[INFO] [stderr]    Compiling write16 v1.0.0
[INFO] [stderr]    Compiling base16ct v0.2.0
[INFO] [stderr]    Compiling pkg-config v0.3.31
[INFO] [stderr]    Compiling utf8_iter v1.0.4
[INFO] [stderr]    Compiling curve25519-dalek v4.1.3
[INFO] [stderr]    Compiling ff v0.13.0
[INFO] [stderr]    Compiling icu_normalizer_data v1.5.0
[INFO] [stderr]    Compiling rand_xoshiro v0.6.0
[INFO] [stderr]    Compiling group v0.13.0
[INFO] [stderr]    Compiling crc32fast v1.4.2
[INFO] [stderr]    Compiling siphasher v1.0.1
[INFO] [stderr]    Compiling log v0.4.25
[INFO] [stderr]    Compiling pin-project-lite v0.2.16
[INFO] [stderr]    Compiling rand v0.8.5
[INFO] [stderr]    Compiling phf_shared v0.11.3
[INFO] [stderr]    Compiling bitcoin-private v0.1.0
[INFO] [stderr]    Compiling opaque-debug v0.3.1
[INFO] [stderr]    Compiling num-bigint-dig v0.8.4
[INFO] [stderr]    Compiling base64ct v1.6.0
[INFO] [stderr]    Compiling anyhow v1.0.95
[INFO] [stderr]    Compiling minicbor v0.19.1
[INFO] [stderr]    Compiling secp256k1-sys v0.10.1
[INFO] [stderr]    Compiling tinyvec v1.8.1
[INFO] [stderr]    Compiling num-integer v0.1.46
[INFO] [stderr]    Compiling pem-rfc7468 v0.7.0
[INFO] [stderr]    Compiling parking_lot_core v0.9.10
[INFO] [stderr]    Compiling base64 v0.21.7
[INFO] [stderr]    Compiling ryu v1.0.18
[INFO] [stderr]    Compiling phf_generator v0.11.3
[INFO] [stderr]    Compiling glob v0.3.2
[INFO] [stderr]    Compiling num-iter v0.1.45
[INFO] [stderr]    Compiling futures-sink v0.3.31
[INFO] [stderr]    Compiling hashbrown v0.15.2
[INFO] [stderr]    Compiling futures-core v0.3.31
[INFO] [stderr]    Compiling serde_json v1.0.137
[INFO] [stderr]    Compiling iana-time-zone v0.1.61
[INFO] [stderr]    Compiling crc-catalog v2.4.0
[INFO] [stderr]    Compiling parking_lot v0.12.3
[INFO] [stderr]    Compiling crc v3.2.1
[INFO] [stderr]    Compiling clang-sys v1.8.1
[INFO] [stderr]    Compiling unicode-normalization v0.1.24
[INFO] [stderr]    Compiling bitcoin_hashes v0.12.0
[INFO] [stderr]    Compiling openssl-sys v0.9.104
[INFO] [stderr]    Compiling indexmap v2.7.1
[INFO] [stderr]    Compiling lexical-util v0.8.5
[INFO] [stderr]    Compiling mio v1.0.3
[INFO] [stderr]    Compiling socket2 v0.5.8
[INFO] [stderr]    Compiling signal-hook-registry v1.4.2
[INFO] [stderr]    Compiling half v2.4.1
[INFO] [stderr]    Compiling paste v1.0.15
[INFO] [stderr]    Compiling crossbeam-utils v0.8.21
[INFO] [stderr]    Compiling bitflags v2.8.0
[INFO] [stderr]    Compiling http v0.2.12
[INFO] [stderr]    Compiling httparse v1.9.5
[INFO] [stderr]    Compiling adler v1.0.2
[INFO] [stderr]    Compiling regex-syntax v0.8.5
[INFO] [stderr]    Compiling minimal-lexical v0.2.1
[INFO] [stderr]    Compiling memchr v2.7.4
[INFO] [stderr]    Compiling miniz_oxide v0.7.4
[INFO] [stderr]    Compiling nom v7.1.3
[INFO] [stderr]    Compiling proc-macro-error-attr v1.0.4
[INFO] [stderr]    Compiling libloading v0.8.6
[INFO] [stderr]    Compiling bindgen v0.71.1
[INFO] [stderr]    Compiling frunk_core v0.4.3
[INFO] [stderr]    Compiling syn v1.0.109
[INFO] [stderr]    Compiling ident_case v1.0.1
[INFO] [stderr]    Compiling either v1.13.0
[INFO] [stderr]    Compiling strsim v0.11.1
[INFO] [stderr]    Compiling secp256k1 v0.30.0
[INFO] [stderr]    Compiling regex-automata v0.4.9
[INFO] [stderr]    Compiling itertools v0.13.0
[INFO] [stderr]    Compiling itertools v0.11.0
[INFO] [stderr]    Compiling synstructure v0.13.1
[INFO] [stderr]    Compiling darling_core v0.20.10
[INFO] [stderr]    Compiling cexpr v0.6.0
[INFO] [stderr]    Compiling frunk_proc_macro_helpers v0.1.3
[INFO] [stderr]    Compiling lexical-parse-integer v0.8.6
[INFO] [stderr]    Compiling regex v1.11.1
[INFO] [stderr]    Compiling lexical-write-integer v0.8.5
[INFO] [stderr]    Compiling libz-sys v1.1.21
[INFO] [stderr]    Compiling aho-corasick v1.1.3
[INFO] [stderr]    Compiling proc-macro-error v1.0.4
[INFO] [stderr]    Compiling ahash v0.8.11
[INFO] [stderr]    Compiling toml_datetime v0.6.8
[INFO] [stderr]    Compiling rustc-hash v2.1.0
[INFO] [stderr]    Compiling winnow v0.5.40
[INFO] [stderr]    Compiling radium v0.7.0
[INFO] [stderr]    Compiling zeroize_derive v1.4.2
[INFO] [stderr]    Compiling zerocopy-derive v0.7.35
[INFO] [stderr]    Compiling zerofrom-derive v0.1.5
[INFO] [stderr]    Compiling yoke-derive v0.7.5
[INFO] [stderr]    Compiling zeroize v1.8.1
[INFO] [stderr]    Compiling zerocopy v0.7.35
[INFO] [stderr]    Compiling zerofrom v0.1.5
[INFO] [stderr]    Compiling zerovec-derive v0.10.3
[INFO] [stderr]    Compiling crypto-common v0.1.6
[INFO] [stderr]    Compiling block-buffer v0.10.4
[INFO] [stderr]    Compiling yoke v0.7.5
[INFO] [stderr]    Compiling displaydoc v0.2.5
[INFO] [stderr]    Compiling digest v0.10.7
[INFO] [stderr]    Compiling ppv-lite86 v0.2.20
[INFO] [stderr]    Compiling der v0.7.9
[INFO] [stderr]    Compiling sha2 v0.10.8
[INFO] [stderr]    Compiling rand_chacha v0.3.1
[INFO] [stderr]    Compiling hmac v0.12.1
[INFO] [stderr]    Compiling signature v2.2.0
[INFO] [stderr]    Compiling thiserror-impl v1.0.69
[INFO] [stderr]    Compiling icu_provider_macros v1.5.0
[INFO] [stderr]    Compiling zerovec v0.10.4
[INFO] [stderr]    Compiling serde_derive v1.0.217
[INFO] [stderr]    Compiling inout v0.1.3
[INFO] [stderr]    Compiling cipher v0.4.4
[INFO] [stderr]    Compiling sha1 v0.10.6
[INFO] [stderr]    Compiling spki v0.7.3
[INFO] [stderr]    Compiling sec1 v0.7.3
[INFO] [stderr]    Compiling crypto-bigint v0.5.5
[INFO] [stderr]    Compiling curve25519-dalek-derive v0.1.1
[INFO] [stderr]    Compiling rfc6979 v0.4.0
[INFO] [stderr]    Compiling ed25519 v2.2.3
[INFO] [stderr]    Compiling universal-hash v0.5.1
[INFO] [stderr]    Compiling poly1305 v0.8.0
[INFO] [stderr]    Compiling pkcs8 v0.10.2
[INFO] [stderr]    Compiling chacha20 v0.9.1
[INFO] [stderr]    Compiling aead v0.5.2
[INFO] [stderr]    Compiling bc-rand v0.2.1
[INFO] [stderr]    Compiling chacha20poly1305 v0.10.1
[INFO] [stderr]    Compiling tinystr v0.7.6
[INFO] [stderr]    Compiling icu_collections v1.5.0
[INFO] [stderr]    Compiling pbkdf2 v0.12.2
[INFO] [stderr]    Compiling hkdf v0.12.4
[INFO] [stderr]    Compiling icu_locid v1.5.0
[INFO] [stderr]    Compiling phf_macros v0.11.3
[INFO] [stderr]    Compiling pkcs1 v0.7.5
[INFO] [stderr]    Compiling elliptic-curve v0.13.8
[INFO] [stderr]    Compiling phf v0.11.3
[INFO] [stderr]    Compiling ssh-encoding v0.2.0
[INFO] [stderr]    Compiling icu_provider v1.5.0
[INFO] [stderr]    Compiling tokio-macros v2.5.0
[INFO] [stderr]    Compiling ecdsa v0.16.9
[INFO] [stderr]    Compiling primeorder v0.13.6
[INFO] [stderr]    Compiling icu_locid_transform v1.5.0
[INFO] [stderr]    Compiling rsa v0.9.7
[INFO] [stderr]    Compiling ed25519-dalek v2.1.1
[INFO] [stderr]    Compiling x25519-dalek v2.0.1
[INFO] [stderr]    Compiling p521 v0.13.3
[INFO] [stderr]    Compiling p256 v0.13.2
[INFO] [stderr]    Compiling bc-crypto v0.5.0
[INFO] [stderr]    Compiling p384 v0.13.0
[INFO] [stderr]    Compiling bc-shamir v0.4.1
[INFO] [stderr]    Compiling tokio v1.43.0
[INFO] [stderr]    Compiling icu_properties v1.5.1
[INFO] [stderr]    Compiling dsa v0.6.3
[INFO] [stderr]    Compiling ssh-cipher v0.2.0
[INFO] [stderr]    Compiling ur v0.4.1
[INFO] [stderr]    Compiling futures-macro v0.3.31
[INFO] [stderr]    Compiling ssh-key v0.6.6
[INFO] [stderr]    Compiling sskr v0.4.2
[INFO] [stderr]    Compiling openssl v0.10.68
[INFO] [stderr]    Compiling toml_edit v0.19.15
[INFO] [stderr]    Compiling futures-util v0.3.31
[INFO] [stderr]    Compiling darling_macro v0.20.10
[INFO] [stderr]    Compiling icu_normalizer v1.5.0
[INFO] [stderr]    Compiling idna_adapter v1.2.0
[INFO] [stderr]    Compiling idna v1.0.3
[INFO] [stderr]    Compiling url v2.5.4
[INFO] [stderr]    Compiling chrono v0.4.39
[INFO] [stderr]    Compiling openssl-macros v0.1.1
[INFO] [stderr]    Compiling tokio-util v0.7.13
[INFO] [stderr]    Compiling lexical-write-float v0.8.5
[INFO] [stderr]    Compiling dcbor v0.16.1
[INFO] [stderr]    Compiling lexical-parse-float v0.8.5
[INFO] [stderr]    Compiling bc-ur v0.6.1
[INFO] [stderr]    Compiling bc-components v0.15.0
[INFO] [stderr]    Compiling cmake v0.1.52
[INFO] [stderr]    Compiling subprocess v0.2.9
[INFO] [stderr]    Compiling tracing-core v0.1.33
[INFO] [stderr]    Compiling bc-envelope v0.21.0
[INFO] [stderr]    Compiling indexmap v1.9.3
[INFO] [stderr]    Compiling rust_decimal v1.36.0
[INFO] [stderr]    Compiling unicase v2.8.1
[INFO] [stderr]    Compiling powerfmt v0.2.0
[INFO] [stderr]    Compiling termcolor v1.4.1
[INFO] [stderr]    Compiling native-tls v0.2.12
[INFO] [stderr]    Compiling tap v1.0.1
[INFO] [stderr]    Compiling wyz v0.5.1
[INFO] [stderr]    Compiling mime_guess v2.0.5
[INFO] [stderr]    Compiling deranged v0.3.11
[INFO] [stderr]    Compiling tracing v0.1.41
[INFO] [stderr]    Compiling provenance-mark v0.1.2
[INFO] [stderr]    Compiling lexical-core v0.8.5
[INFO] [stderr]    Compiling num-bigint v0.4.6
[INFO] [stderr]    Compiling proc-macro-crate v1.3.1
[INFO] [stderr]    Compiling darling v0.20.10
[INFO] [stderr]    Compiling frunk_derives v0.4.3
[INFO] [stderr]    Compiling frunk_proc_macros v0.1.3
[INFO] [stderr]    Compiling pin-project-internal v1.1.8
[INFO] [stderr]    Compiling crossbeam-epoch v0.9.18
[INFO] [stderr]    Compiling mysql_common v0.30.6
[INFO] [stderr]    Compiling http v1.2.0
[INFO] [stderr]    Compiling multer v2.1.0
[INFO] [stderr]    Compiling priority-queue v1.4.0
[INFO] [stderr]    Compiling time-core v0.1.2
[INFO] [stderr]    Compiling hashbrown v0.12.3
[INFO] [stderr]    Compiling arrayvec v0.7.6
[INFO] [stderr]    Compiling data-encoding v2.7.0
[INFO] [stderr]    Compiling funty v2.0.0
[INFO] [stderr]    Compiling num-conv v0.1.0
[INFO] [stderr]    Compiling utf-8 v0.7.6
[INFO] [stderr]    Compiling heck v0.4.1
[INFO] [stderr]    Compiling bitvec v1.0.1
[INFO] [stderr]    Compiling tungstenite v0.21.0
[INFO] [stderr]    Compiling mysql-common-derive v0.30.2
[INFO] [stderr]    Compiling bigdecimal v0.3.1
[INFO] [stderr]    Compiling time v0.3.37
[INFO] [stderr]    Compiling pin-project v1.1.8
[INFO] [stderr]    Compiling frunk v0.4.3
[INFO] [stderr]    Compiling crossbeam-deque v0.8.6
[INFO] [stderr]    Compiling hashbrown v0.13.2
[INFO] [stderr]    Compiling flate2 v1.0.35
[INFO] [stderr]    Compiling lexical v6.1.1
[INFO] [stderr]    Compiling bc-xid v0.3.0
[INFO] [stderr]    Compiling h2 v0.3.26
[INFO] [stderr]    Compiling crossbeam-channel v0.5.14
[INFO] [stderr]    Compiling crossbeam-queue v0.3.12
[INFO] [stderr]    Compiling headers-core v0.2.0
[INFO] [stderr]    Compiling http-body v0.4.6
[INFO] [stderr]    Compiling futures-channel v0.3.31
[INFO] [stderr]    Compiling encoding_rs v0.8.35
[INFO] [stderr]    Compiling saturating v0.1.0
[INFO] [stderr]    Compiling tower-service v0.3.3
[INFO] [stderr]    Compiling uuid v1.12.0
[INFO] [stderr]    Compiling crossbeam v0.8.4
[INFO] [stderr]    Compiling lru v0.10.1
[INFO] [stderr]    Compiling gstp v0.3.0
[INFO] [stderr]    Compiling headers v0.3.9
[INFO] [stderr]    Compiling tokio-native-tls v0.3.1
[INFO] [stderr]    Compiling tokio-tungstenite v0.21.0
[INFO] [stderr]    Compiling serde_urlencoded v0.7.1
[INFO] [stderr]    Compiling twox-hash v1.6.3
[INFO] [stderr]    Compiling pem v2.0.1
[INFO] [stderr]    Compiling mio v0.8.11
[INFO] [stderr]    Compiling is-terminal v0.4.13
[INFO] [stderr]    Compiling humantime v2.1.0
[INFO] [stderr]    Compiling scoped-tls v1.0.1
[INFO] [stderr]    Compiling env_logger v0.10.2
[INFO] [stderr]    Compiling depo-api v0.9.0
[INFO] [stderr]    Compiling async-trait v0.1.85
[INFO] [stderr]    Compiling nu-ansi-term v0.49.0
[INFO] [stderr]    Compiling hyper v0.14.32
[INFO] [stderr]    Compiling mysql_async v0.32.2
[INFO] [stderr]    Compiling warp v0.3.7
[INFO] [stderr]    Compiling depo v0.9.0 (/opt/rustwide/workdir)
[INFO] [stderr]     Finished `dev` profile [unoptimized + debuginfo] target(s) in 3m 51s
[INFO] running `Command { std: "docker" "inspect" "7502609ad470f45ea7690956ea6d0fe1924b1d505ec890359237e8eb593ef071", kill_on_drop: false }`
[INFO] running `Command { std: "docker" "rm" "-f" "7502609ad470f45ea7690956ea6d0fe1924b1d505ec890359237e8eb593ef071", kill_on_drop: false }`
[INFO] [stdout] 7502609ad470f45ea7690956ea6d0fe1924b1d505ec890359237e8eb593ef071
[INFO] running `Command { std: "docker" "create" "-v" "/var/lib/crater-agent-workspace/builds/worker-4-tc2/target:/opt/rustwide/target:rw,Z" "-v" "/var/lib/crater-agent-workspace/builds/worker-4-tc2/source:/opt/rustwide/workdir:ro,Z" "-v" "/var/lib/crater-agent-workspace/cargo-home:/opt/rustwide/cargo-home:ro,Z" "-v" "/var/lib/crater-agent-workspace/rustup-home:/opt/rustwide/rustup-home:ro,Z" "-e" "SOURCE_DIR=/opt/rustwide/workdir" "-e" "CARGO_TARGET_DIR=/opt/rustwide/target" "-e" "CARGO_INCREMENTAL=0" "-e" "RUST_BACKTRACE=full" "-e" "RUSTFLAGS=--cap-lints=forbid -Zrandomize-layout" "-e" "RUSTDOCFLAGS=--cap-lints=forbid" "-e" "CARGO_HOME=/opt/rustwide/cargo-home" "-e" "RUSTUP_HOME=/opt/rustwide/rustup-home" "-w" "/opt/rustwide/workdir" "-m" "1610612736" "--user" "0:0" "--network" "none" "ghcr.io/rust-lang/crates-build-env/linux@sha256:819108c5571ea2e421544af4d832f968d213c87fbe3707a016657f43d2f853bc" "/opt/rustwide/cargo-home/bin/cargo" "+nightly-2025-01-18" "test" "--frozen" "--no-run" "--message-format=json", kill_on_drop: false }`
[INFO] [stdout] 6396f5394a24746228993b7a880c55f276d128e864a6ba2e48ca5ab990e0df7b
[INFO] running `Command { std: "docker" "start" "-a" "6396f5394a24746228993b7a880c55f276d128e864a6ba2e48ca5ab990e0df7b", kill_on_drop: false }`
[INFO] [stderr]    Compiling hyper v0.14.32
[INFO] [stderr]    Compiling rustls-pemfile v1.0.4
[INFO] [stderr]    Compiling ipnet v2.11.0
[INFO] [stderr]    Compiling indoc v2.0.5
[INFO] [stderr]    Compiling hex-literal v0.4.1
[INFO] [stderr]    Compiling warp v0.3.7
[INFO] [stderr]    Compiling hyper-tls v0.5.0
[INFO] [stderr]    Compiling reqwest v0.11.27
[INFO] [stderr]    Compiling depo v0.9.0 (/opt/rustwide/workdir)
[INFO] [stdout] warning: elided lifetime has a name
[INFO] [stdout]   --> tests/server_test.rs:39:82
[INFO] [stdout]    |
[INFO] [stdout] 39 |     fn with_xid_document<'a>(&'a self, xid_document: &'a XIDDocument) -> Context<'_> {
[INFO] [stdout]    |                          -- lifetime `'a` declared here                          ^^ this elided lifetime gets resolved as `'a`
[INFO] [stdout]    |
[INFO] [stdout]    = note: `#[warn(elided_named_lifetimes)]` on by default
[INFO] [stdout] 
[INFO] [stdout] 
[INFO] [stderr]     Finished `test` profile [unoptimized + debuginfo] target(s) in 35.52s
[INFO] running `Command { std: "docker" "inspect" "6396f5394a24746228993b7a880c55f276d128e864a6ba2e48ca5ab990e0df7b", kill_on_drop: false }`
[INFO] running `Command { std: "docker" "rm" "-f" "6396f5394a24746228993b7a880c55f276d128e864a6ba2e48ca5ab990e0df7b", kill_on_drop: false }`
[INFO] [stdout] 6396f5394a24746228993b7a880c55f276d128e864a6ba2e48ca5ab990e0df7b
[INFO] running `Command { std: "docker" "create" "-v" "/var/lib/crater-agent-workspace/builds/worker-4-tc2/target:/opt/rustwide/target:rw,Z" "-v" "/var/lib/crater-agent-workspace/builds/worker-4-tc2/source:/opt/rustwide/workdir:ro,Z" "-v" "/var/lib/crater-agent-workspace/cargo-home:/opt/rustwide/cargo-home:ro,Z" "-v" "/var/lib/crater-agent-workspace/rustup-home:/opt/rustwide/rustup-home:ro,Z" "-e" "SOURCE_DIR=/opt/rustwide/workdir" "-e" "CARGO_TARGET_DIR=/opt/rustwide/target" "-e" "CARGO_INCREMENTAL=0" "-e" "RUST_BACKTRACE=full" "-e" "RUSTFLAGS=--cap-lints=forbid -Zrandomize-layout" "-e" "RUSTDOCFLAGS=--cap-lints=forbid" "-e" "CARGO_HOME=/opt/rustwide/cargo-home" "-e" "RUSTUP_HOME=/opt/rustwide/rustup-home" "-w" "/opt/rustwide/workdir" "-m" "1610612736" "--user" "0:0" "--network" "none" "ghcr.io/rust-lang/crates-build-env/linux@sha256:819108c5571ea2e421544af4d832f968d213c87fbe3707a016657f43d2f853bc" "/opt/rustwide/cargo-home/bin/cargo" "+nightly-2025-01-18" "test" "--frozen", kill_on_drop: false }`
[INFO] [stdout] 1d335a6a3f0cc39cfeee1024b123634b112d7137fbec0242ea3d6e8179f76cc5
[INFO] running `Command { std: "docker" "start" "-a" "1d335a6a3f0cc39cfeee1024b123634b112d7137fbec0242ea3d6e8179f76cc5", kill_on_drop: false }`
[INFO] [stderr] warning: elided lifetime has a name
[INFO] [stderr]   --> tests/server_test.rs:39:82
[INFO] [stderr]    |
[INFO] [stderr] 39 |     fn with_xid_document<'a>(&'a self, xid_document: &'a XIDDocument) -> Context<'_> {
[INFO] [stderr]    |                          -- lifetime `'a` declared here                          ^^ this elided lifetime gets resolved as `'a`
[INFO] [stderr]    |
[INFO] [stderr]    = note: `#[warn(elided_named_lifetimes)]` on by default
[INFO] [stderr] 
[INFO] [stderr] warning: `depo` (test "server_test") generated 1 warning
[INFO] [stderr]     Finished `test` profile [unoptimized + debuginfo] target(s) in 0.69s
[INFO] [stderr]      Running unittests src/lib.rs (/opt/rustwide/target/debug/deps/depo-ef42e3b5a7548daa)
[INFO] [stdout] 
[INFO] [stdout] running 0 tests
[INFO] [stdout] 
[INFO] [stdout] test result: ok. 0 passed; 0 failed; 0 ignored; 0 measured; 0 filtered out; finished in 0.00s
[INFO] [stdout] 
[INFO] [stderr]      Running unittests src/main.rs (/opt/rustwide/target/debug/deps/depo-ab9b7af18d11f3d9)
[INFO] [stdout] 
[INFO] [stdout] running 0 tests
[INFO] [stdout] 
[INFO] [stdout] test result: ok. 0 passed; 0 failed; 0 ignored; 0 measured; 0 filtered out; finished in 0.00s
[INFO] [stdout] 
[INFO] [stderr]      Running tests/server_test.rs (/opt/rustwide/target/debug/deps/server_test-1fc30ff0d08bdb8a)
[INFO] [stdout] 
[INFO] [stdout] running 4 tests
[INFO] [stderr] [2025-01-20T04:02:34Z WARN  server_test] [33mSkipping `test_db_depo` because can't connect to the database.[0m
[INFO] [stderr] [2025-01-20T04:02:34Z WARN  server_test] [33mInput/output error: Input/output error: Connection refused (os error 111)[0m
[INFO] [stdout] test test_db_depo ... ok
[INFO] [stderr] [2025-01-20T04:02:34Z INFO  server_test] 🔷 [34mAlice stores a share[0m
[INFO] [stdout] test test_server_depo ... FAILED
[INFO] [stderr] [2025-01-20T04:02:35Z WARN  server_test] [33mSkipping `test_server_separate` because can't connect to the depo server.[0m
[INFO] [stdout] test test_server_separate ... ok
[INFO] [stderr] [2025-01-20T04:02:35Z WARN  server_test] [33merror sending request for url (http://localhost:5332/): error trying to connect: tcp connect error: Connection refused (os error 111)[0m
[INFO] [stderr] [2025-01-20T04:02:35Z INFO  depo::function] 🔵 REQUEST <rfyncxft>:
[INFO] [stderr]     «"storeShare"» [
[INFO] [stderr]         ❰"data"❱: Bytes(4)
[INFO] [stderr]     ]
[INFO] [stderr] [2025-01-20T04:02:35Z INFO  depo::function] ✅ OK <rfyncxft>:
[INFO] [stderr]     Bytes(32) [
[INFO] [stderr]         'isA': "Receipt"
[INFO] [stderr]     ]
[INFO] [stderr] [2025-01-20T04:02:35Z INFO  server_test] 🔷 [34mBob stores a share[0m
[INFO] [stderr] [2025-01-20T04:02:35Z INFO  depo::function] 🔵 REQUEST <vsvlmolo>:
[INFO] [stderr]     «"storeShare"» [
[INFO] [stderr]         ❰"data"❱: Bytes(4)
[INFO] [stderr]     ]
[INFO] [stderr] [2025-01-20T04:02:35Z INFO  depo::function] ✅ OK <vsvlmolo>:
[INFO] [stderr]     Bytes(32) [
[INFO] [stderr]         'isA': "Receipt"
[INFO] [stderr]     ]
[INFO] [stderr] [2025-01-20T04:02:35Z INFO  server_test] 🔷 [34mAlice retrieves her share[0m
[INFO] [stderr] [2025-01-20T04:02:35Z INFO  depo::function] 🔵 REQUEST <gmjptlkg>:
[INFO] [stderr]     «"getShares"» [
[INFO] [stderr]         ❰"receipt"❱: Bytes(32) [
[INFO] [stderr]             'isA': "Receipt"
[INFO] [stderr]         ]
[INFO] [stderr]     ]
[INFO] [stderr] [2025-01-20T04:02:35Z INFO  depo::function] ✅ OK <gmjptlkg>:
[INFO] [stderr]     'OK' [
[INFO] [stderr]         Bytes(32) [
[INFO] [stderr]             'isA': "Receipt"
[INFO] [stderr]         ]
[INFO] [stderr]         : Bytes(4)
[INFO] [stderr]     ]
[INFO] [stderr] [2025-01-20T04:02:35Z INFO  server_test] 🔷 [34mBob retrieves his share[0m
[INFO] [stderr] [2025-01-20T04:02:35Z INFO  depo::function] 🔵 REQUEST <jnfscpya>:
[INFO] [stderr]     «"getShares"» [
[INFO] [stderr]         ❰"receipt"❱: Bytes(32) [
[INFO] [stderr]             'isA': "Receipt"
[INFO] [stderr]         ]
[INFO] [stderr]     ]
[INFO] [stderr] [2025-01-20T04:02:35Z INFO  depo::function] ✅ OK <jnfscpya>:
[INFO] [stderr]     'OK' [
[INFO] [stderr]         Bytes(32) [
[INFO] [stderr]             'isA': "Receipt"
[INFO] [stderr]         ]
[INFO] [stderr]         : Bytes(4)
[INFO] [stderr]     ]
[INFO] [stderr] [2025-01-20T04:02:35Z INFO  server_test] 🔷 [34mAlice stores a second share[0m
[INFO] [stderr] [2025-01-20T04:02:35Z INFO  depo::function] 🔵 REQUEST <ytdynelt>:
[INFO] [stderr]     «"storeShare"» [
[INFO] [stderr]         ❰"data"❱: Bytes(4)
[INFO] [stderr]     ]
[INFO] [stderr] [2025-01-20T04:02:35Z INFO  depo::function] ✅ OK <ytdynelt>:
[INFO] [stderr]     Bytes(32) [
[INFO] [stderr]         'isA': "Receipt"
[INFO] [stderr]     ]
[INFO] [stderr] [2025-01-20T04:02:35Z INFO  server_test] 🔷 [34mAlice retrieves her second share[0m
[INFO] [stderr] [2025-01-20T04:02:35Z INFO  depo::function] 🔵 REQUEST <vtnbfxue>:
[INFO] [stderr]     «"getShares"» [
[INFO] [stderr]         ❰"receipt"❱: Bytes(32) [
[INFO] [stderr]             'isA': "Receipt"
[INFO] [stderr]         ]
[INFO] [stderr]     ]
[INFO] [stderr] [2025-01-20T04:02:35Z INFO  depo::function] ✅ OK <vtnbfxue>:
[INFO] [stderr]     'OK' [
[INFO] [stderr]         Bytes(32) [
[INFO] [stderr]             'isA': "Receipt"
[INFO] [stderr]         ]
[INFO] [stderr]         : Bytes(4)
[INFO] [stderr]     ]
[INFO] [stderr] [2025-01-20T04:02:35Z INFO  server_test] 🔷 [34mAlice retrieves both her shares identified only by her public key[0m
[INFO] [stderr] [2025-01-20T04:02:35Z INFO  depo::function] 🔵 REQUEST <lriymeoy>:
[INFO] [stderr]     «"getShares"»
[INFO] [stderr] [2025-01-20T04:02:35Z INFO  depo::function] ✅ OK <lriymeoy>:
[INFO] [stderr]     'OK' [
[INFO] [stderr]         Bytes(32) [
[INFO] [stderr]             'isA': "Receipt"
[INFO] [stderr]         ]
[INFO] [stderr]         : Bytes(4)
[INFO] [stderr]         Bytes(32) [
[INFO] [stderr]             'isA': "Receipt"
[INFO] [stderr]         ]
[INFO] [stderr]         : Bytes(4)
[INFO] [stderr]     ]
[INFO] [stderr] [2025-01-20T04:02:35Z INFO  server_test] 🔷 [34mBob attempts to retrieve one of Alice's shares[0m
[INFO] [stderr] [2025-01-20T04:02:35Z INFO  depo::function] 🔵 REQUEST <drmsgeje>:
[INFO] [stderr]     «"getShares"» [
[INFO] [stderr]         ❰"receipt"❱: Bytes(32) [
[INFO] [stderr]             'isA': "Receipt"
[INFO] [stderr]         ]
[INFO] [stderr]     ]
[INFO] [stderr] [2025-01-20T04:02:35Z INFO  depo::function] ✅ OK <drmsgeje>:
[INFO] [stderr]     'OK'
[INFO] [stderr] [2025-01-20T04:02:35Z INFO  server_test] 🛑 [31mSomeone attempts to retrieve all shares from a nonexistent account[0m
[INFO] [stderr] [2025-01-20T04:02:35Z INFO  depo::function] 🔵 REQUEST <gurhrnid>:
[INFO] [stderr]     «"getShares"»
[INFO] [stderr] [2025-01-20T04:02:35Z ERROR depo::function] <gurhrnid>: «getShares» unknown user XID(633c2572)
[INFO] [stderr] [2025-01-20T04:02:35Z INFO  server_test] 🛑 [31mAlice attempts to retrieve her shares using the incorrect depo public key[0m
[INFO] [stderr] [2025-01-20T04:02:35Z ERROR depo::function] unknown: unknown recipient
[INFO] [stderr] [2025-01-20T04:02:35Z INFO  server_test] 🔷 [34mAlice stores a share she's previously stored (idempotent)[0m
[INFO] [stderr] [2025-01-20T04:02:35Z INFO  depo::function] 🔵 REQUEST <tiylkntt>:
[INFO] [stderr]     «"storeShare"» [
[INFO] [stderr]         ❰"data"❱: Bytes(4)
[INFO] [stderr]     ]
[INFO] [stderr] [2025-01-20T04:02:35Z INFO  depo::function] ✅ OK <tiylkntt>:
[INFO] [stderr]     Bytes(32) [
[INFO] [stderr]         'isA': "Receipt"
[INFO] [stderr]     ]
[INFO] [stderr] [2025-01-20T04:02:35Z INFO  server_test] 🔷 [34mAlice deletes one of her shares[0m
[INFO] [stderr] [2025-01-20T04:02:35Z INFO  depo::function] 🔵 REQUEST <lyfzihzo>:
[INFO] [stderr]     «"deleteShares"» [
[INFO] [stderr]         ❰"receipt"❱: Bytes(32) [
[INFO] [stderr]             'isA': "Receipt"
[INFO] [stderr]         ]
[INFO] [stderr]     ]
[INFO] [stderr] [2025-01-20T04:02:35Z INFO  depo::function] ✅ OK <lyfzihzo>:
[INFO] [stderr]     'OK'
[INFO] [stderr] [2025-01-20T04:02:35Z INFO  depo::function] 🔵 REQUEST <loykbwnt>:
[INFO] [stderr]     «"getShares"»
[INFO] [stderr] [2025-01-20T04:02:35Z INFO  depo::function] ✅ OK <loykbwnt>:
[INFO] [stderr]     'OK' [
[INFO] [stderr]         Bytes(32) [
[INFO] [stderr]             'isA': "Receipt"
[INFO] [stderr]         ]
[INFO] [stderr]         : Bytes(4)
[INFO] [stderr]     ]
[INFO] [stderr] [2025-01-20T04:02:35Z INFO  server_test] 🔷 [34mAlice attempts to delete a share she already deleted (idempotent)[0m
[INFO] [stderr] [2025-01-20T04:02:35Z INFO  depo::function] 🔵 REQUEST <oygtbens>:
[INFO] [stderr]     «"deleteShares"» [
[INFO] [stderr]         ❰"receipt"❱: Bytes(32) [
[INFO] [stderr]             'isA': "Receipt"
[INFO] [stderr]         ]
[INFO] [stderr]     ]
[INFO] [stderr] [2025-01-20T04:02:35Z INFO  depo::function] ✅ OK <oygtbens>:
[INFO] [stderr]     'OK'
[INFO] [stderr] [2025-01-20T04:02:35Z INFO  depo::function] 🔵 REQUEST <sattwydm>:
[INFO] [stderr]     «"getShares"»
[INFO] [stderr] [2025-01-20T04:02:35Z INFO  depo::function] ✅ OK <sattwydm>:
[INFO] [stderr]     'OK' [
[INFO] [stderr]         Bytes(32) [
[INFO] [stderr]             'isA': "Receipt"
[INFO] [stderr]         ]
[INFO] [stderr]         : Bytes(4)
[INFO] [stderr]     ]
[INFO] [stderr] [2025-01-20T04:02:35Z INFO  server_test] 🔷 [34mBob adds a recovery method[0m
[INFO] [stderr] [2025-01-20T04:02:35Z INFO  depo::function] 🔵 REQUEST <ntdijpyt>:
[INFO] [stderr]     «"updateRecovery"» [
[INFO] [stderr]         ❰"recoveryMethod"❱: "bob@example.com"
[INFO] [stderr]     ]
[INFO] [stderr] [2025-01-20T04:02:35Z INFO  depo::function] ✅ OK <ntdijpyt>:
[INFO] [stderr]     'OK'
[INFO] [stderr] [2025-01-20T04:02:35Z INFO  server_test] 🔷 [34mBob sets the same recovery method again (idempotent)[0m
[INFO] [stderr] [2025-01-20T04:02:35Z INFO  depo::function] 🔵 REQUEST <mnbzdmsf>:
[INFO] [stderr]     «"updateRecovery"» [
[INFO] [stderr]         ❰"recoveryMethod"❱: "bob@example.com"
[INFO] [stderr]     ]
[INFO] [stderr] [2025-01-20T04:02:35Z INFO  depo::function] ✅ OK <mnbzdmsf>:
[INFO] [stderr]     'OK'
[INFO] [stderr] [2025-01-20T04:02:35Z INFO  server_test] 🔷 [34mBob gets his recovery method[0m
[INFO] [stderr] [2025-01-20T04:02:35Z INFO  depo::function] 🔵 REQUEST <bezefrms>:
[INFO] [stderr]     «"getRecovery"»
[INFO] [stderr] [2025-01-20T04:02:35Z INFO  depo::function] ✅ OK <bezefrms>:
[INFO] [stderr]     "bob@example.com"
[INFO] [stderr] [2025-01-20T04:02:35Z INFO  server_test] 🔷 [34mAlice gets her recovery method, but she has none[0m
[INFO] [stderr] [2025-01-20T04:02:35Z INFO  depo::function] 🔵 REQUEST <pyldrpty>:
[INFO] [stderr]     «"getRecovery"»
[INFO] [stderr] [2025-01-20T04:02:35Z INFO  depo::function] ✅ OK <pyldrpty>:
[INFO] [stderr]     null
[INFO] [stderr] [2025-01-20T04:02:35Z INFO  server_test] 🛑 [31mAlice attempts to add a non-unique recovery method[0m
[INFO] [stderr] [2025-01-20T04:02:35Z INFO  depo::function] 🔵 REQUEST <eycnislg>:
[INFO] [stderr]     «"updateRecovery"» [
[INFO] [stderr]         ❰"recoveryMethod"❱: "bob@example.com"
[INFO] [stderr]     ]
[INFO] [stderr] [2025-01-20T04:02:35Z ERROR depo::function] <eycnislg>: «updateRecovery» recovery method already exists
[INFO] [stderr] [2025-01-20T04:02:35Z INFO  server_test] 🛑 [31mSomeone attempts to retrieve the recovery method for a nonexistent account[0m
[INFO] [stderr] [2025-01-20T04:02:35Z INFO  depo::function] 🔵 REQUEST <tlgulpvw>:
[INFO] [stderr]     «"getRecovery"»
[INFO] [stderr] [2025-01-20T04:02:35Z ERROR depo::function] <tlgulpvw>: «getRecovery» unknown user XID(633c2572)
[INFO] [stderr] [2025-01-20T04:02:35Z INFO  server_test] 🔷 [34mAlice updates her XIDDocument to a new one[0m
[INFO] [stderr] [2025-01-20T04:02:35Z INFO  depo::function] 🔵 REQUEST <eniafnje>:
[INFO] [stderr]     «"updateXIDDocument"» [
[INFO] [stderr]         ❰"newXIDDocument"❱: XID(57e8a107) [
[INFO] [stderr]             'key': PublicKeyBase(6b3b54eb) [
[INFO] [stderr]                 'allow': 'All'
[INFO] [stderr]             ]
[INFO] [stderr]         ]
[INFO] [stderr]     ]
[INFO] [stderr] [2025-01-20T04:02:35Z INFO  depo::function] ✅ OK <eniafnje>:
[INFO] [stderr]     'OK'
[INFO] [stderr] [2025-01-20T04:02:35Z INFO  server_test] 🛑 [31mAlice can no longer retrieve her shares using the old public key[0m
[INFO] [stderr] [2025-01-20T04:02:35Z INFO  depo::function] 🔵 REQUEST <esfdlrbe>:
[INFO] [stderr]     «"getShares"»
[INFO] [stderr] [2025-01-20T04:02:35Z ERROR depo::function] <esfdlrbe>: «getShares» invalid sender verification key for XID(57e8a107)
[INFO] [stderr] [2025-01-20T04:02:35Z INFO  server_test] 🔷 [34mAlice must now use her new public key[0m
[INFO] [stderr] [2025-01-20T04:02:35Z INFO  depo::function] 🔵 REQUEST <jtclcaio>:
[INFO] [stderr]     «"getShares"»
[INFO] [stderr] [2025-01-20T04:02:35Z INFO  depo::function] ✅ OK <jtclcaio>:
[INFO] [stderr]     'OK' [
[INFO] [stderr]         Bytes(32) [
[INFO] [stderr]             'isA': "Receipt"
[INFO] [stderr]         ]
[INFO] [stderr]         : Bytes(4)
[INFO] [stderr]     ]
[INFO] [stderr] [2025-01-20T04:02:35Z INFO  server_test] 🔷 [34mBob has lost his public key, so he wants to replace it with a new one[0m
[INFO] [stderr] [2025-01-20T04:02:35Z INFO  server_test] 🛑 [31mBob requests transfer using an incorrect recovery method[0m
[INFO] [stderr] [2025-01-20T04:02:35Z INFO  depo::function] 🔵 REQUEST <nlbaaetn>:
[INFO] [stderr]     «"startRecovery"» [
[INFO] [stderr]         ❰"recoveryMethod"❱: "wrong@example.com"
[INFO] [stderr]     ]
[INFO] [stderr] [2025-01-20T04:02:35Z ERROR depo::function] <nlbaaetn>: «startRecovery» unknown recovery
[INFO] [stderr] [2025-01-20T04:02:35Z INFO  server_test] 🔷 [34mBob requests a transfer using the correct recovery method[0m
[INFO] [stderr] [2025-01-20T04:02:35Z INFO  depo::function] 🔵 REQUEST <vygskivt>:
[INFO] [stderr]     «"startRecovery"» [
[INFO] [stderr]         ❰"recoveryMethod"❱: "bob@example.com"
[INFO] [stderr]     ]
[INFO] [stderr] [2025-01-20T04:02:35Z INFO  depo::function] ✅ OK <vygskivt>:
[INFO] [stderr]     'OK'
[INFO] [stderr] [2025-01-20T04:02:35Z INFO  server_test] 🛑 [31mBob attempts to use the recovery continuation to finish setting his new public key, but the request is incorrectly signed by his old key[0m
[INFO] [stderr] [2025-01-20T04:02:35Z INFO  depo::function] 🔵 REQUEST <ftcaspvl>:
[INFO] [stderr]     «"finishRecovery"»
[INFO] [stderr] [2025-01-20T04:02:35Z ERROR depo::function] <ftcaspvl>: «finishRecovery» incorrect verification key
[INFO] [stderr] [2025-01-20T04:02:35Z INFO  server_test] 🔷 [34mBob uses the recovery continuation to finish setting his new public key, properly signed by his new key[0m
[INFO] [stderr] [2025-01-20T04:02:35Z INFO  depo::function] 🔵 REQUEST <lfptdray>:
[INFO] [stderr]     «"finishRecovery"»
[INFO] [stderr] [2025-01-20T04:02:35Z INFO  depo::function] ✅ OK <lfptdray>:
[INFO] [stderr]     'OK'
[INFO] [stderr] [2025-01-20T04:02:35Z INFO  server_test] 🛑 [31mBob can no longer retrieve his shares using the old public key[0m
[INFO] [stderr] [2025-01-20T04:02:35Z INFO  depo::function] 🔵 REQUEST <vyaoolaa>:
[INFO] [stderr]     «"getShares"»
[INFO] [stderr] [2025-01-20T04:02:35Z ERROR depo::function] <vyaoolaa>: «getShares» invalid sender verification key for XID(34ae2714)
[INFO] [stderr] [2025-01-20T04:02:35Z INFO  server_test] 🔷 [34mBob must now use his new public key[0m
[INFO] [stderr] [2025-01-20T04:02:35Z INFO  depo::function] 🔵 REQUEST <zsmylnby>:
[INFO] [stderr]     «"getShares"»
[INFO] [stderr] [2025-01-20T04:02:35Z INFO  depo::function] ✅ OK <zsmylnby>:
[INFO] [stderr]     'OK' [
[INFO] [stderr]         Bytes(32) [
[INFO] [stderr]             'isA': "Receipt"
[INFO] [stderr]         ]
[INFO] [stderr]         : Bytes(4)
[INFO] [stderr]     ]
[INFO] [stderr] [2025-01-20T04:02:35Z INFO  server_test] 🔷 [34mBob decides to delete his account[0m
[INFO] [stderr] [2025-01-20T04:02:35Z INFO  depo::function] 🔵 REQUEST <bnfhsfmy>:
[INFO] [stderr]     «"deleteAccount"»
[INFO] [stderr] [2025-01-20T04:02:35Z INFO  depo::function] ✅ OK <bnfhsfmy>:
[INFO] [stderr]     'OK'
[INFO] [stderr] [2025-01-20T04:02:35Z INFO  server_test] 🛑 [31mBob can no longer retrieve his shares using the new public key[0m
[INFO] [stderr] [2025-01-20T04:02:35Z INFO  depo::function] 🔵 REQUEST <gytpwfjz>:
[INFO] [stderr]     «"getShares"»
[INFO] [stderr] [2025-01-20T04:02:35Z ERROR depo::function] <gytpwfjz>: «getShares» unknown user XID(34ae2714)
[INFO] [stderr] [2025-01-20T04:02:35Z INFO  server_test] 🛑 [31mAttempting to retrieve his recovery method now throws an error[0m
[INFO] [stderr] [2025-01-20T04:02:35Z INFO  depo::function] 🔵 REQUEST <hkfeidto>:
[INFO] [stderr]     «"getRecovery"»
[INFO] [stderr] [2025-01-20T04:02:35Z ERROR depo::function] <hkfeidto>: «getRecovery» unknown user XID(34ae2714)
[INFO] [stderr] [2025-01-20T04:02:35Z INFO  server_test] 🔷 [34mDeleting an account is idempotent[0m
[INFO] [stderr] [2025-01-20T04:02:35Z INFO  depo::function] 🔵 REQUEST <nebzfpdt>:
[INFO] [stderr]     «"deleteAccount"»
[INFO] [stderr] [2025-01-20T04:02:35Z INFO  depo::function] ✅ OK <nebzfpdt>:
[INFO] [stderr]     'OK'
[INFO] [stderr] [2025-01-20T04:02:35Z INFO  server_test] 🔷 [34mAlice deletes her account[0m
[INFO] [stderr] [2025-01-20T04:02:35Z INFO  depo::function] 🔵 REQUEST <drimaxst>:
[INFO] [stderr]     «"deleteAccount"»
[INFO] [stderr] [2025-01-20T04:02:35Z INFO  depo::function] ✅ OK <drimaxst>:
[INFO] [stderr]     'OK'
[INFO] [stdout] test test_in_memory_depo ... ok
[INFO] [stdout] 
[INFO] [stdout] failures:
[INFO] [stdout] 
[INFO] [stdout] ---- test_server_depo stdout ----
[INFO] [stdout] 
[INFO] [stdout] thread 'test_server_depo' panicked at tests/server_test.rs:81:33:
[INFO] [stdout] called `Result::unwrap()` on an `Err` value: Input/output error: Input/output error: Connection refused (os error 111)
[INFO] [stdout] 
[INFO] [stdout] Caused by:
[INFO] [stdout]     0: Input/output error: Connection refused (os error 111)
[INFO] [stdout]     1: Connection refused (os error 111)
[INFO] [stdout] 
[INFO] [stdout] Stack backtrace:
[INFO] [stdout]    0: anyhow::error::<impl core::convert::From<E> for anyhow::Error>::from
[INFO] [stdout]              at /opt/rustwide/cargo-home/registry/src/index.crates.io-1949cf8c6b5b557f/anyhow-1.0.95/src/backtrace.rs:27:14
[INFO] [stdout]    1: <core::result::Result<T,F> as core::ops::try_trait::FromResidual<core::result::Result<core::convert::Infallible,E>>>::from_residual
[INFO] [stdout]              at /rustc/6067b36314ab5eb2eb47cecc464545ba58e1ad24/library/core/src/result.rs:2014:27
[INFO] [stdout]    2: depo::db_depo::drop_db::{{closure}}
[INFO] [stdout]              at ./src/db_depo.rs:328:5
[INFO] [stdout]    3: depo::db_depo::reset_db::{{closure}}
[INFO] [stdout]              at ./src/db_depo.rs:399:40
[INFO] [stdout]    4: server_test::test_server_depo::{{closure}}
[INFO] [stdout]              at ./tests/server_test.rs:81:27
[INFO] [stdout]    5: <core::pin::Pin<P> as core::future::future::Future>::poll
[INFO] [stdout]              at /rustc/6067b36314ab5eb2eb47cecc464545ba58e1ad24/library/core/src/future/future.rs:124:9
[INFO] [stdout]    6: <core::pin::Pin<P> as core::future::future::Future>::poll
[INFO] [stdout]              at /rustc/6067b36314ab5eb2eb47cecc464545ba58e1ad24/library/core/src/future/future.rs:124:9
[INFO] [stdout]    7: tokio::runtime::scheduler::current_thread::CoreGuard::block_on::{{closure}}::{{closure}}::{{closure}}
[INFO] [stdout]              at /opt/rustwide/cargo-home/registry/src/index.crates.io-1949cf8c6b5b557f/tokio-1.43.0/src/runtime/scheduler/current_thread/mod.rs:729:57
[INFO] [stdout]    8: tokio::runtime::coop::with_budget
[INFO] [stdout]              at /opt/rustwide/cargo-home/registry/src/index.crates.io-1949cf8c6b5b557f/tokio-1.43.0/src/runtime/coop.rs:107:5
[INFO] [stdout]    9: tokio::runtime::coop::budget
[INFO] [stdout]              at /opt/rustwide/cargo-home/registry/src/index.crates.io-1949cf8c6b5b557f/tokio-1.43.0/src/runtime/coop.rs:73:5
[INFO] [stdout]   10: tokio::runtime::scheduler::current_thread::CoreGuard::block_on::{{closure}}::{{closure}}
[INFO] [stdout]              at /opt/rustwide/cargo-home/registry/src/index.crates.io-1949cf8c6b5b557f/tokio-1.43.0/src/runtime/scheduler/current_thread/mod.rs:729:25
[INFO] [stdout]   11: tokio::runtime::scheduler::current_thread::Context::enter
[INFO] [stdout]              at /opt/rustwide/cargo-home/registry/src/index.crates.io-1949cf8c6b5b557f/tokio-1.43.0/src/runtime/scheduler/current_thread/mod.rs:428:19
[INFO] [stdout]   12: tokio::runtime::scheduler::current_thread::CoreGuard::block_on::{{closure}}
[INFO] [stdout]              at /opt/rustwide/cargo-home/registry/src/index.crates.io-1949cf8c6b5b557f/tokio-1.43.0/src/runtime/scheduler/current_thread/mod.rs:728:36
[INFO] [stdout]   13: tokio::runtime::scheduler::current_thread::CoreGuard::enter::{{closure}}
[INFO] [stdout]              at /opt/rustwide/cargo-home/registry/src/index.crates.io-1949cf8c6b5b557f/tokio-1.43.0/src/runtime/scheduler/current_thread/mod.rs:807:68
[INFO] [stdout]   14: tokio::runtime::context::scoped::Scoped<T>::set
[INFO] [stdout]              at /opt/rustwide/cargo-home/registry/src/index.crates.io-1949cf8c6b5b557f/tokio-1.43.0/src/runtime/context/scoped.rs:40:9
[INFO] [stdout]   15: tokio::runtime::context::set_scheduler::{{closure}}
[INFO] [stdout]              at /opt/rustwide/cargo-home/registry/src/index.crates.io-1949cf8c6b5b557f/tokio-1.43.0/src/runtime/context.rs:180:26
[INFO] [stdout]   16: std::thread::local::LocalKey<T>::try_with
[INFO] [stdout]              at /rustc/6067b36314ab5eb2eb47cecc464545ba58e1ad24/library/std/src/thread/local.rs:308:12
[INFO] [stdout]   17: std::thread::local::LocalKey<T>::with
[INFO] [stdout]              at /rustc/6067b36314ab5eb2eb47cecc464545ba58e1ad24/library/std/src/thread/local.rs:272:9
[INFO] [stdout]   18: tokio::runtime::context::set_scheduler
[INFO] [stdout]              at /opt/rustwide/cargo-home/registry/src/index.crates.io-1949cf8c6b5b557f/tokio-1.43.0/src/runtime/context.rs:180:9
[INFO] [stdout]   19: tokio::runtime::scheduler::current_thread::CoreGuard::enter
[INFO] [stdout]              at /opt/rustwide/cargo-home/registry/src/index.crates.io-1949cf8c6b5b557f/tokio-1.43.0/src/runtime/scheduler/current_thread/mod.rs:807:27
[INFO] [stdout]   20: tokio::runtime::scheduler::current_thread::CoreGuard::block_on
[INFO] [stdout]              at /opt/rustwide/cargo-home/registry/src/index.crates.io-1949cf8c6b5b557f/tokio-1.43.0/src/runtime/scheduler/current_thread/mod.rs:716:19
[INFO] [stdout]   21: tokio::runtime::scheduler::current_thread::CurrentThread::block_on::{{closure}}
[INFO] [stdout]              at /opt/rustwide/cargo-home/registry/src/index.crates.io-1949cf8c6b5b557f/tokio-1.43.0/src/runtime/scheduler/current_thread/mod.rs:196:28
[INFO] [stdout]   22: tokio::runtime::context::runtime::enter_runtime
[INFO] [stdout]              at /opt/rustwide/cargo-home/registry/src/index.crates.io-1949cf8c6b5b557f/tokio-1.43.0/src/runtime/context/runtime.rs:65:16
[INFO] [stdout]   23: tokio::runtime::scheduler::current_thread::CurrentThread::block_on
[INFO] [stdout]              at /opt/rustwide/cargo-home/registry/src/index.crates.io-1949cf8c6b5b557f/tokio-1.43.0/src/runtime/scheduler/current_thread/mod.rs:184:9
[INFO] [stdout]   24: tokio::runtime::runtime::Runtime::block_on_inner
[INFO] [stdout]              at /opt/rustwide/cargo-home/registry/src/index.crates.io-1949cf8c6b5b557f/tokio-1.43.0/src/runtime/runtime.rs:368:47
[INFO] [stdout]   25: tokio::runtime::runtime::Runtime::block_on
[INFO] [stdout]              at /opt/rustwide/cargo-home/registry/src/index.crates.io-1949cf8c6b5b557f/tokio-1.43.0/src/runtime/runtime.rs:342:13
[INFO] [stdout]   26: server_test::test_server_depo
[INFO] [stdout]              at ./tests/server_test.rs:100:5
[INFO] [stdout]   27: server_test::test_server_depo::{{closure}}
[INFO] [stdout]              at ./tests/server_test.rs:76:28
[INFO] [stdout]   28: core::ops::function::FnOnce::call_once
[INFO] [stdout]              at /rustc/6067b36314ab5eb2eb47cecc464545ba58e1ad24/library/core/src/ops/function.rs:250:5
[INFO] [stdout]   29: core::ops::function::FnOnce::call_once
[INFO] [stdout]              at /rustc/6067b36314ab5eb2eb47cecc464545ba58e1ad24/library/core/src/ops/function.rs:250:5
[INFO] [stdout]   30: test::__rust_begin_short_backtrace
[INFO] [stdout]              at /rustc/6067b36314ab5eb2eb47cecc464545ba58e1ad24/library/test/src/lib.rs:632:18
[INFO] [stdout]   31: test::run_test_in_process::{{closure}}
[INFO] [stdout]              at /rustc/6067b36314ab5eb2eb47cecc464545ba58e1ad24/library/test/src/lib.rs:655:60
[INFO] [stdout]   32: <core::panic::unwind_safe::AssertUnwindSafe<F> as core::ops::function::FnOnce<()>>::call_once
[INFO] [stdout]              at /rustc/6067b36314ab5eb2eb47cecc464545ba58e1ad24/library/core/src/panic/unwind_safe.rs:272:9
[INFO] [stdout]   33: std::panicking::try::do_call
[INFO] [stdout]              at /rustc/6067b36314ab5eb2eb47cecc464545ba58e1ad24/library/std/src/panicking.rs:587:40
[INFO] [stdout]   34: std::panicking::try
[INFO] [stdout]              at /rustc/6067b36314ab5eb2eb47cecc464545ba58e1ad24/library/std/src/panicking.rs:550:19
[INFO] [stdout]   35: std::panic::catch_unwind
[INFO] [stdout]              at /rustc/6067b36314ab5eb2eb47cecc464545ba58e1ad24/library/std/src/panic.rs:358:14
[INFO] [stdout]   36: test::run_test_in_process
[INFO] [stdout]              at /rustc/6067b36314ab5eb2eb47cecc464545ba58e1ad24/library/test/src/lib.rs:655:27
[INFO] [stdout]   37: test::run_test::{{closure}}
[INFO] [stdout]              at /rustc/6067b36314ab5eb2eb47cecc464545ba58e1ad24/library/test/src/lib.rs:576:43
[INFO] [stdout]   38: test::run_test::{{closure}}
[INFO] [stdout]              at /rustc/6067b36314ab5eb2eb47cecc464545ba58e1ad24/library/test/src/lib.rs:606:41
[INFO] [stdout]   39: std::sys::backtrace::__rust_begin_short_backtrace
[INFO] [stdout]              at /rustc/6067b36314ab5eb2eb47cecc464545ba58e1ad24/library/std/src/sys/backtrace.rs:152:18
[INFO] [stdout]   40: std::thread::Builder::spawn_unchecked_::{{closure}}::{{closure}}
[INFO] [stdout]              at /rustc/6067b36314ab5eb2eb47cecc464545ba58e1ad24/library/std/src/thread/mod.rs:559:17
[INFO] [stdout]   41: <core::panic::unwind_safe::AssertUnwindSafe<F> as core::ops::function::FnOnce<()>>::call_once
[INFO] [stdout]              at /rustc/6067b36314ab5eb2eb47cecc464545ba58e1ad24/library/core/src/panic/unwind_safe.rs:272:9
[INFO] [stdout]   42: std::panicking::try::do_call
[INFO] [stdout]              at /rustc/6067b36314ab5eb2eb47cecc464545ba58e1ad24/library/std/src/panicking.rs:587:40
[INFO] [stdout]   43: std::panicking::try
[INFO] [stdout]              at /rustc/6067b36314ab5eb2eb47cecc464545ba58e1ad24/library/std/src/panicking.rs:550:19
[INFO] [stdout]   44: std::panic::catch_unwind
[INFO] [stdout]              at /rustc/6067b36314ab5eb2eb47cecc464545ba58e1ad24/library/std/src/panic.rs:358:14
[INFO] [stdout]   45: std::thread::Builder::spawn_unchecked_::{{closure}}
[INFO] [stdout]              at /rustc/6067b36314ab5eb2eb47cecc464545ba58e1ad24/library/std/src/thread/mod.rs:557:30
[INFO] [stdout]   46: core::ops::function::FnOnce::call_once{{vtable.shim}}
[INFO] [stdout]              at /rustc/6067b36314ab5eb2eb47cecc464545ba58e1ad24/library/core/src/ops/function.rs:250:5
[INFO] [stdout]   47: <alloc::boxed::Box<F,A> as core::ops::function::FnOnce<Args>>::call_once
[INFO] [stdout]              at /rustc/6067b36314ab5eb2eb47cecc464545ba58e1ad24/library/alloc/src/boxed.rs:2013:9
[INFO] [stdout]   48: <alloc::boxed::Box<F,A> as core::ops::function::FnOnce<Args>>::call_once
[INFO] [stdout]              at /rustc/6067b36314ab5eb2eb47cecc464545ba58e1ad24/library/alloc/src/boxed.rs:2013:9
[INFO] [stdout]   49: std::sys::pal::unix::thread::Thread::new::thread_start
[INFO] [stdout]              at /rustc/6067b36314ab5eb2eb47cecc464545ba58e1ad24/library/std/src/sys/pal/unix/thread.rs:106:17
[INFO] [stdout]   50: <unknown>
[INFO] [stdout]   51: clone
[INFO] [stdout] stack backtrace:
[INFO] [stdout]    0:     0x5805eb3d7f8a - std::backtrace_rs::backtrace::libunwind::trace::hb059275cfc8d6126
[INFO] [stdout]                                at /rustc/6067b36314ab5eb2eb47cecc464545ba58e1ad24/library/std/src/../../backtrace/src/backtrace/libunwind.rs:116:5
[INFO] [stdout]    1:     0x5805eb3d7f8a - std::backtrace_rs::backtrace::trace_unsynchronized::h2da071e4327ce3ee
[INFO] [stdout]                                at /rustc/6067b36314ab5eb2eb47cecc464545ba58e1ad24/library/std/src/../../backtrace/src/backtrace/mod.rs:66:5
[INFO] [stdout]    2:     0x5805eb3d7f8a - std::sys::backtrace::_print_fmt::h842a1474e6f8d23f
[INFO] [stdout]                                at /rustc/6067b36314ab5eb2eb47cecc464545ba58e1ad24/library/std/src/sys/backtrace.rs:66:9
[INFO] [stdout]    3:     0x5805eb3d7f8a - <std::sys::backtrace::BacktraceLock::print::DisplayBacktrace as core::fmt::Display>::fmt::h71a62eb3b9696b12
[INFO] [stdout]                                at /rustc/6067b36314ab5eb2eb47cecc464545ba58e1ad24/library/std/src/sys/backtrace.rs:39:26
[INFO] [stdout]    4:     0x5805eb405843 - core::fmt::rt::Argument::fmt::hdb6b616786b41dc1
[INFO] [stdout]                                at /rustc/6067b36314ab5eb2eb47cecc464545ba58e1ad24/library/core/src/fmt/rt.rs:177:76
[INFO] [stdout]    5:     0x5805eb405843 - core::fmt::write::h2cc1698af7e2d686
[INFO] [stdout]                                at /rustc/6067b36314ab5eb2eb47cecc464545ba58e1ad24/library/core/src/fmt/mod.rs:1440:21
[INFO] [stdout]    6:     0x5805eb3d3923 - std::io::Write::write_fmt::hab1b4cd059a79022
[INFO] [stdout]                                at /rustc/6067b36314ab5eb2eb47cecc464545ba58e1ad24/library/std/src/io/mod.rs:1887:15
[INFO] [stdout]    7:     0x5805eb3d7dd2 - std::sys::backtrace::BacktraceLock::print::h147fe35b4ea13b08
[INFO] [stdout]                                at /rustc/6067b36314ab5eb2eb47cecc464545ba58e1ad24/library/std/src/sys/backtrace.rs:42:9
[INFO] [stdout]    8:     0x5805eb3d93af - std::panicking::default_hook::{{closure}}::hbd44223dbdc0d208
[INFO] [stdout]                                at /rustc/6067b36314ab5eb2eb47cecc464545ba58e1ad24/library/std/src/panicking.rs:298:22
[INFO] [stdout]    9:     0x5805eb3d91c8 - std::panicking::default_hook::h20f81eb0576efcec
[INFO] [stdout]                                at /rustc/6067b36314ab5eb2eb47cecc464545ba58e1ad24/library/std/src/panicking.rs:322:9
[INFO] [stdout]   10:     0x5805ea6c0b53 - <alloc::boxed::Box<F,A> as core::ops::function::Fn<Args>>::call::hdb53814c496a4d34
[INFO] [stdout]                                at /rustc/6067b36314ab5eb2eb47cecc464545ba58e1ad24/library/alloc/src/boxed.rs:2027:9
[INFO] [stdout]   11:     0x5805ea6c0b53 - test::test_main::{{closure}}::hc0a4963c59427c24
[INFO] [stdout]                                at /rustc/6067b36314ab5eb2eb47cecc464545ba58e1ad24/library/test/src/lib.rs:134:21
[INFO] [stdout]   12:     0x5805eb3d9ea3 - <alloc::boxed::Box<F,A> as core::ops::function::Fn<Args>>::call::h591b2225413a77e9
[INFO] [stdout]                                at /rustc/6067b36314ab5eb2eb47cecc464545ba58e1ad24/library/alloc/src/boxed.rs:2027:9
[INFO] [stdout]   13:     0x5805eb3d9ea3 - std::panicking::rust_panic_with_hook::h625eea43051b2edc
[INFO] [stdout]                                at /rustc/6067b36314ab5eb2eb47cecc464545ba58e1ad24/library/std/src/panicking.rs:839:13
[INFO] [stdout]   14:     0x5805eb3d9b5a - std::panicking::begin_panic_handler::{{closure}}::h4f9159cfbc3f6bd3
[INFO] [stdout]                                at /rustc/6067b36314ab5eb2eb47cecc464545ba58e1ad24/library/std/src/panicking.rs:704:13
[INFO] [stdout]   15:     0x5805eb3d8489 - std::sys::backtrace::__rust_end_short_backtrace::h0390abce48353151
[INFO] [stdout]                                at /rustc/6067b36314ab5eb2eb47cecc464545ba58e1ad24/library/std/src/sys/backtrace.rs:168:18
[INFO] [stdout]   16:     0x5805eb3d97ed - rust_begin_unwind
[INFO] [stdout]                                at /rustc/6067b36314ab5eb2eb47cecc464545ba58e1ad24/library/std/src/panicking.rs:695:5
[INFO] [stdout]   17:     0x5805eb402690 - core::panicking::panic_fmt::h9e7c637e9e5f29c9
[INFO] [stdout]                                at /rustc/6067b36314ab5eb2eb47cecc464545ba58e1ad24/library/core/src/panicking.rs:75:14
[INFO] [stdout]   18:     0x5805eb402b66 - core::result::unwrap_failed::h7979f09313fe1849
[INFO] [stdout]                                at /rustc/6067b36314ab5eb2eb47cecc464545ba58e1ad24/library/core/src/result.rs:1704:5
[INFO] [stdout]   19:     0x5805ea63029d - core::result::Result<T,E>::unwrap::h608984ad7f775ec7
[INFO] [stdout]                                at /rustc/6067b36314ab5eb2eb47cecc464545ba58e1ad24/library/core/src/result.rs:1109:23
[INFO] [stdout]   20:     0x5805ea63029d - server_test::test_server_depo::{{closure}}::hcd01248dd99e5311
[INFO] [stdout]                                at /opt/rustwide/workdir/tests/server_test.rs:81:5
[INFO] [stdout]   21:     0x5805ea5bdad2 - <core::pin::Pin<P> as core::future::future::Future>::poll::h8742932bef96831c
[INFO] [stdout]                                at /rustc/6067b36314ab5eb2eb47cecc464545ba58e1ad24/library/core/src/future/future.rs:124:9
[INFO] [stdout]   22:     0x5805ea5bda8d - <core::pin::Pin<P> as core::future::future::Future>::poll::h546b7dc04245f5b2
[INFO] [stdout]                                at /rustc/6067b36314ab5eb2eb47cecc464545ba58e1ad24/library/core/src/future/future.rs:124:9
[INFO] [stdout]   23:     0x5805ea63d18f - tokio::runtime::scheduler::current_thread::CoreGuard::block_on::{{closure}}::{{closure}}::{{closure}}::h7a2c68b9806dfdcf
[INFO] [stdout]                                at /opt/rustwide/cargo-home/registry/src/index.crates.io-1949cf8c6b5b557f/tokio-1.43.0/src/runtime/scheduler/current_thread/mod.rs:729:57
[INFO] [stdout]   24:     0x5805ea63d0c5 - tokio::runtime::coop::with_budget::h9e49afd3076f8d3e
[INFO] [stdout]                                at /opt/rustwide/cargo-home/registry/src/index.crates.io-1949cf8c6b5b557f/tokio-1.43.0/src/runtime/coop.rs:107:5
[INFO] [stdout]   25:     0x5805ea63d0c5 - tokio::runtime::coop::budget::hc7baf25c33231e4f
[INFO] [stdout]                                at /opt/rustwide/cargo-home/registry/src/index.crates.io-1949cf8c6b5b557f/tokio-1.43.0/src/runtime/coop.rs:73:5
[INFO] [stdout]   26:     0x5805ea63d0c5 - tokio::runtime::scheduler::current_thread::CoreGuard::block_on::{{closure}}::{{closure}}::he326b5bb971a1b30
[INFO] [stdout]                                at /opt/rustwide/cargo-home/registry/src/index.crates.io-1949cf8c6b5b557f/tokio-1.43.0/src/runtime/scheduler/current_thread/mod.rs:729:25
[INFO] [stdout]   27:     0x5805ea63ad10 - tokio::runtime::scheduler::current_thread::Context::enter::h755af90a47504bdd
[INFO] [stdout]                                at /opt/rustwide/cargo-home/registry/src/index.crates.io-1949cf8c6b5b557f/tokio-1.43.0/src/runtime/scheduler/current_thread/mod.rs:428:19
[INFO] [stdout]   28:     0x5805ea63c77e - tokio::runtime::scheduler::current_thread::CoreGuard::block_on::{{closure}}::haa12f78936ef4c59
[INFO] [stdout]                                at /opt/rustwide/cargo-home/registry/src/index.crates.io-1949cf8c6b5b557f/tokio-1.43.0/src/runtime/scheduler/current_thread/mod.rs:728:36
[INFO] [stdout]   29:     0x5805ea63bbd4 - tokio::runtime::scheduler::current_thread::CoreGuard::enter::{{closure}}::h0148662e9b6d5463
[INFO] [stdout]                                at /opt/rustwide/cargo-home/registry/src/index.crates.io-1949cf8c6b5b557f/tokio-1.43.0/src/runtime/scheduler/current_thread/mod.rs:807:68
[INFO] [stdout]   30:     0x5805ea67393b - tokio::runtime::context::scoped::Scoped<T>::set::hf11c7061e4139ad8
[INFO] [stdout]                                at /opt/rustwide/cargo-home/registry/src/index.crates.io-1949cf8c6b5b557f/tokio-1.43.0/src/runtime/context/scoped.rs:40:9
[INFO] [stdout]   31:     0x5805ea684e39 - tokio::runtime::context::set_scheduler::{{closure}}::hf4805c6e1a9ec59d
[INFO] [stdout]                                at /opt/rustwide/cargo-home/registry/src/index.crates.io-1949cf8c6b5b557f/tokio-1.43.0/src/runtime/context.rs:180:26
[INFO] [stdout]   32:     0x5805ea60b4f2 - std::thread::local::LocalKey<T>::try_with::h88306a83e169cbbc
[INFO] [stdout]                                at /rustc/6067b36314ab5eb2eb47cecc464545ba58e1ad24/library/std/src/thread/local.rs:308:12
[INFO] [stdout]   33:     0x5805ea60a86a - std::thread::local::LocalKey<T>::with::hfcb849155063c339
[INFO] [stdout]                                at /rustc/6067b36314ab5eb2eb47cecc464545ba58e1ad24/library/std/src/thread/local.rs:272:9
[INFO] [stdout]   34:     0x5805ea684d6d - tokio::runtime::context::set_scheduler::h45b94b889d54feea
[INFO] [stdout]                                at /opt/rustwide/cargo-home/registry/src/index.crates.io-1949cf8c6b5b557f/tokio-1.43.0/src/runtime/context.rs:180:9
[INFO] [stdout]   35:     0x5805ea63b560 - tokio::runtime::scheduler::current_thread::CoreGuard::enter::h1c32aa85fe1e900c
[INFO] [stdout]                                at /opt/rustwide/cargo-home/registry/src/index.crates.io-1949cf8c6b5b557f/tokio-1.43.0/src/runtime/scheduler/current_thread/mod.rs:807:27
[INFO] [stdout]   36:     0x5805ea63bc13 - tokio::runtime::scheduler::current_thread::CoreGuard::block_on::h42bb2eb5b183dd64
[INFO] [stdout]                                at /opt/rustwide/cargo-home/registry/src/index.crates.io-1949cf8c6b5b557f/tokio-1.43.0/src/runtime/scheduler/current_thread/mod.rs:716:19
[INFO] [stdout]   37:     0x5805ea63887a - tokio::runtime::scheduler::current_thread::CurrentThread::block_on::{{closure}}::h4215278c315faef6
[INFO] [stdout]                                at /opt/rustwide/cargo-home/registry/src/index.crates.io-1949cf8c6b5b557f/tokio-1.43.0/src/runtime/scheduler/current_thread/mod.rs:196:28
[INFO] [stdout]   38:     0x5805ea61de46 - tokio::runtime::context::runtime::enter_runtime::hd28892be253c6def
[INFO] [stdout]                                at /opt/rustwide/cargo-home/registry/src/index.crates.io-1949cf8c6b5b557f/tokio-1.43.0/src/runtime/context/runtime.rs:65:16
[INFO] [stdout]   39:     0x5805ea638581 - tokio::runtime::scheduler::current_thread::CurrentThread::block_on::h60f28ff7447f6c4b
[INFO] [stdout]                                at /opt/rustwide/cargo-home/registry/src/index.crates.io-1949cf8c6b5b557f/tokio-1.43.0/src/runtime/scheduler/current_thread/mod.rs:184:9
[INFO] [stdout]   40:     0x5805ea661973 - tokio::runtime::runtime::Runtime::block_on_inner::hcbeea12c38ab9b8d
[INFO] [stdout]                                at /opt/rustwide/cargo-home/registry/src/index.crates.io-1949cf8c6b5b557f/tokio-1.43.0/src/runtime/runtime.rs:368:47
[INFO] [stdout]   41:     0x5805ea661b67 - tokio::runtime::runtime::Runtime::block_on::hbab7c544570cbe1a
[INFO] [stdout]                                at /opt/rustwide/cargo-home/registry/src/index.crates.io-1949cf8c6b5b557f/tokio-1.43.0/src/runtime/runtime.rs:342:13
[INFO] [stdout]   42:     0x5805ea62feae - server_test::test_server_depo::h09d9dc3969160b0c
[INFO] [stdout]                                at /opt/rustwide/workdir/tests/server_test.rs:100:5
[INFO] [stdout]   43:     0x5805ea62fd37 - server_test::test_server_depo::{{closure}}::he991e73569be8ac4
[INFO] [stdout]                                at /opt/rustwide/workdir/tests/server_test.rs:76:28
[INFO] [stdout]   44:     0x5805ea5902b6 - core::ops::function::FnOnce::call_once::h07591d4f74b573e4
[INFO] [stdout]                                at /rustc/6067b36314ab5eb2eb47cecc464545ba58e1ad24/library/core/src/ops/function.rs:250:5
[INFO] [stdout]   45:     0x5805ea6c62ab - core::ops::function::FnOnce::call_once::he27718dfdd183f43
[INFO] [stdout]                                at /rustc/6067b36314ab5eb2eb47cecc464545ba58e1ad24/library/core/src/ops/function.rs:250:5
[INFO] [stdout]   46:     0x5805ea6c62ab - test::__rust_begin_short_backtrace::h4e84902998457a5d
[INFO] [stdout]                                at /rustc/6067b36314ab5eb2eb47cecc464545ba58e1ad24/library/test/src/lib.rs:632:18
[INFO] [stdout]   47:     0x5805ea6c51e3 - test::run_test_in_process::{{closure}}::h7176fd18fc1feca0
[INFO] [stdout]                                at /rustc/6067b36314ab5eb2eb47cecc464545ba58e1ad24/library/test/src/lib.rs:655:60
[INFO] [stdout]   48:     0x5805ea6c51e3 - <core::panic::unwind_safe::AssertUnwindSafe<F> as core::ops::function::FnOnce<()>>::call_once::hf79cff2a624d8cf7
[INFO] [stdout]                                at /rustc/6067b36314ab5eb2eb47cecc464545ba58e1ad24/library/core/src/panic/unwind_safe.rs:272:9
[INFO] [stdout]   49:     0x5805ea6c51e3 - std::panicking::try::do_call::h3da0561d9ab99c25
[INFO] [stdout]                                at /rustc/6067b36314ab5eb2eb47cecc464545ba58e1ad24/library/std/src/panicking.rs:587:40
[INFO] [stdout]   50:     0x5805ea6c51e3 - std::panicking::try::h41c9fa508bc61df6
[INFO] [stdout]                                at /rustc/6067b36314ab5eb2eb47cecc464545ba58e1ad24/library/std/src/panicking.rs:550:19
[INFO] [stdout]   51:     0x5805ea6c51e3 - std::panic::catch_unwind::h6b3ff07bb5afad93
[INFO] [stdout]                                at /rustc/6067b36314ab5eb2eb47cecc464545ba58e1ad24/library/std/src/panic.rs:358:14
[INFO] [stdout]   52:     0x5805ea6c51e3 - test::run_test_in_process::hc7253dd11b39b9f4
[INFO] [stdout]                                at /rustc/6067b36314ab5eb2eb47cecc464545ba58e1ad24/library/test/src/lib.rs:655:27
[INFO] [stdout]   53:     0x5805ea6c51e3 - test::run_test::{{closure}}::hfb2007f8649c30bb
[INFO] [stdout]                                at /rustc/6067b36314ab5eb2eb47cecc464545ba58e1ad24/library/test/src/lib.rs:576:43
[INFO] [stdout]   54:     0x5805ea6882c5 - test::run_test::{{closure}}::h56a17aa7a282a9f4
[INFO] [stdout]                                at /rustc/6067b36314ab5eb2eb47cecc464545ba58e1ad24/library/test/src/lib.rs:606:41
[INFO] [stdout]   55:     0x5805ea6882c5 - std::sys::backtrace::__rust_begin_short_backtrace::hd2d2d2fb8e8c6aac
[INFO] [stdout]                                at /rustc/6067b36314ab5eb2eb47cecc464545ba58e1ad24/library/std/src/sys/backtrace.rs:152:18
[INFO] [stdout]   56:     0x5805ea68bbaa - std::thread::Builder::spawn_unchecked_::{{closure}}::{{closure}}::h4faa3f9db6133423
[INFO] [stdout]                                at /rustc/6067b36314ab5eb2eb47cecc464545ba58e1ad24/library/std/src/thread/mod.rs:559:17
[INFO] [stdout]   57:     0x5805ea68bbaa - <core::panic::unwind_safe::AssertUnwindSafe<F> as core::ops::function::FnOnce<()>>::call_once::hf2e855a36a4ea846
[INFO] [stdout]                                at /rustc/6067b36314ab5eb2eb47cecc464545ba58e1ad24/library/core/src/panic/unwind_safe.rs:272:9
[INFO] [stdout]   58:     0x5805ea68bbaa - std::panicking::try::do_call::h2f73af3616c35465
[INFO] [stdout]                                at /rustc/6067b36314ab5eb2eb47cecc464545ba58e1ad24/library/std/src/panicking.rs:587:40
[INFO] [stdout]   59:     0x5805ea68bbaa - std::panicking::try::hd1660ce9efadef5a
[INFO] [stdout]                                at /rustc/6067b36314ab5eb2eb47cecc464545ba58e1ad24/library/std/src/panicking.rs:550:19
[INFO] [stdout]   60:     0x5805ea68bbaa - std::panic::catch_unwind::h5ee8d7823b8ca744
[INFO] [stdout]                                at /rustc/6067b36314ab5eb2eb47cecc464545ba58e1ad24/library/std/src/panic.rs:358:14
[INFO] [stdout]   61:     0x5805ea68bbaa - std::thread::Builder::spawn_unchecked_::{{closure}}::h53c3a1894dce8407
[INFO] [stdout]                                at /rustc/6067b36314ab5eb2eb47cecc464545ba58e1ad24/library/std/src/thread/mod.rs:557:30
[INFO] [stdout]   62:     0x5805ea68bbaa - core::ops::function::FnOnce::call_once{{vtable.shim}}::h048ce291ad4f62bf
[INFO] [stdout]                                at /rustc/6067b36314ab5eb2eb47cecc464545ba58e1ad24/library/core/src/ops/function.rs:250:5
[INFO] [stdout]   63:     0x5805eb3de3db - <alloc::boxed::Box<F,A> as core::ops::function::FnOnce<Args>>::call_once::ha52bedf99a3b4981
[INFO] [stdout]                                at /rustc/6067b36314ab5eb2eb47cecc464545ba58e1ad24/library/alloc/src/boxed.rs:2013:9
[INFO] [stdout]   64:     0x5805eb3de3db - <alloc::boxed::Box<F,A> as core::ops::function::FnOnce<Args>>::call_once::h567748934d80ccf8
[INFO] [stdout]                                at /rustc/6067b36314ab5eb2eb47cecc464545ba58e1ad24/library/alloc/src/boxed.rs:2013:9
[INFO] [stdout]   65:     0x5805eb3de3db - std::sys::pal::unix::thread::Thread::new::thread_start::h2d970728ae887adc
[INFO] [stdout]                                at /rustc/6067b36314ab5eb2eb47cecc464545ba58e1ad24/library/std/src/sys/pal/unix/thread.rs:106:17
[INFO] [stdout]   66:     0x73952df12ac3 - <unknown>
[INFO] [stdout]   67:     0x73952dfa3a04 - clone
[INFO] [stdout]   68:                0x0 - <unknown>
[INFO] [stdout] 
[INFO] [stdout] 
[INFO] [stdout] failures:
[INFO] [stdout]     test_server_depo
[INFO] [stdout] 
[INFO] [stdout] test result: FAILED. 3 passed; 1 failed; 0 ignored; 0 measured; 0 filtered out; finished in 0.80s
[INFO] [stdout] 
[INFO] [stderr] error: test failed, to rerun pass `--test server_test`
[INFO] running `Command { std: "docker" "inspect" "1d335a6a3f0cc39cfeee1024b123634b112d7137fbec0242ea3d6e8179f76cc5", kill_on_drop: false }`
[INFO] running `Command { std: "docker" "rm" "-f" "1d335a6a3f0cc39cfeee1024b123634b112d7137fbec0242ea3d6e8179f76cc5", kill_on_drop: false }`
[INFO] [stdout] 1d335a6a3f0cc39cfeee1024b123634b112d7137fbec0242ea3d6e8179f76cc5
