[INFO] cloning repository https://github.com/Bliztle/rantlr
[INFO] running `Command { std: "git" "-c" "credential.helper=" "-c" "credential.helper=/workspace/cargo-home/bin/git-credential-null" "clone" "--bare" "https://github.com/Bliztle/rantlr" "/workspace/cache/git-repos/https%3A%2F%2Fgithub.com%2FBliztle%2Frantlr", kill_on_drop: false }`
[INFO] [stderr] Cloning into bare repository '/workspace/cache/git-repos/https%3A%2F%2Fgithub.com%2FBliztle%2Frantlr'...
[INFO] running `Command { std: "git" "rev-parse" "HEAD", kill_on_drop: false }`
[INFO] [stdout] 5ffe0d1c20aef0cf874904f881595d9f44de68b5
[INFO] testing Bliztle/rantlr against nightly-2025-01-18+rustflags=-Zrandomize-layout for randomize-layout-2
[INFO] running `Command { std: "git" "clone" "/workspace/cache/git-repos/https%3A%2F%2Fgithub.com%2FBliztle%2Frantlr" "/workspace/builds/worker-3-tc2/source", kill_on_drop: false }`
[INFO] [stderr] Cloning into '/workspace/builds/worker-3-tc2/source'...
[INFO] [stderr] done.
[INFO] validating manifest of git repo https://github.com/Bliztle/rantlr on toolchain nightly-2025-01-18
[INFO] running `Command { std: CARGO_HOME="/workspace/cargo-home" RUSTUP_HOME="/workspace/rustup-home" "/workspace/cargo-home/bin/cargo" "+nightly-2025-01-18" "metadata" "--manifest-path" "Cargo.toml" "--no-deps", kill_on_drop: false }`
[INFO] started tweaking git repo https://github.com/Bliztle/rantlr
[INFO] finished tweaking git repo https://github.com/Bliztle/rantlr
[INFO] tweaked toml for git repo https://github.com/Bliztle/rantlr written to /workspace/builds/worker-3-tc2/source/Cargo.toml
[INFO] crate git repo https://github.com/Bliztle/rantlr already has a lockfile, it will not be regenerated
[INFO] running `Command { std: CARGO_HOME="/workspace/cargo-home" RUSTUP_HOME="/workspace/rustup-home" "/workspace/cargo-home/bin/cargo" "+nightly-2025-01-18" "fetch" "--manifest-path" "Cargo.toml", kill_on_drop: false }`
[INFO] running `Command { std: "docker" "create" "-v" "/var/lib/crater-agent-workspace/builds/worker-3-tc2/target:/opt/rustwide/target:rw,Z" "-v" "/var/lib/crater-agent-workspace/builds/worker-3-tc2/source:/opt/rustwide/workdir:ro,Z" "-v" "/var/lib/crater-agent-workspace/cargo-home:/opt/rustwide/cargo-home:ro,Z" "-v" "/var/lib/crater-agent-workspace/rustup-home:/opt/rustwide/rustup-home:ro,Z" "-e" "SOURCE_DIR=/opt/rustwide/workdir" "-e" "CARGO_TARGET_DIR=/opt/rustwide/target" "-e" "CARGO_HOME=/opt/rustwide/cargo-home" "-e" "RUSTUP_HOME=/opt/rustwide/rustup-home" "-w" "/opt/rustwide/workdir" "-m" "1610612736" "--user" "0:0" "--network" "none" "ghcr.io/rust-lang/crates-build-env/linux@sha256:819108c5571ea2e421544af4d832f968d213c87fbe3707a016657f43d2f853bc" "/opt/rustwide/cargo-home/bin/cargo" "+nightly-2025-01-18" "metadata" "--no-deps" "--format-version=1", kill_on_drop: false }`
[INFO] [stdout] 19c58c0a1b85165189b088773e15ef31843b7128ac610df3491522f7f95b18de
[INFO] running `Command { std: "docker" "start" "-a" "19c58c0a1b85165189b088773e15ef31843b7128ac610df3491522f7f95b18de", kill_on_drop: false }`
[INFO] running `Command { std: "docker" "inspect" "19c58c0a1b85165189b088773e15ef31843b7128ac610df3491522f7f95b18de", kill_on_drop: false }`
[INFO] running `Command { std: "docker" "rm" "-f" "19c58c0a1b85165189b088773e15ef31843b7128ac610df3491522f7f95b18de", kill_on_drop: false }`
[INFO] [stdout] 19c58c0a1b85165189b088773e15ef31843b7128ac610df3491522f7f95b18de
[INFO] running `Command { std: "docker" "create" "-v" "/var/lib/crater-agent-workspace/builds/worker-3-tc2/target:/opt/rustwide/target:rw,Z" "-v" "/var/lib/crater-agent-workspace/builds/worker-3-tc2/source:/opt/rustwide/workdir:ro,Z" "-v" "/var/lib/crater-agent-workspace/cargo-home:/opt/rustwide/cargo-home:ro,Z" "-v" "/var/lib/crater-agent-workspace/rustup-home:/opt/rustwide/rustup-home:ro,Z" "-e" "SOURCE_DIR=/opt/rustwide/workdir" "-e" "CARGO_TARGET_DIR=/opt/rustwide/target" "-e" "CARGO_INCREMENTAL=0" "-e" "RUST_BACKTRACE=full" "-e" "RUSTFLAGS=--cap-lints=forbid -Zrandomize-layout" "-e" "RUSTDOCFLAGS=--cap-lints=forbid" "-e" "CARGO_HOME=/opt/rustwide/cargo-home" "-e" "RUSTUP_HOME=/opt/rustwide/rustup-home" "-w" "/opt/rustwide/workdir" "-m" "1610612736" "--user" "0:0" "--network" "none" "ghcr.io/rust-lang/crates-build-env/linux@sha256:819108c5571ea2e421544af4d832f968d213c87fbe3707a016657f43d2f853bc" "/opt/rustwide/cargo-home/bin/cargo" "+nightly-2025-01-18" "build" "--frozen" "--message-format=json", kill_on_drop: false }`
[INFO] [stdout] 918314213ac6c0e3e6d4639a841f633b69150ebf0f88042c12b8c3eaa3759d6e
[INFO] running `Command { std: "docker" "start" "-a" "918314213ac6c0e3e6d4639a841f633b69150ebf0f88042c12b8c3eaa3759d6e", kill_on_drop: false }`
[INFO] [stderr]    Compiling proc-macro2 v1.0.86
[INFO] [stderr]    Compiling utf8parse v0.2.2
[INFO] [stderr]    Compiling colorchoice v1.0.2
[INFO] [stderr]    Compiling anstyle v1.0.8
[INFO] [stderr]    Compiling anstyle-query v1.1.1
[INFO] [stderr]    Compiling is_terminal_polyfill v1.70.1
[INFO] [stderr]    Compiling thiserror v1.0.63
[INFO] [stderr]    Compiling heck v0.5.0
[INFO] [stderr]    Compiling strsim v0.11.1
[INFO] [stderr]    Compiling clap_lex v0.7.2
[INFO] [stderr]    Compiling anyhow v1.0.86
[INFO] [stderr]    Compiling either v1.13.0
[INFO] [stderr]    Compiling lazy_static v1.5.0
[INFO] [stderr]    Compiling similar v2.6.0
[INFO] [stderr]    Compiling linked-hash-map v0.5.6
[INFO] [stderr]    Compiling regex v1.10.5
[INFO] [stderr]    Compiling log v0.4.22
[INFO] [stderr]    Compiling anstyle-parse v0.2.5
[INFO] [stderr]    Compiling anstream v0.6.15
[INFO] [stderr]    Compiling itertools v0.13.0
[INFO] [stderr]    Compiling clap_builder v4.5.11
[INFO] [stderr]    Compiling quote v1.0.36
[INFO] [stderr]    Compiling insta v1.39.0
[INFO] [stderr]    Compiling syn v2.0.72
[INFO] [stderr]    Compiling clap_derive v4.5.11
[INFO] [stderr]    Compiling thiserror-impl v1.0.63
[INFO] [stderr]    Compiling clap v4.5.11
[INFO] [stderr]    Compiling rantlr v0.1.0 (/opt/rustwide/workdir)
[INFO] [stdout] warning: field `rules` is never read
[INFO] [stdout]  --> src/internal/ast.rs:5:9
[INFO] [stdout]   |
[INFO] [stdout] 4 | pub struct Grammar {
[INFO] [stdout]   |            ------- field in this struct
[INFO] [stdout] 5 |     pub rules: Vec<Production>,
[INFO] [stdout]   |         ^^^^^
[INFO] [stdout]   |
[INFO] [stdout]   = note: `Grammar` has a derived impl for the trait `Debug`, but this is intentionally ignored during dead code analysis
[INFO] [stdout]   = note: `#[warn(dead_code)]` on by default
[INFO] [stdout] 
[INFO] [stdout] 
[INFO] [stdout] warning: fields `0` and `1` are never read
[INFO] [stdout]   --> src/internal/ast.rs:10:12
[INFO] [stdout]    |
[INFO] [stdout] 10 |     Parser(String, Vec<Vec<Ident>>),
[INFO] [stdout]    |     ------ ^^^^^^  ^^^^^^^^^^^^^^^
[INFO] [stdout]    |     |
[INFO] [stdout]    |     fields in this variant
[INFO] [stdout]    |
[INFO] [stdout]    = note: `Production` has a derived impl for the trait `Debug`, but this is intentionally ignored during dead code analysis
[INFO] [stdout] help: consider changing the fields to be of unit type to suppress this warning while preserving the field numbering, or remove the fields
[INFO] [stdout]    |
[INFO] [stdout] 10 |     Parser((), ()),
[INFO] [stdout]    |            ~~  ~~
[INFO] [stdout] 
[INFO] [stdout] 
[INFO] [stdout] warning: fields `0` and `1` are never read
[INFO] [stdout]   --> src/internal/ast.rs:11:11
[INFO] [stdout]    |
[INFO] [stdout] 11 |     Lexer(String, String),
[INFO] [stdout]    |     ----- ^^^^^^  ^^^^^^
[INFO] [stdout]    |     |
[INFO] [stdout]    |     fields in this variant
[INFO] [stdout]    |
[INFO] [stdout]    = note: `Production` has a derived impl for the trait `Debug`, but this is intentionally ignored during dead code analysis
[INFO] [stdout] help: consider changing the fields to be of unit type to suppress this warning while preserving the field numbering, or remove the fields
[INFO] [stdout]    |
[INFO] [stdout] 11 |     Lexer((), ()),
[INFO] [stdout]    |           ~~  ~~
[INFO] [stdout] 
[INFO] [stdout] 
[INFO] [stdout] warning: field `0` is never read
[INFO] [stdout]   --> src/internal/ast.rs:16:14
[INFO] [stdout]    |
[INFO] [stdout] 16 |     Terminal(String),
[INFO] [stdout]    |     -------- ^^^^^^
[INFO] [stdout]    |     |
[INFO] [stdout]    |     field in this variant
[INFO] [stdout]    |
[INFO] [stdout]    = note: `Ident` has a derived impl for the trait `Debug`, but this is intentionally ignored during dead code analysis
[INFO] [stdout] help: consider changing the field to be of unit type to suppress this warning while preserving the field numbering, or remove the field
[INFO] [stdout]    |
[INFO] [stdout] 16 |     Terminal(()),
[INFO] [stdout]    |              ~~
[INFO] [stdout] 
[INFO] [stdout] 
[INFO] [stdout] warning: field `0` is never read
[INFO] [stdout]   --> src/internal/ast.rs:17:17
[INFO] [stdout]    |
[INFO] [stdout] 17 |     NonTerminal(String),
[INFO] [stdout]    |     ----------- ^^^^^^
[INFO] [stdout]    |     |
[INFO] [stdout]    |     field in this variant
[INFO] [stdout]    |
[INFO] [stdout]    = note: `Ident` has a derived impl for the trait `Debug`, but this is intentionally ignored during dead code analysis
[INFO] [stdout] help: consider changing the field to be of unit type to suppress this warning while preserving the field numbering, or remove the field
[INFO] [stdout]    |
[INFO] [stdout] 17 |     NonTerminal(()),
[INFO] [stdout]    |                 ~~
[INFO] [stdout] 
[INFO] [stdout] 
[INFO] [stdout] warning: enum `SlrAction` is never used
[INFO] [stdout]  --> src/internal/parser/slr.rs:1:6
[INFO] [stdout]   |
[INFO] [stdout] 1 | enum SlrAction {
[INFO] [stdout]   |      ^^^^^^^^^
[INFO] [stdout] 
[INFO] [stdout] 
[INFO] [stderr]     Finished `dev` profile [unoptimized + debuginfo] target(s) in 14.82s
[INFO] running `Command { std: "docker" "inspect" "918314213ac6c0e3e6d4639a841f633b69150ebf0f88042c12b8c3eaa3759d6e", kill_on_drop: false }`
[INFO] running `Command { std: "docker" "rm" "-f" "918314213ac6c0e3e6d4639a841f633b69150ebf0f88042c12b8c3eaa3759d6e", kill_on_drop: false }`
[INFO] [stdout] 918314213ac6c0e3e6d4639a841f633b69150ebf0f88042c12b8c3eaa3759d6e
[INFO] running `Command { std: "docker" "create" "-v" "/var/lib/crater-agent-workspace/builds/worker-3-tc2/target:/opt/rustwide/target:rw,Z" "-v" "/var/lib/crater-agent-workspace/builds/worker-3-tc2/source:/opt/rustwide/workdir:ro,Z" "-v" "/var/lib/crater-agent-workspace/cargo-home:/opt/rustwide/cargo-home:ro,Z" "-v" "/var/lib/crater-agent-workspace/rustup-home:/opt/rustwide/rustup-home:ro,Z" "-e" "SOURCE_DIR=/opt/rustwide/workdir" "-e" "CARGO_TARGET_DIR=/opt/rustwide/target" "-e" "CARGO_INCREMENTAL=0" "-e" "RUST_BACKTRACE=full" "-e" "RUSTFLAGS=--cap-lints=forbid -Zrandomize-layout" "-e" "RUSTDOCFLAGS=--cap-lints=forbid" "-e" "CARGO_HOME=/opt/rustwide/cargo-home" "-e" "RUSTUP_HOME=/opt/rustwide/rustup-home" "-w" "/opt/rustwide/workdir" "-m" "1610612736" "--user" "0:0" "--network" "none" "ghcr.io/rust-lang/crates-build-env/linux@sha256:819108c5571ea2e421544af4d832f968d213c87fbe3707a016657f43d2f853bc" "/opt/rustwide/cargo-home/bin/cargo" "+nightly-2025-01-18" "test" "--frozen" "--no-run" "--message-format=json", kill_on_drop: false }`
[INFO] [stdout] 2e7f3f70afac44726cfe1437cc7b32fca16a8d86a62e51c12177b4ea35bef1f6
[INFO] running `Command { std: "docker" "start" "-a" "2e7f3f70afac44726cfe1437cc7b32fca16a8d86a62e51c12177b4ea35bef1f6", kill_on_drop: false }`
[INFO] [stderr]    Compiling rantlr v0.1.0 (/opt/rustwide/workdir)
[INFO] [stdout] warning: field `rules` is never read
[INFO] [stdout]  --> src/internal/ast.rs:5:9
[INFO] [stdout]   |
[INFO] [stdout] 4 | pub struct Grammar {
[INFO] [stdout]   |            ------- field in this struct
[INFO] [stdout] 5 |     pub rules: Vec<Production>,
[INFO] [stdout]   |         ^^^^^
[INFO] [stdout]   |
[INFO] [stdout]   = note: `Grammar` has a derived impl for the trait `Debug`, but this is intentionally ignored during dead code analysis
[INFO] [stdout]   = note: `#[warn(dead_code)]` on by default
[INFO] [stdout] 
[INFO] [stdout] 
[INFO] [stdout] warning: fields `0` and `1` are never read
[INFO] [stdout]   --> src/internal/ast.rs:10:12
[INFO] [stdout]    |
[INFO] [stdout] 10 |     Parser(String, Vec<Vec<Ident>>),
[INFO] [stdout]    |     ------ ^^^^^^  ^^^^^^^^^^^^^^^
[INFO] [stdout]    |     |
[INFO] [stdout]    |     fields in this variant
[INFO] [stdout]    |
[INFO] [stdout]    = note: `Production` has a derived impl for the trait `Debug`, but this is intentionally ignored during dead code analysis
[INFO] [stdout] help: consider changing the fields to be of unit type to suppress this warning while preserving the field numbering, or remove the fields
[INFO] [stdout]    |
[INFO] [stdout] 10 |     Parser((), ()),
[INFO] [stdout]    |            ~~  ~~
[INFO] [stdout] 
[INFO] [stdout] 
[INFO] [stdout] warning: fields `0` and `1` are never read
[INFO] [stdout]   --> src/internal/ast.rs:11:11
[INFO] [stdout]    |
[INFO] [stdout] 11 |     Lexer(String, String),
[INFO] [stdout]    |     ----- ^^^^^^  ^^^^^^
[INFO] [stdout]    |     |
[INFO] [stdout]    |     fields in this variant
[INFO] [stdout]    |
[INFO] [stdout]    = note: `Production` has a derived impl for the trait `Debug`, but this is intentionally ignored during dead code analysis
[INFO] [stdout] help: consider changing the fields to be of unit type to suppress this warning while preserving the field numbering, or remove the fields
[INFO] [stdout]    |
[INFO] [stdout] 11 |     Lexer((), ()),
[INFO] [stdout]    |           ~~  ~~
[INFO] [stdout] 
[INFO] [stdout] 
[INFO] [stdout] warning: field `0` is never read
[INFO] [stdout]   --> src/internal/ast.rs:16:14
[INFO] [stdout]    |
[INFO] [stdout] 16 |     Terminal(String),
[INFO] [stdout]    |     -------- ^^^^^^
[INFO] [stdout]    |     |
[INFO] [stdout]    |     field in this variant
[INFO] [stdout]    |
[INFO] [stdout]    = note: `Ident` has a derived impl for the trait `Debug`, but this is intentionally ignored during dead code analysis
[INFO] [stdout] help: consider changing the field to be of unit type to suppress this warning while preserving the field numbering, or remove the field
[INFO] [stdout]    |
[INFO] [stdout] 16 |     Terminal(()),
[INFO] [stdout]    |              ~~
[INFO] [stdout] 
[INFO] [stdout] 
[INFO] [stdout] warning: field `0` is never read
[INFO] [stdout]   --> src/internal/ast.rs:17:17
[INFO] [stdout]    |
[INFO] [stdout] 17 |     NonTerminal(String),
[INFO] [stdout]    |     ----------- ^^^^^^
[INFO] [stdout]    |     |
[INFO] [stdout]    |     field in this variant
[INFO] [stdout]    |
[INFO] [stdout]    = note: `Ident` has a derived impl for the trait `Debug`, but this is intentionally ignored during dead code analysis
[INFO] [stdout] help: consider changing the field to be of unit type to suppress this warning while preserving the field numbering, or remove the field
[INFO] [stdout]    |
[INFO] [stdout] 17 |     NonTerminal(()),
[INFO] [stdout]    |                 ~~
[INFO] [stdout] 
[INFO] [stdout] 
[INFO] [stdout] warning: enum `SlrAction` is never used
[INFO] [stdout]  --> src/internal/parser/slr.rs:1:6
[INFO] [stdout]   |
[INFO] [stdout] 1 | enum SlrAction {
[INFO] [stdout]   |      ^^^^^^^^^
[INFO] [stdout] 
[INFO] [stdout] 
[INFO] [stderr]     Finished `test` profile [unoptimized + debuginfo] target(s) in 0.91s
[INFO] running `Command { std: "docker" "inspect" "2e7f3f70afac44726cfe1437cc7b32fca16a8d86a62e51c12177b4ea35bef1f6", kill_on_drop: false }`
[INFO] running `Command { std: "docker" "rm" "-f" "2e7f3f70afac44726cfe1437cc7b32fca16a8d86a62e51c12177b4ea35bef1f6", kill_on_drop: false }`
[INFO] [stdout] 2e7f3f70afac44726cfe1437cc7b32fca16a8d86a62e51c12177b4ea35bef1f6
[INFO] running `Command { std: "docker" "create" "-v" "/var/lib/crater-agent-workspace/builds/worker-3-tc2/target:/opt/rustwide/target:rw,Z" "-v" "/var/lib/crater-agent-workspace/builds/worker-3-tc2/source:/opt/rustwide/workdir:ro,Z" "-v" "/var/lib/crater-agent-workspace/cargo-home:/opt/rustwide/cargo-home:ro,Z" "-v" "/var/lib/crater-agent-workspace/rustup-home:/opt/rustwide/rustup-home:ro,Z" "-e" "SOURCE_DIR=/opt/rustwide/workdir" "-e" "CARGO_TARGET_DIR=/opt/rustwide/target" "-e" "CARGO_INCREMENTAL=0" "-e" "RUST_BACKTRACE=full" "-e" "RUSTFLAGS=--cap-lints=forbid -Zrandomize-layout" "-e" "RUSTDOCFLAGS=--cap-lints=forbid" "-e" "CARGO_HOME=/opt/rustwide/cargo-home" "-e" "RUSTUP_HOME=/opt/rustwide/rustup-home" "-w" "/opt/rustwide/workdir" "-m" "1610612736" "--user" "0:0" "--network" "none" "ghcr.io/rust-lang/crates-build-env/linux@sha256:819108c5571ea2e421544af4d832f968d213c87fbe3707a016657f43d2f853bc" "/opt/rustwide/cargo-home/bin/cargo" "+nightly-2025-01-18" "test" "--frozen", kill_on_drop: false }`
[INFO] [stdout] 85ef1f5698151b15fc5d0e09ec92b4c011c484e01a525e70c55ecdaeb7ee6965
[INFO] running `Command { std: "docker" "start" "-a" "85ef1f5698151b15fc5d0e09ec92b4c011c484e01a525e70c55ecdaeb7ee6965", kill_on_drop: false }`
[INFO] [stderr] warning: field `rules` is never read
[INFO] [stderr]  --> src/internal/ast.rs:5:9
[INFO] [stderr]   |
[INFO] [stderr] 4 | pub struct Grammar {
[INFO] [stderr]   |            ------- field in this struct
[INFO] [stderr] 5 |     pub rules: Vec<Production>,
[INFO] [stderr]   |         ^^^^^
[INFO] [stderr]   |
[INFO] [stderr]   = note: `Grammar` has a derived impl for the trait `Debug`, but this is intentionally ignored during dead code analysis
[INFO] [stderr]   = note: `#[warn(dead_code)]` on by default
[INFO] [stderr] 
[INFO] [stderr] warning: fields `0` and `1` are never read
[INFO] [stderr]   --> src/internal/ast.rs:10:12
[INFO] [stderr]    |
[INFO] [stderr] 10 |     Parser(String, Vec<Vec<Ident>>),
[INFO] [stderr]    |     ------ ^^^^^^  ^^^^^^^^^^^^^^^
[INFO] [stderr]    |     |
[INFO] [stderr]    |     fields in this variant
[INFO] [stderr]    |
[INFO] [stderr]    = note: `Production` has a derived impl for the trait `Debug`, but this is intentionally ignored during dead code analysis
[INFO] [stderr] help: consider changing the fields to be of unit type to suppress this warning while preserving the field numbering, or remove the fields
[INFO] [stderr]    |
[INFO] [stderr] 10 |     Parser((), ()),
[INFO] [stderr]    |            ~~  ~~
[INFO] [stderr] 
[INFO] [stderr] warning: fields `0` and `1` are never read
[INFO] [stderr]   --> src/internal/ast.rs:11:11
[INFO] [stderr]    |
[INFO] [stderr] 11 |     Lexer(String, String),
[INFO] [stderr]    |     ----- ^^^^^^  ^^^^^^
[INFO] [stderr]    |     |
[INFO] [stderr]    |     fields in this variant
[INFO] [stderr]    |
[INFO] [stderr]    = note: `Production` has a derived impl for the trait `Debug`, but this is intentionally ignored during dead code analysis
[INFO] [stderr] help: consider changing the fields to be of unit type to suppress this warning while preserving the field numbering, or remove the fields
[INFO] [stderr]    |
[INFO] [stderr] 11 |     Lexer((), ()),
[INFO] [stderr]    |           ~~  ~~
[INFO] [stderr] 
[INFO] [stderr] warning: field `0` is never read
[INFO] [stderr]   --> src/internal/ast.rs:16:14
[INFO] [stderr]    |
[INFO] [stderr] 16 |     Terminal(String),
[INFO] [stderr]    |     -------- ^^^^^^
[INFO] [stderr]    |     |
[INFO] [stderr]    |     field in this variant
[INFO] [stderr]    |
[INFO] [stderr]    = note: `Ident` has a derived impl for the trait `Debug`, but this is intentionally ignored during dead code analysis
[INFO] [stderr] help: consider changing the field to be of unit type to suppress this warning while preserving the field numbering, or remove the field
[INFO] [stderr]    |
[INFO] [stderr] 16 |     Terminal(()),
[INFO] [stderr]    |              ~~
[INFO] [stderr] 
[INFO] [stderr] warning: field `0` is never read
[INFO] [stderr]   --> src/internal/ast.rs:17:17
[INFO] [stderr]    |
[INFO] [stderr] 17 |     NonTerminal(String),
[INFO] [stderr]    |     ----------- ^^^^^^
[INFO] [stderr]    |     |
[INFO] [stderr]    |     field in this variant
[INFO] [stderr]    |
[INFO] [stderr]    = note: `Ident` has a derived impl for the trait `Debug`, but this is intentionally ignored during dead code analysis
[INFO] [stderr] help: consider changing the field to be of unit type to suppress this warning while preserving the field numbering, or remove the field
[INFO] [stderr]    |
[INFO] [stderr] 17 |     NonTerminal(()),
[INFO] [stderr]    |                 ~~
[INFO] [stderr] 
[INFO] [stderr] warning: enum `SlrAction` is never used
[INFO] [stderr]  --> src/internal/parser/slr.rs:1:6
[INFO] [stderr]   |
[INFO] [stderr] 1 | enum SlrAction {
[INFO] [stderr]   |      ^^^^^^^^^
[INFO] [stderr] 
[INFO] [stderr] warning: `rantlr` (bin "rantlr" test) generated 6 warnings
[INFO] [stderr]     Finished `test` profile [unoptimized + debuginfo] target(s) in 0.06s
[INFO] [stderr]      Running unittests src/main.rs (/opt/rustwide/target/debug/deps/rantlr-e5157c31395a1fa9)
[INFO] [stdout] 
[INFO] [stdout] running 11 tests
[INFO] [stdout] test internal::lexer::lexer::tests::tokenize_lexer_rule ... ok
[INFO] [stdout] test internal::lexer::lexer::tests::tokenize_single_bar ... ok
[INFO] [stdout] test internal::lexer::lexer::tests::tokenize_single_open_brace_with_trail ... ok
[INFO] [stdout] test internal::lexer::lexer::tests::tokenize_single_colon ... ok
[INFO] [stdout] test internal::lexer::lexer::tests::tokenize_single_semicolon ... ok
[INFO] [stdout] test internal::lexer::lexer::tests::tokenize_single_lexer_ident ... ok
[INFO] [stdout] test internal::lexer::lexer::tests::tokenize_parser_rule_with_comments ... ok
[INFO] [stdout] test internal::lexer::lexer::tests::tokenize_parser_and_lexer_rule ... ok
[INFO] [stdout] test internal::lexer::lexer::tests::tokenize_parser_rule ... ok
[INFO] [stdout] test internal::lexer::lexer::tests::tokenize_single_parser_ident ... ok
[INFO] [stdout] test internal::parser::functional::tests::parse_program_production ... FAILED
[INFO] [stderr] error: test failed, to rerun pass `--bin rantlr`
[INFO] [stdout] 
[INFO] [stdout] failures:
[INFO] [stdout] 
[INFO] [stdout] ---- internal::parser::functional::tests::parse_program_production stdout ----
[INFO] [stdout] ━━━━━━━━━━━━━━━━━━━━━━━━━━━━ Snapshot Summary ━━━━━━━━━━━━━━━━━━━━━━━━━━━━
[INFO] [stdout] Snapshot file: src/internal/parser/snapshots/rantlr__internal__parser__functional__tests__parse_program_production.snap
[INFO] [stdout] Snapshot: parse_program_production
[INFO] [stdout] Source: src/internal/parser/functional.rs:168
[INFO] [stdout] ──────────────────────────────────────────────────────────────────────────
[INFO] [stdout] Expression: tree
[INFO] [stdout] ──────────────────────────────────────────────────────────────────────────
[INFO] [stdout] -old snapshot
[INFO] [stdout] +new results
[INFO] [stdout] ────────────┬─────────────────────────────────────────────────────────────
[INFO] [stdout]     0       │-Concat(
[INFO] [stdout]     1       │-    Node {
[INFO] [stdout]     2       │-        node: NonTerminal(
[INFO] [stdout]     3       │-            "program",
[INFO] [stdout]     4       │-            Node {
[INFO] [stdout]     5       │-                node: Rule(
[INFO] [stdout]     6       │-                    Node {
[INFO] [stdout]     7       │-                        node: NonTerminal(
[INFO] [stdout]     8       │-                            "rule",
[INFO] [stdout]     9       │-                            Node {
[INFO] [stdout]    10       │-                                node: Terminal(
[INFO] [stdout]    11       │-                                    "SEMI",
[INFO] [stdout]    12       │-                                    Node {
[INFO] [stdout]    13       │-                                        node: Epsilon,
[INFO] [stdout]    14       │-                                        _marker: PhantomData<rantlr::ast::marked::DefaultMarker>,
[INFO] [stdout]    15       │-                                        annotations: {},
[INFO] [stdout]    16       │-                                    },
[INFO] [stdout]    17       │-                                ),
[INFO] [stdout]    18       │-                                _marker: PhantomData<rantlr::ast::marked::DefaultMarker>,
[INFO] [stdout]    19       │-                                annotations: {},
[INFO] [stdout]    20       │-                            },
[INFO] [stdout]    21       │-                        ),
[INFO] [stdout]    22       │-                        _marker: PhantomData<rantlr::ast::marked::DefaultMarker>,
[INFO] [stdout]    23       │-                        annotations: {},
[INFO] [stdout]    24       │-                    },
[INFO] [stdout]    25       │-                    Node {
[INFO] [stdout]    26       │-                        node: Concat(
[INFO] [stdout]    27       │-                            Node {
[INFO] [stdout]    28       │-                                node: Rule(
[INFO] [stdout]    29       │-                                    Node {
[INFO] [stdout]    30       │-                                        node: NonTerminal(
[INFO] [stdout]    31       │-                                            "rule",
[INFO] [stdout]    32       │-                                            Node {
[INFO] [stdout]    33       │-                                                node: Terminal(
[INFO] [stdout]    34       │-                                                    "SEMI",
[INFO] [stdout]    35       │-                                                    Node {
[INFO] [stdout]    36       │-                                                        node: NonTerminal(
[INFO] [stdout]    37       │-                                                            "program",
[INFO] [stdout]    38       │-                                                            Node {
[INFO] [stdout]    39       │-                                                                node: Epsilon,
[INFO] [stdout]    40       │-                                                                _marker: PhantomData<rantlr::ast::marked::DefaultMarker>,
[INFO] [stdout]    41       │-                                                                annotations: {},
[INFO] [stdout]    42       │-                                                            },
[INFO] [stdout]    43       │-                                                        ),
[INFO] [stdout]    44       │-                                                        _marker: PhantomData<rantlr::ast::marked::DefaultMarker>,
[INFO] [stdout]    45       │-                                                        annotations: {},
[INFO] [stdout]    46       │-                                                    },
[INFO] [stdout]    47       │-                                                ),
[INFO] [stdout]    48       │-                                                _marker: PhantomData<rantlr::ast::marked::DefaultMarker>,
[INFO] [stdout]    49       │-                                                annotations: {},
[INFO] [stdout]    50       │-                                            },
[INFO] [stdout]    51       │-                                        ),
[INFO] [stdout]    52       │-                                        _marker: PhantomData<rantlr::ast::marked::DefaultMarker>,
[INFO] [stdout]    53       │-                                        annotations: {},
[INFO] [stdout]    54       │-                                    },
[INFO] [stdout]    55       │-                                    Node {
[INFO] [stdout]    56       │-                                        node: Epsilon,
[INFO] [stdout]    57       │-                                        _marker: PhantomData<rantlr::ast::marked::DefaultMarker>,
[INFO] [stdout]    58       │-                                        annotations: {},
[INFO] [stdout]    59       │-                                    },
[INFO] [stdout]    60       │-                                ),
[INFO] [stdout]    61       │-                                _marker: PhantomData<rantlr::ast::marked::DefaultMarker>,
[INFO] [stdout]    62       │-                                annotations: {},
[INFO] [stdout]    63       │-                            },
[INFO] [stdout]    64       │-                        ),
[INFO] [stdout]    65       │-                        _marker: PhantomData<rantlr::ast::marked::DefaultMarker>,
[INFO] [stdout]    66       │-                        annotations: {},
[INFO] [stdout]    67       │-                    },
[INFO] [stdout]    68       │-                ),
[INFO] [stdout]    69       │-                _marker: PhantomData<rantlr::ast::marked::DefaultMarker>,
[INFO] [stdout]    70       │-                annotations: {},
[INFO] [stdout]    71       │-            },
[INFO] [stdout]    72       │-        ),
[INFO] [stdout]    73       │-        _marker: PhantomData<rantlr::ast::marked::DefaultMarker>,
[INFO] [stdout]    74       │-        annotations: {},
[INFO] [stdout]    75       │-    },
[INFO] [stdout]    76       │-    Node {
[INFO] [stdout]    77       │-        node: Epsilon,
[INFO] [stdout]    78       │-        _marker: PhantomData<rantlr::ast::marked::DefaultMarker>,
[INFO] [stdout]    79       │-        annotations: {},
[INFO] [stdout]    80       │-    },
[INFO] [stdout]    81       │-)
[INFO] [stdout]           0 │+Node {
[INFO] [stdout]           1 │+    node: Concat(
[INFO] [stdout]           2 │+        Node {
[INFO] [stdout]           3 │+            node: NonTerminal(
[INFO] [stdout]           4 │+                "program",
[INFO] [stdout]           5 │+                Node {
[INFO] [stdout]           6 │+                    node: Rule(
[INFO] [stdout]           7 │+                        Node {
[INFO] [stdout]           8 │+                            node: NonTerminal(
[INFO] [stdout]           9 │+                                "rule",
[INFO] [stdout]          10 │+                                Node {
[INFO] [stdout]          11 │+                                    node: Terminal(
[INFO] [stdout]          12 │+                                        "SEMI",
[INFO] [stdout]          13 │+                                        Node {
[INFO] [stdout]          14 │+                                            node: Epsilon,
[INFO] [stdout]          15 │+                                            _marker: PhantomData<rantlr::ast::marked::DefaultMarker>,
[INFO] [stdout]          16 │+                                            annotations: {},
[INFO] [stdout]          17 │+                                        },
[INFO] [stdout]          18 │+                                    ),
[INFO] [stdout]          19 │+                                    _marker: PhantomData<rantlr::ast::marked::DefaultMarker>,
[INFO] [stdout]          20 │+                                    annotations: {},
[INFO] [stdout]          21 │+                                },
[INFO] [stdout]          22 │+                            ),
[INFO] [stdout]          23 │+                            _marker: PhantomData<rantlr::ast::marked::DefaultMarker>,
[INFO] [stdout]          24 │+                            annotations: {},
[INFO] [stdout]          25 │+                        },
[INFO] [stdout]          26 │+                        Node {
[INFO] [stdout]          27 │+                            node: Concat(
[INFO] [stdout]          28 │+                                Node {
[INFO] [stdout]          29 │+                                    node: Rule(
[INFO] [stdout]          30 │+                                        Node {
[INFO] [stdout]          31 │+                                            node: NonTerminal(
[INFO] [stdout]          32 │+                                                "rule",
[INFO] [stdout]          33 │+                                                Node {
[INFO] [stdout]          34 │+                                                    node: Terminal(
[INFO] [stdout]          35 │+                                                        "SEMI",
[INFO] [stdout]          36 │+                                                        Node {
[INFO] [stdout]          37 │+                                                            node: NonTerminal(
[INFO] [stdout]          38 │+                                                                "program",
[INFO] [stdout]          39 │+                                                                Node {
[INFO] [stdout]          40 │+                                                                    node: Epsilon,
[INFO] [stdout]          41 │+                                                                    _marker: PhantomData<rantlr::ast::marked::DefaultMarker>,
[INFO] [stdout]          42 │+                                                                    annotations: {},
[INFO] [stdout]          43 │+                                                                },
[INFO] [stdout]          44 │+                                                            ),
[INFO] [stdout]          45 │+                                                            _marker: PhantomData<rantlr::ast::marked::DefaultMarker>,
[INFO] [stdout]          46 │+                                                            annotations: {},
[INFO] [stdout]          47 │+                                                        },
[INFO] [stdout]          48 │+                                                    ),
[INFO] [stdout]          49 │+                                                    _marker: PhantomData<rantlr::ast::marked::DefaultMarker>,
[INFO] [stdout]          50 │+                                                    annotations: {},
[INFO] [stdout]          51 │+                                                },
[INFO] [stdout]          52 │+                                            ),
[INFO] [stdout]          53 │+                                            _marker: PhantomData<rantlr::ast::marked::DefaultMarker>,
[INFO] [stdout]          54 │+                                            annotations: {},
[INFO] [stdout]          55 │+                                        },
[INFO] [stdout]          56 │+                                        Node {
[INFO] [stdout]          57 │+                                            node: Epsilon,
[INFO] [stdout]          58 │+                                            _marker: PhantomData<rantlr::ast::marked::DefaultMarker>,
[INFO] [stdout]          59 │+                                            annotations: {},
[INFO] [stdout]          60 │+                                        },
[INFO] [stdout]          61 │+                                    ),
[INFO] [stdout]          62 │+                                    _marker: PhantomData<rantlr::ast::marked::DefaultMarker>,
[INFO] [stdout]          63 │+                                    annotations: {},
[INFO] [stdout]          64 │+                                },
[INFO] [stdout]          65 │+                            ),
[INFO] [stdout]          66 │+                            _marker: PhantomData<rantlr::ast::marked::DefaultMarker>,
[INFO] [stdout]          67 │+                            annotations: {},
[INFO] [stdout]          68 │+                        },
[INFO] [stdout]          69 │+                    ),
[INFO] [stdout]          70 │+                    _marker: PhantomData<rantlr::ast::marked::DefaultMarker>,
[INFO] [stdout]          71 │+                    annotations: {},
[INFO] [stdout]          72 │+                },
[INFO] [stdout]          73 │+            ),
[INFO] [stdout]          74 │+            _marker: PhantomData<rantlr::ast::marked::DefaultMarker>,
[INFO] [stdout]          75 │+            annotations: {},
[INFO] [stdout]          76 │+        },
[INFO] [stdout]          77 │+        Node {
[INFO] [stdout]          78 │+            node: Epsilon,
[INFO] [stdout]          79 │+            _marker: PhantomData<rantlr::ast::marked::DefaultMarker>,
[INFO] [stdout]          80 │+            annotations: {},
[INFO] [stdout]          81 │+        },
[INFO] [stdout]          82 │+    ),
[INFO] [stdout]          83 │+    _marker: PhantomData<rantlr::ast::marked::DefaultMarker>,
[INFO] [stdout]          84 │+    annotations: {},
[INFO] [stdout]          85 │+}
[INFO] [stdout] ────────────┴─────────────────────────────────────────────────────────────
[INFO] [stdout] 
[INFO] [stdout] thread 'internal::parser::functional::tests::parse_program_production' panicked at src/internal/parser/functional.rs:168:5:
[INFO] [stdout] called `Result::unwrap()` on an `Err` value: Os { code: 30, kind: ReadOnlyFilesystem, message: "Read-only file system" }
[INFO] [stdout] stack backtrace:
[INFO] [stdout]    0:     0x64299fd4188a - std::backtrace_rs::backtrace::libunwind::trace::hb059275cfc8d6126
[INFO] [stdout]                                at /rustc/6067b36314ab5eb2eb47cecc464545ba58e1ad24/library/std/src/../../backtrace/src/backtrace/libunwind.rs:116:5
[INFO] [stdout]    1:     0x64299fd4188a - std::backtrace_rs::backtrace::trace_unsynchronized::h2da071e4327ce3ee
[INFO] [stdout]                                at /rustc/6067b36314ab5eb2eb47cecc464545ba58e1ad24/library/std/src/../../backtrace/src/backtrace/mod.rs:66:5
[INFO] [stdout]    2:     0x64299fd4188a - std::sys::backtrace::_print_fmt::h842a1474e6f8d23f
[INFO] [stdout]                                at /rustc/6067b36314ab5eb2eb47cecc464545ba58e1ad24/library/std/src/sys/backtrace.rs:66:9
[INFO] [stdout]    3:     0x64299fd4188a - <std::sys::backtrace::BacktraceLock::print::DisplayBacktrace as core::fmt::Display>::fmt::h71a62eb3b9696b12
[INFO] [stdout]                                at /rustc/6067b36314ab5eb2eb47cecc464545ba58e1ad24/library/std/src/sys/backtrace.rs:39:26
[INFO] [stdout]    4:     0x64299fd6c493 - core::fmt::rt::Argument::fmt::hdb6b616786b41dc1
[INFO] [stdout]                                at /rustc/6067b36314ab5eb2eb47cecc464545ba58e1ad24/library/core/src/fmt/rt.rs:177:76
[INFO] [stdout]    5:     0x64299fd6c493 - core::fmt::write::h2cc1698af7e2d686
[INFO] [stdout]                                at /rustc/6067b36314ab5eb2eb47cecc464545ba58e1ad24/library/core/src/fmt/mod.rs:1440:21
[INFO] [stdout]    6:     0x64299fd3d733 - std::io::Write::write_fmt::hab1b4cd059a79022
[INFO] [stdout]                                at /rustc/6067b36314ab5eb2eb47cecc464545ba58e1ad24/library/std/src/io/mod.rs:1887:15
[INFO] [stdout]    7:     0x64299fd416d2 - std::sys::backtrace::BacktraceLock::print::h147fe35b4ea13b08
[INFO] [stdout]                                at /rustc/6067b36314ab5eb2eb47cecc464545ba58e1ad24/library/std/src/sys/backtrace.rs:42:9
[INFO] [stdout]    8:     0x64299fd42caf - std::panicking::default_hook::{{closure}}::hbd44223dbdc0d208
[INFO] [stdout]                                at /rustc/6067b36314ab5eb2eb47cecc464545ba58e1ad24/library/std/src/panicking.rs:298:22
[INFO] [stdout]    9:     0x64299fd42ac8 - std::panicking::default_hook::h20f81eb0576efcec
[INFO] [stdout]                                at /rustc/6067b36314ab5eb2eb47cecc464545ba58e1ad24/library/std/src/panicking.rs:322:9
[INFO] [stdout]   10:     0x64299fbf84a3 - <alloc::boxed::Box<F,A> as core::ops::function::Fn<Args>>::call::hdb53814c496a4d34
[INFO] [stdout]                                at /rustc/6067b36314ab5eb2eb47cecc464545ba58e1ad24/library/alloc/src/boxed.rs:2027:9
[INFO] [stdout]   11:     0x64299fbf84a3 - test::test_main::{{closure}}::hc0a4963c59427c24
[INFO] [stdout]                                at /rustc/6067b36314ab5eb2eb47cecc464545ba58e1ad24/library/test/src/lib.rs:134:21
[INFO] [stdout]   12:     0x64299fd437a3 - <alloc::boxed::Box<F,A> as core::ops::function::Fn<Args>>::call::h591b2225413a77e9
[INFO] [stdout]                                at /rustc/6067b36314ab5eb2eb47cecc464545ba58e1ad24/library/alloc/src/boxed.rs:2027:9
[INFO] [stdout]   13:     0x64299fd437a3 - std::panicking::rust_panic_with_hook::h625eea43051b2edc
[INFO] [stdout]                                at /rustc/6067b36314ab5eb2eb47cecc464545ba58e1ad24/library/std/src/panicking.rs:839:13
[INFO] [stdout]   14:     0x64299fd4345a - std::panicking::begin_panic_handler::{{closure}}::h4f9159cfbc3f6bd3
[INFO] [stdout]                                at /rustc/6067b36314ab5eb2eb47cecc464545ba58e1ad24/library/std/src/panicking.rs:704:13
[INFO] [stdout]   15:     0x64299fd41d89 - std::sys::backtrace::__rust_end_short_backtrace::h0390abce48353151
[INFO] [stdout]                                at /rustc/6067b36314ab5eb2eb47cecc464545ba58e1ad24/library/std/src/sys/backtrace.rs:168:18
[INFO] [stdout]   16:     0x64299fd430ed - rust_begin_unwind
[INFO] [stdout]                                at /rustc/6067b36314ab5eb2eb47cecc464545ba58e1ad24/library/std/src/panicking.rs:695:5
[INFO] [stdout]   17:     0x64299fd69f30 - core::panicking::panic_fmt::h9e7c637e9e5f29c9
[INFO] [stdout]                                at /rustc/6067b36314ab5eb2eb47cecc464545ba58e1ad24/library/core/src/panicking.rs:75:14
[INFO] [stdout]   18:     0x64299fd6a3a6 - core::result::unwrap_failed::h7979f09313fe1849
[INFO] [stdout]                                at /rustc/6067b36314ab5eb2eb47cecc464545ba58e1ad24/library/core/src/result.rs:1704:5
[INFO] [stdout]   19:     0x64299fbbe0a8 - core::result::Result<T,E>::unwrap::hc6547f5709679f96
[INFO] [stdout]                                at /rustc/6067b36314ab5eb2eb47cecc464545ba58e1ad24/library/core/src/result.rs:1109:23
[INFO] [stdout]   20:     0x64299fbbe0a8 - rantlr::internal::parser::functional::tests::parse_program_production::hf38192a3fadf4b4d
[INFO] [stdout]                                at /opt/rustwide/workdir/src/internal/parser/functional.rs:159:33
[INFO] [stdout]   21:     0x64299fbbd6a7 - rantlr::internal::parser::functional::tests::parse_program_production::{{closure}}::hce972dfb14e60b92
[INFO] [stdout]                                at /opt/rustwide/workdir/src/internal/parser/functional.rs:155:23
[INFO] [stdout]   22:     0x64299fbb4256 - core::ops::function::FnOnce::call_once::h96faa4b112d27859
[INFO] [stdout]                                at /rustc/6067b36314ab5eb2eb47cecc464545ba58e1ad24/library/core/src/ops/function.rs:250:5
[INFO] [stdout]   23:     0x64299fbfdbfb - core::ops::function::FnOnce::call_once::he27718dfdd183f43
[INFO] [stdout]                                at /rustc/6067b36314ab5eb2eb47cecc464545ba58e1ad24/library/core/src/ops/function.rs:250:5
[INFO] [stdout]   24:     0x64299fbfdbfb - test::__rust_begin_short_backtrace::h4e84902998457a5d
[INFO] [stdout]                                at /rustc/6067b36314ab5eb2eb47cecc464545ba58e1ad24/library/test/src/lib.rs:632:18
[INFO] [stdout]   25:     0x64299fbfcb33 - test::run_test_in_process::{{closure}}::h7176fd18fc1feca0
[INFO] [stdout]                                at /rustc/6067b36314ab5eb2eb47cecc464545ba58e1ad24/library/test/src/lib.rs:655:60
[INFO] [stdout]   26:     0x64299fbfcb33 - <core::panic::unwind_safe::AssertUnwindSafe<F> as core::ops::function::FnOnce<()>>::call_once::hf79cff2a624d8cf7
[INFO] [stdout]                                at /rustc/6067b36314ab5eb2eb47cecc464545ba58e1ad24/library/core/src/panic/unwind_safe.rs:272:9
[INFO] [stdout]   27:     0x64299fbfcb33 - std::panicking::try::do_call::h3da0561d9ab99c25
[INFO] [stdout]                                at /rustc/6067b36314ab5eb2eb47cecc464545ba58e1ad24/library/std/src/panicking.rs:587:40
[INFO] [stdout]   28:     0x64299fbfcb33 - std::panicking::try::h41c9fa508bc61df6
[INFO] [stdout]                                at /rustc/6067b36314ab5eb2eb47cecc464545ba58e1ad24/library/std/src/panicking.rs:550:19
[INFO] [stdout]   29:     0x64299fbfcb33 - std::panic::catch_unwind::h6b3ff07bb5afad93
[INFO] [stdout]                                at /rustc/6067b36314ab5eb2eb47cecc464545ba58e1ad24/library/std/src/panic.rs:358:14
[INFO] [stdout]   30:     0x64299fbfcb33 - test::run_test_in_process::hc7253dd11b39b9f4
[INFO] [stdout]                                at /rustc/6067b36314ab5eb2eb47cecc464545ba58e1ad24/library/test/src/lib.rs:655:27
[INFO] [stdout]   31:     0x64299fbfcb33 - test::run_test::{{closure}}::hfb2007f8649c30bb
[INFO] [stdout]                                at /rustc/6067b36314ab5eb2eb47cecc464545ba58e1ad24/library/test/src/lib.rs:576:43
[INFO] [stdout]   32:     0x64299fbbfc15 - test::run_test::{{closure}}::h56a17aa7a282a9f4
[INFO] [stdout]                                at /rustc/6067b36314ab5eb2eb47cecc464545ba58e1ad24/library/test/src/lib.rs:606:41
[INFO] [stdout]   33:     0x64299fbbfc15 - std::sys::backtrace::__rust_begin_short_backtrace::hd2d2d2fb8e8c6aac
[INFO] [stdout]                                at /rustc/6067b36314ab5eb2eb47cecc464545ba58e1ad24/library/std/src/sys/backtrace.rs:152:18
[INFO] [stdout]   34:     0x64299fbc34fa - std::thread::Builder::spawn_unchecked_::{{closure}}::{{closure}}::h4faa3f9db6133423
[INFO] [stdout]                                at /rustc/6067b36314ab5eb2eb47cecc464545ba58e1ad24/library/std/src/thread/mod.rs:559:17
[INFO] [stdout]   35:     0x64299fbc34fa - <core::panic::unwind_safe::AssertUnwindSafe<F> as core::ops::function::FnOnce<()>>::call_once::hf2e855a36a4ea846
[INFO] [stdout]                                at /rustc/6067b36314ab5eb2eb47cecc464545ba58e1ad24/library/core/src/panic/unwind_safe.rs:272:9
[INFO] [stdout]   36:     0x64299fbc34fa - std::panicking::try::do_call::h2f73af3616c35465
[INFO] [stdout]                                at /rustc/6067b36314ab5eb2eb47cecc464545ba58e1ad24/library/std/src/panicking.rs:587:40
[INFO] [stdout]   37:     0x64299fbc34fa - std::panicking::try::hd1660ce9efadef5a
[INFO] [stdout]                                at /rustc/6067b36314ab5eb2eb47cecc464545ba58e1ad24/library/std/src/panicking.rs:550:19
[INFO] [stdout]   38:     0x64299fbc34fa - std::panic::catch_unwind::h5ee8d7823b8ca744
[INFO] [stdout]                                at /rustc/6067b36314ab5eb2eb47cecc464545ba58e1ad24/library/std/src/panic.rs:358:14
[INFO] [stdout]   39:     0x64299fbc34fa - std::thread::Builder::spawn_unchecked_::{{closure}}::h53c3a1894dce8407
[INFO] [stdout]                                at /rustc/6067b36314ab5eb2eb47cecc464545ba58e1ad24/library/std/src/thread/mod.rs:557:30
[INFO] [stdout]   40:     0x64299fbc34fa - core::ops::function::FnOnce::call_once{{vtable.shim}}::h048ce291ad4f62bf
[INFO] [stdout]                                at /rustc/6067b36314ab5eb2eb47cecc464545ba58e1ad24/library/core/src/ops/function.rs:250:5
[INFO] [stdout]   41:     0x64299fd47dcb - <alloc::boxed::Box<F,A> as core::ops::function::FnOnce<Args>>::call_once::ha52bedf99a3b4981
[INFO] [stdout]                                at /rustc/6067b36314ab5eb2eb47cecc464545ba58e1ad24/library/alloc/src/boxed.rs:2013:9
[INFO] [stdout]   42:     0x64299fd47dcb - <alloc::boxed::Box<F,A> as core::ops::function::FnOnce<Args>>::call_once::h567748934d80ccf8
[INFO] [stdout]                                at /rustc/6067b36314ab5eb2eb47cecc464545ba58e1ad24/library/alloc/src/boxed.rs:2013:9
[INFO] [stdout]   43:     0x64299fd47dcb - std::sys::pal::unix::thread::Thread::new::thread_start::h2d970728ae887adc
[INFO] [stdout]                                at /rustc/6067b36314ab5eb2eb47cecc464545ba58e1ad24/library/std/src/sys/pal/unix/thread.rs:106:17
[INFO] [stdout]   44:     0x789999428ac3 - <unknown>
[INFO] [stdout]   45:     0x7899994b9a04 - clone
[INFO] [stdout]   46:                0x0 - <unknown>
[INFO] [stdout] 
[INFO] [stdout] 
[INFO] [stdout] failures:
[INFO] [stdout]     internal::parser::functional::tests::parse_program_production
[INFO] [stdout] 
[INFO] [stdout] test result: FAILED. 10 passed; 1 failed; 0 ignored; 0 measured; 0 filtered out; finished in 1.59s
[INFO] [stdout] 
[INFO] running `Command { std: "docker" "inspect" "85ef1f5698151b15fc5d0e09ec92b4c011c484e01a525e70c55ecdaeb7ee6965", kill_on_drop: false }`
[INFO] running `Command { std: "docker" "rm" "-f" "85ef1f5698151b15fc5d0e09ec92b4c011c484e01a525e70c55ecdaeb7ee6965", kill_on_drop: false }`
[INFO] [stdout] 85ef1f5698151b15fc5d0e09ec92b4c011c484e01a525e70c55ecdaeb7ee6965
