[INFO] cloning repository https://github.com/Bit-Loop/IPcow
[INFO] running `Command { std: "git" "-c" "credential.helper=" "-c" "credential.helper=/workspace/cargo-home/bin/git-credential-null" "clone" "--bare" "https://github.com/Bit-Loop/IPcow" "/workspace/cache/git-repos/https%3A%2F%2Fgithub.com%2FBit-Loop%2FIPcow", kill_on_drop: false }`
[INFO] [stderr] Cloning into bare repository '/workspace/cache/git-repos/https%3A%2F%2Fgithub.com%2FBit-Loop%2FIPcow'...
[INFO] running `Command { std: "git" "rev-parse" "HEAD", kill_on_drop: false }`
[INFO] [stdout] c3031408c5241c10fd670012eb6811bae84aefd2
[INFO] testing Bit-Loop/IPcow against nightly-2025-01-18+rustflags=-Zrandomize-layout for randomize-layout-2
[INFO] running `Command { std: "git" "clone" "/workspace/cache/git-repos/https%3A%2F%2Fgithub.com%2FBit-Loop%2FIPcow" "/workspace/builds/worker-0-tc2/source", kill_on_drop: false }`
[INFO] [stderr] Cloning into '/workspace/builds/worker-0-tc2/source'...
[INFO] [stderr] done.
[INFO] validating manifest of git repo https://github.com/Bit-Loop/IPcow on toolchain nightly-2025-01-18
[INFO] running `Command { std: CARGO_HOME="/workspace/cargo-home" RUSTUP_HOME="/workspace/rustup-home" "/workspace/cargo-home/bin/cargo" "+nightly-2025-01-18" "metadata" "--manifest-path" "Cargo.toml" "--no-deps", kill_on_drop: false }`
[INFO] started tweaking git repo https://github.com/Bit-Loop/IPcow
[INFO] finished tweaking git repo https://github.com/Bit-Loop/IPcow
[INFO] tweaked toml for git repo https://github.com/Bit-Loop/IPcow written to /workspace/builds/worker-0-tc2/source/Cargo.toml
[INFO] crate git repo https://github.com/Bit-Loop/IPcow already has a lockfile, it will not be regenerated
[INFO] running `Command { std: CARGO_HOME="/workspace/cargo-home" RUSTUP_HOME="/workspace/rustup-home" "/workspace/cargo-home/bin/cargo" "+nightly-2025-01-18" "fetch" "--manifest-path" "Cargo.toml", kill_on_drop: false }`
[INFO] [stderr]     Updating crates.io index
[INFO] [stderr]      Locking 17 packages to latest compatible versions
[INFO] [stderr]       Adding approx v0.5.1
[INFO] [stderr]       Adding bytemuck v1.21.0
[INFO] [stderr]       Adding cfg_aliases v0.2.1
[INFO] [stderr]       Adding ctrlc v3.4.5
[INFO] [stderr]       Adding matrixmultiply v0.3.9
[INFO] [stderr]       Adding nalgebra v0.33.2
[INFO] [stderr]       Adding nalgebra-macros v0.2.2
[INFO] [stderr]       Adding nix v0.29.0
[INFO] [stderr]       Adding num-bigint v0.4.6
[INFO] [stderr]       Adding num-complex v0.4.6
[INFO] [stderr]       Adding num-integer v0.1.46
[INFO] [stderr]       Adding num-rational v0.4.2
[INFO] [stderr]       Adding paste v1.0.15
[INFO] [stderr]       Adding rawpointer v0.2.1
[INFO] [stderr]       Adding safe_arch v0.7.4
[INFO] [stderr]       Adding simba v0.9.0
[INFO] [stderr]       Adding wide v0.7.32
[INFO] running `Command { std: "docker" "create" "-v" "/var/lib/crater-agent-workspace/builds/worker-0-tc2/target:/opt/rustwide/target:rw,Z" "-v" "/var/lib/crater-agent-workspace/builds/worker-0-tc2/source:/opt/rustwide/workdir:ro,Z" "-v" "/var/lib/crater-agent-workspace/cargo-home:/opt/rustwide/cargo-home:ro,Z" "-v" "/var/lib/crater-agent-workspace/rustup-home:/opt/rustwide/rustup-home:ro,Z" "-e" "SOURCE_DIR=/opt/rustwide/workdir" "-e" "CARGO_TARGET_DIR=/opt/rustwide/target" "-e" "CARGO_HOME=/opt/rustwide/cargo-home" "-e" "RUSTUP_HOME=/opt/rustwide/rustup-home" "-w" "/opt/rustwide/workdir" "-m" "1610612736" "--user" "0:0" "--network" "none" "ghcr.io/rust-lang/crates-build-env/linux@sha256:819108c5571ea2e421544af4d832f968d213c87fbe3707a016657f43d2f853bc" "/opt/rustwide/cargo-home/bin/cargo" "+nightly-2025-01-18" "metadata" "--no-deps" "--format-version=1", kill_on_drop: false }`
[INFO] [stdout] 56da05537aec405f64ae5fcff647b8d9f706f9873fc3674fd5c1c79e91b37465
[INFO] running `Command { std: "docker" "start" "-a" "56da05537aec405f64ae5fcff647b8d9f706f9873fc3674fd5c1c79e91b37465", kill_on_drop: false }`
[INFO] running `Command { std: "docker" "inspect" "56da05537aec405f64ae5fcff647b8d9f706f9873fc3674fd5c1c79e91b37465", kill_on_drop: false }`
[INFO] running `Command { std: "docker" "rm" "-f" "56da05537aec405f64ae5fcff647b8d9f706f9873fc3674fd5c1c79e91b37465", kill_on_drop: false }`
[INFO] [stdout] 56da05537aec405f64ae5fcff647b8d9f706f9873fc3674fd5c1c79e91b37465
[INFO] running `Command { std: "docker" "create" "-v" "/var/lib/crater-agent-workspace/builds/worker-0-tc2/target:/opt/rustwide/target:rw,Z" "-v" "/var/lib/crater-agent-workspace/builds/worker-0-tc2/source:/opt/rustwide/workdir:ro,Z" "-v" "/var/lib/crater-agent-workspace/cargo-home:/opt/rustwide/cargo-home:ro,Z" "-v" "/var/lib/crater-agent-workspace/rustup-home:/opt/rustwide/rustup-home:ro,Z" "-e" "SOURCE_DIR=/opt/rustwide/workdir" "-e" "CARGO_TARGET_DIR=/opt/rustwide/target" "-e" "CARGO_INCREMENTAL=0" "-e" "RUST_BACKTRACE=full" "-e" "RUSTFLAGS=--cap-lints=forbid -Zrandomize-layout" "-e" "RUSTDOCFLAGS=--cap-lints=forbid" "-e" "CARGO_HOME=/opt/rustwide/cargo-home" "-e" "RUSTUP_HOME=/opt/rustwide/rustup-home" "-w" "/opt/rustwide/workdir" "-m" "1610612736" "--user" "0:0" "--network" "none" "ghcr.io/rust-lang/crates-build-env/linux@sha256:819108c5571ea2e421544af4d832f968d213c87fbe3707a016657f43d2f853bc" "/opt/rustwide/cargo-home/bin/cargo" "+nightly-2025-01-18" "build" "--frozen" "--message-format=json", kill_on_drop: false }`
[INFO] [stdout] 26662dc450c85b5ba896b6be169c13f8650458e96157ac2e542309461a053a9e
[INFO] running `Command { std: "docker" "start" "-a" "26662dc450c85b5ba896b6be169c13f8650458e96157ac2e542309461a053a9e", kill_on_drop: false }`
[INFO] [stderr]    Compiling proc-macro2 v1.0.92
[INFO] [stderr]    Compiling unicode-ident v1.0.14
[INFO] [stderr]    Compiling libc v0.2.169
[INFO] [stderr]    Compiling stable_deref_trait v1.2.0
[INFO] [stderr]    Compiling smallvec v1.13.2
[INFO] [stderr]    Compiling bytes v1.9.0
[INFO] [stderr]    Compiling itoa v1.0.14
[INFO] [stderr]    Compiling pin-project-lite v0.2.15
[INFO] [stderr]    Compiling writeable v0.5.5
[INFO] [stderr]    Compiling litemap v0.7.4
[INFO] [stderr]    Compiling futures-core v0.3.31
[INFO] [stderr]    Compiling futures-sink v0.3.31
[INFO] [stderr]    Compiling num-traits v0.2.19
[INFO] [stderr]    Compiling icu_locid_transform_data v1.5.0
[INFO] [stderr]    Compiling icu_properties_data v1.5.0
[INFO] [stderr]    Compiling futures-task v0.3.31
[INFO] [stderr]    Compiling futures-io v0.3.31
[INFO] [stderr]    Compiling utf8_iter v1.0.4
[INFO] [stderr]    Compiling icu_normalizer_data v1.5.0
[INFO] [stderr]    Compiling write16 v1.0.0
[INFO] [stderr]    Compiling httparse v1.9.5
[INFO] [stderr]    Compiling futures-channel v0.3.31
[INFO] [stderr]    Compiling utf16_iter v1.0.5
[INFO] [stderr]    Compiling serde v1.0.217
[INFO] [stderr]    Compiling crossbeam-utils v0.8.21
[INFO] [stderr]    Compiling cpufeatures v0.2.16
[INFO] [stderr]    Compiling thiserror v1.0.69
[INFO] [stderr]    Compiling once_cell v1.20.2
[INFO] [stderr]    Compiling sha1 v0.10.6
[INFO] [stderr]    Compiling unicase v2.8.1
[INFO] [stderr]    Compiling bitflags v2.6.0
[INFO] [stderr]    Compiling cfg_aliases v0.2.1
[INFO] [stderr]    Compiling hashbrown v0.15.2
[INFO] [stderr]    Compiling tracing-core v0.1.33
[INFO] [stderr]    Compiling utf8parse v0.2.2
[INFO] [stderr]    Compiling rayon-core v1.12.1
[INFO] [stderr]    Compiling paste v1.0.15
[INFO] [stderr]    Compiling bytemuck v1.21.0
[INFO] [stderr]    Compiling anstyle-parse v0.2.6
[INFO] [stderr]    Compiling nix v0.29.0
[INFO] [stderr]    Compiling mime_guess v2.0.5
[INFO] [stderr]    Compiling matrixmultiply v0.3.9
[INFO] [stderr]    Compiling http v0.2.12
[INFO] [stderr]    Compiling http v1.2.0
[INFO] [stderr]    Compiling is_terminal_polyfill v1.70.1
[INFO] [stderr]    Compiling anstyle v1.0.10
[INFO] [stderr]    Compiling safe_arch v0.7.4
[INFO] [stderr]    Compiling either v1.13.0
[INFO] [stderr]    Compiling anstyle-query v1.1.2
[INFO] [stderr]    Compiling serde_json v1.0.134
[INFO] [stderr]    Compiling tracing v0.1.41
[INFO] [stderr]    Compiling indexmap v2.7.0
[INFO] [stderr]    Compiling colorchoice v1.0.3
[INFO] [stderr]    Compiling rustix v0.38.42
[INFO] [stderr]    Compiling anstream v0.6.18
[INFO] [stderr]    Compiling num-complex v0.4.6
[INFO] [stderr]    Compiling num-integer v0.1.46
[INFO] [stderr]    Compiling quote v1.0.38
[INFO] [stderr]    Compiling approx v0.5.1
[INFO] [stderr]    Compiling crossbeam-epoch v0.9.18
[INFO] [stderr]    Compiling encoding_rs v0.8.35
[INFO] [stderr]    Compiling strsim v0.11.1
[INFO] [stderr]    Compiling wide v0.7.32
[INFO] [stderr]    Compiling syn v2.0.93
[INFO] [stderr]    Compiling rawpointer v0.2.1
[INFO] [stderr]    Compiling crossbeam-deque v0.8.6
[INFO] [stderr]    Compiling clap_lex v0.7.4
[INFO] [stderr]    Compiling linux-raw-sys v0.4.14
[INFO] [stderr]    Compiling heck v0.5.0
[INFO] [stderr]    Compiling num-rational v0.4.2
[INFO] [stderr]    Compiling iana-time-zone v0.1.61
[INFO] [stderr]    Compiling parking_lot_core v0.9.10
[INFO] [stderr]    Compiling getrandom v0.2.15
[INFO] [stderr]    Compiling signal-hook-registry v1.4.2
[INFO] [stderr]    Compiling socket2 v0.5.8
[INFO] [stderr]    Compiling mio v1.0.3
[INFO] [stderr]    Compiling parking_lot v0.12.3
[INFO] [stderr]    Compiling rand_core v0.6.4
[INFO] [stderr]    Compiling http-body v0.4.6
[INFO] [stderr]    Compiling headers-core v0.2.0
[INFO] [stderr]    Compiling headers v0.3.9
[INFO] [stderr]    Compiling rayon v1.10.0
[INFO] [stderr]    Compiling clap_builder v4.5.23
[INFO] [stderr]    Compiling itertools v0.10.5
[INFO] [stderr]    Compiling simba v0.9.0
[INFO] [stderr]    Compiling terminal_size v0.4.1
[INFO] [stderr]    Compiling ctrlc v3.4.5
[INFO] [stderr]    Compiling sysinfo v0.33.1
[INFO] [stderr]    Compiling synstructure v0.13.1
[INFO] [stderr]    Compiling zerofrom-derive v0.1.5
[INFO] [stderr]    Compiling yoke-derive v0.7.5
[INFO] [stderr]    Compiling zerovec-derive v0.10.3
[INFO] [stderr]    Compiling displaydoc v0.2.5
[INFO] [stderr]    Compiling icu_provider_macros v1.5.0
[INFO] [stderr]    Compiling futures-macro v0.3.31
[INFO] [stderr]    Compiling zerocopy-derive v0.7.35
[INFO] [stderr]    Compiling tokio-macros v2.4.0
[INFO] [stderr]    Compiling serde_derive v1.0.217
[INFO] [stderr]    Compiling thiserror-impl v1.0.69
[INFO] [stderr]    Compiling pin-project-internal v1.1.7
[INFO] [stderr]    Compiling nalgebra-macros v0.2.2
[INFO] [stderr]    Compiling clap_derive v4.5.18
[INFO] [stderr]    Compiling zerocopy v0.7.35
[INFO] [stderr]    Compiling tokio v1.42.0
[INFO] [stderr]    Compiling pin-project v1.1.7
[INFO] [stderr]    Compiling futures-util v0.3.31
[INFO] [stderr]    Compiling zerofrom v0.1.5
[INFO] [stderr]    Compiling yoke v0.7.5
[INFO] [stderr]    Compiling zerovec v0.10.4
[INFO] [stderr]    Compiling ppv-lite86 v0.2.20
[INFO] [stderr]    Compiling rand_chacha v0.3.1
[INFO] [stderr]    Compiling clap v4.5.23
[INFO] [stderr]    Compiling rand v0.8.5
[INFO] [stderr]    Compiling tinystr v0.7.6
[INFO] [stderr]    Compiling icu_collections v1.5.0
[INFO] [stderr]    Compiling icu_locid v1.5.0
[INFO] [stderr]    Compiling nalgebra v0.33.2
[INFO] [stderr]    Compiling icu_provider v1.5.0
[INFO] [stderr]    Compiling icu_locid_transform v1.5.0
[INFO] [stderr]    Compiling futures-executor v0.3.31
[INFO] [stderr]    Compiling multer v2.1.0
[INFO] [stderr]    Compiling futures v0.3.31
[INFO] [stderr]    Compiling icu_properties v1.5.1
[INFO] [stderr]    Compiling serde_urlencoded v0.7.1
[INFO] [stderr]    Compiling chrono v0.4.39
[INFO] [stderr]    Compiling ipnetwork v0.20.0
[INFO] [stderr]    Compiling tokio-util v0.7.13
[INFO] [stderr]    Compiling icu_normalizer v1.5.0
[INFO] [stderr]    Compiling h2 v0.3.26
[INFO] [stderr]    Compiling idna_adapter v1.2.0
[INFO] [stderr]    Compiling idna v1.0.3
[INFO] [stderr]    Compiling url v2.5.4
[INFO] [stderr]    Compiling tungstenite v0.21.0
[INFO] [stderr]    Compiling tokio-tungstenite v0.21.0
[INFO] [stderr]    Compiling hyper v0.14.32
[INFO] [stderr]    Compiling warp v0.3.7
[INFO] [stderr]    Compiling ipcow v0.1.0 (/opt/rustwide/workdir)
[INFO] [stdout] warning: unused import: `std::thread::sleep`
[INFO] [stdout]  --> src/core/ascii_cube.rs:5:5
[INFO] [stdout]   |
[INFO] [stdout] 5 | use std::thread::sleep;
[INFO] [stdout]   |     ^^^^^^^^^^^^^^^^^^
[INFO] [stdout]   |
[INFO] [stdout]   = note: `#[warn(unused_imports)]` on by default
[INFO] [stdout] 
[INFO] [stdout] 
[INFO] [stdout] warning: unused imports: `ArrayStorage` and `Const`
[INFO] [stdout]  --> src/core/ascii_cube.rs:7:63
[INFO] [stdout]   |
[INFO] [stdout] 7 | use nalgebra::{Matrix2, Matrix3, Vector2, Vector3, Rotation3, Const, ArrayStorage};
[INFO] [stdout]   |                                                               ^^^^^  ^^^^^^^^^^^^
[INFO] [stdout] 
[INFO] [stdout] 
[INFO] [stdout] warning: unused import: `NaiveDateTime`
[INFO] [stdout]  --> src/modules/ping.rs:7:31
[INFO] [stdout]   |
[INFO] [stdout] 7 | use chrono::{DateTime, Local, NaiveDateTime};
[INFO] [stdout]   |                               ^^^^^^^^^^^^^
[INFO] [stdout] 
[INFO] [stdout] 
[INFO] [stdout] warning: unused import: `serde_json`
[INFO] [stdout]  --> src/modules/web_server.rs:1:5
[INFO] [stdout]   |
[INFO] [stdout] 1 | use serde_json;
[INFO] [stdout]   |     ^^^^^^^^^^
[INFO] [stdout] 
[INFO] [stdout] 
[INFO] [stdout] warning: unused import: `std::sync::Arc`
[INFO] [stdout]  --> src/modules/web_server.rs:2:5
[INFO] [stdout]   |
[INFO] [stdout] 2 | use std::sync::Arc;
[INFO] [stdout]   |     ^^^^^^^^^^^^^^
[INFO] [stdout] 
[INFO] [stdout] 
[INFO] [stdout] warning: unused import: `std::time::Duration`
[INFO] [stdout]  --> src/modules/web_server.rs:3:5
[INFO] [stdout]   |
[INFO] [stdout] 3 | use std::time::Duration;
[INFO] [stdout]   |     ^^^^^^^^^^^^^^^^^^^
[INFO] [stdout] 
[INFO] [stdout] 
[INFO] [stdout] warning: unused import: `tokio::sync::Mutex`
[INFO] [stdout]  --> src/modules/web_server.rs:4:5
[INFO] [stdout]   |
[INFO] [stdout] 4 | use tokio::sync::Mutex;
[INFO] [stdout]   |     ^^^^^^^^^^^^^^^^^^
[INFO] [stdout] 
[INFO] [stdout] 
[INFO] [stdout] warning: unused import: `tokio::time::sleep`
[INFO] [stdout]  --> src/modules/web_server.rs:5:5
[INFO] [stdout]   |
[INFO] [stdout] 5 | use tokio::time::sleep;
[INFO] [stdout]   |     ^^^^^^^^^^^^^^^^^^
[INFO] [stdout] 
[INFO] [stdout] 
[INFO] [stdout] warning: unused import: `self`
[INFO] [stdout]  --> src/utils/helpers.rs:1:23
[INFO] [stdout]   |
[INFO] [stdout] 1 | use futures::stream::{self, StreamExt};
[INFO] [stdout]   |                       ^^^^
[INFO] [stdout] 
[INFO] [stdout] 
[INFO] [stdout] warning: unused import: `std::net::SocketAddr`
[INFO] [stdout]  --> src/utils/helpers.rs:5:5
[INFO] [stdout]   |
[INFO] [stdout] 5 | use std::net::SocketAddr;
[INFO] [stdout]   |     ^^^^^^^^^^^^^^^^^^^^
[INFO] [stdout] 
[INFO] [stdout] 
[INFO] [stdout] warning: unused import: `tokio::time::sleep`
[INFO] [stdout]   --> src/utils/helpers.rs:15:5
[INFO] [stdout]    |
[INFO] [stdout] 15 | use tokio::time::sleep;
[INFO] [stdout]    |     ^^^^^^^^^^^^^^^^^^
[INFO] [stdout] 
[INFO] [stdout] 
[INFO] [stdout] warning: unnecessary parentheses around block return value
[INFO] [stdout]    --> src/utils/helpers.rs:578:5
[INFO] [stdout]     |
[INFO] [stdout] 578 |     (cpu_score * 0.5 + stability_score * 0.3 + throughput_score * 0.2)
[INFO] [stdout]     |     ^                                                                ^
[INFO] [stdout]     |
[INFO] [stdout]     = note: `#[warn(unused_parens)]` on by default
[INFO] [stdout] help: remove these parentheses
[INFO] [stdout]     |
[INFO] [stdout] 578 -     (cpu_score * 0.5 + stability_score * 0.3 + throughput_score * 0.2)
[INFO] [stdout] 578 +     cpu_score * 0.5 + stability_score * 0.3 + throughput_score * 0.2
[INFO] [stdout]     |
[INFO] [stdout] 
[INFO] [stdout] 
[INFO] [stdout] warning: unused import: `StreamExt`
[INFO] [stdout]  --> src/utils/helpers.rs:1:29
[INFO] [stdout]   |
[INFO] [stdout] 1 | use futures::stream::{self, StreamExt};
[INFO] [stdout]   |                             ^^^^^^^^^
[INFO] [stdout] 
[INFO] [stdout] 
[INFO] [stdout] warning: variable `last_cpu` is assigned to, but never used
[INFO] [stdout]    --> src/utils/helpers.rs:172:13
[INFO] [stdout]     |
[INFO] [stdout] 172 |     let mut last_cpu = 0.0;
[INFO] [stdout]     |             ^^^^^^^^
[INFO] [stdout]     |
[INFO] [stdout]     = note: consider using `_last_cpu` instead
[INFO] [stdout]     = note: `#[warn(unused_variables)]` on by default
[INFO] [stdout] 
[INFO] [stdout] 
[INFO] [stdout] warning: unused variable: `plateau_counter`
[INFO] [stdout]    --> src/utils/helpers.rs:173:13
[INFO] [stdout]     |
[INFO] [stdout] 173 |     let mut plateau_counter = 0;
[INFO] [stdout]     |             ^^^^^^^^^^^^^^^ help: if this is intentional, prefix it with an underscore: `_plateau_counter`
[INFO] [stdout] 
[INFO] [stdout] 
[INFO] [stdout] warning: value assigned to `last_cpu` is never read
[INFO] [stdout]    --> src/utils/helpers.rs:263:9
[INFO] [stdout]     |
[INFO] [stdout] 263 |         last_cpu = result.cpu_usage;
[INFO] [stdout]     |         ^^^^^^^^
[INFO] [stdout]     |
[INFO] [stdout]     = help: maybe it is overwritten before being read?
[INFO] [stdout]     = note: `#[warn(unused_assignments)]` on by default
[INFO] [stdout] 
[INFO] [stdout] 
[INFO] [stdout] warning: value assigned to `next_workers` is never read
[INFO] [stdout]    --> src/utils/helpers.rs:278:9
[INFO] [stdout]     |
[INFO] [stdout] 278 |         next_workers = if result.cpu_usage < target_cpu {
[INFO] [stdout]     |         ^^^^^^^^^^^^
[INFO] [stdout]     |
[INFO] [stdout]     = help: maybe it is overwritten before being read?
[INFO] [stdout] 
[INFO] [stdout] 
[INFO] [stdout] warning: value assigned to `best_score` is never read
[INFO] [stdout]    --> src/utils/helpers.rs:294:13
[INFO] [stdout]     |
[INFO] [stdout] 294 |             best_score = score;
[INFO] [stdout]     |             ^^^^^^^^^^
[INFO] [stdout]     |
[INFO] [stdout]     = help: maybe it is overwritten before being read?
[INFO] [stdout] 
[INFO] [stdout] 
[INFO] [stdout] warning: value assigned to `last_improvement` is never read
[INFO] [stdout]    --> src/utils/helpers.rs:297:13
[INFO] [stdout]     |
[INFO] [stdout] 297 |             last_improvement = Instant::now();
[INFO] [stdout]     |             ^^^^^^^^^^^^^^^^
[INFO] [stdout]     |
[INFO] [stdout]     = help: maybe it is overwritten before being read?
[INFO] [stdout] 
[INFO] [stdout] 
[INFO] [stdout] warning: variable does not need to be mutable
[INFO] [stdout]    --> src/utils/helpers.rs:173:9
[INFO] [stdout]     |
[INFO] [stdout] 173 |     let mut plateau_counter = 0;
[INFO] [stdout]     |         ----^^^^^^^^^^^^^^^
[INFO] [stdout]     |         |
[INFO] [stdout]     |         help: remove this `mut`
[INFO] [stdout]     |
[INFO] [stdout]     = note: `#[warn(unused_mut)]` on by default
[INFO] [stdout] 
[INFO] [stdout] 
[INFO] [stdout] warning: unused variable: `threads`
[INFO] [stdout]    --> src/utils/helpers.rs:370:17
[INFO] [stdout]     |
[INFO] [stdout] 370 |             let threads = Arc::clone(&thread_counter);
[INFO] [stdout]     |                 ^^^^^^^ help: if this is intentional, prefix it with an underscore: `_threads`
[INFO] [stdout] 
[INFO] [stdout] 
[INFO] [stdout] warning: multiple fields are never read
[INFO] [stdout]   --> src/core/ascii_cube.rs:34:5
[INFO] [stdout]    |
[INFO] [stdout] 26 | pub struct AsciiCube {
[INFO] [stdout]    |            --------- fields in this struct
[INFO] [stdout] ...
[INFO] [stdout] 34 |     lambda: f32,  // New parameter for exponential scaling
[INFO] [stdout]    |     ^^^^^^
[INFO] [stdout] 35 |     time: f32,    // Time accumulator for smooth animation
[INFO] [stdout]    |     ^^^^
[INFO] [stdout] 36 |     transformation_matrix: [[f32; 3]; 3], // Added transformation matrix
[INFO] [stdout]    |     ^^^^^^^^^^^^^^^^^^^^^
[INFO] [stdout] ...
[INFO] [stdout] 42 |     eigenvectors: Vec<Vector3<f32>>,
[INFO] [stdout]    |     ^^^^^^^^^^^^
[INFO] [stdout] 43 |     eigenvalues: Vec<f32>,
[INFO] [stdout] 44 |     time_step: f32,
[INFO] [stdout]    |     ^^^^^^^^^
[INFO] [stdout] ...
[INFO] [stdout] 47 |     show_eigenvectors: bool,
[INFO] [stdout]    |     ^^^^^^^^^^^^^^^^^
[INFO] [stdout] 48 |     show_phase_space: bool,
[INFO] [stdout]    |     ^^^^^^^^^^^^^^^^
[INFO] [stdout] 49 |     show_details: bool, // New parameter to toggle details
[INFO] [stdout]    |     ^^^^^^^^^^^^
[INFO] [stdout] ...
[INFO] [stdout] 53 |     scale_direction: f32,
[INFO] [stdout]    |     ^^^^^^^^^^^^^^^
[INFO] [stdout]    |
[INFO] [stdout]    = note: `#[warn(dead_code)]` on by default
[INFO] [stdout] 
[INFO] [stdout] 
[INFO] [stdout] warning: multiple associated items are never used
[INFO] [stdout]    --> src/core/ascii_cube.rs:79:11
[INFO] [stdout]     |
[INFO] [stdout] 61  | impl AsciiCube {
[INFO] [stdout]     | -------------- associated items in this implementation
[INFO] [stdout] ...
[INFO] [stdout] 79  |     const MIN_SCALE: f32 = 0.2;
[INFO] [stdout]     |           ^^^^^^^^^
[INFO] [stdout] 80  |     const MAX_SCALE: f32 = 2.0;
[INFO] [stdout]     |           ^^^^^^^^^
[INFO] [stdout] 81  |     const SCALE_RATE: f32 = 0.01;
[INFO] [stdout]     |           ^^^^^^^^^^
[INFO] [stdout] ...
[INFO] [stdout] 84  |     const EIGENVALUE_SCALE: f32 = 0.1;
[INFO] [stdout]     |           ^^^^^^^^^^^^^^^^
[INFO] [stdout] 85  |     const ROTATION_DAMPING: f32 = 0.95;
[INFO] [stdout]     |           ^^^^^^^^^^^^^^^^
[INFO] [stdout] 86  |     const SCALE_BOUNDS: (f32, f32) = (0.3, 1.8);
[INFO] [stdout]     |           ^^^^^^^^^^^^
[INFO] [stdout] ...
[INFO] [stdout] 89  |     const SIZE_UPDATE_THRESHOLD: f32 = 0.05;
[INFO] [stdout]     |           ^^^^^^^^^^^^^^^^^^^^^
[INFO] [stdout] 90  |
[INFO] [stdout] 91  |     fn get_color(&self, point: [f32; 3], eigenvalue: f32) -> &'static str {
[INFO] [stdout]     |        ^^^^^^^^^
[INFO] [stdout] ...
[INFO] [stdout] 244 |     fn calculate_eigenvalue_transformation(&mut self) {
[INFO] [stdout]     |        ^^^^^^^^^^^^^^^^^^^^^^^^^^^^^^^^^^^
[INFO] [stdout] ...
[INFO] [stdout] 258 |     fn apply_transformation(&self, point: [f32; 3]) -> [f32; 3] {
[INFO] [stdout]     |        ^^^^^^^^^^^^^^^^^^^^
[INFO] [stdout] ...
[INFO] [stdout] 275 |     fn rotate_point(&self, point: [f32; 3]) -> [f32; 3] {
[INFO] [stdout]     |        ^^^^^^^^^^^^
[INFO] [stdout] ...
[INFO] [stdout] 352 |     fn calculate_transformation_matrix(&mut self) {
[INFO] [stdout]     |        ^^^^^^^^^^^^^^^^^^^^^^^^^^^^^^^
[INFO] [stdout] ...
[INFO] [stdout] 406 |     fn calculate_energy(&self) -> f32 {
[INFO] [stdout]     |        ^^^^^^^^^^^^^^^^
[INFO] [stdout] 
[INFO] [stdout] 
[INFO] [stdout] warning: constant `PING_TIMEOUT` is never used
[INFO] [stdout]   --> src/modules/ping.rs:12:7
[INFO] [stdout]    |
[INFO] [stdout] 12 | const PING_TIMEOUT: Duration = Duration::from_millis(500);
[INFO] [stdout]    |       ^^^^^^^^^^^^
[INFO] [stdout] 
[INFO] [stdout] 
[INFO] [stdout] warning: fields `memory_usage`, `io_throughput`, and `latency` are never read
[INFO] [stdout]   --> src/utils/helpers.rs:20:5
[INFO] [stdout]    |
[INFO] [stdout] 18 | struct BenchmarkResult {
[INFO] [stdout]    |        --------------- fields in this struct
[INFO] [stdout] 19 |     cpu_usage: f32,
[INFO] [stdout] 20 |     memory_usage: f64,
[INFO] [stdout]    |     ^^^^^^^^^^^^
[INFO] [stdout] 21 |     io_throughput: f64,
[INFO] [stdout]    |     ^^^^^^^^^^^^^
[INFO] [stdout] 22 |     latency: Duration,
[INFO] [stdout]    |     ^^^^^^^
[INFO] [stdout]    |
[INFO] [stdout]    = note: `BenchmarkResult` has a derived impl for the trait `Debug`, but this is intentionally ignored during dead code analysis
[INFO] [stdout] 
[INFO] [stdout] 
[INFO] [stdout] warning: field `timestamp` is never read
[INFO] [stdout]   --> src/utils/helpers.rs:44:5
[INFO] [stdout]    |
[INFO] [stdout] 43 | struct CpuSample {
[INFO] [stdout]    |        --------- field in this struct
[INFO] [stdout] 44 |     timestamp: Instant,
[INFO] [stdout]    |     ^^^^^^^^^
[INFO] [stdout]    |
[INFO] [stdout]    = note: `CpuSample` has a derived impl for the trait `Debug`, but this is intentionally ignored during dead code analysis
[INFO] [stdout] 
[INFO] [stdout] 
[INFO] [stdout] warning: struct `CpuMeasurement` is never constructed
[INFO] [stdout]   --> src/utils/helpers.rs:83:8
[INFO] [stdout]    |
[INFO] [stdout] 83 | struct CpuMeasurement {
[INFO] [stdout]    |        ^^^^^^^^^^^^^^
[INFO] [stdout] 
[INFO] [stdout] 
[INFO] [stdout] warning: function `calculate_memory_factor` is never used
[INFO] [stdout]    --> src/utils/helpers.rs:127:4
[INFO] [stdout]     |
[INFO] [stdout] 127 | fn calculate_memory_factor(sys: &System) -> f64 {
[INFO] [stdout]     |    ^^^^^^^^^^^^^^^^^^^^^^^
[INFO] [stdout] 
[INFO] [stdout] 
[INFO] [stdout] warning: function `calculate_cpu_factor` is never used
[INFO] [stdout]    --> src/utils/helpers.rs:135:4
[INFO] [stdout]     |
[INFO] [stdout] 135 | fn calculate_cpu_factor(sys: &System) -> f64 {
[INFO] [stdout]     |    ^^^^^^^^^^^^^^^^^^^^
[INFO] [stdout] 
[INFO] [stdout] 
[INFO] [stdout] warning: function `calculate_load_factor` is never used
[INFO] [stdout]    --> src/utils/helpers.rs:147:4
[INFO] [stdout]     |
[INFO] [stdout] 147 | fn calculate_load_factor(cpu_available: f64, memory_available: f64) -> f64 {
[INFO] [stdout]     |    ^^^^^^^^^^^^^^^^^^^^^
[INFO] [stdout] 
[INFO] [stdout] 
[INFO] [stdout] warning: function `calculate_max_safe_threads` is never used
[INFO] [stdout]    --> src/utils/helpers.rs:154:4
[INFO] [stdout]     |
[INFO] [stdout] 154 | fn calculate_max_safe_threads(sys: &System) -> usize {
[INFO] [stdout]     |    ^^^^^^^^^^^^^^^^^^^^^^^^^^
[INFO] [stdout] 
[INFO] [stdout] 
[INFO] [stdout] warning: function `calculate_cpu_usage` is never used
[INFO] [stdout]    --> src/utils/helpers.rs:495:4
[INFO] [stdout]     |
[INFO] [stdout] 495 | fn calculate_cpu_usage(measurements: &[CpuMeasurement]) -> f32 {
[INFO] [stdout]     |    ^^^^^^^^^^^^^^^^^^^
[INFO] [stdout] 
[INFO] [stdout] 
[INFO] [stdout] warning: function `spawn_realistic_worker_thread` is never used
[INFO] [stdout]    --> src/utils/helpers.rs:591:4
[INFO] [stdout]     |
[INFO] [stdout] 591 | fn spawn_realistic_worker_thread(
[INFO] [stdout]     |    ^^^^^^^^^^^^^^^^^^^^^^^^^^^^^
[INFO] [stdout] 
[INFO] [stdout] 
[INFO] [stdout] warning: function `analyze_mock_service` is never used
[INFO] [stdout]    --> src/utils/helpers.rs:719:4
[INFO] [stdout]     |
[INFO] [stdout] 719 | fn analyze_mock_service(data: &[u8]) -> String {
[INFO] [stdout]     |    ^^^^^^^^^^^^^^^^^^^^
[INFO] [stdout] 
[INFO] [stdout] 
[INFO] [stdout] warning: function `create_cpu_tracker` is never used
[INFO] [stdout]    --> src/utils/helpers.rs:728:4
[INFO] [stdout]     |
[INFO] [stdout] 728 | fn create_cpu_tracker(measurements: &[CpuMeasurement]) -> CpuTracker {
[INFO] [stdout]     |    ^^^^^^^^^^^^^^^^^^
[INFO] [stdout] 
[INFO] [stdout] 
[INFO] [stdout] warning: unused imports: `error::ErrorRegistry` and `modules::ping`
[INFO] [stdout]   --> src/main.rs:34:12
[INFO] [stdout]    |
[INFO] [stdout] 34 |     core::{error::ErrorRegistry, sockparse::addr_input, ascii_cube::{display_rotating_cube}},
[INFO] [stdout]    |            ^^^^^^^^^^^^^^^^^^^^
[INFO] [stdout] ...
[INFO] [stdout] 37 |     modules::ping,  // Add ping module
[INFO] [stdout]    |     ^^^^^^^^^^^^^
[INFO] [stdout]    |
[INFO] [stdout]    = note: `#[warn(unused_imports)]` on by default
[INFO] [stdout] 
[INFO] [stdout] 
[INFO] [stdout] warning: unused import: `std::net::IpAddr`
[INFO] [stdout]   --> src/main.rs:41:5
[INFO] [stdout]    |
[INFO] [stdout] 41 | use std::net::IpAddr;
[INFO] [stdout]    |     ^^^^^^^^^^^^^^^^
[INFO] [stdout] 
[INFO] [stdout] 
[INFO] [stderr]     Finished `dev` profile [unoptimized + debuginfo] target(s) in 1m 07s
[INFO] running `Command { std: "docker" "inspect" "26662dc450c85b5ba896b6be169c13f8650458e96157ac2e542309461a053a9e", kill_on_drop: false }`
[INFO] running `Command { std: "docker" "rm" "-f" "26662dc450c85b5ba896b6be169c13f8650458e96157ac2e542309461a053a9e", kill_on_drop: false }`
[INFO] [stdout] 26662dc450c85b5ba896b6be169c13f8650458e96157ac2e542309461a053a9e
[INFO] running `Command { std: "docker" "create" "-v" "/var/lib/crater-agent-workspace/builds/worker-0-tc2/target:/opt/rustwide/target:rw,Z" "-v" "/var/lib/crater-agent-workspace/builds/worker-0-tc2/source:/opt/rustwide/workdir:ro,Z" "-v" "/var/lib/crater-agent-workspace/cargo-home:/opt/rustwide/cargo-home:ro,Z" "-v" "/var/lib/crater-agent-workspace/rustup-home:/opt/rustwide/rustup-home:ro,Z" "-e" "SOURCE_DIR=/opt/rustwide/workdir" "-e" "CARGO_TARGET_DIR=/opt/rustwide/target" "-e" "CARGO_INCREMENTAL=0" "-e" "RUST_BACKTRACE=full" "-e" "RUSTFLAGS=--cap-lints=forbid -Zrandomize-layout" "-e" "RUSTDOCFLAGS=--cap-lints=forbid" "-e" "CARGO_HOME=/opt/rustwide/cargo-home" "-e" "RUSTUP_HOME=/opt/rustwide/rustup-home" "-w" "/opt/rustwide/workdir" "-m" "1610612736" "--user" "0:0" "--network" "none" "ghcr.io/rust-lang/crates-build-env/linux@sha256:819108c5571ea2e421544af4d832f968d213c87fbe3707a016657f43d2f853bc" "/opt/rustwide/cargo-home/bin/cargo" "+nightly-2025-01-18" "test" "--frozen" "--no-run" "--message-format=json", kill_on_drop: false }`
[INFO] [stdout] c8602f29459e54786be3d22baf414d23d2cb7e83cb63511eeafd97251e2466c1
[INFO] running `Command { std: "docker" "start" "-a" "c8602f29459e54786be3d22baf414d23d2cb7e83cb63511eeafd97251e2466c1", kill_on_drop: false }`
[INFO] [stderr]    Compiling futures-io v0.3.31
[INFO] [stderr]    Compiling value-bag v1.10.0
[INFO] [stderr]    Compiling num-traits v0.2.19
[INFO] [stderr]    Compiling serde v1.0.217
[INFO] [stderr]    Compiling concurrent-queue v2.5.0
[INFO] [stderr]    Compiling parking v2.2.1
[INFO] [stderr]    Compiling tokio v1.42.0
[INFO] [stderr]    Compiling rustix v0.38.42
[INFO] [stderr]    Compiling linux-raw-sys v0.4.14
[INFO] [stderr]    Compiling fastrand v2.3.0
[INFO] [stderr]    Compiling atomic-waker v1.1.2
[INFO] [stderr]    Compiling async-task v4.7.1
[INFO] [stderr]    Compiling syn v1.0.109
[INFO] [stderr]    Compiling half v2.4.1
[INFO] [stderr]    Compiling regex-syntax v0.8.5
[INFO] [stderr]    Compiling ciborium-io v0.2.2
[INFO] [stderr]    Compiling plotters-backend v0.3.7
[INFO] [stderr]    Compiling futures-util v0.3.31
[INFO] [stderr]    Compiling async-stream-impl v0.3.6
[INFO] [stderr]    Compiling event-listener v5.3.1
[INFO] [stderr]    Compiling futures-lite v2.5.0
[INFO] [stderr]    Compiling piper v0.2.4
[INFO] [stderr]    Compiling cast v0.3.0
[INFO] [stderr]    Compiling log v0.4.22
[INFO] [stderr]    Compiling ciborium-ll v0.2.2
[INFO] [stderr]    Compiling event-listener v2.5.3
[INFO] [stderr]    Compiling same-file v1.0.6
[INFO] [stderr]    Compiling tracing v0.1.41
[INFO] [stderr]    Compiling event-listener-strategy v0.5.3
[INFO] [stderr]    Compiling tungstenite v0.21.0
[INFO] [stderr]    Compiling plotters-svg v0.3.7
[INFO] [stderr]    Compiling walkdir v2.5.0
[INFO] [stderr]    Compiling async-channel v1.9.0
[INFO] [stderr]    Compiling kv-log-macro v1.0.7
[INFO] [stderr]    Compiling async-stream v0.3.6
[INFO] [stderr]    Compiling async-lock v3.4.0
[INFO] [stderr]    Compiling async-channel v2.3.1
[INFO] [stderr]    Compiling criterion-plot v0.5.0
[INFO] [stderr]    Compiling is-terminal v0.4.13
[INFO] [stderr]    Compiling anes v0.1.6
[INFO] [stderr]    Compiling oorandom v11.1.4
[INFO] [stderr]    Compiling num-integer v0.1.46
[INFO] [stderr]    Compiling num-complex v0.4.6
[INFO] [stderr]    Compiling approx v0.5.1
[INFO] [stderr]    Compiling plotters v0.3.7
[INFO] [stderr]    Compiling async-executor v1.13.1
[INFO] [stderr]    Compiling blocking v1.6.1
[INFO] [stderr]    Compiling num-rational v0.4.2
[INFO] [stderr]    Compiling regex-automata v0.4.9
[INFO] [stderr]    Compiling simba v0.9.0
[INFO] [stderr]    Compiling futures-executor v0.3.31
[INFO] [stderr]    Compiling multer v2.1.0
[INFO] [stderr]    Compiling futures v0.3.31
[INFO] [stderr]    Compiling serde_json v1.0.134
[INFO] [stderr]    Compiling serde_urlencoded v0.7.1
[INFO] [stderr]    Compiling chrono v0.4.39
[INFO] [stderr]    Compiling ipnetwork v0.20.0
[INFO] [stderr]    Compiling ciborium v0.2.2
[INFO] [stderr]    Compiling regex v1.11.1
[INFO] [stderr]    Compiling async-attributes v1.1.2
[INFO] [stderr]    Compiling tinytemplate v1.2.1
[INFO] [stderr]    Compiling tokio-util v0.7.13
[INFO] [stderr]    Compiling tokio-tungstenite v0.21.0
[INFO] [stderr]    Compiling tokio-stream v0.1.17
[INFO] [stderr]    Compiling criterion v0.5.1
[INFO] [stderr]    Compiling h2 v0.3.26
[INFO] [stderr]    Compiling tokio-test v0.4.4
[INFO] [stderr]    Compiling polling v3.7.4
[INFO] [stderr]    Compiling terminal_size v0.4.1
[INFO] [stderr]    Compiling async-io v2.4.0
[INFO] [stderr]    Compiling async-global-executor v2.4.1
[INFO] [stderr]    Compiling async-std v1.13.0
[INFO] [stderr]    Compiling nalgebra v0.33.2
[INFO] [stderr]    Compiling hyper v0.14.32
[INFO] [stderr]    Compiling warp v0.3.7
[INFO] [stderr]    Compiling ipcow v0.1.0 (/opt/rustwide/workdir)
[INFO] [stdout] warning: unused import: `std::thread::sleep`
[INFO] [stdout]  --> src/core/ascii_cube.rs:5:5
[INFO] [stdout]   |
[INFO] [stdout] 5 | use std::thread::sleep;
[INFO] [stdout]   |     ^^^^^^^^^^^^^^^^^^
[INFO] [stdout]   |
[INFO] [stdout]   = note: `#[warn(unused_imports)]` on by default
[INFO] [stdout] 
[INFO] [stdout] 
[INFO] [stdout] warning: unused imports: `ArrayStorage` and `Const`
[INFO] [stdout]  --> src/core/ascii_cube.rs:7:63
[INFO] [stdout]   |
[INFO] [stdout] 7 | use nalgebra::{Matrix2, Matrix3, Vector2, Vector3, Rotation3, Const, ArrayStorage};
[INFO] [stdout]   |                                                               ^^^^^  ^^^^^^^^^^^^
[INFO] [stdout] 
[INFO] [stdout] 
[INFO] [stdout] warning: unused import: `NaiveDateTime`
[INFO] [stdout]  --> src/modules/ping.rs:7:31
[INFO] [stdout]   |
[INFO] [stdout] 7 | use chrono::{DateTime, Local, NaiveDateTime};
[INFO] [stdout]   |                               ^^^^^^^^^^^^^
[INFO] [stdout] 
[INFO] [stdout] 
[INFO] [stdout] warning: unused import: `serde_json`
[INFO] [stdout]  --> src/modules/web_server.rs:1:5
[INFO] [stdout]   |
[INFO] [stdout] 1 | use serde_json;
[INFO] [stdout]   |     ^^^^^^^^^^
[INFO] [stdout] 
[INFO] [stdout] 
[INFO] [stdout] warning: unused import: `std::sync::Arc`
[INFO] [stdout]  --> src/modules/web_server.rs:2:5
[INFO] [stdout]   |
[INFO] [stdout] 2 | use std::sync::Arc;
[INFO] [stdout]   |     ^^^^^^^^^^^^^^
[INFO] [stdout] 
[INFO] [stdout] 
[INFO] [stdout] warning: unused import: `std::time::Duration`
[INFO] [stdout]  --> src/modules/web_server.rs:3:5
[INFO] [stdout]   |
[INFO] [stdout] 3 | use std::time::Duration;
[INFO] [stdout]   |     ^^^^^^^^^^^^^^^^^^^
[INFO] [stdout] 
[INFO] [stdout] 
[INFO] [stdout] warning: unused import: `tokio::sync::Mutex`
[INFO] [stdout]  --> src/modules/web_server.rs:4:5
[INFO] [stdout]   |
[INFO] [stdout] 4 | use tokio::sync::Mutex;
[INFO] [stdout]   |     ^^^^^^^^^^^^^^^^^^
[INFO] [stdout] 
[INFO] [stdout] 
[INFO] [stdout] warning: unused import: `tokio::time::sleep`
[INFO] [stdout]  --> src/modules/web_server.rs:5:5
[INFO] [stdout]   |
[INFO] [stdout] 5 | use tokio::time::sleep;
[INFO] [stdout]   |     ^^^^^^^^^^^^^^^^^^
[INFO] [stdout] 
[INFO] [stdout] 
[INFO] [stdout] warning: unused import: `self`
[INFO] [stdout]  --> src/utils/helpers.rs:1:23
[INFO] [stdout]   |
[INFO] [stdout] 1 | use futures::stream::{self, StreamExt};
[INFO] [stdout]   |                       ^^^^
[INFO] [stdout] 
[INFO] [stdout] 
[INFO] [stdout] warning: unused import: `std::net::SocketAddr`
[INFO] [stdout]  --> src/utils/helpers.rs:5:5
[INFO] [stdout]   |
[INFO] [stdout] 5 | use std::net::SocketAddr;
[INFO] [stdout]   |     ^^^^^^^^^^^^^^^^^^^^
[INFO] [stdout] 
[INFO] [stdout] 
[INFO] [stdout] warning: unused import: `tokio::time::sleep`
[INFO] [stdout]   --> src/utils/helpers.rs:15:5
[INFO] [stdout]    |
[INFO] [stdout] 15 | use tokio::time::sleep;
[INFO] [stdout]    |     ^^^^^^^^^^^^^^^^^^
[INFO] [stdout] 
[INFO] [stdout] 
[INFO] [stdout] warning: unnecessary parentheses around block return value
[INFO] [stdout]    --> src/utils/helpers.rs:578:5
[INFO] [stdout]     |
[INFO] [stdout] 578 |     (cpu_score * 0.5 + stability_score * 0.3 + throughput_score * 0.2)
[INFO] [stdout]     |     ^                                                                ^
[INFO] [stdout]     |
[INFO] [stdout]     = note: `#[warn(unused_parens)]` on by default
[INFO] [stdout] help: remove these parentheses
[INFO] [stdout]     |
[INFO] [stdout] 578 -     (cpu_score * 0.5 + stability_score * 0.3 + throughput_score * 0.2)
[INFO] [stdout] 578 +     cpu_score * 0.5 + stability_score * 0.3 + throughput_score * 0.2
[INFO] [stdout]     |
[INFO] [stdout] 
[INFO] [stdout] 
[INFO] [stdout] warning: unused import: `StreamExt`
[INFO] [stdout]  --> src/utils/helpers.rs:1:29
[INFO] [stdout]   |
[INFO] [stdout] 1 | use futures::stream::{self, StreamExt};
[INFO] [stdout]   |                             ^^^^^^^^^
[INFO] [stdout] 
[INFO] [stdout] 
[INFO] [stdout] warning: variable `last_cpu` is assigned to, but never used
[INFO] [stdout]    --> src/utils/helpers.rs:172:13
[INFO] [stdout]     |
[INFO] [stdout] 172 |     let mut last_cpu = 0.0;
[INFO] [stdout]     |             ^^^^^^^^
[INFO] [stdout]     |
[INFO] [stdout]     = note: consider using `_last_cpu` instead
[INFO] [stdout]     = note: `#[warn(unused_variables)]` on by default
[INFO] [stdout] 
[INFO] [stdout] 
[INFO] [stdout] warning: unused variable: `plateau_counter`
[INFO] [stdout]    --> src/utils/helpers.rs:173:13
[INFO] [stdout]     |
[INFO] [stdout] 173 |     let mut plateau_counter = 0;
[INFO] [stdout]     |             ^^^^^^^^^^^^^^^ help: if this is intentional, prefix it with an underscore: `_plateau_counter`
[INFO] [stdout] 
[INFO] [stdout] 
[INFO] [stdout] warning: value assigned to `last_cpu` is never read
[INFO] [stdout]    --> src/utils/helpers.rs:263:9
[INFO] [stdout]     |
[INFO] [stdout] 263 |         last_cpu = result.cpu_usage;
[INFO] [stdout]     |         ^^^^^^^^
[INFO] [stdout]     |
[INFO] [stdout]     = help: maybe it is overwritten before being read?
[INFO] [stdout]     = note: `#[warn(unused_assignments)]` on by default
[INFO] [stdout] 
[INFO] [stdout] 
[INFO] [stdout] warning: value assigned to `next_workers` is never read
[INFO] [stdout]    --> src/utils/helpers.rs:278:9
[INFO] [stdout]     |
[INFO] [stdout] 278 |         next_workers = if result.cpu_usage < target_cpu {
[INFO] [stdout]     |         ^^^^^^^^^^^^
[INFO] [stdout]     |
[INFO] [stdout]     = help: maybe it is overwritten before being read?
[INFO] [stdout] 
[INFO] [stdout] 
[INFO] [stdout] warning: value assigned to `best_score` is never read
[INFO] [stdout]    --> src/utils/helpers.rs:294:13
[INFO] [stdout]     |
[INFO] [stdout] 294 |             best_score = score;
[INFO] [stdout]     |             ^^^^^^^^^^
[INFO] [stdout]     |
[INFO] [stdout]     = help: maybe it is overwritten before being read?
[INFO] [stdout] 
[INFO] [stdout] 
[INFO] [stdout] warning: value assigned to `last_improvement` is never read
[INFO] [stdout]    --> src/utils/helpers.rs:297:13
[INFO] [stdout]     |
[INFO] [stdout] 297 |             last_improvement = Instant::now();
[INFO] [stdout]     |             ^^^^^^^^^^^^^^^^
[INFO] [stdout]     |
[INFO] [stdout]     = help: maybe it is overwritten before being read?
[INFO] [stdout] 
[INFO] [stdout] 
[INFO] [stdout] warning: variable does not need to be mutable
[INFO] [stdout]    --> src/utils/helpers.rs:173:9
[INFO] [stdout]     |
[INFO] [stdout] 173 |     let mut plateau_counter = 0;
[INFO] [stdout]     |         ----^^^^^^^^^^^^^^^
[INFO] [stdout]     |         |
[INFO] [stdout]     |         help: remove this `mut`
[INFO] [stdout]     |
[INFO] [stdout]     = note: `#[warn(unused_mut)]` on by default
[INFO] [stdout] 
[INFO] [stdout] 
[INFO] [stdout] warning: unused variable: `threads`
[INFO] [stdout]    --> src/utils/helpers.rs:370:17
[INFO] [stdout]     |
[INFO] [stdout] 370 |             let threads = Arc::clone(&thread_counter);
[INFO] [stdout]     |                 ^^^^^^^ help: if this is intentional, prefix it with an underscore: `_threads`
[INFO] [stdout] 
[INFO] [stdout] 
[INFO] [stdout] warning: multiple fields are never read
[INFO] [stdout]   --> src/core/ascii_cube.rs:34:5
[INFO] [stdout]    |
[INFO] [stdout] 26 | pub struct AsciiCube {
[INFO] [stdout]    |            --------- fields in this struct
[INFO] [stdout] ...
[INFO] [stdout] 34 |     lambda: f32,  // New parameter for exponential scaling
[INFO] [stdout]    |     ^^^^^^
[INFO] [stdout] 35 |     time: f32,    // Time accumulator for smooth animation
[INFO] [stdout]    |     ^^^^
[INFO] [stdout] 36 |     transformation_matrix: [[f32; 3]; 3], // Added transformation matrix
[INFO] [stdout]    |     ^^^^^^^^^^^^^^^^^^^^^
[INFO] [stdout] ...
[INFO] [stdout] 42 |     eigenvectors: Vec<Vector3<f32>>,
[INFO] [stdout]    |     ^^^^^^^^^^^^
[INFO] [stdout] 43 |     eigenvalues: Vec<f32>,
[INFO] [stdout] 44 |     time_step: f32,
[INFO] [stdout]    |     ^^^^^^^^^
[INFO] [stdout] ...
[INFO] [stdout] 47 |     show_eigenvectors: bool,
[INFO] [stdout]    |     ^^^^^^^^^^^^^^^^^
[INFO] [stdout] 48 |     show_phase_space: bool,
[INFO] [stdout]    |     ^^^^^^^^^^^^^^^^
[INFO] [stdout] 49 |     show_details: bool, // New parameter to toggle details
[INFO] [stdout]    |     ^^^^^^^^^^^^
[INFO] [stdout] ...
[INFO] [stdout] 53 |     scale_direction: f32,
[INFO] [stdout]    |     ^^^^^^^^^^^^^^^
[INFO] [stdout]    |
[INFO] [stdout]    = note: `#[warn(dead_code)]` on by default
[INFO] [stdout] 
[INFO] [stdout] 
[INFO] [stdout] warning: multiple associated items are never used
[INFO] [stdout]    --> src/core/ascii_cube.rs:79:11
[INFO] [stdout]     |
[INFO] [stdout] 61  | impl AsciiCube {
[INFO] [stdout]     | -------------- associated items in this implementation
[INFO] [stdout] ...
[INFO] [stdout] 79  |     const MIN_SCALE: f32 = 0.2;
[INFO] [stdout]     |           ^^^^^^^^^
[INFO] [stdout] 80  |     const MAX_SCALE: f32 = 2.0;
[INFO] [stdout]     |           ^^^^^^^^^
[INFO] [stdout] 81  |     const SCALE_RATE: f32 = 0.01;
[INFO] [stdout]     |           ^^^^^^^^^^
[INFO] [stdout] ...
[INFO] [stdout] 84  |     const EIGENVALUE_SCALE: f32 = 0.1;
[INFO] [stdout]     |           ^^^^^^^^^^^^^^^^
[INFO] [stdout] 85  |     const ROTATION_DAMPING: f32 = 0.95;
[INFO] [stdout]     |           ^^^^^^^^^^^^^^^^
[INFO] [stdout] 86  |     const SCALE_BOUNDS: (f32, f32) = (0.3, 1.8);
[INFO] [stdout]     |           ^^^^^^^^^^^^
[INFO] [stdout] ...
[INFO] [stdout] 89  |     const SIZE_UPDATE_THRESHOLD: f32 = 0.05;
[INFO] [stdout]     |           ^^^^^^^^^^^^^^^^^^^^^
[INFO] [stdout] 90  |
[INFO] [stdout] 91  |     fn get_color(&self, point: [f32; 3], eigenvalue: f32) -> &'static str {
[INFO] [stdout]     |        ^^^^^^^^^
[INFO] [stdout] ...
[INFO] [stdout] 244 |     fn calculate_eigenvalue_transformation(&mut self) {
[INFO] [stdout]     |        ^^^^^^^^^^^^^^^^^^^^^^^^^^^^^^^^^^^
[INFO] [stdout] ...
[INFO] [stdout] 258 |     fn apply_transformation(&self, point: [f32; 3]) -> [f32; 3] {
[INFO] [stdout]     |        ^^^^^^^^^^^^^^^^^^^^
[INFO] [stdout] ...
[INFO] [stdout] 275 |     fn rotate_point(&self, point: [f32; 3]) -> [f32; 3] {
[INFO] [stdout]     |        ^^^^^^^^^^^^
[INFO] [stdout] ...
[INFO] [stdout] 352 |     fn calculate_transformation_matrix(&mut self) {
[INFO] [stdout]     |        ^^^^^^^^^^^^^^^^^^^^^^^^^^^^^^^
[INFO] [stdout] ...
[INFO] [stdout] 406 |     fn calculate_energy(&self) -> f32 {
[INFO] [stdout]     |        ^^^^^^^^^^^^^^^^
[INFO] [stdout] 
[INFO] [stdout] 
[INFO] [stdout] warning: constant `PING_TIMEOUT` is never used
[INFO] [stdout]   --> src/modules/ping.rs:12:7
[INFO] [stdout]    |
[INFO] [stdout] 12 | const PING_TIMEOUT: Duration = Duration::from_millis(500);
[INFO] [stdout]    |       ^^^^^^^^^^^^
[INFO] [stdout] 
[INFO] [stdout] 
[INFO] [stdout] warning: fields `memory_usage`, `io_throughput`, and `latency` are never read
[INFO] [stdout]   --> src/utils/helpers.rs:20:5
[INFO] [stdout]    |
[INFO] [stdout] 18 | struct BenchmarkResult {
[INFO] [stdout]    |        --------------- fields in this struct
[INFO] [stdout] 19 |     cpu_usage: f32,
[INFO] [stdout] 20 |     memory_usage: f64,
[INFO] [stdout]    |     ^^^^^^^^^^^^
[INFO] [stdout] 21 |     io_throughput: f64,
[INFO] [stdout]    |     ^^^^^^^^^^^^^
[INFO] [stdout] 22 |     latency: Duration,
[INFO] [stdout]    |     ^^^^^^^
[INFO] [stdout]    |
[INFO] [stdout]    = note: `BenchmarkResult` has a derived impl for the trait `Debug`, but this is intentionally ignored during dead code analysis
[INFO] [stdout] 
[INFO] [stdout] 
[INFO] [stdout] warning: field `timestamp` is never read
[INFO] [stdout]   --> src/utils/helpers.rs:44:5
[INFO] [stdout]    |
[INFO] [stdout] 43 | struct CpuSample {
[INFO] [stdout]    |        --------- field in this struct
[INFO] [stdout] 44 |     timestamp: Instant,
[INFO] [stdout]    |     ^^^^^^^^^
[INFO] [stdout]    |
[INFO] [stdout]    = note: `CpuSample` has a derived impl for the trait `Debug`, but this is intentionally ignored during dead code analysis
[INFO] [stdout] 
[INFO] [stdout] 
[INFO] [stdout] warning: struct `CpuMeasurement` is never constructed
[INFO] [stdout]   --> src/utils/helpers.rs:83:8
[INFO] [stdout]    |
[INFO] [stdout] 83 | struct CpuMeasurement {
[INFO] [stdout]    |        ^^^^^^^^^^^^^^
[INFO] [stdout] 
[INFO] [stdout] 
[INFO] [stdout] warning: function `calculate_memory_factor` is never used
[INFO] [stdout]    --> src/utils/helpers.rs:127:4
[INFO] [stdout]     |
[INFO] [stdout] 127 | fn calculate_memory_factor(sys: &System) -> f64 {
[INFO] [stdout]     |    ^^^^^^^^^^^^^^^^^^^^^^^
[INFO] [stdout] 
[INFO] [stdout] 
[INFO] [stdout] warning: function `calculate_cpu_factor` is never used
[INFO] [stdout]    --> src/utils/helpers.rs:135:4
[INFO] [stdout]     |
[INFO] [stdout] 135 | fn calculate_cpu_factor(sys: &System) -> f64 {
[INFO] [stdout]     |    ^^^^^^^^^^^^^^^^^^^^
[INFO] [stdout] 
[INFO] [stdout] 
[INFO] [stdout] warning: function `calculate_load_factor` is never used
[INFO] [stdout]    --> src/utils/helpers.rs:147:4
[INFO] [stdout]     |
[INFO] [stdout] 147 | fn calculate_load_factor(cpu_available: f64, memory_available: f64) -> f64 {
[INFO] [stdout]     |    ^^^^^^^^^^^^^^^^^^^^^
[INFO] [stdout] 
[INFO] [stdout] 
[INFO] [stdout] warning: function `calculate_max_safe_threads` is never used
[INFO] [stdout]    --> src/utils/helpers.rs:154:4
[INFO] [stdout]     |
[INFO] [stdout] 154 | fn calculate_max_safe_threads(sys: &System) -> usize {
[INFO] [stdout]     |    ^^^^^^^^^^^^^^^^^^^^^^^^^^
[INFO] [stdout] 
[INFO] [stdout] 
[INFO] [stdout] warning: function `calculate_cpu_usage` is never used
[INFO] [stdout]    --> src/utils/helpers.rs:495:4
[INFO] [stdout]     |
[INFO] [stdout] 495 | fn calculate_cpu_usage(measurements: &[CpuMeasurement]) -> f32 {
[INFO] [stdout]     |    ^^^^^^^^^^^^^^^^^^^
[INFO] [stdout] 
[INFO] [stdout] 
[INFO] [stdout] warning: function `spawn_realistic_worker_thread` is never used
[INFO] [stdout]    --> src/utils/helpers.rs:591:4
[INFO] [stdout]     |
[INFO] [stdout] 591 | fn spawn_realistic_worker_thread(
[INFO] [stdout]     |    ^^^^^^^^^^^^^^^^^^^^^^^^^^^^^
[INFO] [stdout] 
[INFO] [stdout] 
[INFO] [stdout] warning: function `analyze_mock_service` is never used
[INFO] [stdout]    --> src/utils/helpers.rs:719:4
[INFO] [stdout]     |
[INFO] [stdout] 719 | fn analyze_mock_service(data: &[u8]) -> String {
[INFO] [stdout]     |    ^^^^^^^^^^^^^^^^^^^^
[INFO] [stdout] 
[INFO] [stdout] 
[INFO] [stdout] warning: function `create_cpu_tracker` is never used
[INFO] [stdout]    --> src/utils/helpers.rs:728:4
[INFO] [stdout]     |
[INFO] [stdout] 728 | fn create_cpu_tracker(measurements: &[CpuMeasurement]) -> CpuTracker {
[INFO] [stdout]     |    ^^^^^^^^^^^^^^^^^^
[INFO] [stdout] 
[INFO] [stdout] 
[INFO] [stdout] warning: unused import: `std::thread::sleep`
[INFO] [stdout]  --> src/core/ascii_cube.rs:5:5
[INFO] [stdout]   |
[INFO] [stdout] 5 | use std::thread::sleep;
[INFO] [stdout]   |     ^^^^^^^^^^^^^^^^^^
[INFO] [stdout]   |
[INFO] [stdout]   = note: `#[warn(unused_imports)]` on by default
[INFO] [stdout] 
[INFO] [stdout] 
[INFO] [stdout] warning: unused imports: `ArrayStorage` and `Const`
[INFO] [stdout]  --> src/core/ascii_cube.rs:7:63
[INFO] [stdout]   |
[INFO] [stdout] 7 | use nalgebra::{Matrix2, Matrix3, Vector2, Vector3, Rotation3, Const, ArrayStorage};
[INFO] [stdout]   |                                                               ^^^^^  ^^^^^^^^^^^^
[INFO] [stdout] 
[INFO] [stdout] 
[INFO] [stdout] warning: unused import: `NaiveDateTime`
[INFO] [stdout]  --> src/modules/ping.rs:7:31
[INFO] [stdout]   |
[INFO] [stdout] 7 | use chrono::{DateTime, Local, NaiveDateTime};
[INFO] [stdout]   |                               ^^^^^^^^^^^^^
[INFO] [stdout] 
[INFO] [stdout] 
[INFO] [stdout] warning: unused import: `serde_json`
[INFO] [stdout]  --> src/modules/web_server.rs:1:5
[INFO] [stdout]   |
[INFO] [stdout] 1 | use serde_json;
[INFO] [stdout]   |     ^^^^^^^^^^
[INFO] [stdout] 
[INFO] [stdout] 
[INFO] [stdout] warning: unused import: `std::sync::Arc`
[INFO] [stdout]  --> src/modules/web_server.rs:2:5
[INFO] [stdout]   |
[INFO] [stdout] 2 | use std::sync::Arc;
[INFO] [stdout]   |     ^^^^^^^^^^^^^^
[INFO] [stdout] 
[INFO] [stdout] 
[INFO] [stdout] warning: unused import: `std::time::Duration`
[INFO] [stdout]  --> src/modules/web_server.rs:3:5
[INFO] [stdout]   |
[INFO] [stdout] 3 | use std::time::Duration;
[INFO] [stdout]   |     ^^^^^^^^^^^^^^^^^^^
[INFO] [stdout] 
[INFO] [stdout] 
[INFO] [stdout] warning: unused import: `tokio::sync::Mutex`
[INFO] [stdout]  --> src/modules/web_server.rs:4:5
[INFO] [stdout]   |
[INFO] [stdout] 4 | use tokio::sync::Mutex;
[INFO] [stdout]   |     ^^^^^^^^^^^^^^^^^^
[INFO] [stdout] 
[INFO] [stdout] 
[INFO] [stdout] warning: unused import: `tokio::time::sleep`
[INFO] [stdout]  --> src/modules/web_server.rs:5:5
[INFO] [stdout]   |
[INFO] [stdout] 5 | use tokio::time::sleep;
[INFO] [stdout]   |     ^^^^^^^^^^^^^^^^^^
[INFO] [stdout] 
[INFO] [stdout] 
[INFO] [stdout] warning: unused import: `self`
[INFO] [stdout]  --> src/utils/helpers.rs:1:23
[INFO] [stdout]   |
[INFO] [stdout] 1 | use futures::stream::{self, StreamExt};
[INFO] [stdout]   |                       ^^^^
[INFO] [stdout] 
[INFO] [stdout] 
[INFO] [stdout] warning: unused import: `std::net::SocketAddr`
[INFO] [stdout]  --> src/utils/helpers.rs:5:5
[INFO] [stdout]   |
[INFO] [stdout] 5 | use std::net::SocketAddr;
[INFO] [stdout]   |     ^^^^^^^^^^^^^^^^^^^^
[INFO] [stdout] 
[INFO] [stdout] 
[INFO] [stdout] warning: unused import: `tokio::time::sleep`
[INFO] [stdout]   --> src/utils/helpers.rs:15:5
[INFO] [stdout]    |
[INFO] [stdout] 15 | use tokio::time::sleep;
[INFO] [stdout]    |     ^^^^^^^^^^^^^^^^^^
[INFO] [stdout] 
[INFO] [stdout] 
[INFO] [stdout] warning: unnecessary parentheses around block return value
[INFO] [stdout]    --> src/utils/helpers.rs:578:5
[INFO] [stdout]     |
[INFO] [stdout] 578 |     (cpu_score * 0.5 + stability_score * 0.3 + throughput_score * 0.2)
[INFO] [stdout]     |     ^                                                                ^
[INFO] [stdout]     |
[INFO] [stdout]     = note: `#[warn(unused_parens)]` on by default
[INFO] [stdout] help: remove these parentheses
[INFO] [stdout]     |
[INFO] [stdout] 578 -     (cpu_score * 0.5 + stability_score * 0.3 + throughput_score * 0.2)
[INFO] [stdout] 578 +     cpu_score * 0.5 + stability_score * 0.3 + throughput_score * 0.2
[INFO] [stdout]     |
[INFO] [stdout] 
[INFO] [stdout] 
[INFO] [stdout] warning: unused import: `StreamExt`
[INFO] [stdout]  --> src/utils/helpers.rs:1:29
[INFO] [stdout]   |
[INFO] [stdout] 1 | use futures::stream::{self, StreamExt};
[INFO] [stdout]   |                             ^^^^^^^^^
[INFO] [stdout] 
[INFO] [stdout] 
[INFO] [stdout] warning: variable `last_cpu` is assigned to, but never used
[INFO] [stdout]    --> src/utils/helpers.rs:172:13
[INFO] [stdout]     |
[INFO] [stdout] 172 |     let mut last_cpu = 0.0;
[INFO] [stdout]     |             ^^^^^^^^
[INFO] [stdout]     |
[INFO] [stdout]     = note: consider using `_last_cpu` instead
[INFO] [stdout]     = note: `#[warn(unused_variables)]` on by default
[INFO] [stdout] 
[INFO] [stdout] 
[INFO] [stdout] warning: unused variable: `plateau_counter`
[INFO] [stdout]    --> src/utils/helpers.rs:173:13
[INFO] [stdout]     |
[INFO] [stdout] 173 |     let mut plateau_counter = 0;
[INFO] [stdout]     |             ^^^^^^^^^^^^^^^ help: if this is intentional, prefix it with an underscore: `_plateau_counter`
[INFO] [stdout] 
[INFO] [stdout] 
[INFO] [stdout] warning: value assigned to `last_cpu` is never read
[INFO] [stdout]    --> src/utils/helpers.rs:263:9
[INFO] [stdout]     |
[INFO] [stdout] 263 |         last_cpu = result.cpu_usage;
[INFO] [stdout]     |         ^^^^^^^^
[INFO] [stdout]     |
[INFO] [stdout]     = help: maybe it is overwritten before being read?
[INFO] [stdout]     = note: `#[warn(unused_assignments)]` on by default
[INFO] [stdout] 
[INFO] [stdout] 
[INFO] [stdout] warning: value assigned to `next_workers` is never read
[INFO] [stdout]    --> src/utils/helpers.rs:278:9
[INFO] [stdout]     |
[INFO] [stdout] 278 |         next_workers = if result.cpu_usage < target_cpu {
[INFO] [stdout]     |         ^^^^^^^^^^^^
[INFO] [stdout]     |
[INFO] [stdout]     = help: maybe it is overwritten before being read?
[INFO] [stdout] 
[INFO] [stdout] 
[INFO] [stdout] warning: value assigned to `best_score` is never read
[INFO] [stdout]    --> src/utils/helpers.rs:294:13
[INFO] [stdout]     |
[INFO] [stdout] 294 |             best_score = score;
[INFO] [stdout]     |             ^^^^^^^^^^
[INFO] [stdout]     |
[INFO] [stdout]     = help: maybe it is overwritten before being read?
[INFO] [stdout] 
[INFO] [stdout] 
[INFO] [stdout] warning: value assigned to `last_improvement` is never read
[INFO] [stdout]    --> src/utils/helpers.rs:297:13
[INFO] [stdout]     |
[INFO] [stdout] 297 |             last_improvement = Instant::now();
[INFO] [stdout]     |             ^^^^^^^^^^^^^^^^
[INFO] [stdout]     |
[INFO] [stdout]     = help: maybe it is overwritten before being read?
[INFO] [stdout] 
[INFO] [stdout] 
[INFO] [stdout] warning: variable does not need to be mutable
[INFO] [stdout]    --> src/utils/helpers.rs:173:9
[INFO] [stdout]     |
[INFO] [stdout] 173 |     let mut plateau_counter = 0;
[INFO] [stdout]     |         ----^^^^^^^^^^^^^^^
[INFO] [stdout]     |         |
[INFO] [stdout]     |         help: remove this `mut`
[INFO] [stdout]     |
[INFO] [stdout]     = note: `#[warn(unused_mut)]` on by default
[INFO] [stdout] 
[INFO] [stdout] 
[INFO] [stdout] warning: unused variable: `threads`
[INFO] [stdout]    --> src/utils/helpers.rs:370:17
[INFO] [stdout]     |
[INFO] [stdout] 370 |             let threads = Arc::clone(&thread_counter);
[INFO] [stdout]     |                 ^^^^^^^ help: if this is intentional, prefix it with an underscore: `_threads`
[INFO] [stdout] 
[INFO] [stdout] 
[INFO] [stdout] warning: multiple fields are never read
[INFO] [stdout]   --> src/core/ascii_cube.rs:34:5
[INFO] [stdout]    |
[INFO] [stdout] 26 | pub struct AsciiCube {
[INFO] [stdout]    |            --------- fields in this struct
[INFO] [stdout] ...
[INFO] [stdout] 34 |     lambda: f32,  // New parameter for exponential scaling
[INFO] [stdout]    |     ^^^^^^
[INFO] [stdout] 35 |     time: f32,    // Time accumulator for smooth animation
[INFO] [stdout]    |     ^^^^
[INFO] [stdout] 36 |     transformation_matrix: [[f32; 3]; 3], // Added transformation matrix
[INFO] [stdout]    |     ^^^^^^^^^^^^^^^^^^^^^
[INFO] [stdout] ...
[INFO] [stdout] 42 |     eigenvectors: Vec<Vector3<f32>>,
[INFO] [stdout]    |     ^^^^^^^^^^^^
[INFO] [stdout] 43 |     eigenvalues: Vec<f32>,
[INFO] [stdout] 44 |     time_step: f32,
[INFO] [stdout]    |     ^^^^^^^^^
[INFO] [stdout] ...
[INFO] [stdout] 47 |     show_eigenvectors: bool,
[INFO] [stdout]    |     ^^^^^^^^^^^^^^^^^
[INFO] [stdout] 48 |     show_phase_space: bool,
[INFO] [stdout]    |     ^^^^^^^^^^^^^^^^
[INFO] [stdout] 49 |     show_details: bool, // New parameter to toggle details
[INFO] [stdout]    |     ^^^^^^^^^^^^
[INFO] [stdout] ...
[INFO] [stdout] 53 |     scale_direction: f32,
[INFO] [stdout]    |     ^^^^^^^^^^^^^^^
[INFO] [stdout]    |
[INFO] [stdout]    = note: `#[warn(dead_code)]` on by default
[INFO] [stdout] 
[INFO] [stdout] 
[INFO] [stdout] warning: multiple associated items are never used
[INFO] [stdout]    --> src/core/ascii_cube.rs:79:11
[INFO] [stdout]     |
[INFO] [stdout] 61  | impl AsciiCube {
[INFO] [stdout]     | -------------- associated items in this implementation
[INFO] [stdout] ...
[INFO] [stdout] 79  |     const MIN_SCALE: f32 = 0.2;
[INFO] [stdout]     |           ^^^^^^^^^
[INFO] [stdout] 80  |     const MAX_SCALE: f32 = 2.0;
[INFO] [stdout]     |           ^^^^^^^^^
[INFO] [stdout] 81  |     const SCALE_RATE: f32 = 0.01;
[INFO] [stdout]     |           ^^^^^^^^^^
[INFO] [stdout] ...
[INFO] [stdout] 84  |     const EIGENVALUE_SCALE: f32 = 0.1;
[INFO] [stdout]     |           ^^^^^^^^^^^^^^^^
[INFO] [stdout] 85  |     const ROTATION_DAMPING: f32 = 0.95;
[INFO] [stdout]     |           ^^^^^^^^^^^^^^^^
[INFO] [stdout] 86  |     const SCALE_BOUNDS: (f32, f32) = (0.3, 1.8);
[INFO] [stdout]     |           ^^^^^^^^^^^^
[INFO] [stdout] ...
[INFO] [stdout] 89  |     const SIZE_UPDATE_THRESHOLD: f32 = 0.05;
[INFO] [stdout]     |           ^^^^^^^^^^^^^^^^^^^^^
[INFO] [stdout] 90  |
[INFO] [stdout] 91  |     fn get_color(&self, point: [f32; 3], eigenvalue: f32) -> &'static str {
[INFO] [stdout]     |        ^^^^^^^^^
[INFO] [stdout] ...
[INFO] [stdout] 244 |     fn calculate_eigenvalue_transformation(&mut self) {
[INFO] [stdout]     |        ^^^^^^^^^^^^^^^^^^^^^^^^^^^^^^^^^^^
[INFO] [stdout] ...
[INFO] [stdout] 258 |     fn apply_transformation(&self, point: [f32; 3]) -> [f32; 3] {
[INFO] [stdout]     |        ^^^^^^^^^^^^^^^^^^^^
[INFO] [stdout] ...
[INFO] [stdout] 275 |     fn rotate_point(&self, point: [f32; 3]) -> [f32; 3] {
[INFO] [stdout]     |        ^^^^^^^^^^^^
[INFO] [stdout] ...
[INFO] [stdout] 352 |     fn calculate_transformation_matrix(&mut self) {
[INFO] [stdout]     |        ^^^^^^^^^^^^^^^^^^^^^^^^^^^^^^^
[INFO] [stdout] ...
[INFO] [stdout] 406 |     fn calculate_energy(&self) -> f32 {
[INFO] [stdout]     |        ^^^^^^^^^^^^^^^^
[INFO] [stdout] 
[INFO] [stdout] 
[INFO] [stdout] warning: constant `PING_TIMEOUT` is never used
[INFO] [stdout]   --> src/modules/ping.rs:12:7
[INFO] [stdout]    |
[INFO] [stdout] 12 | const PING_TIMEOUT: Duration = Duration::from_millis(500);
[INFO] [stdout]    |       ^^^^^^^^^^^^
[INFO] [stdout] 
[INFO] [stdout] 
[INFO] [stdout] warning: fields `memory_usage`, `io_throughput`, and `latency` are never read
[INFO] [stdout]   --> src/utils/helpers.rs:20:5
[INFO] [stdout]    |
[INFO] [stdout] 18 | struct BenchmarkResult {
[INFO] [stdout]    |        --------------- fields in this struct
[INFO] [stdout] 19 |     cpu_usage: f32,
[INFO] [stdout] 20 |     memory_usage: f64,
[INFO] [stdout]    |     ^^^^^^^^^^^^
[INFO] [stdout] 21 |     io_throughput: f64,
[INFO] [stdout]    |     ^^^^^^^^^^^^^
[INFO] [stdout] 22 |     latency: Duration,
[INFO] [stdout]    |     ^^^^^^^
[INFO] [stdout]    |
[INFO] [stdout]    = note: `BenchmarkResult` has a derived impl for the trait `Debug`, but this is intentionally ignored during dead code analysis
[INFO] [stdout] 
[INFO] [stdout] 
[INFO] [stdout] warning: field `timestamp` is never read
[INFO] [stdout]   --> src/utils/helpers.rs:44:5
[INFO] [stdout]    |
[INFO] [stdout] 43 | struct CpuSample {
[INFO] [stdout]    |        --------- field in this struct
[INFO] [stdout] 44 |     timestamp: Instant,
[INFO] [stdout]    |     ^^^^^^^^^
[INFO] [stdout]    |
[INFO] [stdout]    = note: `CpuSample` has a derived impl for the trait `Debug`, but this is intentionally ignored during dead code analysis
[INFO] [stdout] 
[INFO] [stdout] 
[INFO] [stdout] warning: struct `CpuMeasurement` is never constructed
[INFO] [stdout]   --> src/utils/helpers.rs:83:8
[INFO] [stdout]    |
[INFO] [stdout] 83 | struct CpuMeasurement {
[INFO] [stdout]    |        ^^^^^^^^^^^^^^
[INFO] [stdout] 
[INFO] [stdout] 
[INFO] [stdout] warning: function `calculate_memory_factor` is never used
[INFO] [stdout]    --> src/utils/helpers.rs:127:4
[INFO] [stdout]     |
[INFO] [stdout] 127 | fn calculate_memory_factor(sys: &System) -> f64 {
[INFO] [stdout]     |    ^^^^^^^^^^^^^^^^^^^^^^^
[INFO] [stdout] 
[INFO] [stdout] 
[INFO] [stdout] warning: function `calculate_cpu_factor` is never used
[INFO] [stdout]    --> src/utils/helpers.rs:135:4
[INFO] [stdout]     |
[INFO] [stdout] 135 | fn calculate_cpu_factor(sys: &System) -> f64 {
[INFO] [stdout]     |    ^^^^^^^^^^^^^^^^^^^^
[INFO] [stdout] 
[INFO] [stdout] 
[INFO] [stdout] warning: function `calculate_load_factor` is never used
[INFO] [stdout]    --> src/utils/helpers.rs:147:4
[INFO] [stdout]     |
[INFO] [stdout] 147 | fn calculate_load_factor(cpu_available: f64, memory_available: f64) -> f64 {
[INFO] [stdout]     |    ^^^^^^^^^^^^^^^^^^^^^
[INFO] [stdout] 
[INFO] [stdout] 
[INFO] [stdout] warning: function `calculate_max_safe_threads` is never used
[INFO] [stdout]    --> src/utils/helpers.rs:154:4
[INFO] [stdout]     |
[INFO] [stdout] 154 | fn calculate_max_safe_threads(sys: &System) -> usize {
[INFO] [stdout]     |    ^^^^^^^^^^^^^^^^^^^^^^^^^^
[INFO] [stdout] 
[INFO] [stdout] 
[INFO] [stdout] warning: function `calculate_cpu_usage` is never used
[INFO] [stdout]    --> src/utils/helpers.rs:495:4
[INFO] [stdout]     |
[INFO] [stdout] 495 | fn calculate_cpu_usage(measurements: &[CpuMeasurement]) -> f32 {
[INFO] [stdout]     |    ^^^^^^^^^^^^^^^^^^^
[INFO] [stdout] 
[INFO] [stdout] 
[INFO] [stdout] warning: function `spawn_realistic_worker_thread` is never used
[INFO] [stdout]    --> src/utils/helpers.rs:591:4
[INFO] [stdout]     |
[INFO] [stdout] 591 | fn spawn_realistic_worker_thread(
[INFO] [stdout]     |    ^^^^^^^^^^^^^^^^^^^^^^^^^^^^^
[INFO] [stdout] 
[INFO] [stdout] 
[INFO] [stdout] warning: function `analyze_mock_service` is never used
[INFO] [stdout]    --> src/utils/helpers.rs:719:4
[INFO] [stdout]     |
[INFO] [stdout] 719 | fn analyze_mock_service(data: &[u8]) -> String {
[INFO] [stdout]     |    ^^^^^^^^^^^^^^^^^^^^
[INFO] [stdout] 
[INFO] [stdout] 
[INFO] [stdout] warning: function `create_cpu_tracker` is never used
[INFO] [stdout]    --> src/utils/helpers.rs:728:4
[INFO] [stdout]     |
[INFO] [stdout] 728 | fn create_cpu_tracker(measurements: &[CpuMeasurement]) -> CpuTracker {
[INFO] [stdout]     |    ^^^^^^^^^^^^^^^^^^
[INFO] [stdout] 
[INFO] [stdout] 
[INFO] [stdout] warning: unused imports: `error::ErrorRegistry` and `modules::ping`
[INFO] [stdout]   --> src/main.rs:34:12
[INFO] [stdout]    |
[INFO] [stdout] 34 |     core::{error::ErrorRegistry, sockparse::addr_input, ascii_cube::{display_rotating_cube}},
[INFO] [stdout]    |            ^^^^^^^^^^^^^^^^^^^^
[INFO] [stdout] ...
[INFO] [stdout] 37 |     modules::ping,  // Add ping module
[INFO] [stdout]    |     ^^^^^^^^^^^^^
[INFO] [stdout]    |
[INFO] [stdout]    = note: `#[warn(unused_imports)]` on by default
[INFO] [stdout] 
[INFO] [stdout] 
[INFO] [stdout] warning: unused import: `std::net::IpAddr`
[INFO] [stdout]   --> src/main.rs:41:5
[INFO] [stdout]    |
[INFO] [stdout] 41 | use std::net::IpAddr;
[INFO] [stdout]    |     ^^^^^^^^^^^^^^^^
[INFO] [stdout] 
[INFO] [stdout] 
[INFO] [stdout] warning: unused imports: `error::ErrorRegistry` and `modules::ping`
[INFO] [stdout]   --> src/main.rs:34:12
[INFO] [stdout]    |
[INFO] [stdout] 34 |     core::{error::ErrorRegistry, sockparse::addr_input, ascii_cube::{display_rotating_cube}},
[INFO] [stdout]    |            ^^^^^^^^^^^^^^^^^^^^
[INFO] [stdout] ...
[INFO] [stdout] 37 |     modules::ping,  // Add ping module
[INFO] [stdout]    |     ^^^^^^^^^^^^^
[INFO] [stdout]    |
[INFO] [stdout]    = note: `#[warn(unused_imports)]` on by default
[INFO] [stdout] 
[INFO] [stdout] 
[INFO] [stdout] warning: unused import: `std::net::IpAddr`
[INFO] [stdout]   --> src/main.rs:41:5
[INFO] [stdout]    |
[INFO] [stdout] 41 | use std::net::IpAddr;
[INFO] [stdout]    |     ^^^^^^^^^^^^^^^^
[INFO] [stdout] 
[INFO] [stdout] 
[INFO] [stderr]     Finished `test` profile [unoptimized + debuginfo] target(s) in 58.64s
[INFO] running `Command { std: "docker" "inspect" "c8602f29459e54786be3d22baf414d23d2cb7e83cb63511eeafd97251e2466c1", kill_on_drop: false }`
[INFO] running `Command { std: "docker" "rm" "-f" "c8602f29459e54786be3d22baf414d23d2cb7e83cb63511eeafd97251e2466c1", kill_on_drop: false }`
[INFO] [stdout] c8602f29459e54786be3d22baf414d23d2cb7e83cb63511eeafd97251e2466c1
[INFO] running `Command { std: "docker" "create" "-v" "/var/lib/crater-agent-workspace/builds/worker-0-tc2/target:/opt/rustwide/target:rw,Z" "-v" "/var/lib/crater-agent-workspace/builds/worker-0-tc2/source:/opt/rustwide/workdir:ro,Z" "-v" "/var/lib/crater-agent-workspace/cargo-home:/opt/rustwide/cargo-home:ro,Z" "-v" "/var/lib/crater-agent-workspace/rustup-home:/opt/rustwide/rustup-home:ro,Z" "-e" "SOURCE_DIR=/opt/rustwide/workdir" "-e" "CARGO_TARGET_DIR=/opt/rustwide/target" "-e" "CARGO_INCREMENTAL=0" "-e" "RUST_BACKTRACE=full" "-e" "RUSTFLAGS=--cap-lints=forbid -Zrandomize-layout" "-e" "RUSTDOCFLAGS=--cap-lints=forbid" "-e" "CARGO_HOME=/opt/rustwide/cargo-home" "-e" "RUSTUP_HOME=/opt/rustwide/rustup-home" "-w" "/opt/rustwide/workdir" "-m" "1610612736" "--user" "0:0" "--network" "none" "ghcr.io/rust-lang/crates-build-env/linux@sha256:819108c5571ea2e421544af4d832f968d213c87fbe3707a016657f43d2f853bc" "/opt/rustwide/cargo-home/bin/cargo" "+nightly-2025-01-18" "test" "--frozen", kill_on_drop: false }`
[INFO] [stdout] aae6216bdf053af9c6ec1ff7b3ad64bb44fd314afca9cfd774a2d12e8e71122a
[INFO] running `Command { std: "docker" "start" "-a" "aae6216bdf053af9c6ec1ff7b3ad64bb44fd314afca9cfd774a2d12e8e71122a", kill_on_drop: false }`
[INFO] [stderr] warning: unused import: `std::thread::sleep`
[INFO] [stderr]  --> src/core/ascii_cube.rs:5:5
[INFO] [stderr]   |
[INFO] [stderr] 5 | use std::thread::sleep;
[INFO] [stderr]   |     ^^^^^^^^^^^^^^^^^^
[INFO] [stderr]   |
[INFO] [stderr]   = note: `#[warn(unused_imports)]` on by default
[INFO] [stderr] 
[INFO] [stderr] warning: unused imports: `ArrayStorage` and `Const`
[INFO] [stderr]  --> src/core/ascii_cube.rs:7:63
[INFO] [stderr]   |
[INFO] [stderr] 7 | use nalgebra::{Matrix2, Matrix3, Vector2, Vector3, Rotation3, Const, ArrayStorage};
[INFO] [stderr]   |                                                               ^^^^^  ^^^^^^^^^^^^
[INFO] [stderr] 
[INFO] [stderr] warning: unused import: `NaiveDateTime`
[INFO] [stderr]  --> src/modules/ping.rs:7:31
[INFO] [stderr]   |
[INFO] [stderr] 7 | use chrono::{DateTime, Local, NaiveDateTime};
[INFO] [stderr]   |                               ^^^^^^^^^^^^^
[INFO] [stderr] 
[INFO] [stderr] warning: unused import: `serde_json`
[INFO] [stderr]  --> src/modules/web_server.rs:1:5
[INFO] [stderr]   |
[INFO] [stderr] 1 | use serde_json;
[INFO] [stderr]   |     ^^^^^^^^^^
[INFO] [stderr] 
[INFO] [stderr] warning: unused import: `std::sync::Arc`
[INFO] [stderr]  --> src/modules/web_server.rs:2:5
[INFO] [stderr]   |
[INFO] [stderr] 2 | use std::sync::Arc;
[INFO] [stderr]   |     ^^^^^^^^^^^^^^
[INFO] [stderr] 
[INFO] [stderr] warning: unused import: `std::time::Duration`
[INFO] [stderr]  --> src/modules/web_server.rs:3:5
[INFO] [stderr]   |
[INFO] [stderr] 3 | use std::time::Duration;
[INFO] [stderr]   |     ^^^^^^^^^^^^^^^^^^^
[INFO] [stderr] 
[INFO] [stderr] warning: unused import: `tokio::sync::Mutex`
[INFO] [stderr]  --> src/modules/web_server.rs:4:5
[INFO] [stderr]   |
[INFO] [stderr] 4 | use tokio::sync::Mutex;
[INFO] [stderr]   |     ^^^^^^^^^^^^^^^^^^
[INFO] [stderr] 
[INFO] [stderr] warning: unused import: `tokio::time::sleep`
[INFO] [stderr]  --> src/modules/web_server.rs:5:5
[INFO] [stderr]   |
[INFO] [stderr] 5 | use tokio::time::sleep;
[INFO] [stderr]   |     ^^^^^^^^^^^^^^^^^^
[INFO] [stderr] 
[INFO] [stderr] warning: unused import: `self`
[INFO] [stderr]  --> src/utils/helpers.rs:1:23
[INFO] [stderr]   |
[INFO] [stderr] 1 | use futures::stream::{self, StreamExt};
[INFO] [stderr]   |                       ^^^^
[INFO] [stderr] 
[INFO] [stderr] warning: unused import: `std::net::SocketAddr`
[INFO] [stderr]  --> src/utils/helpers.rs:5:5
[INFO] [stderr]   |
[INFO] [stderr] 5 | use std::net::SocketAddr;
[INFO] [stderr]   |     ^^^^^^^^^^^^^^^^^^^^
[INFO] [stderr] 
[INFO] [stderr] warning: unused import: `tokio::time::sleep`
[INFO] [stderr]   --> src/utils/helpers.rs:15:5
[INFO] [stderr]    |
[INFO] [stderr] 15 | use tokio::time::sleep;
[INFO] [stderr]    |     ^^^^^^^^^^^^^^^^^^
[INFO] [stderr] 
[INFO] [stderr] warning: unnecessary parentheses around block return value
[INFO] [stderr]    --> src/utils/helpers.rs:578:5
[INFO] [stderr]     |
[INFO] [stderr] 578 |     (cpu_score * 0.5 + stability_score * 0.3 + throughput_score * 0.2)
[INFO] [stderr]     |     ^                                                                ^
[INFO] [stderr]     |
[INFO] [stderr]     = note: `#[warn(unused_parens)]` on by default
[INFO] [stderr] help: remove these parentheses
[INFO] [stderr]     |
[INFO] [stderr] 578 -     (cpu_score * 0.5 + stability_score * 0.3 + throughput_score * 0.2)
[INFO] [stderr] 578 +     cpu_score * 0.5 + stability_score * 0.3 + throughput_score * 0.2
[INFO] [stderr]     |
[INFO] [stderr] 
[INFO] [stderr] warning: unused import: `StreamExt`
[INFO] [stderr]  --> src/utils/helpers.rs:1:29
[INFO] [stderr]   |
[INFO] [stderr] 1 | use futures::stream::{self, StreamExt};
[INFO] [stderr]   |                             ^^^^^^^^^
[INFO] [stderr] 
[INFO] [stderr] warning: variable `last_cpu` is assigned to, but never used
[INFO] [stderr]    --> src/utils/helpers.rs:172:13
[INFO] [stderr]     |
[INFO] [stderr] 172 |     let mut last_cpu = 0.0;
[INFO] [stderr]     |             ^^^^^^^^
[INFO] [stderr]     |
[INFO] [stderr]     = note: consider using `_last_cpu` instead
[INFO] [stderr]     = note: `#[warn(unused_variables)]` on by default
[INFO] [stderr] 
[INFO] [stderr] warning: unused variable: `plateau_counter`
[INFO] [stderr]    --> src/utils/helpers.rs:173:13
[INFO] [stderr]     |
[INFO] [stderr] 173 |     let mut plateau_counter = 0;
[INFO] [stderr]     |             ^^^^^^^^^^^^^^^ help: if this is intentional, prefix it with an underscore: `_plateau_counter`
[INFO] [stderr] 
[INFO] [stderr] warning: value assigned to `last_cpu` is never read
[INFO] [stderr]    --> src/utils/helpers.rs:263:9
[INFO] [stderr]     |
[INFO] [stderr] 263 |         last_cpu = result.cpu_usage;
[INFO] [stderr]     |         ^^^^^^^^
[INFO] [stderr]     |
[INFO] [stderr]     = help: maybe it is overwritten before being read?
[INFO] [stderr]     = note: `#[warn(unused_assignments)]` on by default
[INFO] [stderr] 
[INFO] [stderr] warning: value assigned to `next_workers` is never read
[INFO] [stderr]    --> src/utils/helpers.rs:278:9
[INFO] [stderr]     |
[INFO] [stderr] 278 |         next_workers = if result.cpu_usage < target_cpu {
[INFO] [stderr]     |         ^^^^^^^^^^^^
[INFO] [stderr]     |
[INFO] [stderr]     = help: maybe it is overwritten before being read?
[INFO] [stderr] 
[INFO] [stderr] warning: value assigned to `best_score` is never read
[INFO] [stderr]    --> src/utils/helpers.rs:294:13
[INFO] [stderr]     |
[INFO] [stderr] 294 |             best_score = score;
[INFO] [stderr]     |             ^^^^^^^^^^
[INFO] [stderr]     |
[INFO] [stderr]     = help: maybe it is overwritten before being read?
[INFO] [stderr] 
[INFO] [stderr] warning: value assigned to `last_improvement` is never read
[INFO] [stderr]    --> src/utils/helpers.rs:297:13
[INFO] [stderr]     |
[INFO] [stderr] 297 |             last_improvement = Instant::now();
[INFO] [stderr]     |             ^^^^^^^^^^^^^^^^
[INFO] [stderr]     |
[INFO] [stderr]     = help: maybe it is overwritten before being read?
[INFO] [stderr] 
[INFO] [stderr] warning: variable does not need to be mutable
[INFO] [stderr]    --> src/utils/helpers.rs:173:9
[INFO] [stderr]     |
[INFO] [stderr] 173 |     let mut plateau_counter = 0;
[INFO] [stderr]     |         ----^^^^^^^^^^^^^^^
[INFO] [stderr]     |         |
[INFO] [stderr]     |         help: remove this `mut`
[INFO] [stderr]     |
[INFO] [stderr]     = note: `#[warn(unused_mut)]` on by default
[INFO] [stderr] 
[INFO] [stderr] warning: unused variable: `threads`
[INFO] [stderr]    --> src/utils/helpers.rs:370:17
[INFO] [stderr]     |
[INFO] [stderr] 370 |             let threads = Arc::clone(&thread_counter);
[INFO] [stderr]     |                 ^^^^^^^ help: if this is intentional, prefix it with an underscore: `_threads`
[INFO] [stderr] 
[INFO] [stderr] warning: multiple fields are never read
[INFO] [stderr]   --> src/core/ascii_cube.rs:34:5
[INFO] [stderr]    |
[INFO] [stderr] 26 | pub struct AsciiCube {
[INFO] [stderr]    |            --------- fields in this struct
[INFO] [stderr] ...
[INFO] [stderr] 34 |     lambda: f32,  // New parameter for exponential scaling
[INFO] [stderr]    |     ^^^^^^
[INFO] [stderr] 35 |     time: f32,    // Time accumulator for smooth animation
[INFO] [stderr]    |     ^^^^
[INFO] [stderr] 36 |     transformation_matrix: [[f32; 3]; 3], // Added transformation matrix
[INFO] [stderr]    |     ^^^^^^^^^^^^^^^^^^^^^
[INFO] [stderr] ...
[INFO] [stderr] 42 |     eigenvectors: Vec<Vector3<f32>>,
[INFO] [stderr]    |     ^^^^^^^^^^^^
[INFO] [stderr] 43 |     eigenvalues: Vec<f32>,
[INFO] [stderr] 44 |     time_step: f32,
[INFO] [stderr]    |     ^^^^^^^^^
[INFO] [stderr] ...
[INFO] [stderr] 47 |     show_eigenvectors: bool,
[INFO] [stderr]    |     ^^^^^^^^^^^^^^^^^
[INFO] [stderr] 48 |     show_phase_space: bool,
[INFO] [stderr]    |     ^^^^^^^^^^^^^^^^
[INFO] [stderr] 49 |     show_details: bool, // New parameter to toggle details
[INFO] [stderr]    |     ^^^^^^^^^^^^
[INFO] [stderr] ...
[INFO] [stderr] 53 |     scale_direction: f32,
[INFO] [stderr]    |     ^^^^^^^^^^^^^^^
[INFO] [stderr]    |
[INFO] [stderr]    = note: `#[warn(dead_code)]` on by default
[INFO] [stderr] 
[INFO] [stderr] warning: multiple associated items are never used
[INFO] [stderr]    --> src/core/ascii_cube.rs:79:11
[INFO] [stderr]     |
[INFO] [stderr] 61  | impl AsciiCube {
[INFO] [stderr]     | -------------- associated items in this implementation
[INFO] [stderr] ...
[INFO] [stderr] 79  |     const MIN_SCALE: f32 = 0.2;
[INFO] [stderr]     |           ^^^^^^^^^
[INFO] [stderr] 80  |     const MAX_SCALE: f32 = 2.0;
[INFO] [stderr]     |           ^^^^^^^^^
[INFO] [stderr] 81  |     const SCALE_RATE: f32 = 0.01;
[INFO] [stderr]     |           ^^^^^^^^^^
[INFO] [stderr] ...
[INFO] [stderr] 84  |     const EIGENVALUE_SCALE: f32 = 0.1;
[INFO] [stderr]     |           ^^^^^^^^^^^^^^^^
[INFO] [stderr] 85  |     const ROTATION_DAMPING: f32 = 0.95;
[INFO] [stderr]     |           ^^^^^^^^^^^^^^^^
[INFO] [stderr] 86  |     const SCALE_BOUNDS: (f32, f32) = (0.3, 1.8);
[INFO] [stderr]     |           ^^^^^^^^^^^^
[INFO] [stderr] ...
[INFO] [stderr] 89  |     const SIZE_UPDATE_THRESHOLD: f32 = 0.05;
[INFO] [stderr]     |           ^^^^^^^^^^^^^^^^^^^^^
[INFO] [stderr] 90  |
[INFO] [stderr] 91  |     fn get_color(&self, point: [f32; 3], eigenvalue: f32) -> &'static str {
[INFO] [stderr]     |        ^^^^^^^^^
[INFO] [stderr] ...
[INFO] [stderr] 244 |     fn calculate_eigenvalue_transformation(&mut self) {
[INFO] [stderr]     |        ^^^^^^^^^^^^^^^^^^^^^^^^^^^^^^^^^^^
[INFO] [stderr] ...
[INFO] [stderr] 258 |     fn apply_transformation(&self, point: [f32; 3]) -> [f32; 3] {
[INFO] [stderr]     |        ^^^^^^^^^^^^^^^^^^^^
[INFO] [stderr] ...
[INFO] [stderr] 275 |     fn rotate_point(&self, point: [f32; 3]) -> [f32; 3] {
[INFO] [stderr]     |        ^^^^^^^^^^^^
[INFO] [stderr] ...
[INFO] [stderr] 352 |     fn calculate_transformation_matrix(&mut self) {
[INFO] [stderr]     |        ^^^^^^^^^^^^^^^^^^^^^^^^^^^^^^^
[INFO] [stderr] ...
[INFO] [stderr] 406 |     fn calculate_energy(&self) -> f32 {
[INFO] [stderr]     |        ^^^^^^^^^^^^^^^^
[INFO] [stderr] 
[INFO] [stderr] warning: constant `PING_TIMEOUT` is never used
[INFO] [stderr]   --> src/modules/ping.rs:12:7
[INFO] [stderr]    |
[INFO] [stderr] 12 | const PING_TIMEOUT: Duration = Duration::from_millis(500);
[INFO] [stderr]    |       ^^^^^^^^^^^^
[INFO] [stderr] 
[INFO] [stderr] warning: fields `memory_usage`, `io_throughput`, and `latency` are never read
[INFO] [stderr]   --> src/utils/helpers.rs:20:5
[INFO] [stderr]    |
[INFO] [stderr] 18 | struct BenchmarkResult {
[INFO] [stderr]    |        --------------- fields in this struct
[INFO] [stderr] 19 |     cpu_usage: f32,
[INFO] [stderr] 20 |     memory_usage: f64,
[INFO] [stderr]    |     ^^^^^^^^^^^^
[INFO] [stderr] 21 |     io_throughput: f64,
[INFO] [stderr]    |     ^^^^^^^^^^^^^
[INFO] [stderr] 22 |     latency: Duration,
[INFO] [stderr]    |     ^^^^^^^
[INFO] [stderr]    |
[INFO] [stderr]    = note: `BenchmarkResult` has a derived impl for the trait `Debug`, but this is intentionally ignored during dead code analysis
[INFO] [stderr] 
[INFO] [stderr] warning: field `timestamp` is never read
[INFO] [stderr]   --> src/utils/helpers.rs:44:5
[INFO] [stderr]    |
[INFO] [stderr] 43 | struct CpuSample {
[INFO] [stderr]    |        --------- field in this struct
[INFO] [stderr] 44 |     timestamp: Instant,
[INFO] [stderr]    |     ^^^^^^^^^
[INFO] [stderr]    |
[INFO] [stderr]    = note: `CpuSample` has a derived impl for the trait `Debug`, but this is intentionally ignored during dead code analysis
[INFO] [stderr] 
[INFO] [stderr] warning: struct `CpuMeasurement` is never constructed
[INFO] [stderr]   --> src/utils/helpers.rs:83:8
[INFO] [stderr]    |
[INFO] [stderr] 83 | struct CpuMeasurement {
[INFO] [stderr]    |        ^^^^^^^^^^^^^^
[INFO] [stderr] 
[INFO] [stderr] warning: function `calculate_memory_factor` is never used
[INFO] [stderr]    --> src/utils/helpers.rs:127:4
[INFO] [stderr]     |
[INFO] [stderr] 127 | fn calculate_memory_factor(sys: &System) -> f64 {
[INFO] [stderr]     |    ^^^^^^^^^^^^^^^^^^^^^^^
[INFO] [stderr] 
[INFO] [stderr] warning: function `calculate_cpu_factor` is never used
[INFO] [stderr]    --> src/utils/helpers.rs:135:4
[INFO] [stderr]     |
[INFO] [stderr] 135 | fn calculate_cpu_factor(sys: &System) -> f64 {
[INFO] [stderr]     |    ^^^^^^^^^^^^^^^^^^^^
[INFO] [stderr] 
[INFO] [stderr] warning: function `calculate_load_factor` is never used
[INFO] [stderr]    --> src/utils/helpers.rs:147:4
[INFO] [stderr]     |
[INFO] [stderr] 147 | fn calculate_load_factor(cpu_available: f64, memory_available: f64) -> f64 {
[INFO] [stderr]     |    ^^^^^^^^^^^^^^^^^^^^^
[INFO] [stderr] 
[INFO] [stderr] warning: function `calculate_max_safe_threads` is never used
[INFO] [stderr]    --> src/utils/helpers.rs:154:4
[INFO] [stderr]     |
[INFO] [stderr] 154 | fn calculate_max_safe_threads(sys: &System) -> usize {
[INFO] [stderr]     |    ^^^^^^^^^^^^^^^^^^^^^^^^^^
[INFO] [stderr] 
[INFO] [stderr] warning: function `calculate_cpu_usage` is never used
[INFO] [stderr]    --> src/utils/helpers.rs:495:4
[INFO] [stderr]     |
[INFO] [stderr] 495 | fn calculate_cpu_usage(measurements: &[CpuMeasurement]) -> f32 {
[INFO] [stderr]     |    ^^^^^^^^^^^^^^^^^^^
[INFO] [stderr] 
[INFO] [stderr] warning: function `spawn_realistic_worker_thread` is never used
[INFO] [stderr]    --> src/utils/helpers.rs:591:4
[INFO] [stderr]     |
[INFO] [stderr] 591 | fn spawn_realistic_worker_thread(
[INFO] [stderr]     |    ^^^^^^^^^^^^^^^^^^^^^^^^^^^^^
[INFO] [stderr] 
[INFO] [stderr] warning: function `analyze_mock_service` is never used
[INFO] [stderr]    --> src/utils/helpers.rs:719:4
[INFO] [stderr]     |
[INFO] [stderr] 719 | fn analyze_mock_service(data: &[u8]) -> String {
[INFO] [stderr]     |    ^^^^^^^^^^^^^^^^^^^^
[INFO] [stderr] 
[INFO] [stderr] warning: function `create_cpu_tracker` is never used
[INFO] [stderr]    --> src/utils/helpers.rs:728:4
[INFO] [stderr]     |
[INFO] [stderr] 728 | fn create_cpu_tracker(measurements: &[CpuMeasurement]) -> CpuTracker {
[INFO] [stderr]     |    ^^^^^^^^^^^^^^^^^^
[INFO] [stderr] 
[INFO] [stderr] warning: `ipcow` (lib) generated 35 warnings (run `cargo fix --lib -p ipcow` to apply 13 suggestions)
[INFO] [stderr] warning: unused imports: `error::ErrorRegistry` and `modules::ping`
[INFO] [stderr]   --> src/main.rs:34:12
[INFO] [stderr]    |
[INFO] [stderr] 34 |     core::{error::ErrorRegistry, sockparse::addr_input, ascii_cube::{display_rotating_cube}},
[INFO] [stderr]    |            ^^^^^^^^^^^^^^^^^^^^
[INFO] [stderr] ...
[INFO] [stderr] 37 |     modules::ping,  // Add ping module
[INFO] [stderr]    |     ^^^^^^^^^^^^^
[INFO] [stderr]    |
[INFO] [stderr]    = note: `#[warn(unused_imports)]` on by default
[INFO] [stderr] 
[INFO] [stderr] warning: unused import: `std::net::IpAddr`
[INFO] [stderr]   --> src/main.rs:41:5
[INFO] [stderr]    |
[INFO] [stderr] 41 | use std::net::IpAddr;
[INFO] [stderr]    |     ^^^^^^^^^^^^^^^^
[INFO] [stderr] 
[INFO] [stderr] warning: `ipcow` (bin "ipcow") generated 2 warnings (run `cargo fix --bin "ipcow"` to apply 2 suggestions)
[INFO] [stderr] warning: `ipcow` (lib test) generated 35 warnings (35 duplicates)
[INFO] [stderr] warning: `ipcow` (bin "ipcow" test) generated 2 warnings (2 duplicates)
[INFO] [stderr]     Finished `test` profile [unoptimized + debuginfo] target(s) in 0.35s
[INFO] [stderr]      Running unittests src/lib.rs (/opt/rustwide/target/debug/deps/ipcow-a04eb99bf10c123a)
[INFO] [stdout] 
[INFO] [stdout] running 7 tests
[INFO] [stdout] test core::sockparse::tests::test_parse_ip_input ... ok
[INFO] [stdout] test core::sockparse::tests::test_parse_wildcard ... ok
[INFO] [stdout] test core::sockparse::tests::test_parse_port_input ... ok
[INFO] [stdout] test core::sockparse::tests::test_parse_ip_range ... ok
[INFO] [stdout] test modules::ping::tests::test_syn_scan ... ok
[INFO] [stdout] test core::sockparse::tests::test_addr_input_format ... FAILED
[INFO] [stdout] test modules::ping::tests::test_ping_range ... FAILED
[INFO] [stderr] error: test failed, to rerun pass `--lib`
[INFO] [stdout] 
[INFO] [stdout] failures:
[INFO] [stdout] 
[INFO] [stdout] ---- core::sockparse::tests::test_addr_input_format stdout ----
[INFO] [stdout] Enter the listen IP addresses.
[INFO] [stdout] Format: 255.255.255.0-255.255.255.255, 192.168.1.X, or 192.168.1.0/24:
[INFO] [stdout] Enter the listen IP ports.
[INFO] [stdout] Format: 0-65535, or "1, 2, 5":
[INFO] [stdout] 
[INFO] [stdout] thread 'core::sockparse::tests::test_addr_input_format' panicked at src/core/sockparse.rs:140:34:
[INFO] [stdout] Invalid port: ParseIntError { kind: Empty }
[INFO] [stdout] stack backtrace:
[INFO] [stdout]    0:     0x5ca5615c701a - std::backtrace_rs::backtrace::libunwind::trace::hb059275cfc8d6126
[INFO] [stdout]                                at /rustc/6067b36314ab5eb2eb47cecc464545ba58e1ad24/library/std/src/../../backtrace/src/backtrace/libunwind.rs:116:5
[INFO] [stdout]    1:     0x5ca5615c701a - std::backtrace_rs::backtrace::trace_unsynchronized::h2da071e4327ce3ee
[INFO] [stdout]                                at /rustc/6067b36314ab5eb2eb47cecc464545ba58e1ad24/library/std/src/../../backtrace/src/backtrace/mod.rs:66:5
[INFO] [stdout]    2:     0x5ca5615c701a - std::sys::backtrace::_print_fmt::h842a1474e6f8d23f
[INFO] [stdout]                                at /rustc/6067b36314ab5eb2eb47cecc464545ba58e1ad24/library/std/src/sys/backtrace.rs:66:9
[INFO] [stdout]    3:     0x5ca5615c701a - <std::sys::backtrace::BacktraceLock::print::DisplayBacktrace as core::fmt::Display>::fmt::h71a62eb3b9696b12
[INFO] [stdout]                                at /rustc/6067b36314ab5eb2eb47cecc464545ba58e1ad24/library/std/src/sys/backtrace.rs:39:26
[INFO] [stdout]    4:     0x5ca5615f1423 - core::fmt::rt::Argument::fmt::hdb6b616786b41dc1
[INFO] [stdout]                                at /rustc/6067b36314ab5eb2eb47cecc464545ba58e1ad24/library/core/src/fmt/rt.rs:177:76
[INFO] [stdout]    5:     0x5ca5615f1423 - core::fmt::write::h2cc1698af7e2d686
[INFO] [stdout]                                at /rustc/6067b36314ab5eb2eb47cecc464545ba58e1ad24/library/core/src/fmt/mod.rs:1440:21
[INFO] [stdout]    6:     0x5ca5615c3173 - std::io::Write::write_fmt::hab1b4cd059a79022
[INFO] [stdout]                                at /rustc/6067b36314ab5eb2eb47cecc464545ba58e1ad24/library/std/src/io/mod.rs:1887:15
[INFO] [stdout]    7:     0x5ca5615c6e62 - std::sys::backtrace::BacktraceLock::print::h147fe35b4ea13b08
[INFO] [stdout]                                at /rustc/6067b36314ab5eb2eb47cecc464545ba58e1ad24/library/std/src/sys/backtrace.rs:42:9
[INFO] [stdout]    8:     0x5ca5615c843f - std::panicking::default_hook::{{closure}}::hbd44223dbdc0d208
[INFO] [stdout]                                at /rustc/6067b36314ab5eb2eb47cecc464545ba58e1ad24/library/std/src/panicking.rs:298:22
[INFO] [stdout]    9:     0x5ca5615c8258 - std::panicking::default_hook::h20f81eb0576efcec
[INFO] [stdout]                                at /rustc/6067b36314ab5eb2eb47cecc464545ba58e1ad24/library/std/src/panicking.rs:322:9
[INFO] [stdout]   10:     0x5ca561497413 - <alloc::boxed::Box<F,A> as core::ops::function::Fn<Args>>::call::hdb53814c496a4d34
[INFO] [stdout]                                at /rustc/6067b36314ab5eb2eb47cecc464545ba58e1ad24/library/alloc/src/boxed.rs:2027:9
[INFO] [stdout]   11:     0x5ca561497413 - test::test_main::{{closure}}::hc0a4963c59427c24
[INFO] [stdout]                                at /rustc/6067b36314ab5eb2eb47cecc464545ba58e1ad24/library/test/src/lib.rs:134:21
[INFO] [stdout]   12:     0x5ca5615c8f33 - <alloc::boxed::Box<F,A> as core::ops::function::Fn<Args>>::call::h591b2225413a77e9
[INFO] [stdout]                                at /rustc/6067b36314ab5eb2eb47cecc464545ba58e1ad24/library/alloc/src/boxed.rs:2027:9
[INFO] [stdout]   13:     0x5ca5615c8f33 - std::panicking::rust_panic_with_hook::h625eea43051b2edc
[INFO] [stdout]                                at /rustc/6067b36314ab5eb2eb47cecc464545ba58e1ad24/library/std/src/panicking.rs:839:13
[INFO] [stdout]   14:     0x5ca5615c8bea - std::panicking::begin_panic_handler::{{closure}}::h4f9159cfbc3f6bd3
[INFO] [stdout]                                at /rustc/6067b36314ab5eb2eb47cecc464545ba58e1ad24/library/std/src/panicking.rs:704:13
[INFO] [stdout]   15:     0x5ca5615c7519 - std::sys::backtrace::__rust_end_short_backtrace::h0390abce48353151
[INFO] [stdout]                                at /rustc/6067b36314ab5eb2eb47cecc464545ba58e1ad24/library/std/src/sys/backtrace.rs:168:18
[INFO] [stdout]   16:     0x5ca5615c887d - rust_begin_unwind
[INFO] [stdout]                                at /rustc/6067b36314ab5eb2eb47cecc464545ba58e1ad24/library/std/src/panicking.rs:695:5
[INFO] [stdout]   17:     0x5ca5615ef960 - core::panicking::panic_fmt::h9e7c637e9e5f29c9
[INFO] [stdout]                                at /rustc/6067b36314ab5eb2eb47cecc464545ba58e1ad24/library/core/src/panicking.rs:75:14
[INFO] [stdout]   18:     0x5ca5615efe36 - core::result::unwrap_failed::h7979f09313fe1849
[INFO] [stdout]                                at /rustc/6067b36314ab5eb2eb47cecc464545ba58e1ad24/library/core/src/result.rs:1704:5
[INFO] [stdout]   19:     0x5ca5614ae6e3 - core::result::Result<T,E>::expect::hf201c826ff7d01be
[INFO] [stdout]                                at /rustc/6067b36314ab5eb2eb47cecc464545ba58e1ad24/library/core/src/result.rs:1061:23
[INFO] [stdout]   20:     0x5ca561446862 - ipcow::core::sockparse::parse_port_input::h0f55f3ab6c06d0c7
[INFO] [stdout]                                at /opt/rustwide/workdir/src/core/sockparse.rs:140:20
[INFO] [stdout]   21:     0x5ca561446e59 - ipcow::core::sockparse::addr_input::h0b9c88273f42fce1
[INFO] [stdout]                                at /opt/rustwide/workdir/src/core/sockparse.rs:156:17
[INFO] [stdout]   22:     0x5ca56144086b - ipcow::core::sockparse::tests::test_addr_input_format::h87439dfdd84c0b4f
[INFO] [stdout]                                at /opt/rustwide/workdir/src/core/sockparse.rs:228:28
[INFO] [stdout]   23:     0x5ca561440817 - ipcow::core::sockparse::tests::test_addr_input_format::{{closure}}::h019ed30392287b45
[INFO] [stdout]                                at /opt/rustwide/workdir/src/core/sockparse.rs:224:32
[INFO] [stdout]   24:     0x5ca56142bc76 - core::ops::function::FnOnce::call_once::hb4c8869905f827de
[INFO] [stdout]                                at /rustc/6067b36314ab5eb2eb47cecc464545ba58e1ad24/library/core/src/ops/function.rs:250:5
[INFO] [stdout]   25:     0x5ca56149cb6b - core::ops::function::FnOnce::call_once::he27718dfdd183f43
[INFO] [stdout]                                at /rustc/6067b36314ab5eb2eb47cecc464545ba58e1ad24/library/core/src/ops/function.rs:250:5
[INFO] [stdout]   26:     0x5ca56149cb6b - test::__rust_begin_short_backtrace::h4e84902998457a5d
[INFO] [stdout]                                at /rustc/6067b36314ab5eb2eb47cecc464545ba58e1ad24/library/test/src/lib.rs:632:18
[INFO] [stdout]   27:     0x5ca56149baa3 - test::run_test_in_process::{{closure}}::h7176fd18fc1feca0
[INFO] [stdout]                                at /rustc/6067b36314ab5eb2eb47cecc464545ba58e1ad24/library/test/src/lib.rs:655:60
[INFO] [stdout]   28:     0x5ca56149baa3 - <core::panic::unwind_safe::AssertUnwindSafe<F> as core::ops::function::FnOnce<()>>::call_once::hf79cff2a624d8cf7
[INFO] [stdout]                                at /rustc/6067b36314ab5eb2eb47cecc464545ba58e1ad24/library/core/src/panic/unwind_safe.rs:272:9
[INFO] [stdout]   29:     0x5ca56149baa3 - std::panicking::try::do_call::h3da0561d9ab99c25
[INFO] [stdout]                                at /rustc/6067b36314ab5eb2eb47cecc464545ba58e1ad24/library/std/src/panicking.rs:587:40
[INFO] [stdout]   30:     0x5ca56149baa3 - std::panicking::try::h41c9fa508bc61df6
[INFO] [stdout]                                at /rustc/6067b36314ab5eb2eb47cecc464545ba58e1ad24/library/std/src/panicking.rs:550:19
[INFO] [stdout]   31:     0x5ca56149baa3 - std::panic::catch_unwind::h6b3ff07bb5afad93
[INFO] [stdout]                                at /rustc/6067b36314ab5eb2eb47cecc464545ba58e1ad24/library/std/src/panic.rs:358:14
[INFO] [stdout]   32:     0x5ca56149baa3 - test::run_test_in_process::hc7253dd11b39b9f4
[INFO] [stdout]                                at /rustc/6067b36314ab5eb2eb47cecc464545ba58e1ad24/library/test/src/lib.rs:655:27
[INFO] [stdout]   33:     0x5ca56149baa3 - test::run_test::{{closure}}::hfb2007f8649c30bb
[INFO] [stdout]                                at /rustc/6067b36314ab5eb2eb47cecc464545ba58e1ad24/library/test/src/lib.rs:576:43
[INFO] [stdout]   34:     0x5ca56145eb85 - test::run_test::{{closure}}::h56a17aa7a282a9f4
[INFO] [stdout]                                at /rustc/6067b36314ab5eb2eb47cecc464545ba58e1ad24/library/test/src/lib.rs:606:41
[INFO] [stdout]   35:     0x5ca56145eb85 - std::sys::backtrace::__rust_begin_short_backtrace::hd2d2d2fb8e8c6aac
[INFO] [stdout]                                at /rustc/6067b36314ab5eb2eb47cecc464545ba58e1ad24/library/std/src/sys/backtrace.rs:152:18
[INFO] [stdout]   36:     0x5ca56146246a - std::thread::Builder::spawn_unchecked_::{{closure}}::{{closure}}::h4faa3f9db6133423
[INFO] [stdout]                                at /rustc/6067b36314ab5eb2eb47cecc464545ba58e1ad24/library/std/src/thread/mod.rs:559:17
[INFO] [stdout]   37:     0x5ca56146246a - <core::panic::unwind_safe::AssertUnwindSafe<F> as core::ops::function::FnOnce<()>>::call_once::hf2e855a36a4ea846
[INFO] [stdout]                                at /rustc/6067b36314ab5eb2eb47cecc464545ba58e1ad24/library/core/src/panic/unwind_safe.rs:272:9
[INFO] [stdout]   38:     0x5ca56146246a - std::panicking::try::do_call::h2f73af3616c35465
[INFO] [stdout]                                at /rustc/6067b36314ab5eb2eb47cecc464545ba58e1ad24/library/std/src/panicking.rs:587:40
[INFO] [stdout]   39:     0x5ca56146246a - std::panicking::try::hd1660ce9efadef5a
[INFO] [stdout]                                at /rustc/6067b36314ab5eb2eb47cecc464545ba58e1ad24/library/std/src/panicking.rs:550:19
[INFO] [stdout]   40:     0x5ca56146246a - std::panic::catch_unwind::h5ee8d7823b8ca744
[INFO] [stdout]                                at /rustc/6067b36314ab5eb2eb47cecc464545ba58e1ad24/library/std/src/panic.rs:358:14
[INFO] [stdout]   41:     0x5ca56146246a - std::thread::Builder::spawn_unchecked_::{{closure}}::h53c3a1894dce8407
[INFO] [stdout]                                at /rustc/6067b36314ab5eb2eb47cecc464545ba58e1ad24/library/std/src/thread/mod.rs:557:30
[INFO] [stdout]   42:     0x5ca56146246a - core::ops::function::FnOnce::call_once{{vtable.shim}}::h048ce291ad4f62bf
[INFO] [stdout]                                at /rustc/6067b36314ab5eb2eb47cecc464545ba58e1ad24/library/core/src/ops/function.rs:250:5
[INFO] [stdout]   43:     0x5ca5615cd45b - <alloc::boxed::Box<F,A> as core::ops::function::FnOnce<Args>>::call_once::ha52bedf99a3b4981
[INFO] [stdout]                                at /rustc/6067b36314ab5eb2eb47cecc464545ba58e1ad24/library/alloc/src/boxed.rs:2013:9
[INFO] [stdout]   44:     0x5ca5615cd45b - <alloc::boxed::Box<F,A> as core::ops::function::FnOnce<Args>>::call_once::h567748934d80ccf8
[INFO] [stdout]                                at /rustc/6067b36314ab5eb2eb47cecc464545ba58e1ad24/library/alloc/src/boxed.rs:2013:9
[INFO] [stdout]   45:     0x5ca5615cd45b - std::sys::pal::unix::thread::Thread::new::thread_start::h2d970728ae887adc
[INFO] [stdout]                                at /rustc/6067b36314ab5eb2eb47cecc464545ba58e1ad24/library/std/src/sys/pal/unix/thread.rs:106:17
[INFO] [stdout]   46:     0x7fdffd383ac3 - <unknown>
[INFO] [stdout]   47:     0x7fdffd414a04 - clone
[INFO] [stdout]   48:                0x0 - <unknown>
[INFO] [stdout] 
[INFO] [stdout] ---- modules::ping::tests::test_ping_range stdout ----
[INFO] [stdout] Starting SYN scan of 1 IPs across ports 79-81
[INFO] [stdout] 
[INFO] [stdout] thread 'modules::ping::tests::test_ping_range' panicked at src/modules/ping.rs:89:65:
[INFO] [stdout] called `Result::unwrap()` on an `Err` value: IoError(Os { code: 30, kind: ReadOnlyFilesystem, message: "Read-only file system" })
[INFO] [stdout] stack backtrace:
[INFO] [stdout]    0:     0x5ca5615c701a - std::backtrace_rs::backtrace::libunwind::trace::hb059275cfc8d6126
[INFO] [stdout]                                at /rustc/6067b36314ab5eb2eb47cecc464545ba58e1ad24/library/std/src/../../backtrace/src/backtrace/libunwind.rs:116:5
[INFO] [stdout]    1:     0x5ca5615c701a - std::backtrace_rs::backtrace::trace_unsynchronized::h2da071e4327ce3ee
[INFO] [stdout]                                at /rustc/6067b36314ab5eb2eb47cecc464545ba58e1ad24/library/std/src/../../backtrace/src/backtrace/mod.rs:66:5
[INFO] [stdout]    2:     0x5ca5615c701a - std::sys::backtrace::_print_fmt::h842a1474e6f8d23f
[INFO] [stdout]                                at /rustc/6067b36314ab5eb2eb47cecc464545ba58e1ad24/library/std/src/sys/backtrace.rs:66:9
[INFO] [stdout]    3:     0x5ca5615c701a - <std::sys::backtrace::BacktraceLock::print::DisplayBacktrace as core::fmt::Display>::fmt::h71a62eb3b9696b12
[INFO] [stdout]                                at /rustc/6067b36314ab5eb2eb47cecc464545ba58e1ad24/library/std/src/sys/backtrace.rs:39:26
[INFO] [stdout]    4:     0x5ca5615f1423 - core::fmt::rt::Argument::fmt::hdb6b616786b41dc1
[INFO] [stdout]                                at /rustc/6067b36314ab5eb2eb47cecc464545ba58e1ad24/library/core/src/fmt/rt.rs:177:76
[INFO] [stdout]    5:     0x5ca5615f1423 - core::fmt::write::h2cc1698af7e2d686
[INFO] [stdout]                                at /rustc/6067b36314ab5eb2eb47cecc464545ba58e1ad24/library/core/src/fmt/mod.rs:1440:21
[INFO] [stdout]    6:     0x5ca5615c3173 - std::io::Write::write_fmt::hab1b4cd059a79022
[INFO] [stdout]                                at /rustc/6067b36314ab5eb2eb47cecc464545ba58e1ad24/library/std/src/io/mod.rs:1887:15
[INFO] [stdout]    7:     0x5ca5615c6e62 - std::sys::backtrace::BacktraceLock::print::h147fe35b4ea13b08
[INFO] [stdout]                                at /rustc/6067b36314ab5eb2eb47cecc464545ba58e1ad24/library/std/src/sys/backtrace.rs:42:9
[INFO] [stdout]    8:     0x5ca5615c843f - std::panicking::default_hook::{{closure}}::hbd44223dbdc0d208
[INFO] [stdout]                                at /rustc/6067b36314ab5eb2eb47cecc464545ba58e1ad24/library/std/src/panicking.rs:298:22
[INFO] [stdout]    9:     0x5ca5615c8258 - std::panicking::default_hook::h20f81eb0576efcec
[INFO] [stdout]                                at /rustc/6067b36314ab5eb2eb47cecc464545ba58e1ad24/library/std/src/panicking.rs:322:9
[INFO] [stdout]   10:     0x5ca561497413 - <alloc::boxed::Box<F,A> as core::ops::function::Fn<Args>>::call::hdb53814c496a4d34
[INFO] [stdout]                                at /rustc/6067b36314ab5eb2eb47cecc464545ba58e1ad24/library/alloc/src/boxed.rs:2027:9
[INFO] [stdout]   11:     0x5ca561497413 - test::test_main::{{closure}}::hc0a4963c59427c24
[INFO] [stdout]                                at /rustc/6067b36314ab5eb2eb47cecc464545ba58e1ad24/library/test/src/lib.rs:134:21
[INFO] [stdout]   12:     0x5ca5615c8f33 - <alloc::boxed::Box<F,A> as core::ops::function::Fn<Args>>::call::h591b2225413a77e9
[INFO] [stdout]                                at /rustc/6067b36314ab5eb2eb47cecc464545ba58e1ad24/library/alloc/src/boxed.rs:2027:9
[INFO] [stdout]   13:     0x5ca5615c8f33 - std::panicking::rust_panic_with_hook::h625eea43051b2edc
[INFO] [stdout]                                at /rustc/6067b36314ab5eb2eb47cecc464545ba58e1ad24/library/std/src/panicking.rs:839:13
[INFO] [stdout]   14:     0x5ca5615c8bea - std::panicking::begin_panic_handler::{{closure}}::h4f9159cfbc3f6bd3
[INFO] [stdout]                                at /rustc/6067b36314ab5eb2eb47cecc464545ba58e1ad24/library/std/src/panicking.rs:704:13
[INFO] [stdout]   15:     0x5ca5615c7519 - std::sys::backtrace::__rust_end_short_backtrace::h0390abce48353151
[INFO] [stdout]                                at /rustc/6067b36314ab5eb2eb47cecc464545ba58e1ad24/library/std/src/sys/backtrace.rs:168:18
[INFO] [stdout]   16:     0x5ca5615c887d - rust_begin_unwind
[INFO] [stdout]                                at /rustc/6067b36314ab5eb2eb47cecc464545ba58e1ad24/library/std/src/panicking.rs:695:5
[INFO] [stdout]   17:     0x5ca5615ef960 - core::panicking::panic_fmt::h9e7c637e9e5f29c9
[INFO] [stdout]                                at /rustc/6067b36314ab5eb2eb47cecc464545ba58e1ad24/library/core/src/panicking.rs:75:14
[INFO] [stdout]   18:     0x5ca5615efe36 - core::result::unwrap_failed::h7979f09313fe1849
[INFO] [stdout]                                at /rustc/6067b36314ab5eb2eb47cecc464545ba58e1ad24/library/core/src/result.rs:1704:5
[INFO] [stdout]   19:     0x5ca56143c24d - core::result::Result<T,E>::unwrap::h13fffbfde5f86188
[INFO] [stdout]                                at /rustc/6067b36314ab5eb2eb47cecc464545ba58e1ad24/library/core/src/result.rs:1109:23
[INFO] [stdout]   20:     0x5ca56143c24d - ipcow::modules::ping::HostTracker::update_host_status::{{closure}}::h20e74daeda8edc0b
[INFO] [stdout]                                at /opt/rustwide/workdir/src/modules/ping.rs:89:17
[INFO] [stdout]   21:     0x5ca56143f00a - ipcow::modules::ping::ping_range::{{closure}}::hba377f1fa7b1627f
[INFO] [stdout]                                at /opt/rustwide/workdir/src/modules/ping.rs:184:52
[INFO] [stdout]   22:     0x5ca5614319ad - ipcow::modules::ping::tests::test_ping_range::{{closure}}::h75be69e393e6bcb1
[INFO] [stdout]                                at /opt/rustwide/workdir/src/modules/ping.rs:250:50
[INFO] [stdout]   23:     0x5ca56143657f - tokio::runtime::park::CachedParkThread::block_on::{{closure}}::h0cd8ded78764e82c
[INFO] [stdout]                                at /opt/rustwide/cargo-home/registry/src/index.crates.io-1949cf8c6b5b557f/tokio-1.42.0/src/runtime/park.rs:281:63
[INFO] [stdout]   24:     0x5ca561435fdc - tokio::runtime::coop::with_budget::h967d4a757ea7ee9d
[INFO] [stdout]                                at /opt/rustwide/cargo-home/registry/src/index.crates.io-1949cf8c6b5b557f/tokio-1.42.0/src/runtime/coop.rs:107:5
[INFO] [stdout]   25:     0x5ca561435fdc - tokio::runtime::coop::budget::h12b99fdedba2d5a3
[INFO] [stdout]                                at /opt/rustwide/cargo-home/registry/src/index.crates.io-1949cf8c6b5b557f/tokio-1.42.0/src/runtime/coop.rs:73:5
[INFO] [stdout]   26:     0x5ca561435fdc - tokio::runtime::park::CachedParkThread::block_on::h901baeeea35ce6d4
[INFO] [stdout]                                at /opt/rustwide/cargo-home/registry/src/index.crates.io-1949cf8c6b5b557f/tokio-1.42.0/src/runtime/park.rs:281:31
[INFO] [stdout]   27:     0x5ca5614448c5 - tokio::runtime::context::blocking::BlockingRegionGuard::block_on::h739414758eb35f60
[INFO] [stdout]                                at /opt/rustwide/cargo-home/registry/src/index.crates.io-1949cf8c6b5b557f/tokio-1.42.0/src/runtime/context/blocking.rs:66:9
[INFO] [stdout]   28:     0x5ca561437396 - tokio::runtime::scheduler::multi_thread::MultiThread::block_on::{{closure}}::h0900892ace5a30da
[INFO] [stdout]                                at /opt/rustwide/cargo-home/registry/src/index.crates.io-1949cf8c6b5b557f/tokio-1.42.0/src/runtime/scheduler/multi_thread/mod.rs:87:13
[INFO] [stdout]   29:     0x5ca5614391bb - tokio::runtime::context::runtime::enter_runtime::he08f2ac22f62a956
[INFO] [stdout]                                at /opt/rustwide/cargo-home/registry/src/index.crates.io-1949cf8c6b5b557f/tokio-1.42.0/src/runtime/context/runtime.rs:65:16
[INFO] [stdout]   30:     0x5ca561437271 - tokio::runtime::scheduler::multi_thread::MultiThread::block_on::h033be6bbbc8333f5
[INFO] [stdout]                                at /opt/rustwide/cargo-home/registry/src/index.crates.io-1949cf8c6b5b557f/tokio-1.42.0/src/runtime/scheduler/multi_thread/mod.rs:86:9
[INFO] [stdout]   31:     0x5ca561436c59 - tokio::runtime::runtime::Runtime::block_on_inner::hdb4b78015a8f9939
[INFO] [stdout]                                at /opt/rustwide/cargo-home/registry/src/index.crates.io-1949cf8c6b5b557f/tokio-1.42.0/src/runtime/runtime.rs:370:45
[INFO] [stdout]   32:     0x5ca5614370ff - tokio::runtime::runtime::Runtime::block_on::h3acb8df9070ee4d7
[INFO] [stdout]                                at /opt/rustwide/cargo-home/registry/src/index.crates.io-1949cf8c6b5b557f/tokio-1.42.0/src/runtime/runtime.rs:342:13
[INFO] [stdout]   33:     0x5ca56143179a - ipcow::modules::ping::tests::test_ping_range::h45d47ac4c30d7d5f
[INFO] [stdout]                                at /opt/rustwide/workdir/src/modules/ping.rs:249:9
[INFO] [stdout]   34:     0x5ca5614315c7 - ipcow::modules::ping::tests::test_ping_range::{{closure}}::h42f11888ca60ae4b
[INFO] [stdout]                                at /opt/rustwide/workdir/src/modules/ping.rs:245:25
[INFO] [stdout]   35:     0x5ca56142bbb6 - core::ops::function::FnOnce::call_once::ha3fe89626833a9ca
[INFO] [stdout]                                at /rustc/6067b36314ab5eb2eb47cecc464545ba58e1ad24/library/core/src/ops/function.rs:250:5
[INFO] [stdout]   36:     0x5ca56149cb6b - core::ops::function::FnOnce::call_once::he27718dfdd183f43
[INFO] [stdout]                                at /rustc/6067b36314ab5eb2eb47cecc464545ba58e1ad24/library/core/src/ops/function.rs:250:5
[INFO] [stdout]   37:     0x5ca56149cb6b - test::__rust_begin_short_backtrace::h4e84902998457a5d
[INFO] [stdout]                                at /rustc/6067b36314ab5eb2eb47cecc464545ba58e1ad24/library/test/src/lib.rs:632:18
[INFO] [stdout]   38:     0x5ca56149baa3 - test::run_test_in_process::{{closure}}::h7176fd18fc1feca0
[INFO] [stdout]                                at /rustc/6067b36314ab5eb2eb47cecc464545ba58e1ad24/library/test/src/lib.rs:655:60
[INFO] [stdout]   39:     0x5ca56149baa3 - <core::panic::unwind_safe::AssertUnwindSafe<F> as core::ops::function::FnOnce<()>>::call_once::hf79cff2a624d8cf7
[INFO] [stdout]                                at /rustc/6067b36314ab5eb2eb47cecc464545ba58e1ad24/library/core/src/panic/unwind_safe.rs:272:9
[INFO] [stdout]   40:     0x5ca56149baa3 - std::panicking::try::do_call::h3da0561d9ab99c25
[INFO] [stdout]                                at /rustc/6067b36314ab5eb2eb47cecc464545ba58e1ad24/library/std/src/panicking.rs:587:40
[INFO] [stdout]   41:     0x5ca56149baa3 - std::panicking::try::h41c9fa508bc61df6
[INFO] [stdout]                                at /rustc/6067b36314ab5eb2eb47cecc464545ba58e1ad24/library/std/src/panicking.rs:550:19
[INFO] [stdout]   42:     0x5ca56149baa3 - std::panic::catch_unwind::h6b3ff07bb5afad93
[INFO] [stdout]                                at /rustc/6067b36314ab5eb2eb47cecc464545ba58e1ad24/library/std/src/panic.rs:358:14
[INFO] [stdout]   43:     0x5ca56149baa3 - test::run_test_in_process::hc7253dd11b39b9f4
[INFO] [stdout]                                at /rustc/6067b36314ab5eb2eb47cecc464545ba58e1ad24/library/test/src/lib.rs:655:27
[INFO] [stdout]   44:     0x5ca56149baa3 - test::run_test::{{closure}}::hfb2007f8649c30bb
[INFO] [stdout]                                at /rustc/6067b36314ab5eb2eb47cecc464545ba58e1ad24/library/test/src/lib.rs:576:43
[INFO] [stdout]   45:     0x5ca56145eb85 - test::run_test::{{closure}}::h56a17aa7a282a9f4
[INFO] [stdout]                                at /rustc/6067b36314ab5eb2eb47cecc464545ba58e1ad24/library/test/src/lib.rs:606:41
[INFO] [stdout]   46:     0x5ca56145eb85 - std::sys::backtrace::__rust_begin_short_backtrace::hd2d2d2fb8e8c6aac
[INFO] [stdout]                                at /rustc/6067b36314ab5eb2eb47cecc464545ba58e1ad24/library/std/src/sys/backtrace.rs:152:18
[INFO] [stdout]   47:     0x5ca56146246a - std::thread::Builder::spawn_unchecked_::{{closure}}::{{closure}}::h4faa3f9db6133423
[INFO] [stdout]                                at /rustc/6067b36314ab5eb2eb47cecc464545ba58e1ad24/library/std/src/thread/mod.rs:559:17
[INFO] [stdout]   48:     0x5ca56146246a - <core::panic::unwind_safe::AssertUnwindSafe<F> as core::ops::function::FnOnce<()>>::call_once::hf2e855a36a4ea846
[INFO] [stdout]                                at /rustc/6067b36314ab5eb2eb47cecc464545ba58e1ad24/library/core/src/panic/unwind_safe.rs:272:9
[INFO] [stdout]   49:     0x5ca56146246a - std::panicking::try::do_call::h2f73af3616c35465
[INFO] [stdout]                                at /rustc/6067b36314ab5eb2eb47cecc464545ba58e1ad24/library/std/src/panicking.rs:587:40
[INFO] [stdout]   50:     0x5ca56146246a - std::panicking::try::hd1660ce9efadef5a
[INFO] [stdout]                                at /rustc/6067b36314ab5eb2eb47cecc464545ba58e1ad24/library/std/src/panicking.rs:550:19
[INFO] [stdout]   51:     0x5ca56146246a - std::panic::catch_unwind::h5ee8d7823b8ca744
[INFO] [stdout]                                at /rustc/6067b36314ab5eb2eb47cecc464545ba58e1ad24/library/std/src/panic.rs:358:14
[INFO] [stdout]   52:     0x5ca56146246a - std::thread::Builder::spawn_unchecked_::{{closure}}::h53c3a1894dce8407
[INFO] [stdout]                                at /rustc/6067b36314ab5eb2eb47cecc464545ba58e1ad24/library/std/src/thread/mod.rs:557:30
[INFO] [stdout]   53:     0x5ca56146246a - core::ops::function::FnOnce::call_once{{vtable.shim}}::h048ce291ad4f62bf
[INFO] [stdout]                                at /rustc/6067b36314ab5eb2eb47cecc464545ba58e1ad24/library/core/src/ops/function.rs:250:5
[INFO] [stdout]   54:     0x5ca5615cd45b - <alloc::boxed::Box<F,A> as core::ops::function::FnOnce<Args>>::call_once::ha52bedf99a3b4981
[INFO] [stdout]                                at /rustc/6067b36314ab5eb2eb47cecc464545ba58e1ad24/library/alloc/src/boxed.rs:2013:9
[INFO] [stdout]   55:     0x5ca5615cd45b - <alloc::boxed::Box<F,A> as core::ops::function::FnOnce<Args>>::call_once::h567748934d80ccf8
[INFO] [stdout]                                at /rustc/6067b36314ab5eb2eb47cecc464545ba58e1ad24/library/alloc/src/boxed.rs:2013:9
[INFO] [stdout]   56:     0x5ca5615cd45b - std::sys::pal::unix::thread::Thread::new::thread_start::h2d970728ae887adc
[INFO] [stdout]                                at /rustc/6067b36314ab5eb2eb47cecc464545ba58e1ad24/library/std/src/sys/pal/unix/thread.rs:106:17
[INFO] [stdout]   57:     0x7fdffd383ac3 - <unknown>
[INFO] [stdout]   58:     0x7fdffd414a04 - clone
[INFO] [stdout]   59:                0x0 - <unknown>
[INFO] [stdout] 
[INFO] [stdout] 
[INFO] [stdout] failures:
[INFO] [stdout]     core::sockparse::tests::test_addr_input_format
[INFO] [stdout]     modules::ping::tests::test_ping_range
[INFO] [stdout] 
[INFO] [stdout] test result: FAILED. 5 passed; 2 failed; 0 ignored; 0 measured; 0 filtered out; finished in 0.17s
[INFO] [stdout] 
[INFO] running `Command { std: "docker" "inspect" "aae6216bdf053af9c6ec1ff7b3ad64bb44fd314afca9cfd774a2d12e8e71122a", kill_on_drop: false }`
[INFO] running `Command { std: "docker" "rm" "-f" "aae6216bdf053af9c6ec1ff7b3ad64bb44fd314afca9cfd774a2d12e8e71122a", kill_on_drop: false }`
[INFO] [stdout] aae6216bdf053af9c6ec1ff7b3ad64bb44fd314afca9cfd774a2d12e8e71122a
