[INFO] cloning repository https://github.com/BigPapa314/maven-client
[INFO] running `Command { std: "git" "-c" "credential.helper=" "-c" "credential.helper=/workspace/cargo-home/bin/git-credential-null" "clone" "--bare" "https://github.com/BigPapa314/maven-client" "/workspace/cache/git-repos/https%3A%2F%2Fgithub.com%2FBigPapa314%2Fmaven-client", kill_on_drop: false }`
[INFO] [stderr] Cloning into bare repository '/workspace/cache/git-repos/https%3A%2F%2Fgithub.com%2FBigPapa314%2Fmaven-client'...
[INFO] running `Command { std: "git" "rev-parse" "HEAD", kill_on_drop: false }`
[INFO] [stdout] 0722642cfcaf2985aae16ef852468094e90731fd
[INFO] testing BigPapa314/maven-client against nightly-2025-01-18 for randomize-layout-2
[INFO] running `Command { std: "git" "clone" "/workspace/cache/git-repos/https%3A%2F%2Fgithub.com%2FBigPapa314%2Fmaven-client" "/workspace/builds/worker-4-tc1/source", kill_on_drop: false }`
[INFO] [stderr] Cloning into '/workspace/builds/worker-4-tc1/source'...
[INFO] [stderr] done.
[INFO] validating manifest of git repo https://github.com/BigPapa314/maven-client on toolchain nightly-2025-01-18
[INFO] running `Command { std: CARGO_HOME="/workspace/cargo-home" RUSTUP_HOME="/workspace/rustup-home" "/workspace/cargo-home/bin/cargo" "+nightly-2025-01-18" "metadata" "--manifest-path" "Cargo.toml" "--no-deps", kill_on_drop: false }`
[INFO] started tweaking git repo https://github.com/BigPapa314/maven-client
[INFO] finished tweaking git repo https://github.com/BigPapa314/maven-client
[INFO] tweaked toml for git repo https://github.com/BigPapa314/maven-client written to /workspace/builds/worker-4-tc1/source/Cargo.toml
[INFO] crate git repo https://github.com/BigPapa314/maven-client already has a lockfile, it will not be regenerated
[INFO] running `Command { std: CARGO_HOME="/workspace/cargo-home" RUSTUP_HOME="/workspace/rustup-home" "/workspace/cargo-home/bin/cargo" "+nightly-2025-01-18" "fetch" "--manifest-path" "Cargo.toml", kill_on_drop: false }`
[INFO] [stderr]  Downloading crates ...
[INFO] [stderr]   Downloaded fastrand v1.6.0
[INFO] [stderr]   Downloaded futures-sink v0.3.19
[INFO] [stderr]   Downloaded openssl-sys v0.9.72
[INFO] [stderr]   Downloaded futures-channel v0.3.19
[INFO] [stderr]   Downloaded futures-task v0.3.19
[INFO] [stderr]   Downloaded serde_derive v1.0.133
[INFO] [stderr]   Downloaded serde v1.0.133
[INFO] [stderr]   Downloaded serde_json v1.0.74
[INFO] [stderr]   Downloaded reqwest v0.11.9
[INFO] [stderr]   Downloaded futures-util v0.3.19
[INFO] [stderr]   Downloaded h2 v0.3.10
[INFO] [stderr]   Downloaded hyper v0.14.16
[INFO] [stderr]   Downloaded futures-core v0.3.19
[INFO] [stderr]   Downloaded tokio v1.15.0
[INFO] [stderr]   Downloaded encoding_rs v0.8.30
[INFO] running `Command { std: "docker" "create" "-v" "/var/lib/crater-agent-workspace/builds/worker-4-tc1/target:/opt/rustwide/target:rw,Z" "-v" "/var/lib/crater-agent-workspace/builds/worker-4-tc1/source:/opt/rustwide/workdir:ro,Z" "-v" "/var/lib/crater-agent-workspace/cargo-home:/opt/rustwide/cargo-home:ro,Z" "-v" "/var/lib/crater-agent-workspace/rustup-home:/opt/rustwide/rustup-home:ro,Z" "-e" "SOURCE_DIR=/opt/rustwide/workdir" "-e" "CARGO_TARGET_DIR=/opt/rustwide/target" "-e" "CARGO_HOME=/opt/rustwide/cargo-home" "-e" "RUSTUP_HOME=/opt/rustwide/rustup-home" "-w" "/opt/rustwide/workdir" "-m" "1610612736" "--user" "0:0" "--network" "none" "ghcr.io/rust-lang/crates-build-env/linux@sha256:819108c5571ea2e421544af4d832f968d213c87fbe3707a016657f43d2f853bc" "/opt/rustwide/cargo-home/bin/cargo" "+nightly-2025-01-18" "metadata" "--no-deps" "--format-version=1", kill_on_drop: false }`
[INFO] [stdout] e6cea61671408cf49951cdd7df4acd7938fcf083b8522b62c405cd6435d48299
[INFO] running `Command { std: "docker" "start" "-a" "e6cea61671408cf49951cdd7df4acd7938fcf083b8522b62c405cd6435d48299", kill_on_drop: false }`
[INFO] running `Command { std: "docker" "inspect" "e6cea61671408cf49951cdd7df4acd7938fcf083b8522b62c405cd6435d48299", kill_on_drop: false }`
[INFO] running `Command { std: "docker" "rm" "-f" "e6cea61671408cf49951cdd7df4acd7938fcf083b8522b62c405cd6435d48299", kill_on_drop: false }`
[INFO] [stdout] e6cea61671408cf49951cdd7df4acd7938fcf083b8522b62c405cd6435d48299
[INFO] running `Command { std: "docker" "create" "-v" "/var/lib/crater-agent-workspace/builds/worker-4-tc1/target:/opt/rustwide/target:rw,Z" "-v" "/var/lib/crater-agent-workspace/builds/worker-4-tc1/source:/opt/rustwide/workdir:ro,Z" "-v" "/var/lib/crater-agent-workspace/cargo-home:/opt/rustwide/cargo-home:ro,Z" "-v" "/var/lib/crater-agent-workspace/rustup-home:/opt/rustwide/rustup-home:ro,Z" "-e" "SOURCE_DIR=/opt/rustwide/workdir" "-e" "CARGO_TARGET_DIR=/opt/rustwide/target" "-e" "CARGO_INCREMENTAL=0" "-e" "RUST_BACKTRACE=full" "-e" "RUSTFLAGS=--cap-lints=forbid" "-e" "RUSTDOCFLAGS=--cap-lints=forbid" "-e" "CARGO_HOME=/opt/rustwide/cargo-home" "-e" "RUSTUP_HOME=/opt/rustwide/rustup-home" "-w" "/opt/rustwide/workdir" "-m" "1610612736" "--user" "0:0" "--network" "none" "ghcr.io/rust-lang/crates-build-env/linux@sha256:819108c5571ea2e421544af4d832f968d213c87fbe3707a016657f43d2f853bc" "/opt/rustwide/cargo-home/bin/cargo" "+nightly-2025-01-18" "build" "--frozen" "--message-format=json", kill_on_drop: false }`
[INFO] [stdout] ffc20ec1fc16791c94c91f5935ff5e4f18999e490202ea1d795324f11a9d5a64
[INFO] running `Command { std: "docker" "start" "-a" "ffc20ec1fc16791c94c91f5935ff5e4f18999e490202ea1d795324f11a9d5a64", kill_on_drop: false }`
[INFO] [stderr]    Compiling libc v0.2.112
[INFO] [stderr]    Compiling proc-macro2 v1.0.36
[INFO] [stderr]    Compiling unicode-xid v0.2.2
[INFO] [stderr]    Compiling autocfg v1.0.1
[INFO] [stderr]    Compiling syn v1.0.85
[INFO] [stderr]    Compiling log v0.4.14
[INFO] [stderr]    Compiling parking_lot_core v0.8.5
[INFO] [stderr]    Compiling pkg-config v0.3.24
[INFO] [stderr]    Compiling memchr v2.4.1
[INFO] [stderr]    Compiling pin-project-lite v0.2.8
[INFO] [stderr]    Compiling cc v1.0.72
[INFO] [stderr]    Compiling futures-core v0.3.19
[INFO] [stderr]    Compiling bytes v1.1.0
[INFO] [stderr]    Compiling once_cell v1.9.0
[INFO] [stderr]    Compiling smallvec v1.7.0
[INFO] [stderr]    Compiling lock_api v0.4.5
[INFO] [stderr]    Compiling itoa v1.0.1
[INFO] [stderr]    Compiling serde_derive v1.0.133
[INFO] [stderr]    Compiling futures-task v0.3.19
[INFO] [stderr]    Compiling openssl v0.10.38
[INFO] [stderr]    Compiling serde v1.0.133
[INFO] [stderr]    Compiling futures-util v0.3.19
[INFO] [stderr]    Compiling tracing-core v0.1.21
[INFO] [stderr]    Compiling matches v0.1.9
[INFO] [stderr]    Compiling futures-sink v0.3.19
[INFO] [stderr]    Compiling tinyvec_macros v0.1.0
[INFO] [stderr]    Compiling futures-channel v0.3.19
[INFO] [stderr]    Compiling httparse v1.5.1
[INFO] [stderr]    Compiling native-tls v0.2.8
[INFO] [stderr]    Compiling tinyvec v1.5.1
[INFO] [stderr]    Compiling slab v0.4.5
[INFO] [stderr]    Compiling try-lock v0.2.3
[INFO] [stderr]    Compiling tracing v0.1.29
[INFO] [stderr]    Compiling indexmap v1.8.0
[INFO] [stderr]    Compiling want v0.3.0
[INFO] [stderr]    Compiling form_urlencoded v1.0.1
[INFO] [stderr]    Compiling unicode-bidi v0.3.7
[INFO] [stderr]    Compiling ryu v1.0.9
[INFO] [stderr]    Compiling quote v1.0.14
[INFO] [stderr]    Compiling tower-service v0.3.1
[INFO] [stderr]    Compiling serde_json v1.0.74
[INFO] [stderr]    Compiling encoding_rs v0.8.30
[INFO] [stderr]    Compiling httpdate v1.0.2
[INFO] [stderr]    Compiling semver v1.0.4
[INFO] [stderr]    Compiling http v0.2.6
[INFO] [stderr]    Compiling mime v0.3.16
[INFO] [stderr]    Compiling base64 v0.13.0
[INFO] [stderr]    Compiling mio v0.7.14
[INFO] [stderr]    Compiling signal-hook-registry v1.4.0
[INFO] [stderr]    Compiling num_cpus v1.13.1
[INFO] [stderr]    Compiling unicode-normalization v0.1.19
[INFO] [stderr]    Compiling socket2 v0.4.2
[INFO] [stderr]    Compiling openssl-sys v0.9.72
[INFO] [stderr]    Compiling ipnet v2.3.1
[INFO] [stderr]    Compiling parking_lot v0.11.2
[INFO] [stderr]    Compiling idna v0.2.3
[INFO] [stderr]    Compiling url v2.2.2
[INFO] [stderr]    Compiling http-body v0.4.4
[INFO] [stderr]    Compiling tokio-macros v1.7.0
[INFO] [stderr]    Compiling tokio v1.15.0
[INFO] [stderr]    Compiling tokio-util v0.6.9
[INFO] [stderr]    Compiling tokio-native-tls v0.3.0
[INFO] [stderr]    Compiling h2 v0.3.10
[INFO] [stderr]    Compiling serde_urlencoded v0.7.0
[INFO] [stderr]    Compiling quick-xml v0.22.0
[INFO] [stderr]    Compiling hyper v0.14.16
[INFO] [stderr]    Compiling hyper-tls v0.5.0
[INFO] [stderr]    Compiling reqwest v0.11.9
[INFO] [stderr]    Compiling maven-client v0.1.0 (/opt/rustwide/workdir/lib)
[INFO] [stdout] warning: unused imports: `DeError` and `from_str`
[INFO] [stdout]  --> lib/src/tools.rs:3:21
[INFO] [stdout]   |
[INFO] [stdout] 3 | use quick_xml::de::{from_str, DeError};
[INFO] [stdout]   |                     ^^^^^^^^  ^^^^^^^
[INFO] [stdout]   |
[INFO] [stdout]   = note: `#[warn(unused_imports)]` on by default
[INFO] [stdout] 
[INFO] [stdout] 
[INFO] [stdout] warning: unused import: `reqwest::Response`
[INFO] [stdout]  --> lib/src/tools.rs:4:5
[INFO] [stdout]   |
[INFO] [stdout] 4 | use reqwest::Response;
[INFO] [stdout]   |     ^^^^^^^^^^^^^^^^^
[INFO] [stdout] 
[INFO] [stdout] 
[INFO] [stdout] warning: function `test2` is never used
[INFO] [stdout]   --> lib/src/lib.rs:29:4
[INFO] [stdout]    |
[INFO] [stdout] 29 | fn test2() -> Result<(), semver::Error> {
[INFO] [stdout]    |    ^^^^^
[INFO] [stdout]    |
[INFO] [stdout]    = note: `#[warn(dead_code)]` on by default
[INFO] [stdout] 
[INFO] [stdout] 
[INFO] [stdout] warning: field `version` is never read
[INFO] [stdout]  --> lib/src/types/gav.rs:7:9
[INFO] [stdout]   |
[INFO] [stdout] 4 | pub struct Gav {
[INFO] [stdout]   |            --- field in this struct
[INFO] [stdout] ...
[INFO] [stdout] 7 |     pub version: Option<String>,
[INFO] [stdout]   |         ^^^^^^^
[INFO] [stdout]   |
[INFO] [stdout]   = note: `Gav` has derived impls for the traits `Debug` and `Clone`, but these are intentionally ignored during dead code analysis
[INFO] [stdout] 
[INFO] [stdout] 
[INFO] [stdout] warning: method `add_to` is never used
[INFO] [stdout]   --> lib/src/types/gav.rs:23:12
[INFO] [stdout]    |
[INFO] [stdout] 10 | impl Gav {
[INFO] [stdout]    | -------- method in this implementation
[INFO] [stdout] ...
[INFO] [stdout] 23 |     pub fn add_to(&self, base: Url) -> Result<Url, ParseError> {
[INFO] [stdout]    |            ^^^^^^
[INFO] [stdout] 
[INFO] [stdout] 
[INFO] [stderr]    Compiling maven-client-cli v0.1.0 (/opt/rustwide/workdir/cli)
[INFO] [stderr]     Finished `dev` profile [unoptimized + debuginfo] target(s) in 33.19s
[INFO] [stderr] warning: the following packages contain code that will be rejected by a future version of Rust: quick-xml v0.22.0
[INFO] [stderr] note: to see what the problems were, use the option `--future-incompat-report`, or run `cargo report future-incompatibilities --id 1`
[INFO] running `Command { std: "docker" "inspect" "ffc20ec1fc16791c94c91f5935ff5e4f18999e490202ea1d795324f11a9d5a64", kill_on_drop: false }`
[INFO] running `Command { std: "docker" "rm" "-f" "ffc20ec1fc16791c94c91f5935ff5e4f18999e490202ea1d795324f11a9d5a64", kill_on_drop: false }`
[INFO] [stdout] ffc20ec1fc16791c94c91f5935ff5e4f18999e490202ea1d795324f11a9d5a64
[INFO] running `Command { std: "docker" "create" "-v" "/var/lib/crater-agent-workspace/builds/worker-4-tc1/target:/opt/rustwide/target:rw,Z" "-v" "/var/lib/crater-agent-workspace/builds/worker-4-tc1/source:/opt/rustwide/workdir:ro,Z" "-v" "/var/lib/crater-agent-workspace/cargo-home:/opt/rustwide/cargo-home:ro,Z" "-v" "/var/lib/crater-agent-workspace/rustup-home:/opt/rustwide/rustup-home:ro,Z" "-e" "SOURCE_DIR=/opt/rustwide/workdir" "-e" "CARGO_TARGET_DIR=/opt/rustwide/target" "-e" "CARGO_INCREMENTAL=0" "-e" "RUST_BACKTRACE=full" "-e" "RUSTFLAGS=--cap-lints=forbid" "-e" "RUSTDOCFLAGS=--cap-lints=forbid" "-e" "CARGO_HOME=/opt/rustwide/cargo-home" "-e" "RUSTUP_HOME=/opt/rustwide/rustup-home" "-w" "/opt/rustwide/workdir" "-m" "1610612736" "--user" "0:0" "--network" "none" "ghcr.io/rust-lang/crates-build-env/linux@sha256:819108c5571ea2e421544af4d832f968d213c87fbe3707a016657f43d2f853bc" "/opt/rustwide/cargo-home/bin/cargo" "+nightly-2025-01-18" "test" "--frozen" "--no-run" "--message-format=json", kill_on_drop: false }`
[INFO] [stdout] 8010eb868c16b6e80409578ba45cdf43325e28732f1bd44fbca5c2ba00b9d926
[INFO] running `Command { std: "docker" "start" "-a" "8010eb868c16b6e80409578ba45cdf43325e28732f1bd44fbca5c2ba00b9d926", kill_on_drop: false }`
[INFO] [stderr]    Compiling maven-client v0.1.0 (/opt/rustwide/workdir/lib)
[INFO] [stderr]    Compiling maven-client-cli v0.1.0 (/opt/rustwide/workdir/cli)
[INFO] [stdout] warning: unused imports: `DeError` and `from_str`
[INFO] [stdout]  --> lib/src/tools.rs:3:21
[INFO] [stdout]   |
[INFO] [stdout] 3 | use quick_xml::de::{from_str, DeError};
[INFO] [stdout]   |                     ^^^^^^^^  ^^^^^^^
[INFO] [stdout]   |
[INFO] [stdout]   = note: `#[warn(unused_imports)]` on by default
[INFO] [stdout] 
[INFO] [stdout] 
[INFO] [stdout] warning: unused import: `reqwest::Response`
[INFO] [stdout]  --> lib/src/tools.rs:4:5
[INFO] [stdout]   |
[INFO] [stdout] 4 | use reqwest::Response;
[INFO] [stdout]   |     ^^^^^^^^^^^^^^^^^
[INFO] [stdout] 
[INFO] [stdout] 
[INFO] [stdout] warning: function `test2` is never used
[INFO] [stdout]   --> lib/src/lib.rs:29:4
[INFO] [stdout]    |
[INFO] [stdout] 29 | fn test2() -> Result<(), semver::Error> {
[INFO] [stdout]    |    ^^^^^
[INFO] [stdout]    |
[INFO] [stdout]    = note: `#[warn(dead_code)]` on by default
[INFO] [stdout] 
[INFO] [stdout] 
[INFO] [stdout] warning: field `version` is never read
[INFO] [stdout]  --> lib/src/types/gav.rs:7:9
[INFO] [stdout]   |
[INFO] [stdout] 4 | pub struct Gav {
[INFO] [stdout]   |            --- field in this struct
[INFO] [stdout] ...
[INFO] [stdout] 7 |     pub version: Option<String>,
[INFO] [stdout]   |         ^^^^^^^
[INFO] [stdout]   |
[INFO] [stdout]   = note: `Gav` has derived impls for the traits `Debug` and `Clone`, but these are intentionally ignored during dead code analysis
[INFO] [stdout] 
[INFO] [stdout] 
[INFO] [stdout] warning: method `add_to` is never used
[INFO] [stdout]   --> lib/src/types/gav.rs:23:12
[INFO] [stdout]    |
[INFO] [stdout] 10 | impl Gav {
[INFO] [stdout]    | -------- method in this implementation
[INFO] [stdout] ...
[INFO] [stdout] 23 |     pub fn add_to(&self, base: Url) -> Result<Url, ParseError> {
[INFO] [stdout]    |            ^^^^^^
[INFO] [stdout] 
[INFO] [stdout] 
[INFO] [stdout] warning: unused imports: `DeError` and `from_str`
[INFO] [stdout]  --> lib/src/tools.rs:3:21
[INFO] [stdout]   |
[INFO] [stdout] 3 | use quick_xml::de::{from_str, DeError};
[INFO] [stdout]   |                     ^^^^^^^^  ^^^^^^^
[INFO] [stdout]   |
[INFO] [stdout]   = note: `#[warn(unused_imports)]` on by default
[INFO] [stdout] 
[INFO] [stdout] 
[INFO] [stdout] warning: unused import: `reqwest::Response`
[INFO] [stdout]  --> lib/src/tools.rs:4:5
[INFO] [stdout]   |
[INFO] [stdout] 4 | use reqwest::Response;
[INFO] [stdout]   |     ^^^^^^^^^^^^^^^^^
[INFO] [stdout] 
[INFO] [stdout] 
[INFO] [stdout] warning: unused import: `DeError`
[INFO] [stdout]   --> lib/src/lib.rs:41:35
[INFO] [stdout]    |
[INFO] [stdout] 41 |     use quick_xml::de::{from_str, DeError};
[INFO] [stdout]    |                                   ^^^^^^^
[INFO] [stdout] 
[INFO] [stdout] 
[INFO] [stdout] warning: field `version` is never read
[INFO] [stdout]  --> lib/src/types/gav.rs:7:9
[INFO] [stdout]   |
[INFO] [stdout] 4 | pub struct Gav {
[INFO] [stdout]   |            --- field in this struct
[INFO] [stdout] ...
[INFO] [stdout] 7 |     pub version: Option<String>,
[INFO] [stdout]   |         ^^^^^^^
[INFO] [stdout]   |
[INFO] [stdout]   = note: `Gav` has derived impls for the traits `Debug` and `Clone`, but these are intentionally ignored during dead code analysis
[INFO] [stdout]   = note: `#[warn(dead_code)]` on by default
[INFO] [stdout] 
[INFO] [stdout] 
[INFO] [stdout] warning: method `add_to` is never used
[INFO] [stdout]   --> lib/src/types/gav.rs:23:12
[INFO] [stdout]    |
[INFO] [stdout] 10 | impl Gav {
[INFO] [stdout]    | -------- method in this implementation
[INFO] [stdout] ...
[INFO] [stdout] 23 |     pub fn add_to(&self, base: Url) -> Result<Url, ParseError> {
[INFO] [stdout]    |            ^^^^^^
[INFO] [stdout] 
[INFO] [stdout] 
[INFO] [stderr]     Finished `test` profile [unoptimized + debuginfo] target(s) in 2.08s
[INFO] [stderr] warning: the following packages contain code that will be rejected by a future version of Rust: quick-xml v0.22.0
[INFO] [stderr] note: to see what the problems were, use the option `--future-incompat-report`, or run `cargo report future-incompatibilities --id 1`
[INFO] running `Command { std: "docker" "inspect" "8010eb868c16b6e80409578ba45cdf43325e28732f1bd44fbca5c2ba00b9d926", kill_on_drop: false }`
[INFO] running `Command { std: "docker" "rm" "-f" "8010eb868c16b6e80409578ba45cdf43325e28732f1bd44fbca5c2ba00b9d926", kill_on_drop: false }`
[INFO] [stdout] 8010eb868c16b6e80409578ba45cdf43325e28732f1bd44fbca5c2ba00b9d926
[INFO] running `Command { std: "docker" "create" "-v" "/var/lib/crater-agent-workspace/builds/worker-4-tc1/target:/opt/rustwide/target:rw,Z" "-v" "/var/lib/crater-agent-workspace/builds/worker-4-tc1/source:/opt/rustwide/workdir:ro,Z" "-v" "/var/lib/crater-agent-workspace/cargo-home:/opt/rustwide/cargo-home:ro,Z" "-v" "/var/lib/crater-agent-workspace/rustup-home:/opt/rustwide/rustup-home:ro,Z" "-e" "SOURCE_DIR=/opt/rustwide/workdir" "-e" "CARGO_TARGET_DIR=/opt/rustwide/target" "-e" "CARGO_INCREMENTAL=0" "-e" "RUST_BACKTRACE=full" "-e" "RUSTFLAGS=--cap-lints=forbid" "-e" "RUSTDOCFLAGS=--cap-lints=forbid" "-e" "CARGO_HOME=/opt/rustwide/cargo-home" "-e" "RUSTUP_HOME=/opt/rustwide/rustup-home" "-w" "/opt/rustwide/workdir" "-m" "1610612736" "--user" "0:0" "--network" "none" "ghcr.io/rust-lang/crates-build-env/linux@sha256:819108c5571ea2e421544af4d832f968d213c87fbe3707a016657f43d2f853bc" "/opt/rustwide/cargo-home/bin/cargo" "+nightly-2025-01-18" "test" "--frozen", kill_on_drop: false }`
[INFO] [stdout] 250ae14f66453368b08de90277ad7a5297f9c6507d1747ae81664f53cc84759f
[INFO] running `Command { std: "docker" "start" "-a" "250ae14f66453368b08de90277ad7a5297f9c6507d1747ae81664f53cc84759f", kill_on_drop: false }`
[INFO] [stderr] warning: unused imports: `DeError` and `from_str`
[INFO] [stderr]  --> lib/src/tools.rs:3:21
[INFO] [stderr]   |
[INFO] [stderr] 3 | use quick_xml::de::{from_str, DeError};
[INFO] [stderr]   |                     ^^^^^^^^  ^^^^^^^
[INFO] [stderr]   |
[INFO] [stderr]   = note: `#[warn(unused_imports)]` on by default
[INFO] [stderr] 
[INFO] [stderr] warning: unused import: `reqwest::Response`
[INFO] [stderr]  --> lib/src/tools.rs:4:5
[INFO] [stderr]   |
[INFO] [stderr] 4 | use reqwest::Response;
[INFO] [stderr]   |     ^^^^^^^^^^^^^^^^^
[INFO] [stderr] 
[INFO] [stderr] warning: function `test2` is never used
[INFO] [stderr]   --> lib/src/lib.rs:29:4
[INFO] [stderr]    |
[INFO] [stderr] 29 | fn test2() -> Result<(), semver::Error> {
[INFO] [stderr]    |    ^^^^^
[INFO] [stderr]    |
[INFO] [stderr]    = note: `#[warn(dead_code)]` on by default
[INFO] [stderr] 
[INFO] [stderr] warning: field `version` is never read
[INFO] [stderr]  --> lib/src/types/gav.rs:7:9
[INFO] [stderr]   |
[INFO] [stderr] 4 | pub struct Gav {
[INFO] [stderr]   |            --- field in this struct
[INFO] [stderr] ...
[INFO] [stderr] 7 |     pub version: Option<String>,
[INFO] [stderr]   |         ^^^^^^^
[INFO] [stderr]   |
[INFO] [stderr]   = note: `Gav` has derived impls for the traits `Debug` and `Clone`, but these are intentionally ignored during dead code analysis
[INFO] [stderr] 
[INFO] [stderr] warning: method `add_to` is never used
[INFO] [stderr]   --> lib/src/types/gav.rs:23:12
[INFO] [stderr]    |
[INFO] [stderr] 10 | impl Gav {
[INFO] [stderr]    | -------- method in this implementation
[INFO] [stderr] ...
[INFO] [stderr] 23 |     pub fn add_to(&self, base: Url) -> Result<Url, ParseError> {
[INFO] [stderr]    |            ^^^^^^
[INFO] [stderr] 
[INFO] [stderr] warning: unused import: `DeError`
[INFO] [stderr]   --> lib/src/lib.rs:41:35
[INFO] [stderr]    |
[INFO] [stderr] 41 |     use quick_xml::de::{from_str, DeError};
[INFO] [stderr]    |                                   ^^^^^^^
[INFO] [stderr] 
[INFO] [stderr] warning: field `version` is never read
[INFO] [stderr]  --> lib/src/types/gav.rs:7:9
[INFO] [stderr]   |
[INFO] [stderr] 4 | pub struct Gav {
[INFO] [stderr]   |            --- field in this struct
[INFO] [stderr] ...
[INFO] [stderr] 7 |     pub version: Option<String>,
[INFO] [stderr]   |         ^^^^^^^
[INFO] [stderr]   |
[INFO] [stderr]   = note: `Gav` has derived impls for the traits `Debug` and `Clone`, but these are intentionally ignored during dead code analysis
[INFO] [stderr]   = note: `#[warn(dead_code)]` on by default
[INFO] [stderr] 
[INFO] [stderr] warning: `maven-client` (lib) generated 5 warnings (run `cargo fix --lib -p maven-client` to apply 2 suggestions)
[INFO] [stderr] warning: `maven-client` (lib test) generated 5 warnings (3 duplicates) (run `cargo fix --lib -p maven-client --tests` to apply 1 suggestion)
[INFO] [stderr]     Finished `test` profile [unoptimized + debuginfo] target(s) in 0.14s
[INFO] [stderr] warning: the following packages contain code that will be rejected by a future version of Rust: quick-xml v0.22.0
[INFO] [stderr] note: to see what the problems were, use the option `--future-incompat-report`, or run `cargo report future-incompatibilities --id 1`
[INFO] [stderr]      Running unittests src/lib.rs (/opt/rustwide/target/debug/deps/maven_client-55375f94b4f09a2f)
[INFO] [stdout] 
[INFO] [stdout] running 5 tests
[INFO] [stdout] test tests::do_test2 ... ok
[INFO] [stdout] test tests::do_test4 ... ok
[INFO] [stdout] test tests::do_test3 ... ok
[INFO] [stdout] test tests::do_test ... FAILED
[INFO] [stdout] test tests::test_versions ... FAILED
[INFO] [stdout] 
[INFO] [stdout] failures:
[INFO] [stdout] 
[INFO] [stdout] ---- tests::do_test stdout ----
[INFO] [stdout] 
[INFO] [stdout] thread 'tests::do_test' panicked at lib/src/lib.rs:52:22:
[INFO] [stdout] Something failed: reqwest::Error { kind: Request, url: Url { scheme: "https", cannot_be_a_base: false, username: "", password: None, host: Some(Domain("httpbin.org")), port: None, path: "/ip", query: None, fragment: None }, source: hyper::Error(Connect, ConnectError("dns error", Custom { kind: Uncategorized, error: "failed to lookup address information: Temporary failure in name resolution" })) }
[INFO] [stdout] stack backtrace:
[INFO] [stdout]    0:     0x5b326c44bd4a - std::backtrace_rs::backtrace::libunwind::trace::hb059275cfc8d6126
[INFO] [stdout]                                at /rustc/6067b36314ab5eb2eb47cecc464545ba58e1ad24/library/std/src/../../backtrace/src/backtrace/libunwind.rs:116:5
[INFO] [stdout]    1:     0x5b326c44bd4a - std::backtrace_rs::backtrace::trace_unsynchronized::h2da071e4327ce3ee
[INFO] [stdout]                                at /rustc/6067b36314ab5eb2eb47cecc464545ba58e1ad24/library/std/src/../../backtrace/src/backtrace/mod.rs:66:5
[INFO] [stdout]    2:     0x5b326c44bd4a - std::sys::backtrace::_print_fmt::h842a1474e6f8d23f
[INFO] [stdout]                                at /rustc/6067b36314ab5eb2eb47cecc464545ba58e1ad24/library/std/src/sys/backtrace.rs:66:9
[INFO] [stdout]    3:     0x5b326c44bd4a - <std::sys::backtrace::BacktraceLock::print::DisplayBacktrace as core::fmt::Display>::fmt::h71a62eb3b9696b12
[INFO] [stdout]                                at /rustc/6067b36314ab5eb2eb47cecc464545ba58e1ad24/library/std/src/sys/backtrace.rs:39:26
[INFO] [stdout]    4:     0x5b326c4769f3 - core::fmt::rt::Argument::fmt::hdb6b616786b41dc1
[INFO] [stdout]                                at /rustc/6067b36314ab5eb2eb47cecc464545ba58e1ad24/library/core/src/fmt/rt.rs:177:76
[INFO] [stdout]    5:     0x5b326c4769f3 - core::fmt::write::h2cc1698af7e2d686
[INFO] [stdout]                                at /rustc/6067b36314ab5eb2eb47cecc464545ba58e1ad24/library/core/src/fmt/mod.rs:1440:21
[INFO] [stdout]    6:     0x5b326c447c53 - std::io::Write::write_fmt::hab1b4cd059a79022
[INFO] [stdout]                                at /rustc/6067b36314ab5eb2eb47cecc464545ba58e1ad24/library/std/src/io/mod.rs:1887:15
[INFO] [stdout]    7:     0x5b326c44bb92 - std::sys::backtrace::BacktraceLock::print::h147fe35b4ea13b08
[INFO] [stdout]                                at /rustc/6067b36314ab5eb2eb47cecc464545ba58e1ad24/library/std/src/sys/backtrace.rs:42:9
[INFO] [stdout]    8:     0x5b326c44d16f - std::panicking::default_hook::{{closure}}::hbd44223dbdc0d208
[INFO] [stdout]                                at /rustc/6067b36314ab5eb2eb47cecc464545ba58e1ad24/library/std/src/panicking.rs:298:22
[INFO] [stdout]    9:     0x5b326c44cf88 - std::panicking::default_hook::h20f81eb0576efcec
[INFO] [stdout]                                at /rustc/6067b36314ab5eb2eb47cecc464545ba58e1ad24/library/std/src/panicking.rs:322:9
[INFO] [stdout]   10:     0x5b326bfb6bd3 - <alloc::boxed::Box<F,A> as core::ops::function::Fn<Args>>::call::hdb53814c496a4d34
[INFO] [stdout]                                at /rustc/6067b36314ab5eb2eb47cecc464545ba58e1ad24/library/alloc/src/boxed.rs:2027:9
[INFO] [stdout]   11:     0x5b326bfb6bd3 - test::test_main::{{closure}}::hc0a4963c59427c24
[INFO] [stdout]                                at /rustc/6067b36314ab5eb2eb47cecc464545ba58e1ad24/library/test/src/lib.rs:134:21
[INFO] [stdout]   12:     0x5b326c44dc63 - <alloc::boxed::Box<F,A> as core::ops::function::Fn<Args>>::call::h591b2225413a77e9
[INFO] [stdout]                                at /rustc/6067b36314ab5eb2eb47cecc464545ba58e1ad24/library/alloc/src/boxed.rs:2027:9
[INFO] [stdout]   13:     0x5b326c44dc63 - std::panicking::rust_panic_with_hook::h625eea43051b2edc
[INFO] [stdout]                                at /rustc/6067b36314ab5eb2eb47cecc464545ba58e1ad24/library/std/src/panicking.rs:839:13
[INFO] [stdout]   14:     0x5b326c44d91a - std::panicking::begin_panic_handler::{{closure}}::h4f9159cfbc3f6bd3
[INFO] [stdout]                                at /rustc/6067b36314ab5eb2eb47cecc464545ba58e1ad24/library/std/src/panicking.rs:704:13
[INFO] [stdout]   15:     0x5b326c44c249 - std::sys::backtrace::__rust_end_short_backtrace::h0390abce48353151
[INFO] [stdout]                                at /rustc/6067b36314ab5eb2eb47cecc464545ba58e1ad24/library/std/src/sys/backtrace.rs:168:18
[INFO] [stdout]   16:     0x5b326c44d5ad - rust_begin_unwind
[INFO] [stdout]                                at /rustc/6067b36314ab5eb2eb47cecc464545ba58e1ad24/library/std/src/panicking.rs:695:5
[INFO] [stdout]   17:     0x5b326c474c60 - core::panicking::panic_fmt::h9e7c637e9e5f29c9
[INFO] [stdout]                                at /rustc/6067b36314ab5eb2eb47cecc464545ba58e1ad24/library/core/src/panicking.rs:75:14
[INFO] [stdout]   18:     0x5b326c4750d6 - core::result::unwrap_failed::h7979f09313fe1849
[INFO] [stdout]                                at /rustc/6067b36314ab5eb2eb47cecc464545ba58e1ad24/library/core/src/result.rs:1704:5
[INFO] [stdout]   19:     0x5b326bf73e8e - core::result::Result<T,E>::expect::h203398ae1a13a1eb
[INFO] [stdout]                                at /rustc/6067b36314ab5eb2eb47cecc464545ba58e1ad24/library/core/src/result.rs:1061:23
[INFO] [stdout]   20:     0x5b326bf2350e - maven_client::tests::do_test::{{closure}}::hd7c00e76c2e0d5d7
[INFO] [stdout]                                at /opt/rustwide/workdir/lib/src/lib.rs:52:9
[INFO] [stdout]   21:     0x5b326bf4031d - <core::pin::Pin<P> as core::future::future::Future>::poll::hdfb3a522aac14e72
[INFO] [stdout]                                at /rustc/6067b36314ab5eb2eb47cecc464545ba58e1ad24/library/core/src/future/future.rs:124:9
[INFO] [stdout]   22:     0x5b326bf79aff - tokio::runtime::basic_scheduler::Inner<P>::block_on::{{closure}}::{{closure}}::h68eef8ed4cddfa9c
[INFO] [stdout]                                at /opt/rustwide/cargo-home/registry/src/index.crates.io-1949cf8c6b5b557f/tokio-1.15.0/src/runtime/basic_scheduler.rs:240:62
[INFO] [stdout]   23:     0x5b326bf19d03 - tokio::coop::with_budget::{{closure}}::h9aafb680b68320c9
[INFO] [stdout]                                at /opt/rustwide/cargo-home/registry/src/index.crates.io-1949cf8c6b5b557f/tokio-1.15.0/src/coop.rs:102:9
[INFO] [stdout]   24:     0x5b326bf2ca55 - std::thread::local::LocalKey<T>::try_with::h4873ac764d21a0e9
[INFO] [stdout]                                at /rustc/6067b36314ab5eb2eb47cecc464545ba58e1ad24/library/std/src/thread/local.rs:308:12
[INFO] [stdout]   25:     0x5b326bf2c32a - std::thread::local::LocalKey<T>::with::hfc50cbc65cd0281e
[INFO] [stdout]                                at /rustc/6067b36314ab5eb2eb47cecc464545ba58e1ad24/library/std/src/thread/local.rs:272:9
[INFO] [stdout]   26:     0x5b326bf76f23 - tokio::coop::with_budget::h703b9903734953cb
[INFO] [stdout]                                at /opt/rustwide/cargo-home/registry/src/index.crates.io-1949cf8c6b5b557f/tokio-1.15.0/src/coop.rs:95:5
[INFO] [stdout]   27:     0x5b326bf76f23 - tokio::coop::budget::h7b4c6807131c2c2a
[INFO] [stdout]                                at /opt/rustwide/cargo-home/registry/src/index.crates.io-1949cf8c6b5b557f/tokio-1.15.0/src/coop.rs:72:5
[INFO] [stdout]   28:     0x5b326bf76f23 - tokio::runtime::basic_scheduler::Inner<P>::block_on::{{closure}}::h186b713ad796cc2a
[INFO] [stdout]                                at /opt/rustwide/cargo-home/registry/src/index.crates.io-1949cf8c6b5b557f/tokio-1.15.0/src/runtime/basic_scheduler.rs:240:39
[INFO] [stdout]   29:     0x5b326bf7c86a - tokio::runtime::basic_scheduler::enter::{{closure}}::h967770b4a3ac1526
[INFO] [stdout]                                at /opt/rustwide/cargo-home/registry/src/index.crates.io-1949cf8c6b5b557f/tokio-1.15.0/src/runtime/basic_scheduler.rs:349:29
[INFO] [stdout]   30:     0x5b326bf28505 - tokio::macros::scoped_tls::ScopedKey<T>::set::h468694c55cf37980
[INFO] [stdout]                                at /opt/rustwide/cargo-home/registry/src/index.crates.io-1949cf8c6b5b557f/tokio-1.15.0/src/macros/scoped_tls.rs:61:9
[INFO] [stdout]   31:     0x5b326bf7ba9c - tokio::runtime::basic_scheduler::enter::h1613d142d9c8a9f2
[INFO] [stdout]                                at /opt/rustwide/cargo-home/registry/src/index.crates.io-1949cf8c6b5b557f/tokio-1.15.0/src/runtime/basic_scheduler.rs:349:5
[INFO] [stdout]   32:     0x5b326bf76133 - tokio::runtime::basic_scheduler::Inner<P>::block_on::hf54872216789f54d
[INFO] [stdout]                                at /opt/rustwide/cargo-home/registry/src/index.crates.io-1949cf8c6b5b557f/tokio-1.15.0/src/runtime/basic_scheduler.rs:230:9
[INFO] [stdout]   33:     0x5b326bf7a085 - tokio::runtime::basic_scheduler::InnerGuard<P>::block_on::hcca5047d66ae3183
[INFO] [stdout]                                at /opt/rustwide/cargo-home/registry/src/index.crates.io-1949cf8c6b5b557f/tokio-1.15.0/src/runtime/basic_scheduler.rs:501:9
[INFO] [stdout]   34:     0x5b326bf7b140 - tokio::runtime::basic_scheduler::BasicScheduler<P>::block_on::hbfa3f262bffe0297
[INFO] [stdout]                                at /opt/rustwide/cargo-home/registry/src/index.crates.io-1949cf8c6b5b557f/tokio-1.15.0/src/runtime/basic_scheduler.rs:186:24
[INFO] [stdout]   35:     0x5b326bf3a340 - tokio::runtime::Runtime::block_on::h282752451a946852
[INFO] [stdout]                                at /opt/rustwide/cargo-home/registry/src/index.crates.io-1949cf8c6b5b557f/tokio-1.15.0/src/runtime/mod.rs:461:46
[INFO] [stdout]   36:     0x5b326bf232ad - maven_client::tests::do_test::hd8497eb30574294f
[INFO] [stdout]                                at /opt/rustwide/workdir/lib/src/lib.rs:52:9
[INFO] [stdout]   37:     0x5b326bf23177 - maven_client::tests::do_test::{{closure}}::hcbab67870d668b72
[INFO] [stdout]                                at /opt/rustwide/workdir/lib/src/lib.rs:51:23
[INFO] [stdout]   38:     0x5b326bf24ab6 - core::ops::function::FnOnce::call_once::h473577795e30efb9
[INFO] [stdout]                                at /rustc/6067b36314ab5eb2eb47cecc464545ba58e1ad24/library/core/src/ops/function.rs:250:5
[INFO] [stdout]   39:     0x5b326bfbc32b - core::ops::function::FnOnce::call_once::he27718dfdd183f43
[INFO] [stdout]                                at /rustc/6067b36314ab5eb2eb47cecc464545ba58e1ad24/library/core/src/ops/function.rs:250:5
[INFO] [stdout]   40:     0x5b326bfbc32b - test::__rust_begin_short_backtrace::h4e84902998457a5d
[INFO] [stdout]                                at /rustc/6067b36314ab5eb2eb47cecc464545ba58e1ad24/library/test/src/lib.rs:632:18
[INFO] [stdout]   41:     0x5b326bfbb263 - test::run_test_in_process::{{closure}}::h7176fd18fc1feca0
[INFO] [stdout]                                at /rustc/6067b36314ab5eb2eb47cecc464545ba58e1ad24/library/test/src/lib.rs:655:60
[INFO] [stdout]   42:     0x5b326bfbb263 - <core::panic::unwind_safe::AssertUnwindSafe<F> as core::ops::function::FnOnce<()>>::call_once::hf79cff2a624d8cf7
[INFO] [stdout]                                at /rustc/6067b36314ab5eb2eb47cecc464545ba58e1ad24/library/core/src/panic/unwind_safe.rs:272:9
[INFO] [stdout]   43:     0x5b326bfbb263 - std::panicking::try::do_call::h3da0561d9ab99c25
[INFO] [stdout]                                at /rustc/6067b36314ab5eb2eb47cecc464545ba58e1ad24/library/std/src/panicking.rs:587:40
[INFO] [stdout]   44:     0x5b326bfbb263 - std::panicking::try::h41c9fa508bc61df6
[INFO] [stdout]                                at /rustc/6067b36314ab5eb2eb47cecc464545ba58e1ad24/library/std/src/panicking.rs:550:19
[INFO] [stdout]   45:     0x5b326bfbb263 - std::panic::catch_unwind::h6b3ff07bb5afad93
[INFO] [stdout]                                at /rustc/6067b36314ab5eb2eb47cecc464545ba58e1ad24/library/std/src/panic.rs:358:14
[INFO] [stdout]   46:     0x5b326bfbb263 - test::run_test_in_process::hc7253dd11b39b9f4
[INFO] [stdout]                                at /rustc/6067b36314ab5eb2eb47cecc464545ba58e1ad24/library/test/src/lib.rs:655:27
[INFO] [stdout]   47:     0x5b326bfbb263 - test::run_test::{{closure}}::hfb2007f8649c30bb
[INFO] [stdout]                                at /rustc/6067b36314ab5eb2eb47cecc464545ba58e1ad24/library/test/src/lib.rs:576:43
[INFO] [stdout]   48:     0x5b326bf7e345 - test::run_test::{{closure}}::h56a17aa7a282a9f4
[INFO] [stdout]                                at /rustc/6067b36314ab5eb2eb47cecc464545ba58e1ad24/library/test/src/lib.rs:606:41
[INFO] [stdout]   49:     0x5b326bf7e345 - std::sys::backtrace::__rust_begin_short_backtrace::hd2d2d2fb8e8c6aac
[INFO] [stdout]                                at /rustc/6067b36314ab5eb2eb47cecc464545ba58e1ad24/library/std/src/sys/backtrace.rs:152:18
[INFO] [stdout]   50:     0x5b326bf81c2a - std::thread::Builder::spawn_unchecked_::{{closure}}::{{closure}}::h4faa3f9db6133423
[INFO] [stdout]                                at /rustc/6067b36314ab5eb2eb47cecc464545ba58e1ad24/library/std/src/thread/mod.rs:559:17
[INFO] [stdout]   51:     0x5b326bf81c2a - <core::panic::unwind_safe::AssertUnwindSafe<F> as core::ops::function::FnOnce<()>>::call_once::hf2e855a36a4ea846
[INFO] [stdout]                                at /rustc/6067b36314ab5eb2eb47cecc464545ba58e1ad24/library/core/src/panic/unwind_safe.rs:272:9
[INFO] [stdout]   52:     0x5b326bf81c2a - std::panicking::try::do_call::h2f73af3616c35465
[INFO] [stdout]                                at /rustc/6067b36314ab5eb2eb47cecc464545ba58e1ad24/library/std/src/panicking.rs:587:40
[INFO] [stdout]   53:     0x5b326bf81c2a - std::panicking::try::hd1660ce9efadef5a
[INFO] [stdout]                                at /rustc/6067b36314ab5eb2eb47cecc464545ba58e1ad24/library/std/src/panicking.rs:550:19
[INFO] [stdout]   54:     0x5b326bf81c2a - std::panic::catch_unwind::h5ee8d7823b8ca744
[INFO] [stdout]                                at /rustc/6067b36314ab5eb2eb47cecc464545ba58e1ad24/library/std/src/panic.rs:358:14
[INFO] [stdout]   55:     0x5b326bf81c2a - std::thread::Builder::spawn_unchecked_::{{closure}}::h53c3a1894dce8407
[INFO] [stdout]                                at /rustc/6067b36314ab5eb2eb47cecc464545ba58e1ad24/library/std/src/thread/mod.rs:557:30
[INFO] [stdout]   56:     0x5b326bf81c2a - core::ops::function::FnOnce::call_once{{vtable.shim}}::h048ce291ad4f62bf
[INFO] [stdout]                                at /rustc/6067b36314ab5eb2eb47cecc464545ba58e1ad24/library/core/src/ops/function.rs:250:5
[INFO] [stdout]   57:     0x5b326c45210b - <alloc::boxed::Box<F,A> as core::ops::function::FnOnce<Args>>::call_once::ha52bedf99a3b4981
[INFO] [stdout]                                at /rustc/6067b36314ab5eb2eb47cecc464545ba58e1ad24/library/alloc/src/boxed.rs:2013:9
[INFO] [stdout]   58:     0x5b326c45210b - <alloc::boxed::Box<F,A> as core::ops::function::FnOnce<Args>>::call_once::h567748934d80ccf8
[INFO] [stdout]                                at /rustc/6067b36314ab5eb2eb47cecc464545ba58e1ad24/library/alloc/src/boxed.rs:2013:9
[INFO] [stdout]   59:     0x5b326c45210b - std::sys::pal::unix::thread::Thread::new::thread_start::h2d970728ae887adc
[INFO] [stdout]                                at /rustc/6067b36314ab5eb2eb47cecc464545ba58e1ad24/library/std/src/sys/pal/unix/thread.rs:106:17
[INFO] [stdout]   60:     0x76a35f43cac3 - <unknown>
[INFO] [stdout]   61:     0x76a35f4cda04 - clone
[INFO] [stdout]   62:                0x0 - <unknown>
[INFO] [stdout] 
[INFO] [stdout] ---- tests::test_versions stdout ----
[INFO] [stdout] https://repo1.maven.org/maven2/org/yakworks/commons/
[INFO] [stdout] https://repo1.maven.org/maven2/org/yakworks/commons/maven-metadata.xml
[INFO] [stdout] 
[INFO] [stdout] thread 'tests::test_versions' panicked at lib/src/lib.rs:47:14:
[INFO] [stdout] Something failed: reqwest::Error { kind: Request, url: Url { scheme: "https", cannot_be_a_base: false, username: "", password: None, host: Some(Domain("repo1.maven.org")), port: None, path: "/maven2/org/yakworks/commons/maven-metadata.xml", query: None, fragment: None }, source: hyper::Error(Connect, ConnectError("dns error", Custom { kind: Uncategorized, error: "failed to lookup address information: Temporary failure in name resolution" })) }
[INFO] [stdout] stack backtrace:
[INFO] [stdout]    0:     0x5b326c44bd4a - std::backtrace_rs::backtrace::libunwind::trace::hb059275cfc8d6126
[INFO] [stdout]                                at /rustc/6067b36314ab5eb2eb47cecc464545ba58e1ad24/library/std/src/../../backtrace/src/backtrace/libunwind.rs:116:5
[INFO] [stdout]    1:     0x5b326c44bd4a - std::backtrace_rs::backtrace::trace_unsynchronized::h2da071e4327ce3ee
[INFO] [stdout]                                at /rustc/6067b36314ab5eb2eb47cecc464545ba58e1ad24/library/std/src/../../backtrace/src/backtrace/mod.rs:66:5
[INFO] [stdout]    2:     0x5b326c44bd4a - std::sys::backtrace::_print_fmt::h842a1474e6f8d23f
[INFO] [stdout]                                at /rustc/6067b36314ab5eb2eb47cecc464545ba58e1ad24/library/std/src/sys/backtrace.rs:66:9
[INFO] [stdout]    3:     0x5b326c44bd4a - <std::sys::backtrace::BacktraceLock::print::DisplayBacktrace as core::fmt::Display>::fmt::h71a62eb3b9696b12
[INFO] [stdout]                                at /rustc/6067b36314ab5eb2eb47cecc464545ba58e1ad24/library/std/src/sys/backtrace.rs:39:26
[INFO] [stdout]    4:     0x5b326c4769f3 - core::fmt::rt::Argument::fmt::hdb6b616786b41dc1
[INFO] [stdout]                                at /rustc/6067b36314ab5eb2eb47cecc464545ba58e1ad24/library/core/src/fmt/rt.rs:177:76
[INFO] [stdout]    5:     0x5b326c4769f3 - core::fmt::write::h2cc1698af7e2d686
[INFO] [stdout]                                at /rustc/6067b36314ab5eb2eb47cecc464545ba58e1ad24/library/core/src/fmt/mod.rs:1440:21
[INFO] [stdout]    6:     0x5b326c447c53 - std::io::Write::write_fmt::hab1b4cd059a79022
[INFO] [stdout]                                at /rustc/6067b36314ab5eb2eb47cecc464545ba58e1ad24/library/std/src/io/mod.rs:1887:15
[INFO] [stdout]    7:     0x5b326c44bb92 - std::sys::backtrace::BacktraceLock::print::h147fe35b4ea13b08
[INFO] [stdout]                                at /rustc/6067b36314ab5eb2eb47cecc464545ba58e1ad24/library/std/src/sys/backtrace.rs:42:9
[INFO] [stdout]    8:     0x5b326c44d16f - std::panicking::default_hook::{{closure}}::hbd44223dbdc0d208
[INFO] [stdout]                                at /rustc/6067b36314ab5eb2eb47cecc464545ba58e1ad24/library/std/src/panicking.rs:298:22
[INFO] [stdout]    9:     0x5b326c44cf88 - std::panicking::default_hook::h20f81eb0576efcec
[INFO] [stdout]                                at /rustc/6067b36314ab5eb2eb47cecc464545ba58e1ad24/library/std/src/panicking.rs:322:9
[INFO] [stdout]   10:     0x5b326bfb6bd3 - <alloc::boxed::Box<F,A> as core::ops::function::Fn<Args>>::call::hdb53814c496a4d34
[INFO] [stdout]                                at /rustc/6067b36314ab5eb2eb47cecc464545ba58e1ad24/library/alloc/src/boxed.rs:2027:9
[INFO] [stdout]   11:     0x5b326bfb6bd3 - test::test_main::{{closure}}::hc0a4963c59427c24
[INFO] [stdout]                                at /rustc/6067b36314ab5eb2eb47cecc464545ba58e1ad24/library/test/src/lib.rs:134:21
[INFO] [stdout]   12:     0x5b326c44dc63 - <alloc::boxed::Box<F,A> as core::ops::function::Fn<Args>>::call::h591b2225413a77e9
[INFO] [stdout]                                at /rustc/6067b36314ab5eb2eb47cecc464545ba58e1ad24/library/alloc/src/boxed.rs:2027:9
[INFO] [stdout]   13:     0x5b326c44dc63 - std::panicking::rust_panic_with_hook::h625eea43051b2edc
[INFO] [stdout]                                at /rustc/6067b36314ab5eb2eb47cecc464545ba58e1ad24/library/std/src/panicking.rs:839:13
[INFO] [stdout]   14:     0x5b326c44d91a - std::panicking::begin_panic_handler::{{closure}}::h4f9159cfbc3f6bd3
[INFO] [stdout]                                at /rustc/6067b36314ab5eb2eb47cecc464545ba58e1ad24/library/std/src/panicking.rs:704:13
[INFO] [stdout]   15:     0x5b326c44c249 - std::sys::backtrace::__rust_end_short_backtrace::h0390abce48353151
[INFO] [stdout]                                at /rustc/6067b36314ab5eb2eb47cecc464545ba58e1ad24/library/std/src/sys/backtrace.rs:168:18
[INFO] [stdout]   16:     0x5b326c44d5ad - rust_begin_unwind
[INFO] [stdout]                                at /rustc/6067b36314ab5eb2eb47cecc464545ba58e1ad24/library/std/src/panicking.rs:695:5
[INFO] [stdout]   17:     0x5b326c474c60 - core::panicking::panic_fmt::h9e7c637e9e5f29c9
[INFO] [stdout]                                at /rustc/6067b36314ab5eb2eb47cecc464545ba58e1ad24/library/core/src/panicking.rs:75:14
[INFO] [stdout]   18:     0x5b326c4750d6 - core::result::unwrap_failed::h7979f09313fe1849
[INFO] [stdout]                                at /rustc/6067b36314ab5eb2eb47cecc464545ba58e1ad24/library/core/src/result.rs:1704:5
[INFO] [stdout]   19:     0x5b326bf73e8e - core::result::Result<T,E>::expect::h203398ae1a13a1eb
[INFO] [stdout]                                at /rustc/6067b36314ab5eb2eb47cecc464545ba58e1ad24/library/core/src/result.rs:1061:23
[INFO] [stdout]   20:     0x5b326bf2313b - maven_client::tests::test_versions::{{closure}}::h544e625ac2dadf8e
[INFO] [stdout]                                at /opt/rustwide/workdir/lib/src/lib.rs:45:9
[INFO] [stdout]   21:     0x5b326bf4029d - <core::pin::Pin<P> as core::future::future::Future>::poll::hd073a0afc265a5e8
[INFO] [stdout]                                at /rustc/6067b36314ab5eb2eb47cecc464545ba58e1ad24/library/core/src/future/future.rs:124:9
[INFO] [stdout]   22:     0x5b326bf7994f - tokio::runtime::basic_scheduler::Inner<P>::block_on::{{closure}}::{{closure}}::h44c02592f2b75e85
[INFO] [stdout]                                at /opt/rustwide/cargo-home/registry/src/index.crates.io-1949cf8c6b5b557f/tokio-1.15.0/src/runtime/basic_scheduler.rs:240:62
[INFO] [stdout]   23:     0x5b326bf19973 - tokio::coop::with_budget::{{closure}}::h82124c5276bc0e83
[INFO] [stdout]                                at /opt/rustwide/cargo-home/registry/src/index.crates.io-1949cf8c6b5b557f/tokio-1.15.0/src/coop.rs:102:9
[INFO] [stdout]   24:     0x5b326bf2cb55 - std::thread::local::LocalKey<T>::try_with::h5607572e0c10e4a1
[INFO] [stdout]                                at /rustc/6067b36314ab5eb2eb47cecc464545ba58e1ad24/library/std/src/thread/local.rs:308:12
[INFO] [stdout]   25:     0x5b326bf2c20a - std::thread::local::LocalKey<T>::with::haae59b986ff29790
[INFO] [stdout]                                at /rustc/6067b36314ab5eb2eb47cecc464545ba58e1ad24/library/std/src/thread/local.rs:272:9
[INFO] [stdout]   26:     0x5b326bf79023 - tokio::coop::with_budget::hc333226fbf32a7d7
[INFO] [stdout]                                at /opt/rustwide/cargo-home/registry/src/index.crates.io-1949cf8c6b5b557f/tokio-1.15.0/src/coop.rs:95:5
[INFO] [stdout]   27:     0x5b326bf79023 - tokio::coop::budget::hc904361ed18b78dc
[INFO] [stdout]                                at /opt/rustwide/cargo-home/registry/src/index.crates.io-1949cf8c6b5b557f/tokio-1.15.0/src/coop.rs:72:5
[INFO] [stdout]   28:     0x5b326bf79023 - tokio::runtime::basic_scheduler::Inner<P>::block_on::{{closure}}::hf4d4cb4613e6375d
[INFO] [stdout]                                at /opt/rustwide/cargo-home/registry/src/index.crates.io-1949cf8c6b5b557f/tokio-1.15.0/src/runtime/basic_scheduler.rs:240:39
[INFO] [stdout]   29:     0x5b326bf7c84a - tokio::runtime::basic_scheduler::enter::{{closure}}::h76282f30f8b05275
[INFO] [stdout]                                at /opt/rustwide/cargo-home/registry/src/index.crates.io-1949cf8c6b5b557f/tokio-1.15.0/src/runtime/basic_scheduler.rs:349:29
[INFO] [stdout]   30:     0x5b326bf287d5 - tokio::macros::scoped_tls::ScopedKey<T>::set::h86c8a0885763ffce
[INFO] [stdout]                                at /opt/rustwide/cargo-home/registry/src/index.crates.io-1949cf8c6b5b557f/tokio-1.15.0/src/macros/scoped_tls.rs:61:9
[INFO] [stdout]   31:     0x5b326bf7c48c - tokio::runtime::basic_scheduler::enter::hb306ce546a9bff19
[INFO] [stdout]                                at /opt/rustwide/cargo-home/registry/src/index.crates.io-1949cf8c6b5b557f/tokio-1.15.0/src/runtime/basic_scheduler.rs:349:5
[INFO] [stdout]   32:     0x5b326bf760f3 - tokio::runtime::basic_scheduler::Inner<P>::block_on::hd0d8e5294e7bae0d
[INFO] [stdout]                                at /opt/rustwide/cargo-home/registry/src/index.crates.io-1949cf8c6b5b557f/tokio-1.15.0/src/runtime/basic_scheduler.rs:230:9
[INFO] [stdout]   33:     0x5b326bf79e75 - tokio::runtime::basic_scheduler::InnerGuard<P>::block_on::h28f1f7c5b3c3d324
[INFO] [stdout]                                at /opt/rustwide/cargo-home/registry/src/index.crates.io-1949cf8c6b5b557f/tokio-1.15.0/src/runtime/basic_scheduler.rs:501:9
[INFO] [stdout]   34:     0x5b326bf7aaa0 - tokio::runtime::basic_scheduler::BasicScheduler<P>::block_on::h66c48807be8534a7
[INFO] [stdout]                                at /opt/rustwide/cargo-home/registry/src/index.crates.io-1949cf8c6b5b557f/tokio-1.15.0/src/runtime/basic_scheduler.rs:186:24
[INFO] [stdout]   35:     0x5b326bf3a600 - tokio::runtime::Runtime::block_on::h5d5eedab315ed237
[INFO] [stdout]                                at /opt/rustwide/cargo-home/registry/src/index.crates.io-1949cf8c6b5b557f/tokio-1.15.0/src/runtime/mod.rs:461:46
[INFO] [stdout]   36:     0x5b326bf22dfc - maven_client::tests::test_versions::ha2f1b848763f1b02
[INFO] [stdout]                                at /opt/rustwide/workdir/lib/src/lib.rs:45:9
[INFO] [stdout]   37:     0x5b326bf22cb7 - maven_client::tests::test_versions::{{closure}}::h14ad46b10a0c32f7
[INFO] [stdout]                                at /opt/rustwide/workdir/lib/src/lib.rs:44:29
[INFO] [stdout]   38:     0x5b326bf24f26 - core::ops::function::FnOnce::call_once::hd1e2f32c96011f21
[INFO] [stdout]                                at /rustc/6067b36314ab5eb2eb47cecc464545ba58e1ad24/library/core/src/ops/function.rs:250:5
[INFO] [stdout]   39:     0x5b326bfbc32b - core::ops::function::FnOnce::call_once::he27718dfdd183f43
[INFO] [stdout]                                at /rustc/6067b36314ab5eb2eb47cecc464545ba58e1ad24/library/core/src/ops/function.rs:250:5
[INFO] [stdout]   40:     0x5b326bfbc32b - test::__rust_begin_short_backtrace::h4e84902998457a5d
[INFO] [stdout]                                at /rustc/6067b36314ab5eb2eb47cecc464545ba58e1ad24/library/test/src/lib.rs:632:18
[INFO] [stdout]   41:     0x5b326bfbb263 - test::run_test_in_process::{{closure}}::h7176fd18fc1feca0
[INFO] [stdout]                                at /rustc/6067b36314ab5eb2eb47cecc464545ba58e1ad24/library/test/src/lib.rs:655:60
[INFO] [stdout]   42:     0x5b326bfbb263 - <core::panic::unwind_safe::AssertUnwindSafe<F> as core::ops::function::FnOnce<()>>::call_once::hf79cff2a624d8cf7
[INFO] [stdout]                                at /rustc/6067b36314ab5eb2eb47cecc464545ba58e1ad24/library/core/src/panic/unwind_safe.rs:272:9
[INFO] [stdout]   43:     0x5b326bfbb263 - std::panicking::try::do_call::h3da0561d9ab99c25
[INFO] [stdout]                                at /rustc/6067b36314ab5eb2eb47cecc464545ba58e1ad24/library/std/src/panicking.rs:587:40
[INFO] [stdout]   44:     0x5b326bfbb263 - std::panicking::try::h41c9fa508bc61df6
[INFO] [stdout]                                at /rustc/6067b36314ab5eb2eb47cecc464545ba58e1ad24/library/std/src/panicking.rs:550:19
[INFO] [stdout]   45:     0x5b326bfbb263 - std::panic::catch_unwind::h6b3ff07bb5afad93
[INFO] [stdout]                                at /rustc/6067b36314ab5eb2eb47cecc464545ba58e1ad24/library/std/src/panic.rs:358:14
[INFO] [stdout]   46:     0x5b326bfbb263 - test::run_test_in_process::hc7253dd11b39b9f4
[INFO] [stdout]                                at /rustc/6067b36314ab5eb2eb47cecc464545ba58e1ad24/library/test/src/lib.rs:655:27
[INFO] [stdout]   47:     0x5b326bfbb263 - test::run_test::{{closure}}::hfb2007f8649c30bb
[INFO] [stdout]                                at /rustc/6067b36314ab5eb2eb47cecc464545ba58e1ad24/library/test/src/lib.rs:576:43
[INFO] [stdout]   48:     0x5b326bf7e345 - test::run_test::{{closure}}::h56a17aa7a282a9f4
[INFO] [stdout]                                at /rustc/6067b36314ab5eb2eb47cecc464545ba58e1ad24/library/test/src/lib.rs:606:41
[INFO] [stdout]   49:     0x5b326bf7e345 - std::sys::backtrace::__rust_begin_short_backtrace::hd2d2d2fb8e8c6aac
[INFO] [stdout]                                at /rustc/6067b36314ab5eb2eb47cecc464545ba58e1ad24/library/std/src/sys/backtrace.rs:152:18
[INFO] [stdout]   50:     0x5b326bf81c2a - std::thread::Builder::spawn_unchecked_::{{closure}}::{{closure}}::h4faa3f9db6133423
[INFO] [stdout]                                at /rustc/6067b36314ab5eb2eb47cecc464545ba58e1ad24/library/std/src/thread/mod.rs:559:17
[INFO] [stdout]   51:     0x5b326bf81c2a - <core::panic::unwind_safe::AssertUnwindSafe<F> as core::ops::function::FnOnce<()>>::call_once::hf2e855a36a4ea846
[INFO] [stdout]                                at /rustc/6067b36314ab5eb2eb47cecc464545ba58e1ad24/library/core/src/panic/unwind_safe.rs:272:9
[INFO] [stdout]   52:     0x5b326bf81c2a - std::panicking::try::do_call::h2f73af3616c35465
[INFO] [stdout]                                at /rustc/6067b36314ab5eb2eb47cecc464545ba58e1ad24/library/std/src/panicking.rs:587:40
[INFO] [stdout]   53:     0x5b326bf81c2a - std::panicking::try::hd1660ce9efadef5a
[INFO] [stdout]                                at /rustc/6067b36314ab5eb2eb47cecc464545ba58e1ad24/library/std/src/panicking.rs:550:19
[INFO] [stdout]   54:     0x5b326bf81c2a - std::panic::catch_unwind::h5ee8d7823b8ca744
[INFO] [stdout]                                at /rustc/6067b36314ab5eb2eb47cecc464545ba58e1ad24/library/std/src/panic.rs:358:14
[INFO] [stdout]   55:     0x5b326bf81c2a - std::thread::Builder::spawn_unchecked_::{{closure}}::h53c3a1894dce8407
[INFO] [stdout]                                at /rustc/6067b36314ab5eb2eb47cecc464545ba58e1ad24/library/std/src/thread/mod.rs:557:30
[INFO] [stdout]   56:     0x5b326bf81c2a - core::ops::function::FnOnce::call_once{{vtable.shim}}::h048ce291ad4f62bf
[INFO] [stdout]                                at /rustc/6067b36314ab5eb2eb47cecc464545ba58e1ad24/library/core/src/ops/function.rs:250:5
[INFO] [stdout]   57:     0x5b326c45210b - <alloc::boxed::Box<F,A> as core::ops::function::FnOnce<Args>>::call_once::ha52bedf99a3b4981
[INFO] [stdout]                                at /rustc/6067b36314ab5eb2eb47cecc464545ba58e1ad24/library/alloc/src/boxed.rs:2013:9
[INFO] [stdout]   58:     0x5b326c45210b - <alloc::boxed::Box<F,A> as core::ops::function::FnOnce<Args>>::call_once::h567748934d80ccf8
[INFO] [stdout]                                at /rustc/6067b36314ab5eb2eb47cecc464545ba58e1ad24/library/alloc/src/boxed.rs:2013:9
[INFO] [stdout]   59:     0x5b326c45210b - std::sys::pal::unix::thread::Thread::new::thread_start::h2d970728ae887adc
[INFO] [stdout]                                at /rustc/6067b36314ab5eb2eb47cecc464545ba58e1ad24/library/std/src/sys/pal/unix/thread.rs:106:17
[INFO] [stdout]   60:     0x76a35f43cac3 - <unknown>
[INFO] [stdout]   61:     0x76a35f4cda04 - clone
[INFO] [stdout]   62:                0x0 - <unknown>
[INFO] [stdout] 
[INFO] [stdout] 
[INFO] [stdout] failures:
[INFO] [stdout]     tests::do_test
[INFO] [stdout]     tests::test_versions
[INFO] [stdout] 
[INFO] [stdout] test result: FAILED. 3 passed; 2 failed; 0 ignored; 0 measured; 0 filtered out; finished in 0.18s
[INFO] [stdout] 
[INFO] [stderr] error: test failed, to rerun pass `-p maven-client --lib`
[INFO] running `Command { std: "docker" "inspect" "250ae14f66453368b08de90277ad7a5297f9c6507d1747ae81664f53cc84759f", kill_on_drop: false }`
[INFO] running `Command { std: "docker" "rm" "-f" "250ae14f66453368b08de90277ad7a5297f9c6507d1747ae81664f53cc84759f", kill_on_drop: false }`
[INFO] [stdout] 250ae14f66453368b08de90277ad7a5297f9c6507d1747ae81664f53cc84759f
