[INFO] cloning repository https://github.com/BenNotBen1224/Berkeley-NanoTech
[INFO] running `Command { std: "git" "-c" "credential.helper=" "-c" "credential.helper=/workspace/cargo-home/bin/git-credential-null" "clone" "--bare" "https://github.com/BenNotBen1224/Berkeley-NanoTech" "/workspace/cache/git-repos/https%3A%2F%2Fgithub.com%2FBenNotBen1224%2FBerkeley-NanoTech", kill_on_drop: false }`
[INFO] [stderr] Cloning into bare repository '/workspace/cache/git-repos/https%3A%2F%2Fgithub.com%2FBenNotBen1224%2FBerkeley-NanoTech'...
[INFO] running `Command { std: "git" "rev-parse" "HEAD", kill_on_drop: false }`
[INFO] [stdout] bb532626e615aa841ec298ea7f0ad76994227af1
[INFO] testing BenNotBen1224/Berkeley-NanoTech against nightly-2025-01-18 for randomize-layout-2
[INFO] running `Command { std: "git" "clone" "/workspace/cache/git-repos/https%3A%2F%2Fgithub.com%2FBenNotBen1224%2FBerkeley-NanoTech" "/workspace/builds/worker-7-tc1/source", kill_on_drop: false }`
[INFO] [stderr] Cloning into '/workspace/builds/worker-7-tc1/source'...
[INFO] [stderr] done.
[INFO] validating manifest of git repo https://github.com/BenNotBen1224/Berkeley-NanoTech on toolchain nightly-2025-01-18
[INFO] running `Command { std: CARGO_HOME="/workspace/cargo-home" RUSTUP_HOME="/workspace/rustup-home" "/workspace/cargo-home/bin/cargo" "+nightly-2025-01-18" "metadata" "--manifest-path" "Cargo.toml" "--no-deps", kill_on_drop: false }`
[INFO] started tweaking git repo https://github.com/BenNotBen1224/Berkeley-NanoTech
[INFO] finished tweaking git repo https://github.com/BenNotBen1224/Berkeley-NanoTech
[INFO] tweaked toml for git repo https://github.com/BenNotBen1224/Berkeley-NanoTech written to /workspace/builds/worker-7-tc1/source/Cargo.toml
[INFO] crate git repo https://github.com/BenNotBen1224/Berkeley-NanoTech already has a lockfile, it will not be regenerated
[INFO] running `Command { std: CARGO_HOME="/workspace/cargo-home" RUSTUP_HOME="/workspace/rustup-home" "/workspace/cargo-home/bin/cargo" "+nightly-2025-01-18" "fetch" "--manifest-path" "Cargo.toml", kill_on_drop: false }`
[INFO] [stderr]     Updating crates.io index
[INFO] [stderr]  Downloading crates ...
[INFO] [stderr]   Downloaded tokio-rusqlite v0.6.0
[INFO] [stderr]   Downloaded stacker v0.1.17
[INFO] [stderr]   Downloaded psm v0.1.24
[INFO] [stderr]   Downloaded axum-macros v0.4.2
[INFO] [stderr]   Downloaded anyhow v1.0.93
[INFO] [stderr]   Downloaded axum-extra v0.9.6
[INFO] [stderr]   Downloaded chumsky v0.9.3
[INFO] [stderr]   Downloaded allocator-api2 v0.2.20
[INFO] [stderr]   Downloaded aes v0.8.4
[INFO] [stderr]   Downloaded hyper v1.5.1
[INFO] [stderr]   Downloaded axum v0.7.9
[INFO] [stderr]   Downloaded lettre v0.11.10
[INFO] [stderr]   Downloaded serde_json v1.0.133
[INFO] [stderr]   Downloaded rusqlite v0.32.1
[INFO] [stderr]   Downloaded tower-http v0.6.2
[INFO] [stderr]   Downloaded ghash v0.5.1
[INFO] [stderr]   Downloaded fallible-iterator v0.3.0
[INFO] [stderr]   Downloaded axum-core v0.4.5
[INFO] [stderr]   Downloaded polyval v0.6.2
[INFO] [stderr]   Downloaded email_address v0.2.9
[INFO] [stderr]   Downloaded quoted_printable v0.5.1
[INFO] [stderr]   Downloaded email-encoding v0.3.1
[INFO] [stderr]   Downloaded bstr v1.11.0
[INFO] [stderr]   Downloaded hostname v0.4.0
[INFO] [stderr]   Downloaded http-range-header v0.4.2
[INFO] [stderr]   Downloaded libc v0.2.166
[INFO] running `Command { std: "docker" "create" "-v" "/var/lib/crater-agent-workspace/builds/worker-7-tc1/target:/opt/rustwide/target:rw,Z" "-v" "/var/lib/crater-agent-workspace/builds/worker-7-tc1/source:/opt/rustwide/workdir:ro,Z" "-v" "/var/lib/crater-agent-workspace/cargo-home:/opt/rustwide/cargo-home:ro,Z" "-v" "/var/lib/crater-agent-workspace/rustup-home:/opt/rustwide/rustup-home:ro,Z" "-e" "SOURCE_DIR=/opt/rustwide/workdir" "-e" "CARGO_TARGET_DIR=/opt/rustwide/target" "-e" "CARGO_HOME=/opt/rustwide/cargo-home" "-e" "RUSTUP_HOME=/opt/rustwide/rustup-home" "-w" "/opt/rustwide/workdir" "-m" "1610612736" "--user" "0:0" "--network" "none" "ghcr.io/rust-lang/crates-build-env/linux@sha256:819108c5571ea2e421544af4d832f968d213c87fbe3707a016657f43d2f853bc" "/opt/rustwide/cargo-home/bin/cargo" "+nightly-2025-01-18" "metadata" "--no-deps" "--format-version=1", kill_on_drop: false }`
[INFO] [stdout] 5494cc65bccf089de4d69ef1dfd4bbda03ca5c83909abc04b361b5f4aff8ce0c
[INFO] running `Command { std: "docker" "start" "-a" "5494cc65bccf089de4d69ef1dfd4bbda03ca5c83909abc04b361b5f4aff8ce0c", kill_on_drop: false }`
[INFO] running `Command { std: "docker" "inspect" "5494cc65bccf089de4d69ef1dfd4bbda03ca5c83909abc04b361b5f4aff8ce0c", kill_on_drop: false }`
[INFO] running `Command { std: "docker" "rm" "-f" "5494cc65bccf089de4d69ef1dfd4bbda03ca5c83909abc04b361b5f4aff8ce0c", kill_on_drop: false }`
[INFO] [stdout] 5494cc65bccf089de4d69ef1dfd4bbda03ca5c83909abc04b361b5f4aff8ce0c
[INFO] running `Command { std: "docker" "create" "-v" "/var/lib/crater-agent-workspace/builds/worker-7-tc1/target:/opt/rustwide/target:rw,Z" "-v" "/var/lib/crater-agent-workspace/builds/worker-7-tc1/source:/opt/rustwide/workdir:ro,Z" "-v" "/var/lib/crater-agent-workspace/cargo-home:/opt/rustwide/cargo-home:ro,Z" "-v" "/var/lib/crater-agent-workspace/rustup-home:/opt/rustwide/rustup-home:ro,Z" "-e" "SOURCE_DIR=/opt/rustwide/workdir" "-e" "CARGO_TARGET_DIR=/opt/rustwide/target" "-e" "CARGO_INCREMENTAL=0" "-e" "RUST_BACKTRACE=full" "-e" "RUSTFLAGS=--cap-lints=forbid" "-e" "RUSTDOCFLAGS=--cap-lints=forbid" "-e" "CARGO_HOME=/opt/rustwide/cargo-home" "-e" "RUSTUP_HOME=/opt/rustwide/rustup-home" "-w" "/opt/rustwide/workdir" "-m" "1610612736" "--user" "0:0" "--network" "none" "ghcr.io/rust-lang/crates-build-env/linux@sha256:819108c5571ea2e421544af4d832f968d213c87fbe3707a016657f43d2f853bc" "/opt/rustwide/cargo-home/bin/cargo" "+nightly-2025-01-18" "build" "--frozen" "--message-format=json", kill_on_drop: false }`
[INFO] [stdout] 9635e87178386e54a4750ef614b8a7c9bd7f10457ecaab39c25b2b902d4633a4
[INFO] running `Command { std: "docker" "start" "-a" "9635e87178386e54a4750ef614b8a7c9bd7f10457ecaab39c25b2b902d4633a4", kill_on_drop: false }`
[INFO] [stderr]    Compiling proc-macro2 v1.0.92
[INFO] [stderr]    Compiling unicode-ident v1.0.14
[INFO] [stderr]    Compiling libc v0.2.166
[INFO] [stderr]    Compiling autocfg v1.4.0
[INFO] [stderr]    Compiling once_cell v1.20.2
[INFO] [stderr]    Compiling smallvec v1.13.2
[INFO] [stderr]    Compiling cc v1.2.1
[INFO] [stderr]    Compiling pin-project-lite v0.2.15
[INFO] [stderr]    Compiling itoa v1.0.14
[INFO] [stderr]    Compiling bytes v1.9.0
[INFO] [stderr]    Compiling vcpkg v0.2.15
[INFO] [stderr]    Compiling byteorder v1.5.0
[INFO] [stderr]    Compiling stable_deref_trait v1.2.0
[INFO] [stderr]    Compiling futures-core v0.3.31
[INFO] [stderr]    Compiling siphasher v0.3.11
[INFO] [stderr]    Compiling futures-task v0.3.31
[INFO] [stderr]    Compiling futures-io v0.3.31
[INFO] [stderr]    Compiling serde v1.0.215
[INFO] [stderr]    Compiling lock_api v0.4.12
[INFO] [stderr]    Compiling slab v0.4.9
[INFO] [stderr]    Compiling subtle v2.6.1
[INFO] [stderr]    Compiling fnv v1.0.7
[INFO] [stderr]    Compiling futures-util v0.3.31
[INFO] [stderr]    Compiling http v1.1.0
[INFO] [stderr]    Compiling crossbeam-utils v0.8.20
[INFO] [stderr]    Compiling litemap v0.7.4
[INFO] [stderr]    Compiling quote v1.0.37
[INFO] [stderr]    Compiling writeable v0.5.5
[INFO] [stderr]    Compiling syn v2.0.89
[INFO] [stderr]    Compiling getrandom v0.2.15
[INFO] [stderr]    Compiling parking_lot_core v0.9.10
[INFO] [stderr]    Compiling socket2 v0.5.8
[INFO] [stderr]    Compiling rand_core v0.6.4
[INFO] [stderr]    Compiling signal-hook-registry v1.4.2
[INFO] [stderr]    Compiling mio v1.0.2
[INFO] [stderr]    Compiling crypto-common v0.1.6
[INFO] [stderr]    Compiling parking_lot v0.12.3
[INFO] [stderr]    Compiling openssl-sys v0.9.104
[INFO] [stderr]    Compiling phf_shared v0.11.2
[INFO] [stderr]    Compiling tracing-core v0.1.33
[INFO] [stderr]    Compiling ahash v0.8.11
[INFO] [stderr]    Compiling regex-syntax v0.8.5
[INFO] [stderr]    Compiling http-body v1.0.1
[INFO] [stderr]    Compiling rand v0.8.5
[INFO] [stderr]    Compiling aho-corasick v1.1.3
[INFO] [stderr]    Compiling icu_locid_transform_data v1.5.0
[INFO] [stderr]    Compiling mime v0.3.17
[INFO] [stderr]    Compiling cpufeatures v0.2.16
[INFO] [stderr]    Compiling httparse v1.9.5
[INFO] [stderr]    Compiling thiserror v1.0.69
[INFO] [stderr]    Compiling phf_generator v0.11.2
[INFO] [stderr]    Compiling inout v0.1.3
[INFO] [stderr]    Compiling tower-service v0.3.3
[INFO] [stderr]    Compiling httpdate v1.0.3
[INFO] [stderr]    Compiling icu_properties_data v1.5.0
[INFO] [stderr]    Compiling allocator-api2 v0.2.20
[INFO] [stderr]    Compiling cipher v0.4.4
[INFO] [stderr]    Compiling phf_codegen v0.11.2
[INFO] [stderr]    Compiling phf v0.11.2
[INFO] [stderr]    Compiling universal-hash v0.5.1
[INFO] [stderr]    Compiling psm v0.1.24
[INFO] [stderr]    Compiling form_urlencoded v1.2.1
[INFO] [stderr]    Compiling regex-automata v0.4.9
[INFO] [stderr]    Compiling num-traits v0.2.19
[INFO] [stderr]    Compiling serde_json v1.0.133
[INFO] [stderr]    Compiling write16 v1.0.0
[INFO] [stderr]    Compiling tower-layer v0.3.3
[INFO] [stderr]    Compiling foreign-types-shared v0.1.1
[INFO] [stderr]    Compiling utf8_iter v1.0.4
[INFO] [stderr]    Compiling icu_normalizer_data v1.5.0
[INFO] [stderr]    Compiling openssl v0.10.68
[INFO] [stderr]    Compiling opaque-debug v0.3.1
[INFO] [stderr]    Compiling utf16_iter v1.0.5
[INFO] [stderr]    Compiling ryu v1.0.18
[INFO] [stderr]    Compiling rustversion v1.0.18
[INFO] [stderr]    Compiling ucd-trie v0.1.7
[INFO] [stderr]    Compiling polyval v0.6.2
[INFO] [stderr]    Compiling http-body-util v0.1.2
[INFO] [stderr]    Compiling foreign-types v0.3.2
[INFO] [stderr]    Compiling crossbeam-epoch v0.9.18
[INFO] [stderr]    Compiling libsqlite3-sys v0.30.1
[INFO] [stderr]    Compiling stacker v0.1.17
[INFO] [stderr]    Compiling futures-channel v0.3.31
[INFO] [stderr]    Compiling bstr v1.11.0
[INFO] [stderr]    Compiling unic-char-range v0.9.0
[INFO] [stderr]    Compiling base64 v0.22.1
[INFO] [stderr]    Compiling synstructure v0.13.1
[INFO] [stderr]    Compiling regex v1.11.1
[INFO] [stderr]    Compiling time-core v0.1.2
[INFO] [stderr]    Compiling libm v0.2.11
[INFO] [stderr]    Compiling unic-common v0.9.0
[INFO] [stderr]    Compiling num-conv v0.1.0
[INFO] [stderr]    Compiling native-tls v0.2.12
[INFO] [stderr]    Compiling unicase v2.8.0
[INFO] [stderr]    Compiling parse-zoneinfo v0.3.1
[INFO] [stderr]    Compiling powerfmt v0.2.0
[INFO] [stderr]    Compiling same-file v1.0.6
[INFO] [stderr]    Compiling mime_guess v2.0.5
[INFO] [stderr]    Compiling time-macros v0.2.18
[INFO] [stderr]    Compiling unic-ucd-version v0.9.0
[INFO] [stderr]    Compiling unic-char-property v0.9.0
[INFO] [stderr]    Compiling chrono-tz-build v0.3.0
[INFO] [stderr]    Compiling globset v0.4.15
[INFO] [stderr]    Compiling deranged v0.3.11
[INFO] [stderr]    Compiling walkdir v2.5.0
[INFO] [stderr]    Compiling chrono-tz v0.9.0
[INFO] [stderr]    Compiling crossbeam-deque v0.8.5
[INFO] [stderr]    Compiling ghash v0.5.1
[INFO] [stderr]    Compiling ctr v0.9.2
[INFO] [stderr]    Compiling aes v0.8.4
[INFO] [stderr]    Compiling aead v0.5.2
[INFO] [stderr]    Compiling zerocopy-derive v0.7.35
[INFO] [stderr]    Compiling zerofrom-derive v0.1.5
[INFO] [stderr]    Compiling yoke-derive v0.7.5
[INFO] [stderr]    Compiling zerovec-derive v0.10.3
[INFO] [stderr]    Compiling tokio-macros v2.4.0
[INFO] [stderr]    Compiling zerocopy v0.7.35
[INFO] [stderr]    Compiling displaydoc v0.2.5
[INFO] [stderr]    Compiling serde_derive v1.0.215
[INFO] [stderr]    Compiling tokio v1.41.1
[INFO] [stderr]    Compiling icu_provider_macros v1.5.0
[INFO] [stderr]    Compiling tracing-attributes v0.1.28
[INFO] [stderr]    Compiling thiserror-impl v1.0.69
[INFO] [stderr]    Compiling ppv-lite86 v0.2.20
[INFO] [stderr]    Compiling zerofrom v0.1.5
[INFO] [stderr]    Compiling yoke v0.7.5
[INFO] [stderr]    Compiling zerovec v0.10.4
[INFO] [stderr]    Compiling rand_chacha v0.3.1
[INFO] [stderr]    Compiling hashbrown v0.14.5
[INFO] [stderr]    Compiling openssl-macros v0.1.1
[INFO] [stderr]    Compiling async-trait v0.1.83
[INFO] [stderr]    Compiling tracing v0.1.41
[INFO] [stderr]    Compiling pest v2.7.14
[INFO] [stderr]    Compiling tinystr v0.7.6
[INFO] [stderr]    Compiling icu_locid v1.5.0
[INFO] [stderr]    Compiling icu_collections v1.5.0
[INFO] [stderr]    Compiling icu_provider v1.5.0
[INFO] [stderr]    Compiling pest_meta v2.7.14
[INFO] [stderr]    Compiling icu_locid_transform v1.5.0
[INFO] [stderr]    Compiling multer v3.1.0
[INFO] [stderr]    Compiling cookie v0.18.1
[INFO] [stderr]    Compiling openssl-probe v0.1.5
[INFO] [stderr]    Compiling fastrand v2.2.0
[INFO] [stderr]    Compiling regex-syntax v0.6.29
[INFO] [stderr]    Compiling icu_properties v1.5.1
[INFO] [stderr]    Compiling rustix v0.38.41
[INFO] [stderr]    Compiling sync_wrapper v1.0.2
[INFO] [stderr]    Compiling iana-time-zone v0.1.61
[INFO] [stderr]    Compiling sync_wrapper v0.1.2
[INFO] [stderr]    Compiling axum-core v0.4.5
[INFO] [stderr]    Compiling hyper v1.5.1
[INFO] [stderr]    Compiling icu_normalizer v1.5.0
[INFO] [stderr]    Compiling hyper-util v0.1.10
[INFO] [stderr]    Compiling chrono v0.4.38
[INFO] [stderr]    Compiling serde_urlencoded v0.7.1
[INFO] [stderr]    Compiling idna_adapter v1.2.0
[INFO] [stderr]    Compiling idna v1.0.3
[INFO] [stderr]    Compiling serde_path_to_error v0.1.16
[INFO] [stderr]    Compiling regex-automata v0.1.10
[INFO] [stderr]    Compiling tower v0.5.1
[INFO] [stderr]    Compiling pest_generator v2.7.14
[INFO] [stderr]    Compiling digest v0.10.7
[INFO] [stderr]    Compiling hashlink v0.9.1
[INFO] [stderr]    Compiling aes-gcm v0.10.3
[INFO] [stderr]    Compiling time v0.3.36
[INFO] [stderr]    Compiling axum-macros v0.4.2
[INFO] [stderr]    Compiling ignore v0.4.23
[INFO] [stderr]    Compiling unic-ucd-segment v0.9.0
[INFO] [stderr]    Compiling encoding_rs v0.8.35
[INFO] [stderr]    Compiling matchit v0.7.3
[INFO] [stderr]    Compiling minimal-lexical v0.2.1
[INFO] [stderr]    Compiling deunicode v1.6.0
[INFO] [stderr]    Compiling spin v0.9.8
[INFO] [stderr]    Compiling fallible-iterator v0.3.0
[INFO] [stderr]    Compiling linux-raw-sys v0.4.14
[INFO] [stderr]    Compiling fallible-streaming-iterator v0.1.9
[INFO] [stderr]    Compiling anyhow v1.0.93
[INFO] [stderr]    Compiling base64ct v1.6.0
[INFO] [stderr]    Compiling overload v0.1.1
[INFO] [stderr]    Compiling futures-sink v0.3.31
[INFO] [stderr]    Compiling tokio-util v0.7.12
[INFO] [stderr]    Compiling nu-ansi-term v0.46.0
[INFO] [stderr]    Compiling password-hash v0.5.0
[INFO] [stderr]    Compiling axum v0.7.9
[INFO] [stderr]    Compiling rusqlite v0.32.1
[INFO] [stderr]    Compiling slug v0.1.6
[INFO] [stderr]    Compiling humansize v2.1.3
[INFO] [stderr]    Compiling nom v7.1.3
[INFO] [stderr]    Compiling globwalk v0.9.1
[INFO] [stderr]    Compiling unic-segment v0.9.0
[INFO] [stderr]    Compiling chumsky v0.9.3
[INFO] [stderr]    Compiling pest_derive v2.7.14
[INFO] [stderr]    Compiling matchers v0.1.0
[INFO] [stderr]    Compiling blake2 v0.10.6
[INFO] [stderr]    Compiling tokio-native-tls v0.3.1
[INFO] [stderr]    Compiling url v2.5.4
[INFO] [stderr]    Compiling sharded-slab v0.1.7
[INFO] [stderr]    Compiling email-encoding v0.3.1
[INFO] [stderr]    Compiling crossbeam-channel v0.5.13
[INFO] [stderr]    Compiling tracing-log v0.2.0
[INFO] [stderr]    Compiling hostname v0.4.0
[INFO] [stderr]    Compiling thread_local v1.1.8
[INFO] [stderr]    Compiling email_address v0.2.9
[INFO] [stderr]    Compiling quoted_printable v0.5.1
[INFO] [stderr]    Compiling http-range-header v0.4.2
[INFO] [stderr]    Compiling lettre v0.11.10
[INFO] [stderr]    Compiling tracing-subscriber v0.3.18
[INFO] [stderr]    Compiling tokio-rusqlite v0.6.0
[INFO] [stderr]    Compiling tempfile v3.14.0
[INFO] [stderr]    Compiling tower-http v0.6.2
[INFO] [stderr]    Compiling argon2 v0.5.3
[INFO] [stderr]    Compiling tera v1.20.0
[INFO] [stderr]    Compiling axum-extra v0.9.6
[INFO] [stderr]    Compiling uuid v1.11.0
[INFO] [stderr]    Compiling dotenvy v0.15.7
[INFO] [stderr]    Compiling central-server v0.1.0 (/opt/rustwide/workdir)
[INFO] [stdout] warning: unused import: `axum::response::AppendHeaders`
[INFO] [stdout]  --> src/utils/session/mod.rs:1:5
[INFO] [stdout]   |
[INFO] [stdout] 1 | use axum::response::AppendHeaders;
[INFO] [stdout]   |     ^^^^^^^^^^^^^^^^^^^^^^^^^^^^^
[INFO] [stdout]   |
[INFO] [stdout]   = note: `#[warn(unused_imports)]` on by default
[INFO] [stdout] 
[INFO] [stdout] 
[INFO] [stdout] warning: unused import: `cookie::Cookie`
[INFO] [stdout]  --> src/utils/session/mod.rs:2:27
[INFO] [stdout]   |
[INFO] [stdout] 2 | use axum_extra::extract::{cookie::Cookie, PrivateCookieJar};
[INFO] [stdout]   |                           ^^^^^^^^^^^^^^
[INFO] [stdout] 
[INFO] [stdout] 
[INFO] [stdout] warning: unused import: `crate::prelude::*`
[INFO] [stdout]   --> src/utils/session/mod.rs:10:5
[INFO] [stdout]    |
[INFO] [stdout] 10 | use crate::prelude::*;
[INFO] [stdout]    |     ^^^^^^^^^^^^^^^^^
[INFO] [stdout] 
[INFO] [stdout] 
[INFO] [stdout] warning: unused imports: `database::user::User` and `utils::app_state::AppState`
[INFO] [stdout]   --> src/utils/session/mod.rs:12:13
[INFO] [stdout]    |
[INFO] [stdout] 12 | use crate::{database::user::User, utils::app_state::AppState};
[INFO] [stdout]    |             ^^^^^^^^^^^^^^^^^^^^  ^^^^^^^^^^^^^^^^^^^^^^^^^^
[INFO] [stdout] 
[INFO] [stdout] 
[INFO] [stdout] warning: unused import: `std::time::Duration`
[INFO] [stdout]   --> src/utils/email.rs:17:5
[INFO] [stdout]    |
[INFO] [stdout] 17 | use std::time::Duration;
[INFO] [stdout]    |     ^^^^^^^^^^^^^^^^^^^
[INFO] [stdout] 
[INFO] [stdout] 
[INFO] [stdout] warning: unused imports: `collections::HashMap` and `iter`
[INFO] [stdout]  --> src/api/mod.rs:1:11
[INFO] [stdout]   |
[INFO] [stdout] 1 | use std::{collections::HashMap, iter};
[INFO] [stdout]   |           ^^^^^^^^^^^^^^^^^^^^  ^^^^
[INFO] [stdout] 
[INFO] [stdout] 
[INFO] [stdout] warning: unused import: `delete`
[INFO] [stdout]  --> src/api/mod.rs:3:54
[INFO] [stdout]   |
[INFO] [stdout] 3 | use axum::{middleware::from_fn_with_state, routing::{delete, put}};
[INFO] [stdout]   |                                                      ^^^^^^
[INFO] [stdout] 
[INFO] [stdout] 
[INFO] [stdout] warning: unused import: `utils::session::Permission`
[INFO] [stdout]  --> src/api/mod.rs:5:66
[INFO] [stdout]   |
[INFO] [stdout] 5 | use crate::{middleware::auth::admin_required, router_prelude::*, utils::session::Permission};
[INFO] [stdout]   |                                                                  ^^^^^^^^^^^^^^^^^^^^^^^^^^
[INFO] [stdout] 
[INFO] [stdout] 
[INFO] [stdout] warning: variant `WARNING_SUCCESS` should have an upper camel case name
[INFO] [stdout]   --> src/api/response.rs:49:5
[INFO] [stdout]    |
[INFO] [stdout] 49 |     WARNING_SUCCESS,
[INFO] [stdout]    |     ^^^^^^^^^^^^^^^ help: convert the identifier to upper camel case: `WarningSuccess`
[INFO] [stdout]    |
[INFO] [stdout]    = note: `#[warn(non_camel_case_types)]` on by default
[INFO] [stdout] 
[INFO] [stdout] 
[INFO] [stdout] warning: unused import: `Router`
[INFO] [stdout]  --> src/admin/guard.rs:2:61
[INFO] [stdout]   |
[INFO] [stdout] 2 | use axum::{extract::FromRequestParts, http::request::Parts, Router};
[INFO] [stdout]   |                                                             ^^^^^^
[INFO] [stdout] 
[INFO] [stdout] 
[INFO] [stdout] warning: unused import: `session::session_signature_from_cookies`
[INFO] [stdout]  --> src/admin/guard.rs:5:62
[INFO] [stdout]   |
[INFO] [stdout] 5 | use crate::utils::{app_error::AppError, app_state::AppState, session::session_signature_from_cookies};
[INFO] [stdout]   |                                                              ^^^^^^^^^^^^^^^^^^^^^^^^^^^^^^^^^^^^^^^
[INFO] [stdout] 
[INFO] [stdout] 
[INFO] [stdout] warning: unused import: `std::time::Duration`
[INFO] [stdout]  --> src/admin/login.rs:1:5
[INFO] [stdout]   |
[INFO] [stdout] 1 | use std::time::Duration;
[INFO] [stdout]   |     ^^^^^^^^^^^^^^^^^^^
[INFO] [stdout] 
[INFO] [stdout] 
[INFO] [stdout] warning: unused import: `tokio::time::sleep`
[INFO] [stdout]  --> src/admin/login.rs:7:5
[INFO] [stdout]   |
[INFO] [stdout] 7 | use tokio::time::sleep;
[INFO] [stdout]   |     ^^^^^^^^^^^^^^^^^^
[INFO] [stdout] 
[INFO] [stdout] 
[INFO] [stdout] warning: unused imports: `IntoMapRequestResult`, `IntoResponse`, and `StatusCode`
[INFO] [stdout]  --> src/middleware/auth.rs:2:49
[INFO] [stdout]   |
[INFO] [stdout] 2 |     body::Body, extract::State, http::{Request, StatusCode}, middleware::{IntoMapRequestResult, Next}, response::{IntoResponse, Response}
[INFO] [stdout]   |                                                 ^^^^^^^^^^                ^^^^^^^^^^^^^^^^^^^^                    ^^^^^^^^^^^^
[INFO] [stdout] 
[INFO] [stdout] 
[INFO] [stdout] warning: unused import: `crate::prelude::*`
[INFO] [stdout]  --> src/middleware/auth.rs:9:5
[INFO] [stdout]   |
[INFO] [stdout] 9 | use crate::prelude::*;
[INFO] [stdout]   |     ^^^^^^^^^^^^^^^^^
[INFO] [stdout] 
[INFO] [stdout] 
[INFO] [stdout] warning: unused import: `std::time::Duration`
[INFO] [stdout]  --> src/private/auth.rs:1:5
[INFO] [stdout]   |
[INFO] [stdout] 1 | use std::time::Duration;
[INFO] [stdout]   |     ^^^^^^^^^^^^^^^^^^^
[INFO] [stdout] 
[INFO] [stdout] 
[INFO] [stdout] warning: unused import: `tokio::time::sleep`
[INFO] [stdout]  --> src/private/auth.rs:7:5
[INFO] [stdout]   |
[INFO] [stdout] 7 | use tokio::time::sleep;
[INFO] [stdout]   |     ^^^^^^^^^^^^^^^^^^
[INFO] [stdout] 
[INFO] [stdout] 
[INFO] [stdout] warning: unused imports: `error` and `warn`
[INFO] [stdout]  --> src/private/auth.rs:8:15
[INFO] [stdout]   |
[INFO] [stdout] 8 | use tracing::{error, warn};
[INFO] [stdout]   |               ^^^^^  ^^^^
[INFO] [stdout] 
[INFO] [stdout] 
[INFO] [stdout] warning: unused import: `session::Permission`
[INFO] [stdout]  --> src/database/user/schema.rs:1:46
[INFO] [stdout]   |
[INFO] [stdout] 1 | use crate::utils::{app_state::tables::Table, session::Permission};
[INFO] [stdout]   |                                              ^^^^^^^^^^^^^^^^^^^
[INFO] [stdout] 
[INFO] [stdout] 
[INFO] [stdout] warning: unused imports: `DateTime` and `NaiveDateTime`
[INFO] [stdout]  --> src/database/user/mod.rs:9:14
[INFO] [stdout]   |
[INFO] [stdout] 9 | use chrono::{DateTime, NaiveDateTime};
[INFO] [stdout]   |              ^^^^^^^^  ^^^^^^^^^^^^^
[INFO] [stdout] 
[INFO] [stdout] 
[INFO] [stdout] warning: unused imports: `prelude::AppError` and `utils::session::Permission`
[INFO] [stdout]  --> src/database/account/test.rs:3:13
[INFO] [stdout]   |
[INFO] [stdout] 3 | use crate::{prelude::AppError, utils::session::Permission};
[INFO] [stdout]   |             ^^^^^^^^^^^^^^^^^  ^^^^^^^^^^^^^^^^^^^^^^^^^^
[INFO] [stdout] 
[INFO] [stdout] 
[INFO] [stdout] warning: unused import: `super::*`
[INFO] [stdout]  --> src/database/account/test.rs:5:5
[INFO] [stdout]   |
[INFO] [stdout] 5 | use super::*;
[INFO] [stdout]   |     ^^^^^^^^
[INFO] [stdout] 
[INFO] [stdout] 
[INFO] [stdout] warning: unused import: `rusqlite::params`
[INFO] [stdout]  --> src/database/account/test.rs:6:5
[INFO] [stdout]   |
[INFO] [stdout] 6 | use rusqlite::params;
[INFO] [stdout]   |     ^^^^^^^^^^^^^^^^
[INFO] [stdout] 
[INFO] [stdout] 
[INFO] [stdout] warning: unused import: `tempfile::tempdir`
[INFO] [stdout]  --> src/database/account/test.rs:7:5
[INFO] [stdout]   |
[INFO] [stdout] 7 | use tempfile::tempdir;
[INFO] [stdout]   |     ^^^^^^^^^^^^^^^^^
[INFO] [stdout] 
[INFO] [stdout] 
[INFO] [stdout] warning: unused import: `tokio_rusqlite::Connection`
[INFO] [stdout]  --> src/database/account/test.rs:8:5
[INFO] [stdout]   |
[INFO] [stdout] 8 | use tokio_rusqlite::Connection;
[INFO] [stdout]   |     ^^^^^^^^^^^^^^^^^^^^^^^^^^
[INFO] [stdout] 
[INFO] [stdout] 
[INFO] [stdout] warning: unused import: `HashMap`
[INFO] [stdout]  --> src/database/experiment/cache.rs:1:35
[INFO] [stdout]   |
[INFO] [stdout] 1 | use std::{collections::{BTreeMap, HashMap}, path::PathBuf, sync::{Arc, Mutex}};
[INFO] [stdout]   |                                   ^^^^^^^
[INFO] [stdout] 
[INFO] [stdout] 
[INFO] [stdout] warning: unreachable statement
[INFO] [stdout]   --> src/api/user.rs:53:5
[INFO] [stdout]    |
[INFO] [stdout] 52 |     todo!("Ensure user requesting is superadmin or self");
[INFO] [stdout]    |     ----------------------------------------------------- any code following this expression is unreachable
[INFO] [stdout] 53 |     todo!("Check password update rate limit");
[INFO] [stdout]    |     ^^^^^^^^^^^^^^^^^^^^^^^^^^^^^^^^^^^^^^^^^ unreachable statement
[INFO] [stdout]    |
[INFO] [stdout]    = note: `#[warn(unreachable_code)]` on by default
[INFO] [stdout]    = note: this warning originates in the macro `$crate::panic` which comes from the expansion of the macro `todo` (in Nightly builds, run with -Z macro-backtrace for more info)
[INFO] [stdout] 
[INFO] [stdout] 
[INFO] [stdout] warning: unused variable: `app_state`
[INFO] [stdout]   --> src/api/user.rs:49:36
[INFO] [stdout]    |
[INFO] [stdout] 49 | pub async fn update_password(State(app_state): State<AppState>, Path(username): Path<String>, Json(password): Json<String>) -> Result<Jso...
[INFO] [stdout]    |                                    ^^^^^^^^^ help: if this is intentional, prefix it with an underscore: `_app_state`
[INFO] [stdout]    |
[INFO] [stdout]    = note: `#[warn(unused_variables)]` on by default
[INFO] [stdout] 
[INFO] [stdout] 
[INFO] [stdout] warning: unused variable: `username`
[INFO] [stdout]   --> src/api/user.rs:49:70
[INFO] [stdout]    |
[INFO] [stdout] 49 | ...te): State<AppState>, Path(username): Path<String>, Json(password): Json<String>) -> Result<Json<ApiResponse>, AppError> {
[INFO] [stdout]    |                               ^^^^^^^^ help: if this is intentional, prefix it with an underscore: `_username`
[INFO] [stdout] 
[INFO] [stdout] 
[INFO] [stdout] warning: unused variable: `hashed_new_pwd`
[INFO] [stdout]   --> src/api/user.rs:50:9
[INFO] [stdout]    |
[INFO] [stdout] 50 |     let hashed_new_pwd = utils::cryptography::hash(password).await?; 
[INFO] [stdout]    |         ^^^^^^^^^^^^^^ help: if this is intentional, prefix it with an underscore: `_hashed_new_pwd`
[INFO] [stdout] 
[INFO] [stdout] 
[INFO] [stdout] warning: unused variable: `e`
[INFO] [stdout]   --> src/admin/login.rs:53:13
[INFO] [stdout]    |
[INFO] [stdout] 53 |         Err(e) => {
[INFO] [stdout]    |             ^ help: if this is intentional, prefix it with an underscore: `_e`
[INFO] [stdout] 
[INFO] [stdout] 
[INFO] [stdout] warning: unused variable: `id`
[INFO] [stdout]   --> src/database/experiment/cache.rs:50:28
[INFO] [stdout]    |
[INFO] [stdout] 50 |     pub fn get_data(&self, id: u64) -> Result<ExperimentData, AppError> {
[INFO] [stdout]    |                            ^^ help: if this is intentional, prefix it with an underscore: `_id`
[INFO] [stdout] 
[INFO] [stdout] 
[INFO] [stdout] warning: unused variable: `id`
[INFO] [stdout]   --> src/database/experiment/cache.rs:64:21
[INFO] [stdout]    |
[INFO] [stdout] 64 |         if let Some(id) = cache.get(&expt.metadata.experiment_id) {
[INFO] [stdout]    |                     ^^ help: if this is intentional, prefix it with an underscore: `_id`
[INFO] [stdout] 
[INFO] [stdout] 
[INFO] [stdout] warning: unused variable: `id`
[INFO] [stdout]   --> src/database/experiment/cache.rs:71:41
[INFO] [stdout]    |
[INFO] [stdout] 71 |     pub fn delete_experiment(&mut self, id: u64) -> Result<bool, AppError> {
[INFO] [stdout]    |                                         ^^ help: if this is intentional, prefix it with an underscore: `_id`
[INFO] [stdout] 
[INFO] [stdout] 
[INFO] [stdout] warning: field `anon_session_db` is never read
[INFO] [stdout]   --> src/utils/app_state/mod.rs:23:5
[INFO] [stdout]    |
[INFO] [stdout] 20 | pub struct AppState {
[INFO] [stdout]    |            -------- field in this struct
[INFO] [stdout] ...
[INFO] [stdout] 23 |     anon_session_db: Arc<Mutex<HashMap<Uuid, Session>>>,
[INFO] [stdout]    |     ^^^^^^^^^^^^^^^
[INFO] [stdout]    |
[INFO] [stdout]    = note: `AppState` has a derived impl for the trait `Clone`, but this is intentionally ignored during dead code analysis
[INFO] [stdout]    = note: `#[warn(dead_code)]` on by default
[INFO] [stdout] 
[INFO] [stdout] 
[INFO] [stdout] warning: fields `email` and `token` are never read
[INFO] [stdout]   --> src/utils/app_state/mod.rs:32:5
[INFO] [stdout]    |
[INFO] [stdout] 31 | pub struct PwdResetToken {
[INFO] [stdout]    |            ------------- fields in this struct
[INFO] [stdout] 32 |     email: String,
[INFO] [stdout]    |     ^^^^^
[INFO] [stdout] 33 |     token: String,
[INFO] [stdout]    |     ^^^^^
[INFO] [stdout] 
[INFO] [stdout] 
[INFO] [stdout] warning: associated function `drop_table` is never used
[INFO] [stdout]  --> src/utils/app_state/tables.rs:8:8
[INFO] [stdout]   |
[INFO] [stdout] 6 | pub trait Table {
[INFO] [stdout]   |           ----- associated function in this trait
[INFO] [stdout] 7 |     fn create_table() -> String;
[INFO] [stdout] 8 |     fn drop_table() -> String;
[INFO] [stdout]   |        ^^^^^^^^^^
[INFO] [stdout] 
[INFO] [stdout] 
[INFO] [stdout] warning: function `mock_setup` is never used
[INFO] [stdout]   --> src/utils/app_state/tables.rs:12:14
[INFO] [stdout]    |
[INFO] [stdout] 12 | pub async fn mock_setup<T: Table>() -> Result<Connection, AppError> {
[INFO] [stdout]    |              ^^^^^^^^^^
[INFO] [stdout] 
[INFO] [stdout] 
[INFO] [stdout] warning: method `validate_permissions` is never used
[INFO] [stdout]   --> src/utils/session/state_handling.rs:87:14
[INFO] [stdout]    |
[INFO] [stdout] 11 | impl AppState {
[INFO] [stdout]    | ------------- method in this implementation
[INFO] [stdout] ...
[INFO] [stdout] 87 |     async fn validate_permissions(&self, user: &User, acls: Vec<AccessControls>) -> Result<bool, AppError> {
[INFO] [stdout]    |              ^^^^^^^^^^^^^^^^^^^^
[INFO] [stdout] 
[INFO] [stdout] 
[INFO] [stdout] warning: struct `AnonSession` is never constructed
[INFO] [stdout]  --> src/utils/session/anon_handling.rs:8:12
[INFO] [stdout]   |
[INFO] [stdout] 8 | pub struct AnonSession {
[INFO] [stdout]   |            ^^^^^^^^^^^
[INFO] [stdout]   |
[INFO] [stdout]   = note: `AnonSession` has derived impls for the traits `Debug` and `Clone`, but these are intentionally ignored during dead code analysis
[INFO] [stdout] 
[INFO] [stdout] 
[INFO] [stdout] warning: function `validate_password_reset_handler` is never used
[INFO] [stdout]    --> src/utils/email.rs:129:14
[INFO] [stdout]     |
[INFO] [stdout] 129 | pub async fn validate_password_reset_handler(
[INFO] [stdout]     |              ^^^^^^^^^^^^^^^^^^^^^^^^^^^^^^^
[INFO] [stdout] 
[INFO] [stdout] 
[INFO] [stdout] warning: function `experiment_file_upload` is never used
[INFO] [stdout]   --> src/api/experiment.rs:17:14
[INFO] [stdout]    |
[INFO] [stdout] 17 | pub async fn experiment_file_upload() -> Result<Json<ApiResponse>, AppError> {
[INFO] [stdout]    |              ^^^^^^^^^^^^^^^^^^^^^^
[INFO] [stdout] 
[INFO] [stdout] 
[INFO] [stdout] warning: field `username` is never read
[INFO] [stdout]   --> src/admin/login.rs:27:5
[INFO] [stdout]    |
[INFO] [stdout] 26 | pub struct LogoutForm {
[INFO] [stdout]    |            ---------- field in this struct
[INFO] [stdout] 27 |     username: String,
[INFO] [stdout]    |     ^^^^^^^^
[INFO] [stdout]    |
[INFO] [stdout]    = note: `LogoutForm` has a derived impl for the trait `Debug`, but this is intentionally ignored during dead code analysis
[INFO] [stdout] 
[INFO] [stdout] 
[INFO] [stdout] warning: field `access_code` is never read
[INFO] [stdout]   --> src/private/auth.rs:36:5
[INFO] [stdout]    |
[INFO] [stdout] 33 | pub struct RegisterForm {
[INFO] [stdout]    |            ------------ field in this struct
[INFO] [stdout] ...
[INFO] [stdout] 36 |     access_code: String,
[INFO] [stdout]    |     ^^^^^^^^^^^
[INFO] [stdout]    |
[INFO] [stdout]    = note: `RegisterForm` has a derived impl for the trait `Debug`, but this is intentionally ignored during dead code analysis
[INFO] [stdout] 
[INFO] [stdout] 
[INFO] [stderr]     Finished `dev` profile [unoptimized + debuginfo] target(s) in 2m 43s
[INFO] running `Command { std: "docker" "inspect" "9635e87178386e54a4750ef614b8a7c9bd7f10457ecaab39c25b2b902d4633a4", kill_on_drop: false }`
[INFO] running `Command { std: "docker" "rm" "-f" "9635e87178386e54a4750ef614b8a7c9bd7f10457ecaab39c25b2b902d4633a4", kill_on_drop: false }`
[INFO] [stdout] 9635e87178386e54a4750ef614b8a7c9bd7f10457ecaab39c25b2b902d4633a4
[INFO] running `Command { std: "docker" "create" "-v" "/var/lib/crater-agent-workspace/builds/worker-7-tc1/target:/opt/rustwide/target:rw,Z" "-v" "/var/lib/crater-agent-workspace/builds/worker-7-tc1/source:/opt/rustwide/workdir:ro,Z" "-v" "/var/lib/crater-agent-workspace/cargo-home:/opt/rustwide/cargo-home:ro,Z" "-v" "/var/lib/crater-agent-workspace/rustup-home:/opt/rustwide/rustup-home:ro,Z" "-e" "SOURCE_DIR=/opt/rustwide/workdir" "-e" "CARGO_TARGET_DIR=/opt/rustwide/target" "-e" "CARGO_INCREMENTAL=0" "-e" "RUST_BACKTRACE=full" "-e" "RUSTFLAGS=--cap-lints=forbid" "-e" "RUSTDOCFLAGS=--cap-lints=forbid" "-e" "CARGO_HOME=/opt/rustwide/cargo-home" "-e" "RUSTUP_HOME=/opt/rustwide/rustup-home" "-w" "/opt/rustwide/workdir" "-m" "1610612736" "--user" "0:0" "--network" "none" "ghcr.io/rust-lang/crates-build-env/linux@sha256:819108c5571ea2e421544af4d832f968d213c87fbe3707a016657f43d2f853bc" "/opt/rustwide/cargo-home/bin/cargo" "+nightly-2025-01-18" "test" "--frozen" "--no-run" "--message-format=json", kill_on_drop: false }`
[INFO] [stdout] 540c41b7d7d7f6952ca87b6f9f8f4960754a113051b02c03b3a7d13249f241d7
[INFO] running `Command { std: "docker" "start" "-a" "540c41b7d7d7f6952ca87b6f9f8f4960754a113051b02c03b3a7d13249f241d7", kill_on_drop: false }`
[INFO] [stderr]    Compiling central-server v0.1.0 (/opt/rustwide/workdir)
[INFO] [stdout] warning: unused import: `axum::response::AppendHeaders`
[INFO] [stdout]  --> src/utils/session/mod.rs:1:5
[INFO] [stdout]   |
[INFO] [stdout] 1 | use axum::response::AppendHeaders;
[INFO] [stdout]   |     ^^^^^^^^^^^^^^^^^^^^^^^^^^^^^
[INFO] [stdout]   |
[INFO] [stdout]   = note: `#[warn(unused_imports)]` on by default
[INFO] [stdout] 
[INFO] [stdout] 
[INFO] [stdout] warning: unused import: `cookie::Cookie`
[INFO] [stdout]  --> src/utils/session/mod.rs:2:27
[INFO] [stdout]   |
[INFO] [stdout] 2 | use axum_extra::extract::{cookie::Cookie, PrivateCookieJar};
[INFO] [stdout]   |                           ^^^^^^^^^^^^^^
[INFO] [stdout] 
[INFO] [stdout] 
[INFO] [stdout] warning: unused import: `crate::prelude::*`
[INFO] [stdout]   --> src/utils/session/mod.rs:10:5
[INFO] [stdout]    |
[INFO] [stdout] 10 | use crate::prelude::*;
[INFO] [stdout]    |     ^^^^^^^^^^^^^^^^^
[INFO] [stdout] 
[INFO] [stdout] 
[INFO] [stdout] warning: unused imports: `database::user::User` and `utils::app_state::AppState`
[INFO] [stdout]   --> src/utils/session/mod.rs:12:13
[INFO] [stdout]    |
[INFO] [stdout] 12 | use crate::{database::user::User, utils::app_state::AppState};
[INFO] [stdout]    |             ^^^^^^^^^^^^^^^^^^^^  ^^^^^^^^^^^^^^^^^^^^^^^^^^
[INFO] [stdout] 
[INFO] [stdout] 
[INFO] [stdout] warning: unused import: `std::time::Duration`
[INFO] [stdout]   --> src/utils/email.rs:17:5
[INFO] [stdout]    |
[INFO] [stdout] 17 | use std::time::Duration;
[INFO] [stdout]    |     ^^^^^^^^^^^^^^^^^^^
[INFO] [stdout] 
[INFO] [stdout] 
[INFO] [stdout] warning: unused imports: `collections::HashMap` and `iter`
[INFO] [stdout]  --> src/api/mod.rs:1:11
[INFO] [stdout]   |
[INFO] [stdout] 1 | use std::{collections::HashMap, iter};
[INFO] [stdout]   |           ^^^^^^^^^^^^^^^^^^^^  ^^^^
[INFO] [stdout] 
[INFO] [stdout] 
[INFO] [stdout] warning: unused import: `delete`
[INFO] [stdout]  --> src/api/mod.rs:3:54
[INFO] [stdout]   |
[INFO] [stdout] 3 | use axum::{middleware::from_fn_with_state, routing::{delete, put}};
[INFO] [stdout]   |                                                      ^^^^^^
[INFO] [stdout] 
[INFO] [stdout] 
[INFO] [stdout] warning: unused import: `utils::session::Permission`
[INFO] [stdout]  --> src/api/mod.rs:5:66
[INFO] [stdout]   |
[INFO] [stdout] 5 | use crate::{middleware::auth::admin_required, router_prelude::*, utils::session::Permission};
[INFO] [stdout]   |                                                                  ^^^^^^^^^^^^^^^^^^^^^^^^^^
[INFO] [stdout] 
[INFO] [stdout] 
[INFO] [stdout] warning: variant `WARNING_SUCCESS` should have an upper camel case name
[INFO] [stdout]   --> src/api/response.rs:49:5
[INFO] [stdout]    |
[INFO] [stdout] 49 |     WARNING_SUCCESS,
[INFO] [stdout]    |     ^^^^^^^^^^^^^^^ help: convert the identifier to upper camel case: `WarningSuccess`
[INFO] [stdout]    |
[INFO] [stdout]    = note: `#[warn(non_camel_case_types)]` on by default
[INFO] [stdout] 
[INFO] [stdout] 
[INFO] [stdout] warning: unused import: `Router`
[INFO] [stdout]  --> src/admin/guard.rs:2:61
[INFO] [stdout]   |
[INFO] [stdout] 2 | use axum::{extract::FromRequestParts, http::request::Parts, Router};
[INFO] [stdout]   |                                                             ^^^^^^
[INFO] [stdout] 
[INFO] [stdout] 
[INFO] [stdout] warning: unused import: `session::session_signature_from_cookies`
[INFO] [stdout]  --> src/admin/guard.rs:5:62
[INFO] [stdout]   |
[INFO] [stdout] 5 | use crate::utils::{app_error::AppError, app_state::AppState, session::session_signature_from_cookies};
[INFO] [stdout]   |                                                              ^^^^^^^^^^^^^^^^^^^^^^^^^^^^^^^^^^^^^^^
[INFO] [stdout] 
[INFO] [stdout] 
[INFO] [stdout] warning: unused import: `std::time::Duration`
[INFO] [stdout]  --> src/admin/login.rs:1:5
[INFO] [stdout]   |
[INFO] [stdout] 1 | use std::time::Duration;
[INFO] [stdout]   |     ^^^^^^^^^^^^^^^^^^^
[INFO] [stdout] 
[INFO] [stdout] 
[INFO] [stdout] warning: unused import: `tokio::time::sleep`
[INFO] [stdout]  --> src/admin/login.rs:7:5
[INFO] [stdout]   |
[INFO] [stdout] 7 | use tokio::time::sleep;
[INFO] [stdout]   |     ^^^^^^^^^^^^^^^^^^
[INFO] [stdout] 
[INFO] [stdout] 
[INFO] [stdout] warning: unused imports: `IntoMapRequestResult`, `IntoResponse`, and `StatusCode`
[INFO] [stdout]  --> src/middleware/auth.rs:2:49
[INFO] [stdout]   |
[INFO] [stdout] 2 |     body::Body, extract::State, http::{Request, StatusCode}, middleware::{IntoMapRequestResult, Next}, response::{IntoResponse, Response}
[INFO] [stdout]   |                                                 ^^^^^^^^^^                ^^^^^^^^^^^^^^^^^^^^                    ^^^^^^^^^^^^
[INFO] [stdout] 
[INFO] [stdout] 
[INFO] [stdout] warning: unused import: `crate::prelude::*`
[INFO] [stdout]  --> src/middleware/auth.rs:9:5
[INFO] [stdout]   |
[INFO] [stdout] 9 | use crate::prelude::*;
[INFO] [stdout]   |     ^^^^^^^^^^^^^^^^^
[INFO] [stdout] 
[INFO] [stdout] 
[INFO] [stdout] warning: unused import: `std::time::Duration`
[INFO] [stdout]  --> src/private/auth.rs:1:5
[INFO] [stdout]   |
[INFO] [stdout] 1 | use std::time::Duration;
[INFO] [stdout]   |     ^^^^^^^^^^^^^^^^^^^
[INFO] [stdout] 
[INFO] [stdout] 
[INFO] [stdout] warning: unused import: `tokio::time::sleep`
[INFO] [stdout]  --> src/private/auth.rs:7:5
[INFO] [stdout]   |
[INFO] [stdout] 7 | use tokio::time::sleep;
[INFO] [stdout]   |     ^^^^^^^^^^^^^^^^^^
[INFO] [stdout] 
[INFO] [stdout] 
[INFO] [stdout] warning: unused imports: `error` and `warn`
[INFO] [stdout]  --> src/private/auth.rs:8:15
[INFO] [stdout]   |
[INFO] [stdout] 8 | use tracing::{error, warn};
[INFO] [stdout]   |               ^^^^^  ^^^^
[INFO] [stdout] 
[INFO] [stdout] 
[INFO] [stdout] warning: unused import: `session::Permission`
[INFO] [stdout]  --> src/database/user/schema.rs:1:46
[INFO] [stdout]   |
[INFO] [stdout] 1 | use crate::utils::{app_state::tables::Table, session::Permission};
[INFO] [stdout]   |                                              ^^^^^^^^^^^^^^^^^^^
[INFO] [stdout] 
[INFO] [stdout] 
[INFO] [stdout] warning: unused import: `tempfile::tempdir`
[INFO] [stdout]  --> src/database/user/tests.rs:6:5
[INFO] [stdout]   |
[INFO] [stdout] 6 | use tempfile::tempdir;
[INFO] [stdout]   |     ^^^^^^^^^^^^^^^^^
[INFO] [stdout] 
[INFO] [stdout] 
[INFO] [stdout] warning: unused import: `tokio_rusqlite::Connection`
[INFO] [stdout]  --> src/database/user/tests.rs:7:5
[INFO] [stdout]   |
[INFO] [stdout] 7 | use tokio_rusqlite::Connection;
[INFO] [stdout]   |     ^^^^^^^^^^^^^^^^^^^^^^^^^^
[INFO] [stdout] 
[INFO] [stdout] 
[INFO] [stdout] warning: unused imports: `DateTime` and `NaiveDateTime`
[INFO] [stdout]  --> src/database/user/mod.rs:9:14
[INFO] [stdout]   |
[INFO] [stdout] 9 | use chrono::{DateTime, NaiveDateTime};
[INFO] [stdout]   |              ^^^^^^^^  ^^^^^^^^^^^^^
[INFO] [stdout] 
[INFO] [stdout] 
[INFO] [stdout] warning: unused imports: `prelude::AppError` and `utils::session::Permission`
[INFO] [stdout]  --> src/database/account/test.rs:3:13
[INFO] [stdout]   |
[INFO] [stdout] 3 | use crate::{prelude::AppError, utils::session::Permission};
[INFO] [stdout]   |             ^^^^^^^^^^^^^^^^^  ^^^^^^^^^^^^^^^^^^^^^^^^^^
[INFO] [stdout] 
[INFO] [stdout] 
[INFO] [stdout] warning: unused import: `super::*`
[INFO] [stdout]  --> src/database/account/test.rs:5:5
[INFO] [stdout]   |
[INFO] [stdout] 5 | use super::*;
[INFO] [stdout]   |     ^^^^^^^^
[INFO] [stdout] 
[INFO] [stdout] 
[INFO] [stdout] warning: unused import: `rusqlite::params`
[INFO] [stdout]  --> src/database/account/test.rs:6:5
[INFO] [stdout]   |
[INFO] [stdout] 6 | use rusqlite::params;
[INFO] [stdout]   |     ^^^^^^^^^^^^^^^^
[INFO] [stdout] 
[INFO] [stdout] 
[INFO] [stdout] warning: unused import: `tempfile::tempdir`
[INFO] [stdout]  --> src/database/account/test.rs:7:5
[INFO] [stdout]   |
[INFO] [stdout] 7 | use tempfile::tempdir;
[INFO] [stdout]   |     ^^^^^^^^^^^^^^^^^
[INFO] [stdout] 
[INFO] [stdout] 
[INFO] [stdout] warning: unused import: `tokio_rusqlite::Connection`
[INFO] [stdout]  --> src/database/account/test.rs:8:5
[INFO] [stdout]   |
[INFO] [stdout] 8 | use tokio_rusqlite::Connection;
[INFO] [stdout]   |     ^^^^^^^^^^^^^^^^^^^^^^^^^^
[INFO] [stdout] 
[INFO] [stdout] 
[INFO] [stdout] warning: unused import: `HashMap`
[INFO] [stdout]  --> src/database/experiment/cache.rs:1:35
[INFO] [stdout]   |
[INFO] [stdout] 1 | use std::{collections::{BTreeMap, HashMap}, path::PathBuf, sync::{Arc, Mutex}};
[INFO] [stdout]   |                                   ^^^^^^^
[INFO] [stdout] 
[INFO] [stdout] 
[INFO] [stdout] warning: unreachable statement
[INFO] [stdout]   --> src/api/user.rs:53:5
[INFO] [stdout]    |
[INFO] [stdout] 52 |     todo!("Ensure user requesting is superadmin or self");
[INFO] [stdout]    |     ----------------------------------------------------- any code following this expression is unreachable
[INFO] [stdout] 53 |     todo!("Check password update rate limit");
[INFO] [stdout]    |     ^^^^^^^^^^^^^^^^^^^^^^^^^^^^^^^^^^^^^^^^^ unreachable statement
[INFO] [stdout]    |
[INFO] [stdout]    = note: `#[warn(unreachable_code)]` on by default
[INFO] [stdout]    = note: this warning originates in the macro `$crate::panic` which comes from the expansion of the macro `todo` (in Nightly builds, run with -Z macro-backtrace for more info)
[INFO] [stdout] 
[INFO] [stdout] 
[INFO] [stdout] warning: unused variable: `app_state`
[INFO] [stdout]   --> src/api/user.rs:49:36
[INFO] [stdout]    |
[INFO] [stdout] 49 | pub async fn update_password(State(app_state): State<AppState>, Path(username): Path<String>, Json(password): Json<String>) -> Result<Jso...
[INFO] [stdout]    |                                    ^^^^^^^^^ help: if this is intentional, prefix it with an underscore: `_app_state`
[INFO] [stdout]    |
[INFO] [stdout]    = note: `#[warn(unused_variables)]` on by default
[INFO] [stdout] 
[INFO] [stdout] 
[INFO] [stdout] warning: unused variable: `username`
[INFO] [stdout]   --> src/api/user.rs:49:70
[INFO] [stdout]    |
[INFO] [stdout] 49 | ...te): State<AppState>, Path(username): Path<String>, Json(password): Json<String>) -> Result<Json<ApiResponse>, AppError> {
[INFO] [stdout]    |                               ^^^^^^^^ help: if this is intentional, prefix it with an underscore: `_username`
[INFO] [stdout] 
[INFO] [stdout] 
[INFO] [stdout] warning: unused variable: `hashed_new_pwd`
[INFO] [stdout]   --> src/api/user.rs:50:9
[INFO] [stdout]    |
[INFO] [stdout] 50 |     let hashed_new_pwd = utils::cryptography::hash(password).await?; 
[INFO] [stdout]    |         ^^^^^^^^^^^^^^ help: if this is intentional, prefix it with an underscore: `_hashed_new_pwd`
[INFO] [stdout] 
[INFO] [stdout] 
[INFO] [stdout] warning: unused variable: `e`
[INFO] [stdout]   --> src/admin/login.rs:53:13
[INFO] [stdout]    |
[INFO] [stdout] 53 |         Err(e) => {
[INFO] [stdout]    |             ^ help: if this is intentional, prefix it with an underscore: `_e`
[INFO] [stdout] 
[INFO] [stdout] 
[INFO] [stdout] warning: unused variable: `id`
[INFO] [stdout]   --> src/database/experiment/cache.rs:50:28
[INFO] [stdout]    |
[INFO] [stdout] 50 |     pub fn get_data(&self, id: u64) -> Result<ExperimentData, AppError> {
[INFO] [stdout]    |                            ^^ help: if this is intentional, prefix it with an underscore: `_id`
[INFO] [stdout] 
[INFO] [stdout] 
[INFO] [stdout] warning: unused variable: `id`
[INFO] [stdout]   --> src/database/experiment/cache.rs:64:21
[INFO] [stdout]    |
[INFO] [stdout] 64 |         if let Some(id) = cache.get(&expt.metadata.experiment_id) {
[INFO] [stdout]    |                     ^^ help: if this is intentional, prefix it with an underscore: `_id`
[INFO] [stdout] 
[INFO] [stdout] 
[INFO] [stdout] warning: unused variable: `id`
[INFO] [stdout]   --> src/database/experiment/cache.rs:71:41
[INFO] [stdout]    |
[INFO] [stdout] 71 |     pub fn delete_experiment(&mut self, id: u64) -> Result<bool, AppError> {
[INFO] [stdout]    |                                         ^^ help: if this is intentional, prefix it with an underscore: `_id`
[INFO] [stdout] 
[INFO] [stdout] 
[INFO] [stdout] warning: field `anon_session_db` is never read
[INFO] [stdout]   --> src/utils/app_state/mod.rs:23:5
[INFO] [stdout]    |
[INFO] [stdout] 20 | pub struct AppState {
[INFO] [stdout]    |            -------- field in this struct
[INFO] [stdout] ...
[INFO] [stdout] 23 |     anon_session_db: Arc<Mutex<HashMap<Uuid, Session>>>,
[INFO] [stdout]    |     ^^^^^^^^^^^^^^^
[INFO] [stdout]    |
[INFO] [stdout]    = note: `AppState` has a derived impl for the trait `Clone`, but this is intentionally ignored during dead code analysis
[INFO] [stdout]    = note: `#[warn(dead_code)]` on by default
[INFO] [stdout] 
[INFO] [stdout] 
[INFO] [stdout] warning: fields `email` and `token` are never read
[INFO] [stdout]   --> src/utils/app_state/mod.rs:32:5
[INFO] [stdout]    |
[INFO] [stdout] 31 | pub struct PwdResetToken {
[INFO] [stdout]    |            ------------- fields in this struct
[INFO] [stdout] 32 |     email: String,
[INFO] [stdout]    |     ^^^^^
[INFO] [stdout] 33 |     token: String,
[INFO] [stdout]    |     ^^^^^
[INFO] [stdout] 
[INFO] [stdout] 
[INFO] [stdout] warning: method `validate_permissions` is never used
[INFO] [stdout]   --> src/utils/session/state_handling.rs:87:14
[INFO] [stdout]    |
[INFO] [stdout] 11 | impl AppState {
[INFO] [stdout]    | ------------- method in this implementation
[INFO] [stdout] ...
[INFO] [stdout] 87 |     async fn validate_permissions(&self, user: &User, acls: Vec<AccessControls>) -> Result<bool, AppError> {
[INFO] [stdout]    |              ^^^^^^^^^^^^^^^^^^^^
[INFO] [stdout] 
[INFO] [stdout] 
[INFO] [stdout] warning: struct `AnonSession` is never constructed
[INFO] [stdout]  --> src/utils/session/anon_handling.rs:8:12
[INFO] [stdout]   |
[INFO] [stdout] 8 | pub struct AnonSession {
[INFO] [stdout]   |            ^^^^^^^^^^^
[INFO] [stdout]   |
[INFO] [stdout]   = note: `AnonSession` has derived impls for the traits `Debug` and `Clone`, but these are intentionally ignored during dead code analysis
[INFO] [stdout] 
[INFO] [stdout] 
[INFO] [stdout] warning: function `validate_password_reset_handler` is never used
[INFO] [stdout]    --> src/utils/email.rs:129:14
[INFO] [stdout]     |
[INFO] [stdout] 129 | pub async fn validate_password_reset_handler(
[INFO] [stdout]     |              ^^^^^^^^^^^^^^^^^^^^^^^^^^^^^^^
[INFO] [stdout] 
[INFO] [stdout] 
[INFO] [stdout] warning: function `experiment_file_upload` is never used
[INFO] [stdout]   --> src/api/experiment.rs:17:14
[INFO] [stdout]    |
[INFO] [stdout] 17 | pub async fn experiment_file_upload() -> Result<Json<ApiResponse>, AppError> {
[INFO] [stdout]    |              ^^^^^^^^^^^^^^^^^^^^^^
[INFO] [stdout] 
[INFO] [stdout] 
[INFO] [stdout] warning: field `username` is never read
[INFO] [stdout]   --> src/admin/login.rs:27:5
[INFO] [stdout]    |
[INFO] [stdout] 26 | pub struct LogoutForm {
[INFO] [stdout]    |            ---------- field in this struct
[INFO] [stdout] 27 |     username: String,
[INFO] [stdout]    |     ^^^^^^^^
[INFO] [stdout]    |
[INFO] [stdout]    = note: `LogoutForm` has a derived impl for the trait `Debug`, but this is intentionally ignored during dead code analysis
[INFO] [stdout] 
[INFO] [stdout] 
[INFO] [stdout] warning: field `access_code` is never read
[INFO] [stdout]   --> src/private/auth.rs:36:5
[INFO] [stdout]    |
[INFO] [stdout] 33 | pub struct RegisterForm {
[INFO] [stdout]    |            ------------ field in this struct
[INFO] [stdout] ...
[INFO] [stdout] 36 |     access_code: String,
[INFO] [stdout]    |     ^^^^^^^^^^^
[INFO] [stdout]    |
[INFO] [stdout]    = note: `RegisterForm` has a derived impl for the trait `Debug`, but this is intentionally ignored during dead code analysis
[INFO] [stdout] 
[INFO] [stdout] 
[INFO] [stderr]     Finished `test` profile [unoptimized + debuginfo] target(s) in 5.57s
[INFO] running `Command { std: "docker" "inspect" "540c41b7d7d7f6952ca87b6f9f8f4960754a113051b02c03b3a7d13249f241d7", kill_on_drop: false }`
[INFO] running `Command { std: "docker" "rm" "-f" "540c41b7d7d7f6952ca87b6f9f8f4960754a113051b02c03b3a7d13249f241d7", kill_on_drop: false }`
[INFO] [stdout] 540c41b7d7d7f6952ca87b6f9f8f4960754a113051b02c03b3a7d13249f241d7
[INFO] running `Command { std: "docker" "create" "-v" "/var/lib/crater-agent-workspace/builds/worker-7-tc1/target:/opt/rustwide/target:rw,Z" "-v" "/var/lib/crater-agent-workspace/builds/worker-7-tc1/source:/opt/rustwide/workdir:ro,Z" "-v" "/var/lib/crater-agent-workspace/cargo-home:/opt/rustwide/cargo-home:ro,Z" "-v" "/var/lib/crater-agent-workspace/rustup-home:/opt/rustwide/rustup-home:ro,Z" "-e" "SOURCE_DIR=/opt/rustwide/workdir" "-e" "CARGO_TARGET_DIR=/opt/rustwide/target" "-e" "CARGO_INCREMENTAL=0" "-e" "RUST_BACKTRACE=full" "-e" "RUSTFLAGS=--cap-lints=forbid" "-e" "RUSTDOCFLAGS=--cap-lints=forbid" "-e" "CARGO_HOME=/opt/rustwide/cargo-home" "-e" "RUSTUP_HOME=/opt/rustwide/rustup-home" "-w" "/opt/rustwide/workdir" "-m" "1610612736" "--user" "0:0" "--network" "none" "ghcr.io/rust-lang/crates-build-env/linux@sha256:819108c5571ea2e421544af4d832f968d213c87fbe3707a016657f43d2f853bc" "/opt/rustwide/cargo-home/bin/cargo" "+nightly-2025-01-18" "test" "--frozen", kill_on_drop: false }`
[INFO] [stdout] 82cc1a70fc77e404e33fdb88f1c6a23a22205df4329796d77d55873ee5f0341a
[INFO] running `Command { std: "docker" "start" "-a" "82cc1a70fc77e404e33fdb88f1c6a23a22205df4329796d77d55873ee5f0341a", kill_on_drop: false }`
[INFO] [stderr] warning: unused import: `axum::response::AppendHeaders`
[INFO] [stderr]  --> src/utils/session/mod.rs:1:5
[INFO] [stderr]   |
[INFO] [stderr] 1 | use axum::response::AppendHeaders;
[INFO] [stderr]   |     ^^^^^^^^^^^^^^^^^^^^^^^^^^^^^
[INFO] [stderr]   |
[INFO] [stderr]   = note: `#[warn(unused_imports)]` on by default
[INFO] [stderr] 
[INFO] [stderr] warning: unused import: `cookie::Cookie`
[INFO] [stderr]  --> src/utils/session/mod.rs:2:27
[INFO] [stderr]   |
[INFO] [stderr] 2 | use axum_extra::extract::{cookie::Cookie, PrivateCookieJar};
[INFO] [stderr]   |                           ^^^^^^^^^^^^^^
[INFO] [stderr] 
[INFO] [stderr] warning: unused import: `crate::prelude::*`
[INFO] [stderr]   --> src/utils/session/mod.rs:10:5
[INFO] [stderr]    |
[INFO] [stderr] 10 | use crate::prelude::*;
[INFO] [stderr]    |     ^^^^^^^^^^^^^^^^^
[INFO] [stderr] 
[INFO] [stderr] warning: unused imports: `database::user::User` and `utils::app_state::AppState`
[INFO] [stderr]   --> src/utils/session/mod.rs:12:13
[INFO] [stderr]    |
[INFO] [stderr] 12 | use crate::{database::user::User, utils::app_state::AppState};
[INFO] [stderr]    |             ^^^^^^^^^^^^^^^^^^^^  ^^^^^^^^^^^^^^^^^^^^^^^^^^
[INFO] [stderr] 
[INFO] [stderr] warning: unused import: `std::time::Duration`
[INFO] [stderr]   --> src/utils/email.rs:17:5
[INFO] [stderr]    |
[INFO] [stderr] 17 | use std::time::Duration;
[INFO] [stderr]    |     ^^^^^^^^^^^^^^^^^^^
[INFO] [stderr] 
[INFO] [stderr] warning: unused imports: `collections::HashMap` and `iter`
[INFO] [stderr]  --> src/api/mod.rs:1:11
[INFO] [stderr]   |
[INFO] [stderr] 1 | use std::{collections::HashMap, iter};
[INFO] [stderr]   |           ^^^^^^^^^^^^^^^^^^^^  ^^^^
[INFO] [stderr] 
[INFO] [stderr] warning: unused import: `delete`
[INFO] [stderr]  --> src/api/mod.rs:3:54
[INFO] [stderr]   |
[INFO] [stderr] 3 | use axum::{middleware::from_fn_with_state, routing::{delete, put}};
[INFO] [stderr]   |                                                      ^^^^^^
[INFO] [stderr] 
[INFO] [stderr] warning: unused import: `utils::session::Permission`
[INFO] [stderr]  --> src/api/mod.rs:5:66
[INFO] [stderr]   |
[INFO] [stderr] 5 | use crate::{middleware::auth::admin_required, router_prelude::*, utils::session::Permission};
[INFO] [stderr]   |                                                                  ^^^^^^^^^^^^^^^^^^^^^^^^^^
[INFO] [stderr] 
[INFO] [stderr] warning: variant `WARNING_SUCCESS` should have an upper camel case name
[INFO] [stderr]   --> src/api/response.rs:49:5
[INFO] [stderr]    |
[INFO] [stderr] 49 |     WARNING_SUCCESS,
[INFO] [stderr]    |     ^^^^^^^^^^^^^^^ help: convert the identifier to upper camel case: `WarningSuccess`
[INFO] [stderr]    |
[INFO] [stderr]    = note: `#[warn(non_camel_case_types)]` on by default
[INFO] [stderr] 
[INFO] [stderr] warning: unused import: `Router`
[INFO] [stderr]  --> src/admin/guard.rs:2:61
[INFO] [stderr]   |
[INFO] [stderr] 2 | use axum::{extract::FromRequestParts, http::request::Parts, Router};
[INFO] [stderr]   |                                                             ^^^^^^
[INFO] [stderr] 
[INFO] [stderr] warning: unused import: `session::session_signature_from_cookies`
[INFO] [stderr]  --> src/admin/guard.rs:5:62
[INFO] [stderr]   |
[INFO] [stderr] 5 | use crate::utils::{app_error::AppError, app_state::AppState, session::session_signature_from_cookies};
[INFO] [stderr]   |                                                              ^^^^^^^^^^^^^^^^^^^^^^^^^^^^^^^^^^^^^^^
[INFO] [stderr] 
[INFO] [stderr] warning: unused import: `std::time::Duration`
[INFO] [stderr]  --> src/admin/login.rs:1:5
[INFO] [stderr]   |
[INFO] [stderr] 1 | use std::time::Duration;
[INFO] [stderr]   |     ^^^^^^^^^^^^^^^^^^^
[INFO] [stderr] 
[INFO] [stderr] warning: unused import: `tokio::time::sleep`
[INFO] [stderr]  --> src/admin/login.rs:7:5
[INFO] [stderr]   |
[INFO] [stderr] 7 | use tokio::time::sleep;
[INFO] [stderr]   |     ^^^^^^^^^^^^^^^^^^
[INFO] [stderr] 
[INFO] [stderr] warning: unused imports: `IntoMapRequestResult`, `IntoResponse`, and `StatusCode`
[INFO] [stderr]  --> src/middleware/auth.rs:2:49
[INFO] [stderr]   |
[INFO] [stderr] 2 |     body::Body, extract::State, http::{Request, StatusCode}, middleware::{IntoMapRequestResult, Next}, response::{IntoResponse, Response}
[INFO] [stderr]   |                                                 ^^^^^^^^^^                ^^^^^^^^^^^^^^^^^^^^                    ^^^^^^^^^^^^
[INFO] [stderr] 
[INFO] [stderr] warning: unused import: `crate::prelude::*`
[INFO] [stderr]  --> src/middleware/auth.rs:9:5
[INFO] [stderr]   |
[INFO] [stderr] 9 | use crate::prelude::*;
[INFO] [stderr]   |     ^^^^^^^^^^^^^^^^^
[INFO] [stderr] 
[INFO] [stderr] warning: unused import: `std::time::Duration`
[INFO] [stderr]  --> src/private/auth.rs:1:5
[INFO] [stderr]   |
[INFO] [stderr] 1 | use std::time::Duration;
[INFO] [stderr]   |     ^^^^^^^^^^^^^^^^^^^
[INFO] [stderr] 
[INFO] [stderr] warning: unused import: `tokio::time::sleep`
[INFO] [stderr]  --> src/private/auth.rs:7:5
[INFO] [stderr]   |
[INFO] [stderr] 7 | use tokio::time::sleep;
[INFO] [stderr]   |     ^^^^^^^^^^^^^^^^^^
[INFO] [stderr] 
[INFO] [stderr] warning: unused imports: `error` and `warn`
[INFO] [stderr]  --> src/private/auth.rs:8:15
[INFO] [stderr]   |
[INFO] [stderr] 8 | use tracing::{error, warn};
[INFO] [stderr]   |               ^^^^^  ^^^^
[INFO] [stderr] 
[INFO] [stderr] warning: unused import: `session::Permission`
[INFO] [stderr]  --> src/database/user/schema.rs:1:46
[INFO] [stderr]   |
[INFO] [stderr] 1 | use crate::utils::{app_state::tables::Table, session::Permission};
[INFO] [stderr]   |                                              ^^^^^^^^^^^^^^^^^^^
[INFO] [stderr] 
[INFO] [stderr] warning: unused import: `tempfile::tempdir`
[INFO] [stderr]  --> src/database/user/tests.rs:6:5
[INFO] [stderr]   |
[INFO] [stderr] 6 | use tempfile::tempdir;
[INFO] [stderr]   |     ^^^^^^^^^^^^^^^^^
[INFO] [stderr] 
[INFO] [stderr] warning: unused import: `tokio_rusqlite::Connection`
[INFO] [stderr]  --> src/database/user/tests.rs:7:5
[INFO] [stderr]   |
[INFO] [stderr] 7 | use tokio_rusqlite::Connection;
[INFO] [stderr]   |     ^^^^^^^^^^^^^^^^^^^^^^^^^^
[INFO] [stderr] 
[INFO] [stderr] warning: unused imports: `DateTime` and `NaiveDateTime`
[INFO] [stderr]  --> src/database/user/mod.rs:9:14
[INFO] [stderr]   |
[INFO] [stderr] 9 | use chrono::{DateTime, NaiveDateTime};
[INFO] [stderr]   |              ^^^^^^^^  ^^^^^^^^^^^^^
[INFO] [stderr] 
[INFO] [stderr] warning: unused imports: `prelude::AppError` and `utils::session::Permission`
[INFO] [stderr]  --> src/database/account/test.rs:3:13
[INFO] [stderr]   |
[INFO] [stderr] 3 | use crate::{prelude::AppError, utils::session::Permission};
[INFO] [stderr]   |             ^^^^^^^^^^^^^^^^^  ^^^^^^^^^^^^^^^^^^^^^^^^^^
[INFO] [stderr] 
[INFO] [stderr] warning: unused import: `super::*`
[INFO] [stderr]  --> src/database/account/test.rs:5:5
[INFO] [stderr]   |
[INFO] [stderr] 5 | use super::*;
[INFO] [stderr]   |     ^^^^^^^^
[INFO] [stderr] 
[INFO] [stderr] warning: unused import: `rusqlite::params`
[INFO] [stderr]  --> src/database/account/test.rs:6:5
[INFO] [stderr]   |
[INFO] [stderr] 6 | use rusqlite::params;
[INFO] [stderr]   |     ^^^^^^^^^^^^^^^^
[INFO] [stderr] 
[INFO] [stderr] warning: unused import: `tempfile::tempdir`
[INFO] [stderr]  --> src/database/account/test.rs:7:5
[INFO] [stderr]   |
[INFO] [stderr] 7 | use tempfile::tempdir;
[INFO] [stderr]   |     ^^^^^^^^^^^^^^^^^
[INFO] [stderr] 
[INFO] [stderr] warning: unused import: `tokio_rusqlite::Connection`
[INFO] [stderr]  --> src/database/account/test.rs:8:5
[INFO] [stderr]   |
[INFO] [stderr] 8 | use tokio_rusqlite::Connection;
[INFO] [stderr]   |     ^^^^^^^^^^^^^^^^^^^^^^^^^^
[INFO] [stderr] 
[INFO] [stderr] warning: unused import: `HashMap`
[INFO] [stderr]  --> src/database/experiment/cache.rs:1:35
[INFO] [stderr]   |
[INFO] [stderr] 1 | use std::{collections::{BTreeMap, HashMap}, path::PathBuf, sync::{Arc, Mutex}};
[INFO] [stderr]   |                                   ^^^^^^^
[INFO] [stderr] 
[INFO] [stderr] warning: unreachable statement
[INFO] [stderr]   --> src/api/user.rs:53:5
[INFO] [stderr]    |
[INFO] [stderr] 52 |     todo!("Ensure user requesting is superadmin or self");
[INFO] [stderr]    |     ----------------------------------------------------- any code following this expression is unreachable
[INFO] [stderr] 53 |     todo!("Check password update rate limit");
[INFO] [stderr]    |     ^^^^^^^^^^^^^^^^^^^^^^^^^^^^^^^^^^^^^^^^^ unreachable statement
[INFO] [stderr]    |
[INFO] [stderr]    = note: `#[warn(unreachable_code)]` on by default
[INFO] [stderr]    = note: this warning originates in the macro `$crate::panic` which comes from the expansion of the macro `todo` (in Nightly builds, run with -Z macro-backtrace for more info)
[INFO] [stderr] 
[INFO] [stderr] warning: unused variable: `app_state`
[INFO] [stderr]   --> src/api/user.rs:49:36
[INFO] [stderr]    |
[INFO] [stderr] 49 | pub async fn update_password(State(app_state): State<AppState>, Path(username): Path<String>, Json(password): Json<String>) -> Result<Jso...
[INFO] [stderr]    |                                    ^^^^^^^^^ help: if this is intentional, prefix it with an underscore: `_app_state`
[INFO] [stderr]    |
[INFO] [stderr]    = note: `#[warn(unused_variables)]` on by default
[INFO] [stderr] 
[INFO] [stderr] warning: unused variable: `username`
[INFO] [stderr]   --> src/api/user.rs:49:70
[INFO] [stderr]    |
[INFO] [stderr] 49 | ...te): State<AppState>, Path(username): Path<String>, Json(password): Json<String>) -> Result<Json<ApiResponse>, AppError> {
[INFO] [stderr]    |                               ^^^^^^^^ help: if this is intentional, prefix it with an underscore: `_username`
[INFO] [stderr] 
[INFO] [stderr] warning: unused variable: `hashed_new_pwd`
[INFO] [stderr]   --> src/api/user.rs:50:9
[INFO] [stderr]    |
[INFO] [stderr] 50 |     let hashed_new_pwd = utils::cryptography::hash(password).await?; 
[INFO] [stderr]    |         ^^^^^^^^^^^^^^ help: if this is intentional, prefix it with an underscore: `_hashed_new_pwd`
[INFO] [stderr] 
[INFO] [stderr] warning: unused variable: `e`
[INFO] [stderr]   --> src/admin/login.rs:53:13
[INFO] [stderr]    |
[INFO] [stderr] 53 |         Err(e) => {
[INFO] [stderr]    |             ^ help: if this is intentional, prefix it with an underscore: `_e`
[INFO] [stderr] 
[INFO] [stderr] warning: unused variable: `id`
[INFO] [stderr]   --> src/database/experiment/cache.rs:50:28
[INFO] [stderr]    |
[INFO] [stderr] 50 |     pub fn get_data(&self, id: u64) -> Result<ExperimentData, AppError> {
[INFO] [stderr]    |                            ^^ help: if this is intentional, prefix it with an underscore: `_id`
[INFO] [stderr] 
[INFO] [stderr] warning: unused variable: `id`
[INFO] [stderr]   --> src/database/experiment/cache.rs:64:21
[INFO] [stderr]    |
[INFO] [stderr] 64 |         if let Some(id) = cache.get(&expt.metadata.experiment_id) {
[INFO] [stderr]    |                     ^^ help: if this is intentional, prefix it with an underscore: `_id`
[INFO] [stderr] 
[INFO] [stderr] warning: unused variable: `id`
[INFO] [stderr]   --> src/database/experiment/cache.rs:71:41
[INFO] [stderr]    |
[INFO] [stderr] 71 |     pub fn delete_experiment(&mut self, id: u64) -> Result<bool, AppError> {
[INFO] [stderr]    |                                         ^^ help: if this is intentional, prefix it with an underscore: `_id`
[INFO] [stderr] 
[INFO] [stderr] warning: field `anon_session_db` is never read
[INFO] [stderr]   --> src/utils/app_state/mod.rs:23:5
[INFO] [stderr]    |
[INFO] [stderr] 20 | pub struct AppState {
[INFO] [stderr]    |            -------- field in this struct
[INFO] [stderr] ...
[INFO] [stderr] 23 |     anon_session_db: Arc<Mutex<HashMap<Uuid, Session>>>,
[INFO] [stderr]    |     ^^^^^^^^^^^^^^^
[INFO] [stderr]    |
[INFO] [stderr]    = note: `AppState` has a derived impl for the trait `Clone`, but this is intentionally ignored during dead code analysis
[INFO] [stderr]    = note: `#[warn(dead_code)]` on by default
[INFO] [stderr] 
[INFO] [stderr] warning: fields `email` and `token` are never read
[INFO] [stderr]   --> src/utils/app_state/mod.rs:32:5
[INFO] [stderr]    |
[INFO] [stderr] 31 | pub struct PwdResetToken {
[INFO] [stderr]    |            ------------- fields in this struct
[INFO] [stderr] 32 |     email: String,
[INFO] [stderr]    |     ^^^^^
[INFO] [stderr] 33 |     token: String,
[INFO] [stderr]    |     ^^^^^
[INFO] [stderr] 
[INFO] [stderr] warning: method `validate_permissions` is never used
[INFO] [stderr]   --> src/utils/session/state_handling.rs:87:14
[INFO] [stderr]    |
[INFO] [stderr] 11 | impl AppState {
[INFO] [stderr]    | ------------- method in this implementation
[INFO] [stderr] ...
[INFO] [stderr] 87 |     async fn validate_permissions(&self, user: &User, acls: Vec<AccessControls>) -> Result<bool, AppError> {
[INFO] [stderr]    |              ^^^^^^^^^^^^^^^^^^^^
[INFO] [stderr] 
[INFO] [stderr] warning: struct `AnonSession` is never constructed
[INFO] [stderr]  --> src/utils/session/anon_handling.rs:8:12
[INFO] [stderr]   |
[INFO] [stderr] 8 | pub struct AnonSession {
[INFO] [stderr]   |            ^^^^^^^^^^^
[INFO] [stderr]   |
[INFO] [stderr]   = note: `AnonSession` has derived impls for the traits `Debug` and `Clone`, but these are intentionally ignored during dead code analysis
[INFO] [stderr] 
[INFO] [stderr] warning: function `validate_password_reset_handler` is never used
[INFO] [stderr]    --> src/utils/email.rs:129:14
[INFO] [stderr]     |
[INFO] [stderr] 129 | pub async fn validate_password_reset_handler(
[INFO] [stderr]     |              ^^^^^^^^^^^^^^^^^^^^^^^^^^^^^^^
[INFO] [stderr] 
[INFO] [stderr] warning: function `experiment_file_upload` is never used
[INFO] [stderr]   --> src/api/experiment.rs:17:14
[INFO] [stderr]    |
[INFO] [stderr] 17 | pub async fn experiment_file_upload() -> Result<Json<ApiResponse>, AppError> {
[INFO] [stderr]    |              ^^^^^^^^^^^^^^^^^^^^^^
[INFO] [stderr] 
[INFO] [stderr] warning: field `username` is never read
[INFO] [stderr]   --> src/admin/login.rs:27:5
[INFO] [stderr]    |
[INFO] [stderr] 26 | pub struct LogoutForm {
[INFO] [stderr]    |            ---------- field in this struct
[INFO] [stderr] 27 |     username: String,
[INFO] [stderr]    |     ^^^^^^^^
[INFO] [stderr]    |
[INFO] [stderr]    = note: `LogoutForm` has a derived impl for the trait `Debug`, but this is intentionally ignored during dead code analysis
[INFO] [stderr] 
[INFO] [stderr] warning: field `access_code` is never read
[INFO] [stderr]   --> src/private/auth.rs:36:5
[INFO] [stderr]    |
[INFO] [stderr] 33 | pub struct RegisterForm {
[INFO] [stderr]    |            ------------ field in this struct
[INFO] [stderr] ...
[INFO] [stderr] 36 |     access_code: String,
[INFO] [stderr]    |     ^^^^^^^^^^^
[INFO] [stderr]    |
[INFO] [stderr]    = note: `RegisterForm` has a derived impl for the trait `Debug`, but this is intentionally ignored during dead code analysis
[INFO] [stderr] 
[INFO] [stderr] warning: `central-server` (bin "central-server" test) generated 44 warnings (run `cargo fix --bin "central-server" --tests` to apply 27 suggestions)
[INFO] [stderr]     Finished `test` profile [unoptimized + debuginfo] target(s) in 0.25s
[INFO] [stderr]      Running unittests src/main.rs (/opt/rustwide/target/debug/deps/central_server-464fe6a3f41940f3)
[INFO] [stdout] 
[INFO] [stdout] running 5 tests
[INFO] [stdout] test database::user::tests::duplicate_user ... FAILED
[INFO] [stdout] test database::user::tests::password_update_rate_limit ... FAILED
[INFO] [stdout] test database::user::tests::no_user ... FAILED
[INFO] [stdout] test database::user::tests::full ... FAILED
[INFO] [stdout] test utils::cryptography::test::test_salt ... ok
[INFO] [stdout] 
[INFO] [stdout] failures:
[INFO] [stdout] 
[INFO] [stdout] ---- database::user::tests::duplicate_user stdout ----
[INFO] [stdout] Error: Rusqlite(SqliteFailure(Error { code: Unknown, extended_code: 1 }, Some("table users has no column named password_update_log")))
[INFO] [stdout] 
[INFO] [stdout] ---- database::user::tests::password_update_rate_limit stdout ----
[INFO] [stdout] Error: Rusqlite(SqliteFailure(Error { code: Unknown, extended_code: 1 }, Some("table users has no column named password_update_log")))
[INFO] [stdout] 
[INFO] [stdout] ---- database::user::tests::no_user stdout ----
[INFO] [stdout] [src/database/user/tests.rs:110:5] &user = Err(
[INFO] [stdout]     Rusqlite(
[INFO] [stdout]         SqlInputError {
[INFO] [stdout]             error: Error {
[INFO] [stdout]                 code: Unknown,
[INFO] [stdout]                 extended_code: 1,
[INFO] [stdout]             },
[INFO] [stdout]             msg: "no such column: password_update_log",
[INFO] [stdout]             sql: "SELECT username, hashed_pwd, permissions, password_update_log FROM users WHERE username = ?1",
[INFO] [stdout]             offset: 42,
[INFO] [stdout]         },
[INFO] [stdout]     ),
[INFO] [stdout] )
[INFO] [stdout] 
[INFO] [stdout] thread 'database::user::tests::no_user' panicked at src/database/user/tests.rs:111:5:
[INFO] [stdout] assertion failed: user.is_ok()
[INFO] [stdout] stack backtrace:
[INFO] [stdout]    0:     0x5905ccddddaa - std::backtrace_rs::backtrace::libunwind::trace::hb059275cfc8d6126
[INFO] [stdout]                                at /rustc/6067b36314ab5eb2eb47cecc464545ba58e1ad24/library/std/src/../../backtrace/src/backtrace/libunwind.rs:116:5
[INFO] [stdout]    1:     0x5905ccddddaa - std::backtrace_rs::backtrace::trace_unsynchronized::h2da071e4327ce3ee
[INFO] [stdout]                                at /rustc/6067b36314ab5eb2eb47cecc464545ba58e1ad24/library/std/src/../../backtrace/src/backtrace/mod.rs:66:5
[INFO] [stdout]    2:     0x5905ccddddaa - std::sys::backtrace::_print_fmt::h842a1474e6f8d23f
[INFO] [stdout]                                at /rustc/6067b36314ab5eb2eb47cecc464545ba58e1ad24/library/std/src/sys/backtrace.rs:66:9
[INFO] [stdout]    3:     0x5905ccddddaa - <std::sys::backtrace::BacktraceLock::print::DisplayBacktrace as core::fmt::Display>::fmt::h71a62eb3b9696b12
[INFO] [stdout]                                at /rustc/6067b36314ab5eb2eb47cecc464545ba58e1ad24/library/std/src/sys/backtrace.rs:39:26
[INFO] [stdout]    4:     0x5905cce073f3 - core::fmt::rt::Argument::fmt::hdb6b616786b41dc1
[INFO] [stdout]                                at /rustc/6067b36314ab5eb2eb47cecc464545ba58e1ad24/library/core/src/fmt/rt.rs:177:76
[INFO] [stdout]    5:     0x5905cce073f3 - core::fmt::write::h2cc1698af7e2d686
[INFO] [stdout]                                at /rustc/6067b36314ab5eb2eb47cecc464545ba58e1ad24/library/core/src/fmt/mod.rs:1440:21
[INFO] [stdout]    6:     0x5905ccdda473 - std::io::Write::write_fmt::hab1b4cd059a79022
[INFO] [stdout]                                at /rustc/6067b36314ab5eb2eb47cecc464545ba58e1ad24/library/std/src/io/mod.rs:1887:15
[INFO] [stdout]    7:     0x5905ccdddbf2 - std::sys::backtrace::BacktraceLock::print::h147fe35b4ea13b08
[INFO] [stdout]                                at /rustc/6067b36314ab5eb2eb47cecc464545ba58e1ad24/library/std/src/sys/backtrace.rs:42:9
[INFO] [stdout]    8:     0x5905ccddf1cf - std::panicking::default_hook::{{closure}}::hbd44223dbdc0d208
[INFO] [stdout]                                at /rustc/6067b36314ab5eb2eb47cecc464545ba58e1ad24/library/std/src/panicking.rs:298:22
[INFO] [stdout]    9:     0x5905ccddefe8 - std::panicking::default_hook::h20f81eb0576efcec
[INFO] [stdout]                                at /rustc/6067b36314ab5eb2eb47cecc464545ba58e1ad24/library/std/src/panicking.rs:322:9
[INFO] [stdout]   10:     0x5905ccac0393 - <alloc::boxed::Box<F,A> as core::ops::function::Fn<Args>>::call::hdb53814c496a4d34
[INFO] [stdout]                                at /rustc/6067b36314ab5eb2eb47cecc464545ba58e1ad24/library/alloc/src/boxed.rs:2027:9
[INFO] [stdout]   11:     0x5905ccac0393 - test::test_main::{{closure}}::hc0a4963c59427c24
[INFO] [stdout]                                at /rustc/6067b36314ab5eb2eb47cecc464545ba58e1ad24/library/test/src/lib.rs:134:21
[INFO] [stdout]   12:     0x5905ccddfcc3 - <alloc::boxed::Box<F,A> as core::ops::function::Fn<Args>>::call::h591b2225413a77e9
[INFO] [stdout]                                at /rustc/6067b36314ab5eb2eb47cecc464545ba58e1ad24/library/alloc/src/boxed.rs:2027:9
[INFO] [stdout]   13:     0x5905ccddfcc3 - std::panicking::rust_panic_with_hook::h625eea43051b2edc
[INFO] [stdout]                                at /rustc/6067b36314ab5eb2eb47cecc464545ba58e1ad24/library/std/src/panicking.rs:839:13
[INFO] [stdout]   14:     0x5905ccddf946 - std::panicking::begin_panic_handler::{{closure}}::h4f9159cfbc3f6bd3
[INFO] [stdout]                                at /rustc/6067b36314ab5eb2eb47cecc464545ba58e1ad24/library/std/src/panicking.rs:697:13
[INFO] [stdout]   15:     0x5905ccdde2a9 - std::sys::backtrace::__rust_end_short_backtrace::h0390abce48353151
[INFO] [stdout]                                at /rustc/6067b36314ab5eb2eb47cecc464545ba58e1ad24/library/std/src/sys/backtrace.rs:168:18
[INFO] [stdout]   16:     0x5905ccddf60d - rust_begin_unwind
[INFO] [stdout]                                at /rustc/6067b36314ab5eb2eb47cecc464545ba58e1ad24/library/std/src/panicking.rs:695:5
[INFO] [stdout]   17:     0x5905cce05430 - core::panicking::panic_fmt::h9e7c637e9e5f29c9
[INFO] [stdout]                                at /rustc/6067b36314ab5eb2eb47cecc464545ba58e1ad24/library/core/src/panicking.rs:75:14
[INFO] [stdout]   18:     0x5905cce054bc - core::panicking::panic::haa3255ea20181a33
[INFO] [stdout]                                at /rustc/6067b36314ab5eb2eb47cecc464545ba58e1ad24/library/core/src/panicking.rs:145:5
[INFO] [stdout]   19:     0x5905cca4cf01 - central_server::database::user::tests::no_user::{{closure}}::hfedbfd186c7a21f8
[INFO] [stdout]                                at /opt/rustwide/workdir/src/database/user/tests.rs:111:5
[INFO] [stdout]   20:     0x5905cca5056f - <core::pin::Pin<P> as core::future::future::Future>::poll::h9b23a91360d82d61
[INFO] [stdout]                                at /rustc/6067b36314ab5eb2eb47cecc464545ba58e1ad24/library/core/src/future/future.rs:124:9
[INFO] [stdout]   21:     0x5905cca5050b - <core::pin::Pin<P> as core::future::future::Future>::poll::h355a707464960358
[INFO] [stdout]                                at /rustc/6067b36314ab5eb2eb47cecc464545ba58e1ad24/library/core/src/future/future.rs:124:9
[INFO] [stdout]   22:     0x5905cca4311e - tokio::runtime::scheduler::current_thread::CoreGuard::block_on::{{closure}}::{{closure}}::{{closure}}::hce8968de6875b4d4
[INFO] [stdout]                                at /opt/rustwide/cargo-home/registry/src/index.crates.io-1949cf8c6b5b557f/tokio-1.41.1/src/runtime/scheduler/current_thread/mod.rs:729:57
[INFO] [stdout]   23:     0x5905cca42e25 - tokio::runtime::coop::with_budget::ha65d58a3ce45734f
[INFO] [stdout]                                at /opt/rustwide/cargo-home/registry/src/index.crates.io-1949cf8c6b5b557f/tokio-1.41.1/src/runtime/coop.rs:107:5
[INFO] [stdout]   24:     0x5905cca42e25 - tokio::runtime::coop::budget::h7a12650642786931
[INFO] [stdout]                                at /opt/rustwide/cargo-home/registry/src/index.crates.io-1949cf8c6b5b557f/tokio-1.41.1/src/runtime/coop.rs:73:5
[INFO] [stdout]   25:     0x5905cca42e25 - tokio::runtime::scheduler::current_thread::CoreGuard::block_on::{{closure}}::{{closure}}::h858813eb5dc2c875
[INFO] [stdout]                                at /opt/rustwide/cargo-home/registry/src/index.crates.io-1949cf8c6b5b557f/tokio-1.41.1/src/runtime/scheduler/current_thread/mod.rs:729:25
[INFO] [stdout]   26:     0x5905cca4029d - tokio::runtime::scheduler::current_thread::Context::enter::h0a9454bee37a16e6
[INFO] [stdout]                                at /opt/rustwide/cargo-home/registry/src/index.crates.io-1949cf8c6b5b557f/tokio-1.41.1/src/runtime/scheduler/current_thread/mod.rs:428:19
[INFO] [stdout]   27:     0x5905cca425be - tokio::runtime::scheduler::current_thread::CoreGuard::block_on::{{closure}}::h26859d5de18dcfc1
[INFO] [stdout]                                at /opt/rustwide/cargo-home/registry/src/index.crates.io-1949cf8c6b5b557f/tokio-1.41.1/src/runtime/scheduler/current_thread/mod.rs:728:36
[INFO] [stdout]   28:     0x5905cca418fb - tokio::runtime::scheduler::current_thread::CoreGuard::enter::{{closure}}::h8a657eb91df40a85
[INFO] [stdout]                                at /opt/rustwide/cargo-home/registry/src/index.crates.io-1949cf8c6b5b557f/tokio-1.41.1/src/runtime/scheduler/current_thread/mod.rs:807:68
[INFO] [stdout]   29:     0x5905cca595da - tokio::runtime::context::scoped::Scoped<T>::set::h6124b3daea341e10
[INFO] [stdout]                                at /opt/rustwide/cargo-home/registry/src/index.crates.io-1949cf8c6b5b557f/tokio-1.41.1/src/runtime/context/scoped.rs:40:9
[INFO] [stdout]   30:     0x5905cca7a59a - tokio::runtime::context::set_scheduler::{{closure}}::h5a6d5a22ff363680
[INFO] [stdout]                                at /opt/rustwide/cargo-home/registry/src/index.crates.io-1949cf8c6b5b557f/tokio-1.41.1/src/runtime/context.rs:180:26
[INFO] [stdout]   31:     0x5905cca441e1 - std::thread::local::LocalKey<T>::try_with::h4289a97e6c60f8e2
[INFO] [stdout]                                at /rustc/6067b36314ab5eb2eb47cecc464545ba58e1ad24/library/std/src/thread/local.rs:308:12
[INFO] [stdout]   32:     0x5905cca43edd - std::thread::local::LocalKey<T>::with::hbf50a8da1e143e59
[INFO] [stdout]                                at /rustc/6067b36314ab5eb2eb47cecc464545ba58e1ad24/library/std/src/thread/local.rs:272:9
[INFO] [stdout]   33:     0x5905cca7a4e1 - tokio::runtime::context::set_scheduler::had6d550c41d86a46
[INFO] [stdout]                                at /opt/rustwide/cargo-home/registry/src/index.crates.io-1949cf8c6b5b557f/tokio-1.41.1/src/runtime/context.rs:180:9
[INFO] [stdout]   34:     0x5905cca4119e - tokio::runtime::scheduler::current_thread::CoreGuard::enter::h5dae6e9ff43a6f6a
[INFO] [stdout]                                at /opt/rustwide/cargo-home/registry/src/index.crates.io-1949cf8c6b5b557f/tokio-1.41.1/src/runtime/scheduler/current_thread/mod.rs:807:27
[INFO] [stdout]   35:     0x5905cca419d8 - tokio::runtime::scheduler::current_thread::CoreGuard::block_on::hbd4a31a16a56ee3e
[INFO] [stdout]                                at /opt/rustwide/cargo-home/registry/src/index.crates.io-1949cf8c6b5b557f/tokio-1.41.1/src/runtime/scheduler/current_thread/mod.rs:716:19
[INFO] [stdout]   36:     0x5905cca3f839 - tokio::runtime::scheduler::current_thread::CurrentThread::block_on::{{closure}}::ha75f705ed5635e95
[INFO] [stdout]                                at /opt/rustwide/cargo-home/registry/src/index.crates.io-1949cf8c6b5b557f/tokio-1.41.1/src/runtime/scheduler/current_thread/mod.rs:196:28
[INFO] [stdout]   37:     0x5905cca456e7 - tokio::runtime::context::runtime::enter_runtime::h9b222b0f07265bb2
[INFO] [stdout]                                at /opt/rustwide/cargo-home/registry/src/index.crates.io-1949cf8c6b5b557f/tokio-1.41.1/src/runtime/context/runtime.rs:65:16
[INFO] [stdout]   38:     0x5905cca3f076 - tokio::runtime::scheduler::current_thread::CurrentThread::block_on::h8e57b00bbb4aca6b
[INFO] [stdout]                                at /opt/rustwide/cargo-home/registry/src/index.crates.io-1949cf8c6b5b557f/tokio-1.41.1/src/runtime/scheduler/current_thread/mod.rs:184:9
[INFO] [stdout]   39:     0x5905cca65e82 - tokio::runtime::runtime::Runtime::block_on_inner::hbcf00324e7f29109
[INFO] [stdout]                                at /opt/rustwide/cargo-home/registry/src/index.crates.io-1949cf8c6b5b557f/tokio-1.41.1/src/runtime/runtime.rs:368:47
[INFO] [stdout]   40:     0x5905cca6609f - tokio::runtime::runtime::Runtime::block_on::hea9403c8a313cad7
[INFO] [stdout]                                at /opt/rustwide/cargo-home/registry/src/index.crates.io-1949cf8c6b5b557f/tokio-1.41.1/src/runtime/runtime.rs:342:13
[INFO] [stdout]   41:     0x5905cca4c76d - central_server::database::user::tests::no_user::heb7e076159591200
[INFO] [stdout]                                at /opt/rustwide/workdir/src/database/user/tests.rs:113:5
[INFO] [stdout]   42:     0x5905cca4c5fc - central_server::database::user::tests::no_user::{{closure}}::h7a3856cc05570147
[INFO] [stdout]                                at /opt/rustwide/workdir/src/database/user/tests.rs:107:23
[INFO] [stdout]   43:     0x5905cca31926 - core::ops::function::FnOnce::call_once::h8196bb00d14565a7
[INFO] [stdout]                                at /rustc/6067b36314ab5eb2eb47cecc464545ba58e1ad24/library/core/src/ops/function.rs:250:5
[INFO] [stdout]   44:     0x5905ccac5aeb - core::ops::function::FnOnce::call_once::he27718dfdd183f43
[INFO] [stdout]                                at /rustc/6067b36314ab5eb2eb47cecc464545ba58e1ad24/library/core/src/ops/function.rs:250:5
[INFO] [stdout]   45:     0x5905ccac5aeb - test::__rust_begin_short_backtrace::h4e84902998457a5d
[INFO] [stdout]                                at /rustc/6067b36314ab5eb2eb47cecc464545ba58e1ad24/library/test/src/lib.rs:632:18
[INFO] [stdout]   46:     0x5905ccac4a23 - test::run_test_in_process::{{closure}}::h7176fd18fc1feca0
[INFO] [stdout]                                at /rustc/6067b36314ab5eb2eb47cecc464545ba58e1ad24/library/test/src/lib.rs:655:60
[INFO] [stdout]   47:     0x5905ccac4a23 - <core::panic::unwind_safe::AssertUnwindSafe<F> as core::ops::function::FnOnce<()>>::call_once::hf79cff2a624d8cf7
[INFO] [stdout]                                at /rustc/6067b36314ab5eb2eb47cecc464545ba58e1ad24/library/core/src/panic/unwind_safe.rs:272:9
[INFO] [stdout]   48:     0x5905ccac4a23 - std::panicking::try::do_call::h3da0561d9ab99c25
[INFO] [stdout]                                at /rustc/6067b36314ab5eb2eb47cecc464545ba58e1ad24/library/std/src/panicking.rs:587:40
[INFO] [stdout]   49:     0x5905ccac4a23 - std::panicking::try::h41c9fa508bc61df6
[INFO] [stdout]                                at /rustc/6067b36314ab5eb2eb47cecc464545ba58e1ad24/library/std/src/panicking.rs:550:19
[INFO] [stdout]   50:     0x5905ccac4a23 - std::panic::catch_unwind::h6b3ff07bb5afad93
[INFO] [stdout]                                at /rustc/6067b36314ab5eb2eb47cecc464545ba58e1ad24/library/std/src/panic.rs:358:14
[INFO] [stdout]   51:     0x5905ccac4a23 - test::run_test_in_process::hc7253dd11b39b9f4
[INFO] [stdout]                                at /rustc/6067b36314ab5eb2eb47cecc464545ba58e1ad24/library/test/src/lib.rs:655:27
[INFO] [stdout]   52:     0x5905ccac4a23 - test::run_test::{{closure}}::hfb2007f8649c30bb
[INFO] [stdout]                                at /rustc/6067b36314ab5eb2eb47cecc464545ba58e1ad24/library/test/src/lib.rs:576:43
[INFO] [stdout]   53:     0x5905cca87b05 - test::run_test::{{closure}}::h56a17aa7a282a9f4
[INFO] [stdout]                                at /rustc/6067b36314ab5eb2eb47cecc464545ba58e1ad24/library/test/src/lib.rs:606:41
[INFO] [stdout]   54:     0x5905cca87b05 - std::sys::backtrace::__rust_begin_short_backtrace::hd2d2d2fb8e8c6aac
[INFO] [stdout]                                at /rustc/6067b36314ab5eb2eb47cecc464545ba58e1ad24/library/std/src/sys/backtrace.rs:152:18
[INFO] [stdout]   55:     0x5905cca8b3ea - std::thread::Builder::spawn_unchecked_::{{closure}}::{{closure}}::h4faa3f9db6133423
[INFO] [stdout]                                at /rustc/6067b36314ab5eb2eb47cecc464545ba58e1ad24/library/std/src/thread/mod.rs:559:17
[INFO] [stdout]   56:     0x5905cca8b3ea - <core::panic::unwind_safe::AssertUnwindSafe<F> as core::ops::function::FnOnce<()>>::call_once::hf2e855a36a4ea846
[INFO] [stdout]                                at /rustc/6067b36314ab5eb2eb47cecc464545ba58e1ad24/library/core/src/panic/unwind_safe.rs:272:9
[INFO] [stdout]   57:     0x5905cca8b3ea - std::panicking::try::do_call::h2f73af3616c35465
[INFO] [stdout]                                at /rustc/6067b36314ab5eb2eb47cecc464545ba58e1ad24/library/std/src/panicking.rs:587:40
[INFO] [stdout]   58:     0x5905cca8b3ea - std::panicking::try::hd1660ce9efadef5a
[INFO] [stdout]                                at /rustc/6067b36314ab5eb2eb47cecc464545ba58e1ad24/library/std/src/panicking.rs:550:19
[INFO] [stdout]   59:     0x5905cca8b3ea - std::panic::catch_unwind::h5ee8d7823b8ca744
[INFO] [stdout]                                at /rustc/6067b36314ab5eb2eb47cecc464545ba58e1ad24/library/std/src/panic.rs:358:14
[INFO] [stdout]   60:     0x5905cca8b3ea - std::thread::Builder::spawn_unchecked_::{{closure}}::h53c3a1894dce8407
[INFO] [stdout]                                at /rustc/6067b36314ab5eb2eb47cecc464545ba58e1ad24/library/std/src/thread/mod.rs:557:30
[INFO] [stdout]   61:     0x5905cca8b3ea - core::ops::function::FnOnce::call_once{{vtable.shim}}::h048ce291ad4f62bf
[INFO] [stdout]                                at /rustc/6067b36314ab5eb2eb47cecc464545ba58e1ad24/library/core/src/ops/function.rs:250:5
[INFO] [stdout]   62:     0x5905ccde492b - <alloc::boxed::Box<F,A> as core::ops::function::FnOnce<Args>>::call_once::ha52bedf99a3b4981
[INFO] [stdout]                                at /rustc/6067b36314ab5eb2eb47cecc464545ba58e1ad24/library/alloc/src/boxed.rs:2013:9
[INFO] [stdout]   63:     0x5905ccde492b - <alloc::boxed::Box<F,A> as core::ops::function::FnOnce<Args>>::call_once::h567748934d80ccf8
[INFO] [stdout]                                at /rustc/6067b36314ab5eb2eb47cecc464545ba58e1ad24/library/alloc/src/boxed.rs:2013:9
[INFO] [stdout]   64:     0x5905ccde492b - std::sys::pal::unix::thread::Thread::new::thread_start::h2d970728ae887adc
[INFO] [stdout]                                at /rustc/6067b36314ab5eb2eb47cecc464545ba58e1ad24/library/std/src/sys/pal/unix/thread.rs:106:17
[INFO] [stdout]   65:     0x71ee566b4ac3 - <unknown>
[INFO] [stdout]   66:     0x71ee56745a04 - clone
[INFO] [stdout]   67:                0x0 - <unknown>
[INFO] [stdout] 
[INFO] [stdout] ---- database::user::tests::full stdout ----
[INFO] [stdout] 
[INFO] [stdout] thread 'database::user::tests::full' panicked at src/database/user/tests.rs:22:30:
[INFO] [stdout] called `Result::unwrap()` on an `Err` value: Rusqlite(SqliteFailure(Error { code: Unknown, extended_code: 1 }, Some("table users has no column named password_update_log")))
[INFO] [stdout] stack backtrace:
[INFO] [stdout]    0:     0x5905ccddddaa - std::backtrace_rs::backtrace::libunwind::trace::hb059275cfc8d6126
[INFO] [stdout]                                at /rustc/6067b36314ab5eb2eb47cecc464545ba58e1ad24/library/std/src/../../backtrace/src/backtrace/libunwind.rs:116:5
[INFO] [stdout]    1:     0x5905ccddddaa - std::backtrace_rs::backtrace::trace_unsynchronized::h2da071e4327ce3ee
[INFO] [stdout]                                at /rustc/6067b36314ab5eb2eb47cecc464545ba58e1ad24/library/std/src/../../backtrace/src/backtrace/mod.rs:66:5
[INFO] [stdout]    2:     0x5905ccddddaa - std::sys::backtrace::_print_fmt::h842a1474e6f8d23f
[INFO] [stdout]                                at /rustc/6067b36314ab5eb2eb47cecc464545ba58e1ad24/library/std/src/sys/backtrace.rs:66:9
[INFO] [stdout]    3:     0x5905ccddddaa - <std::sys::backtrace::BacktraceLock::print::DisplayBacktrace as core::fmt::Display>::fmt::h71a62eb3b9696b12
[INFO] [stdout]                                at /rustc/6067b36314ab5eb2eb47cecc464545ba58e1ad24/library/std/src/sys/backtrace.rs:39:26
[INFO] [stdout]    4:     0x5905cce073f3 - core::fmt::rt::Argument::fmt::hdb6b616786b41dc1
[INFO] [stdout]                                at /rustc/6067b36314ab5eb2eb47cecc464545ba58e1ad24/library/core/src/fmt/rt.rs:177:76
[INFO] [stdout]    5:     0x5905cce073f3 - core::fmt::write::h2cc1698af7e2d686
[INFO] [stdout]                                at /rustc/6067b36314ab5eb2eb47cecc464545ba58e1ad24/library/core/src/fmt/mod.rs:1440:21
[INFO] [stdout]    6:     0x5905ccdda473 - std::io::Write::write_fmt::hab1b4cd059a79022
[INFO] [stdout]                                at /rustc/6067b36314ab5eb2eb47cecc464545ba58e1ad24/library/std/src/io/mod.rs:1887:15
[INFO] [stdout]    7:     0x5905ccdddbf2 - std::sys::backtrace::BacktraceLock::print::h147fe35b4ea13b08
[INFO] [stdout]                                at /rustc/6067b36314ab5eb2eb47cecc464545ba58e1ad24/library/std/src/sys/backtrace.rs:42:9
[INFO] [stdout]    8:     0x5905ccddf1cf - std::panicking::default_hook::{{closure}}::hbd44223dbdc0d208
[INFO] [stdout]                                at /rustc/6067b36314ab5eb2eb47cecc464545ba58e1ad24/library/std/src/panicking.rs:298:22
[INFO] [stdout]    9:     0x5905ccddefe8 - std::panicking::default_hook::h20f81eb0576efcec
[INFO] [stdout]                                at /rustc/6067b36314ab5eb2eb47cecc464545ba58e1ad24/library/std/src/panicking.rs:322:9
[INFO] [stdout]   10:     0x5905ccac0393 - <alloc::boxed::Box<F,A> as core::ops::function::Fn<Args>>::call::hdb53814c496a4d34
[INFO] [stdout]                                at /rustc/6067b36314ab5eb2eb47cecc464545ba58e1ad24/library/alloc/src/boxed.rs:2027:9
[INFO] [stdout]   11:     0x5905ccac0393 - test::test_main::{{closure}}::hc0a4963c59427c24
[INFO] [stdout]                                at /rustc/6067b36314ab5eb2eb47cecc464545ba58e1ad24/library/test/src/lib.rs:134:21
[INFO] [stdout]   12:     0x5905ccddfcc3 - <alloc::boxed::Box<F,A> as core::ops::function::Fn<Args>>::call::h591b2225413a77e9
[INFO] [stdout]                                at /rustc/6067b36314ab5eb2eb47cecc464545ba58e1ad24/library/alloc/src/boxed.rs:2027:9
[INFO] [stdout]   13:     0x5905ccddfcc3 - std::panicking::rust_panic_with_hook::h625eea43051b2edc
[INFO] [stdout]                                at /rustc/6067b36314ab5eb2eb47cecc464545ba58e1ad24/library/std/src/panicking.rs:839:13
[INFO] [stdout]   14:     0x5905ccddf97a - std::panicking::begin_panic_handler::{{closure}}::h4f9159cfbc3f6bd3
[INFO] [stdout]                                at /rustc/6067b36314ab5eb2eb47cecc464545ba58e1ad24/library/std/src/panicking.rs:704:13
[INFO] [stdout]   15:     0x5905ccdde2a9 - std::sys::backtrace::__rust_end_short_backtrace::h0390abce48353151
[INFO] [stdout]                                at /rustc/6067b36314ab5eb2eb47cecc464545ba58e1ad24/library/std/src/sys/backtrace.rs:168:18
[INFO] [stdout]   16:     0x5905ccddf60d - rust_begin_unwind
[INFO] [stdout]                                at /rustc/6067b36314ab5eb2eb47cecc464545ba58e1ad24/library/std/src/panicking.rs:695:5
[INFO] [stdout]   17:     0x5905cce05430 - core::panicking::panic_fmt::h9e7c637e9e5f29c9
[INFO] [stdout]                                at /rustc/6067b36314ab5eb2eb47cecc464545ba58e1ad24/library/core/src/panicking.rs:75:14
[INFO] [stdout]   18:     0x5905cce05906 - core::result::unwrap_failed::h7979f09313fe1849
[INFO] [stdout]                                at /rustc/6067b36314ab5eb2eb47cecc464545ba58e1ad24/library/core/src/result.rs:1704:5
[INFO] [stdout]   19:     0x5905cca49d54 - core::result::Result<T,E>::unwrap::h2e30057c98fb9c6a
[INFO] [stdout]                                at /rustc/6067b36314ab5eb2eb47cecc464545ba58e1ad24/library/core/src/result.rs:1109:23
[INFO] [stdout]   20:     0x5905cca49d54 - central_server::database::user::tests::full::{{closure}}::hdd46fa13651b2305
[INFO] [stdout]                                at /opt/rustwide/workdir/src/database/user/tests.rs:22:5
[INFO] [stdout]   21:     0x5905cca5056f - <core::pin::Pin<P> as core::future::future::Future>::poll::h9b23a91360d82d61
[INFO] [stdout]                                at /rustc/6067b36314ab5eb2eb47cecc464545ba58e1ad24/library/core/src/future/future.rs:124:9
[INFO] [stdout]   22:     0x5905cca5050b - <core::pin::Pin<P> as core::future::future::Future>::poll::h355a707464960358
[INFO] [stdout]                                at /rustc/6067b36314ab5eb2eb47cecc464545ba58e1ad24/library/core/src/future/future.rs:124:9
[INFO] [stdout]   23:     0x5905cca4311e - tokio::runtime::scheduler::current_thread::CoreGuard::block_on::{{closure}}::{{closure}}::{{closure}}::hce8968de6875b4d4
[INFO] [stdout]                                at /opt/rustwide/cargo-home/registry/src/index.crates.io-1949cf8c6b5b557f/tokio-1.41.1/src/runtime/scheduler/current_thread/mod.rs:729:57
[INFO] [stdout]   24:     0x5905cca42e25 - tokio::runtime::coop::with_budget::ha65d58a3ce45734f
[INFO] [stdout]                                at /opt/rustwide/cargo-home/registry/src/index.crates.io-1949cf8c6b5b557f/tokio-1.41.1/src/runtime/coop.rs:107:5
[INFO] [stdout]   25:     0x5905cca42e25 - tokio::runtime::coop::budget::h7a12650642786931
[INFO] [stdout]                                at /opt/rustwide/cargo-home/registry/src/index.crates.io-1949cf8c6b5b557f/tokio-1.41.1/src/runtime/coop.rs:73:5
[INFO] [stdout]   26:     0x5905cca42e25 - tokio::runtime::scheduler::current_thread::CoreGuard::block_on::{{closure}}::{{closure}}::h858813eb5dc2c875
[INFO] [stdout]                                at /opt/rustwide/cargo-home/registry/src/index.crates.io-1949cf8c6b5b557f/tokio-1.41.1/src/runtime/scheduler/current_thread/mod.rs:729:25
[INFO] [stdout]   27:     0x5905cca4029d - tokio::runtime::scheduler::current_thread::Context::enter::h0a9454bee37a16e6
[INFO] [stdout]                                at /opt/rustwide/cargo-home/registry/src/index.crates.io-1949cf8c6b5b557f/tokio-1.41.1/src/runtime/scheduler/current_thread/mod.rs:428:19
[INFO] [stdout]   28:     0x5905cca425be - tokio::runtime::scheduler::current_thread::CoreGuard::block_on::{{closure}}::h26859d5de18dcfc1
[INFO] [stdout]                                at /opt/rustwide/cargo-home/registry/src/index.crates.io-1949cf8c6b5b557f/tokio-1.41.1/src/runtime/scheduler/current_thread/mod.rs:728:36
[INFO] [stdout]   29:     0x5905cca418fb - tokio::runtime::scheduler::current_thread::CoreGuard::enter::{{closure}}::h8a657eb91df40a85
[INFO] [stdout]                                at /opt/rustwide/cargo-home/registry/src/index.crates.io-1949cf8c6b5b557f/tokio-1.41.1/src/runtime/scheduler/current_thread/mod.rs:807:68
[INFO] [stdout]   30:     0x5905cca595da - tokio::runtime::context::scoped::Scoped<T>::set::h6124b3daea341e10
[INFO] [stdout]                                at /opt/rustwide/cargo-home/registry/src/index.crates.io-1949cf8c6b5b557f/tokio-1.41.1/src/runtime/context/scoped.rs:40:9
[INFO] [stdout]   31:     0x5905cca7a59a - tokio::runtime::context::set_scheduler::{{closure}}::h5a6d5a22ff363680
[INFO] [stdout]                                at /opt/rustwide/cargo-home/registry/src/index.crates.io-1949cf8c6b5b557f/tokio-1.41.1/src/runtime/context.rs:180:26
[INFO] [stdout]   32:     0x5905cca441e1 - std::thread::local::LocalKey<T>::try_with::h4289a97e6c60f8e2
[INFO] [stdout]                                at /rustc/6067b36314ab5eb2eb47cecc464545ba58e1ad24/library/std/src/thread/local.rs:308:12
[INFO] [stdout]   33:     0x5905cca43edd - std::thread::local::LocalKey<T>::with::hbf50a8da1e143e59
[INFO] [stdout]                                at /rustc/6067b36314ab5eb2eb47cecc464545ba58e1ad24/library/std/src/thread/local.rs:272:9
[INFO] [stdout]   34:     0x5905cca7a4e1 - tokio::runtime::context::set_scheduler::had6d550c41d86a46
[INFO] [stdout]                                at /opt/rustwide/cargo-home/registry/src/index.crates.io-1949cf8c6b5b557f/tokio-1.41.1/src/runtime/context.rs:180:9
[INFO] [stdout]   35:     0x5905cca4119e - tokio::runtime::scheduler::current_thread::CoreGuard::enter::h5dae6e9ff43a6f6a
[INFO] [stdout]                                at /opt/rustwide/cargo-home/registry/src/index.crates.io-1949cf8c6b5b557f/tokio-1.41.1/src/runtime/scheduler/current_thread/mod.rs:807:27
[INFO] [stdout]   36:     0x5905cca419d8 - tokio::runtime::scheduler::current_thread::CoreGuard::block_on::hbd4a31a16a56ee3e
[INFO] [stdout]                                at /opt/rustwide/cargo-home/registry/src/index.crates.io-1949cf8c6b5b557f/tokio-1.41.1/src/runtime/scheduler/current_thread/mod.rs:716:19
[INFO] [stdout]   37:     0x5905cca3f839 - tokio::runtime::scheduler::current_thread::CurrentThread::block_on::{{closure}}::ha75f705ed5635e95
[INFO] [stdout]                                at /opt/rustwide/cargo-home/registry/src/index.crates.io-1949cf8c6b5b557f/tokio-1.41.1/src/runtime/scheduler/current_thread/mod.rs:196:28
[INFO] [stdout]   38:     0x5905cca456e7 - tokio::runtime::context::runtime::enter_runtime::h9b222b0f07265bb2
[INFO] [stdout]                                at /opt/rustwide/cargo-home/registry/src/index.crates.io-1949cf8c6b5b557f/tokio-1.41.1/src/runtime/context/runtime.rs:65:16
[INFO] [stdout]   39:     0x5905cca3f076 - tokio::runtime::scheduler::current_thread::CurrentThread::block_on::h8e57b00bbb4aca6b
[INFO] [stdout]                                at /opt/rustwide/cargo-home/registry/src/index.crates.io-1949cf8c6b5b557f/tokio-1.41.1/src/runtime/scheduler/current_thread/mod.rs:184:9
[INFO] [stdout]   40:     0x5905cca65e82 - tokio::runtime::runtime::Runtime::block_on_inner::hbcf00324e7f29109
[INFO] [stdout]                                at /opt/rustwide/cargo-home/registry/src/index.crates.io-1949cf8c6b5b557f/tokio-1.41.1/src/runtime/runtime.rs:368:47
[INFO] [stdout]   41:     0x5905cca6609f - tokio::runtime::runtime::Runtime::block_on::hea9403c8a313cad7
[INFO] [stdout]                                at /opt/rustwide/cargo-home/registry/src/index.crates.io-1949cf8c6b5b557f/tokio-1.41.1/src/runtime/runtime.rs:342:13
[INFO] [stdout]   42:     0x5905cca49260 - central_server::database::user::tests::full::h177e1f16c6b92446
[INFO] [stdout]                                at /opt/rustwide/workdir/src/database/user/tests.rs:94:5
[INFO] [stdout]   43:     0x5905cca490ec - central_server::database::user::tests::full::{{closure}}::h3c60fc52ea8f85dd
[INFO] [stdout]                                at /opt/rustwide/workdir/src/database/user/tests.rs:11:20
[INFO] [stdout]   44:     0x5905cca31c66 - core::ops::function::FnOnce::call_once::hdd2415cce94e3078
[INFO] [stdout]                                at /rustc/6067b36314ab5eb2eb47cecc464545ba58e1ad24/library/core/src/ops/function.rs:250:5
[INFO] [stdout]   45:     0x5905ccac5aeb - core::ops::function::FnOnce::call_once::he27718dfdd183f43
[INFO] [stdout]                                at /rustc/6067b36314ab5eb2eb47cecc464545ba58e1ad24/library/core/src/ops/function.rs:250:5
[INFO] [stdout]   46:     0x5905ccac5aeb - test::__rust_begin_short_backtrace::h4e84902998457a5d
[INFO] [stdout]                                at /rustc/6067b36314ab5eb2eb47cecc464545ba58e1ad24/library/test/src/lib.rs:632:18
[INFO] [stdout]   47:     0x5905ccac4a23 - test::run_test_in_process::{{closure}}::h7176fd18fc1feca0
[INFO] [stdout]                                at /rustc/6067b36314ab5eb2eb47cecc464545ba58e1ad24/library/test/src/lib.rs:655:60
[INFO] [stdout]   48:     0x5905ccac4a23 - <core::panic::unwind_safe::AssertUnwindSafe<F> as core::ops::function::FnOnce<()>>::call_once::hf79cff2a624d8cf7
[INFO] [stdout]                                at /rustc/6067b36314ab5eb2eb47cecc464545ba58e1ad24/library/core/src/panic/unwind_safe.rs:272:9
[INFO] [stdout]   49:     0x5905ccac4a23 - std::panicking::try::do_call::h3da0561d9ab99c25
[INFO] [stdout]                                at /rustc/6067b36314ab5eb2eb47cecc464545ba58e1ad24/library/std/src/panicking.rs:587:40
[INFO] [stdout]   50:     0x5905ccac4a23 - std::panicking::try::h41c9fa508bc61df6
[INFO] [stdout]                                at /rustc/6067b36314ab5eb2eb47cecc464545ba58e1ad24/library/std/src/panicking.rs:550:19
[INFO] [stdout]   51:     0x5905ccac4a23 - std::panic::catch_unwind::h6b3ff07bb5afad93
[INFO] [stdout]                                at /rustc/6067b36314ab5eb2eb47cecc464545ba58e1ad24/library/std/src/panic.rs:358:14
[INFO] [stdout]   52:     0x5905ccac4a23 - test::run_test_in_process::hc7253dd11b39b9f4
[INFO] [stdout]                                at /rustc/6067b36314ab5eb2eb47cecc464545ba58e1ad24/library/test/src/lib.rs:655:27
[INFO] [stdout]   53:     0x5905ccac4a23 - test::run_test::{{closure}}::hfb2007f8649c30bb
[INFO] [stdout]                                at /rustc/6067b36314ab5eb2eb47cecc464545ba58e1ad24/library/test/src/lib.rs:576:43
[INFO] [stdout]   54:     0x5905cca87b05 - test::run_test::{{closure}}::h56a17aa7a282a9f4
[INFO] [stdout]                                at /rustc/6067b36314ab5eb2eb47cecc464545ba58e1ad24/library/test/src/lib.rs:606:41
[INFO] [stdout]   55:     0x5905cca87b05 - std::sys::backtrace::__rust_begin_short_backtrace::hd2d2d2fb8e8c6aac
[INFO] [stdout]                                at /rustc/6067b36314ab5eb2eb47cecc464545ba58e1ad24/library/std/src/sys/backtrace.rs:152:18
[INFO] [stdout]   56:     0x5905cca8b3ea - std::thread::Builder::spawn_unchecked_::{{closure}}::{{closure}}::h4faa3f9db6133423
[INFO] [stdout]                                at /rustc/6067b36314ab5eb2eb47cecc464545ba58e1ad24/library/std/src/thread/mod.rs:559:17
[INFO] [stdout]   57:     0x5905cca8b3ea - <core::panic::unwind_safe::AssertUnwindSafe<F> as core::ops::function::FnOnce<()>>::call_once::hf2e855a36a4ea846
[INFO] [stdout]                                at /rustc/6067b36314ab5eb2eb47cecc464545ba58e1ad24/library/core/src/panic/unwind_safe.rs:272:9
[INFO] [stdout]   58:     0x5905cca8b3ea - std::panicking::try::do_call::h2f73af3616c35465
[INFO] [stdout]                                at /rustc/6067b36314ab5eb2eb47cecc464545ba58e1ad24/library/std/src/panicking.rs:587:40
[INFO] [stdout]   59:     0x5905cca8b3ea - std::panicking::try::hd1660ce9efadef5a
[INFO] [stdout]                                at /rustc/6067b36314ab5eb2eb47cecc464545ba58e1ad24/library/std/src/panicking.rs:550:19
[INFO] [stdout]   60:     0x5905cca8b3ea - std::panic::catch_unwind::h5ee8d7823b8ca744
[INFO] [stdout]                                at /rustc/6067b36314ab5eb2eb47cecc464545ba58e1ad24/library/std/src/panic.rs:358:14
[INFO] [stdout]   61:     0x5905cca8b3ea - std::thread::Builder::spawn_unchecked_::{{closure}}::h53c3a1894dce8407
[INFO] [stdout]                                at /rustc/6067b36314ab5eb2eb47cecc464545ba58e1ad24/library/std/src/thread/mod.rs:557:30
[INFO] [stdout]   62:     0x5905cca8b3ea - core::ops::function::FnOnce::call_once{{vtable.shim}}::h048ce291ad4f62bf
[INFO] [stdout]                                at /rustc/6067b36314ab5eb2eb47cecc464545ba58e1ad24/library/core/src/ops/function.rs:250:5
[INFO] [stdout]   63:     0x5905ccde492b - <alloc::boxed::Box<F,A> as core::ops::function::FnOnce<Args>>::call_once::ha52bedf99a3b4981
[INFO] [stdout]                                at /rustc/6067b36314ab5eb2eb47cecc464545ba58e1ad24/library/alloc/src/boxed.rs:2013:9
[INFO] [stdout]   64:     0x5905ccde492b - <alloc::boxed::Box<F,A> as core::ops::function::FnOnce<Args>>::call_once::h567748934d80ccf8
[INFO] [stdout]                                at /rustc/6067b36314ab5eb2eb47cecc464545ba58e1ad24/library/alloc/src/boxed.rs:2013:9
[INFO] [stdout]   65:     0x5905ccde492b - std::sys::pal::unix::thread::Thread::new::thread_start::h2d970728ae887adc
[INFO] [stdout]                                at /rustc/6067b36314ab5eb2eb47cecc464545ba58e1ad24/library/std/src/sys/pal/unix/thread.rs:106:17
[INFO] [stdout]   66:     0x71ee566b4ac3 - <unknown>
[INFO] [stdout]   67:     0x71ee56745a04 - clone
[INFO] [stdout]   68:                0x0 - <unknown>
[INFO] [stdout] 
[INFO] [stdout] 
[INFO] [stdout] failures:
[INFO] [stdout]     database::user::tests::duplicate_user
[INFO] [stdout]     database::user::tests::full
[INFO] [stdout]     database::user::tests::no_user
[INFO] [stdout]     database::user::tests::password_update_rate_limit
[INFO] [stdout] 
[INFO] [stdout] test result: FAILED. 1 passed; 4 failed; 0 ignored; 0 measured; 0 filtered out; finished in 8.13s
[INFO] [stdout] 
[INFO] [stderr] error: test failed, to rerun pass `--bin central-server`
[INFO] running `Command { std: "docker" "inspect" "82cc1a70fc77e404e33fdb88f1c6a23a22205df4329796d77d55873ee5f0341a", kill_on_drop: false }`
[INFO] running `Command { std: "docker" "rm" "-f" "82cc1a70fc77e404e33fdb88f1c6a23a22205df4329796d77d55873ee5f0341a", kill_on_drop: false }`
[INFO] [stdout] 82cc1a70fc77e404e33fdb88f1c6a23a22205df4329796d77d55873ee5f0341a
