[INFO] cloning repository https://github.com/BeardedBeaver/AoC
[INFO] running `Command { std: "git" "-c" "credential.helper=" "-c" "credential.helper=/workspace/cargo-home/bin/git-credential-null" "clone" "--bare" "https://github.com/BeardedBeaver/AoC" "/workspace/cache/git-repos/https%3A%2F%2Fgithub.com%2FBeardedBeaver%2FAoC", kill_on_drop: false }`
[INFO] [stderr] Cloning into bare repository '/workspace/cache/git-repos/https%3A%2F%2Fgithub.com%2FBeardedBeaver%2FAoC'...
[INFO] running `Command { std: "git" "rev-parse" "HEAD", kill_on_drop: false }`
[INFO] [stdout] 9fb7a0436aa637abe30844d3c742ff190f4220d5
[INFO] testing BeardedBeaver/AoC against nightly-2025-01-18 for randomize-layout-2
[INFO] running `Command { std: "git" "clone" "/workspace/cache/git-repos/https%3A%2F%2Fgithub.com%2FBeardedBeaver%2FAoC" "/workspace/builds/worker-0-tc1/source", kill_on_drop: false }`
[INFO] [stderr] Cloning into '/workspace/builds/worker-0-tc1/source'...
[INFO] [stderr] done.
[INFO] validating manifest of git repo https://github.com/BeardedBeaver/AoC on toolchain nightly-2025-01-18
[INFO] running `Command { std: CARGO_HOME="/workspace/cargo-home" RUSTUP_HOME="/workspace/rustup-home" "/workspace/cargo-home/bin/cargo" "+nightly-2025-01-18" "metadata" "--manifest-path" "Cargo.toml" "--no-deps", kill_on_drop: false }`
[INFO] started tweaking git repo https://github.com/BeardedBeaver/AoC
[INFO] finished tweaking git repo https://github.com/BeardedBeaver/AoC
[INFO] tweaked toml for git repo https://github.com/BeardedBeaver/AoC written to /workspace/builds/worker-0-tc1/source/Cargo.toml
[INFO] crate git repo https://github.com/BeardedBeaver/AoC already has a lockfile, it will not be regenerated
[INFO] running `Command { std: CARGO_HOME="/workspace/cargo-home" RUSTUP_HOME="/workspace/rustup-home" "/workspace/cargo-home/bin/cargo" "+nightly-2025-01-18" "fetch" "--manifest-path" "Cargo.toml", kill_on_drop: false }`
[INFO] [stderr]  Downloading crates ...
[INFO] [stderr]   Downloaded clap v4.5.21
[INFO] [stderr]   Downloaded clap_lex v0.7.3
[INFO] [stderr]   Downloaded clap_builder v4.5.21
[INFO] running `Command { std: "docker" "create" "-v" "/var/lib/crater-agent-workspace/builds/worker-0-tc1/target:/opt/rustwide/target:rw,Z" "-v" "/var/lib/crater-agent-workspace/builds/worker-0-tc1/source:/opt/rustwide/workdir:ro,Z" "-v" "/var/lib/crater-agent-workspace/cargo-home:/opt/rustwide/cargo-home:ro,Z" "-v" "/var/lib/crater-agent-workspace/rustup-home:/opt/rustwide/rustup-home:ro,Z" "-e" "SOURCE_DIR=/opt/rustwide/workdir" "-e" "CARGO_TARGET_DIR=/opt/rustwide/target" "-e" "CARGO_HOME=/opt/rustwide/cargo-home" "-e" "RUSTUP_HOME=/opt/rustwide/rustup-home" "-w" "/opt/rustwide/workdir" "-m" "1610612736" "--user" "0:0" "--network" "none" "ghcr.io/rust-lang/crates-build-env/linux@sha256:819108c5571ea2e421544af4d832f968d213c87fbe3707a016657f43d2f853bc" "/opt/rustwide/cargo-home/bin/cargo" "+nightly-2025-01-18" "metadata" "--no-deps" "--format-version=1", kill_on_drop: false }`
[INFO] [stdout] c055a94bbb90c5972e885ac82fc0729cb9553e6a2803b0fd778bd6a9fd0b1f68
[INFO] running `Command { std: "docker" "start" "-a" "c055a94bbb90c5972e885ac82fc0729cb9553e6a2803b0fd778bd6a9fd0b1f68", kill_on_drop: false }`
[INFO] running `Command { std: "docker" "inspect" "c055a94bbb90c5972e885ac82fc0729cb9553e6a2803b0fd778bd6a9fd0b1f68", kill_on_drop: false }`
[INFO] running `Command { std: "docker" "rm" "-f" "c055a94bbb90c5972e885ac82fc0729cb9553e6a2803b0fd778bd6a9fd0b1f68", kill_on_drop: false }`
[INFO] [stdout] c055a94bbb90c5972e885ac82fc0729cb9553e6a2803b0fd778bd6a9fd0b1f68
[INFO] running `Command { std: "docker" "create" "-v" "/var/lib/crater-agent-workspace/builds/worker-0-tc1/target:/opt/rustwide/target:rw,Z" "-v" "/var/lib/crater-agent-workspace/builds/worker-0-tc1/source:/opt/rustwide/workdir:ro,Z" "-v" "/var/lib/crater-agent-workspace/cargo-home:/opt/rustwide/cargo-home:ro,Z" "-v" "/var/lib/crater-agent-workspace/rustup-home:/opt/rustwide/rustup-home:ro,Z" "-e" "SOURCE_DIR=/opt/rustwide/workdir" "-e" "CARGO_TARGET_DIR=/opt/rustwide/target" "-e" "CARGO_INCREMENTAL=0" "-e" "RUST_BACKTRACE=full" "-e" "RUSTFLAGS=--cap-lints=forbid" "-e" "RUSTDOCFLAGS=--cap-lints=forbid" "-e" "CARGO_HOME=/opt/rustwide/cargo-home" "-e" "RUSTUP_HOME=/opt/rustwide/rustup-home" "-w" "/opt/rustwide/workdir" "-m" "1610612736" "--user" "0:0" "--network" "none" "ghcr.io/rust-lang/crates-build-env/linux@sha256:819108c5571ea2e421544af4d832f968d213c87fbe3707a016657f43d2f853bc" "/opt/rustwide/cargo-home/bin/cargo" "+nightly-2025-01-18" "build" "--frozen" "--message-format=json", kill_on_drop: false }`
[INFO] [stdout] b94e2568931f93ac8c0bf202875e71f0bbdef3ea75a195c65306053f0ed692af
[INFO] running `Command { std: "docker" "start" "-a" "b94e2568931f93ac8c0bf202875e71f0bbdef3ea75a195c65306053f0ed692af", kill_on_drop: false }`
[INFO] [stderr]    Compiling proc-macro2 v1.0.89
[INFO] [stderr]    Compiling libc v0.2.164
[INFO] [stderr]    Compiling unicode-ident v1.0.13
[INFO] [stderr]    Compiling memchr v2.7.4
[INFO] [stderr]    Compiling utf8parse v0.2.2
[INFO] [stderr]    Compiling glob v0.3.1
[INFO] [stderr]    Compiling colorchoice v1.0.3
[INFO] [stderr]    Compiling anstyle v1.0.10
[INFO] [stderr]    Compiling anstyle-query v1.1.2
[INFO] [stderr]    Compiling is_terminal_polyfill v1.70.1
[INFO] [stderr]    Compiling heck v0.5.0
[INFO] [stderr]    Compiling strsim v0.11.1
[INFO] [stderr]    Compiling clap_lex v0.7.3
[INFO] [stderr]    Compiling anstyle-parse v0.2.6
[INFO] [stderr]    Compiling anstream v0.6.18
[INFO] [stderr]    Compiling aoc v0.1.0 (/opt/rustwide/workdir/src/aoc)
[INFO] [stderr]    Compiling clap_builder v4.5.21
[INFO] [stderr]    Compiling quote v1.0.37
[INFO] [stderr]    Compiling aho-corasick v1.1.3
[INFO] [stderr]    Compiling num_cpus v1.16.0
[INFO] [stderr]    Compiling syn v2.0.87
[INFO] [stderr]    Compiling threadpool v1.8.1
[INFO] [stderr]    Compiling year_2023 v0.1.0 (/opt/rustwide/workdir/src/year_2023)
[INFO] [stderr]    Compiling regex-automata v0.4.9
[INFO] [stderr]    Compiling regex v1.11.1
[INFO] [stderr]    Compiling clap_derive v4.5.18
[INFO] [stderr]    Compiling year_2024 v0.1.0 (/opt/rustwide/workdir/src/year_2024)
[INFO] [stderr]    Compiling clap v4.5.21
[INFO] [stderr]    Compiling aoc_runner v0.1.0 (/opt/rustwide/workdir/src/aoc_runner)
[INFO] [stderr]     Finished `dev` profile [unoptimized + debuginfo] target(s) in 15.12s
[INFO] running `Command { std: "docker" "inspect" "b94e2568931f93ac8c0bf202875e71f0bbdef3ea75a195c65306053f0ed692af", kill_on_drop: false }`
[INFO] running `Command { std: "docker" "rm" "-f" "b94e2568931f93ac8c0bf202875e71f0bbdef3ea75a195c65306053f0ed692af", kill_on_drop: false }`
[INFO] [stdout] b94e2568931f93ac8c0bf202875e71f0bbdef3ea75a195c65306053f0ed692af
[INFO] running `Command { std: "docker" "create" "-v" "/var/lib/crater-agent-workspace/builds/worker-0-tc1/target:/opt/rustwide/target:rw,Z" "-v" "/var/lib/crater-agent-workspace/builds/worker-0-tc1/source:/opt/rustwide/workdir:ro,Z" "-v" "/var/lib/crater-agent-workspace/cargo-home:/opt/rustwide/cargo-home:ro,Z" "-v" "/var/lib/crater-agent-workspace/rustup-home:/opt/rustwide/rustup-home:ro,Z" "-e" "SOURCE_DIR=/opt/rustwide/workdir" "-e" "CARGO_TARGET_DIR=/opt/rustwide/target" "-e" "CARGO_INCREMENTAL=0" "-e" "RUST_BACKTRACE=full" "-e" "RUSTFLAGS=--cap-lints=forbid" "-e" "RUSTDOCFLAGS=--cap-lints=forbid" "-e" "CARGO_HOME=/opt/rustwide/cargo-home" "-e" "RUSTUP_HOME=/opt/rustwide/rustup-home" "-w" "/opt/rustwide/workdir" "-m" "1610612736" "--user" "0:0" "--network" "none" "ghcr.io/rust-lang/crates-build-env/linux@sha256:819108c5571ea2e421544af4d832f968d213c87fbe3707a016657f43d2f853bc" "/opt/rustwide/cargo-home/bin/cargo" "+nightly-2025-01-18" "test" "--frozen" "--no-run" "--message-format=json", kill_on_drop: false }`
[INFO] [stdout] 6ba2df4c0a1c11e4403cb923baed1293d0874d433e3fc65c9c65a5af76c1c770
[INFO] running `Command { std: "docker" "start" "-a" "6ba2df4c0a1c11e4403cb923baed1293d0874d433e3fc65c9c65a5af76c1c770", kill_on_drop: false }`
[INFO] [stderr]    Compiling aoc v0.1.0 (/opt/rustwide/workdir/src/aoc)
[INFO] [stderr]    Compiling year_2024 v0.1.0 (/opt/rustwide/workdir/src/year_2024)
[INFO] [stderr]    Compiling year_2023 v0.1.0 (/opt/rustwide/workdir/src/year_2023)
[INFO] [stderr]    Compiling aoc_runner v0.1.0 (/opt/rustwide/workdir/src/aoc_runner)
[INFO] [stdout] warning: unused import: `get_straight_path_length`
[INFO] [stdout]    --> src/year_2023/day_17.rs:227:50
[INFO] [stdout]     |
[INFO] [stdout] 227 |         use crate::day_17::{get_empty_waypoints, get_straight_path_length, Direction, Field, Point, Waypoint};
[INFO] [stdout]     |                                                  ^^^^^^^^^^^^^^^^^^^^^^^^
[INFO] [stdout]     |
[INFO] [stdout]     = note: `#[warn(unused_imports)]` on by default
[INFO] [stdout] 
[INFO] [stdout] 
[INFO] [stderr]     Finished `test` profile [unoptimized + debuginfo] target(s) in 2.68s
[INFO] running `Command { std: "docker" "inspect" "6ba2df4c0a1c11e4403cb923baed1293d0874d433e3fc65c9c65a5af76c1c770", kill_on_drop: false }`
[INFO] running `Command { std: "docker" "rm" "-f" "6ba2df4c0a1c11e4403cb923baed1293d0874d433e3fc65c9c65a5af76c1c770", kill_on_drop: false }`
[INFO] [stdout] 6ba2df4c0a1c11e4403cb923baed1293d0874d433e3fc65c9c65a5af76c1c770
[INFO] running `Command { std: "docker" "create" "-v" "/var/lib/crater-agent-workspace/builds/worker-0-tc1/target:/opt/rustwide/target:rw,Z" "-v" "/var/lib/crater-agent-workspace/builds/worker-0-tc1/source:/opt/rustwide/workdir:ro,Z" "-v" "/var/lib/crater-agent-workspace/cargo-home:/opt/rustwide/cargo-home:ro,Z" "-v" "/var/lib/crater-agent-workspace/rustup-home:/opt/rustwide/rustup-home:ro,Z" "-e" "SOURCE_DIR=/opt/rustwide/workdir" "-e" "CARGO_TARGET_DIR=/opt/rustwide/target" "-e" "CARGO_INCREMENTAL=0" "-e" "RUST_BACKTRACE=full" "-e" "RUSTFLAGS=--cap-lints=forbid" "-e" "RUSTDOCFLAGS=--cap-lints=forbid" "-e" "CARGO_HOME=/opt/rustwide/cargo-home" "-e" "RUSTUP_HOME=/opt/rustwide/rustup-home" "-w" "/opt/rustwide/workdir" "-m" "1610612736" "--user" "0:0" "--network" "none" "ghcr.io/rust-lang/crates-build-env/linux@sha256:819108c5571ea2e421544af4d832f968d213c87fbe3707a016657f43d2f853bc" "/opt/rustwide/cargo-home/bin/cargo" "+nightly-2025-01-18" "test" "--frozen", kill_on_drop: false }`
[INFO] [stdout] 990ec5eb22102efe1c48fe16767c76fa4a3b254eb62b1ab0430825f8cf82162c
[INFO] running `Command { std: "docker" "start" "-a" "990ec5eb22102efe1c48fe16767c76fa4a3b254eb62b1ab0430825f8cf82162c", kill_on_drop: false }`
[INFO] [stderr] warning: unused import: `get_straight_path_length`
[INFO] [stderr]    --> src/year_2023/day_17.rs:227:50
[INFO] [stderr]     |
[INFO] [stderr] 227 |         use crate::day_17::{get_empty_waypoints, get_straight_path_length, Direction, Field, Point, Waypoint};
[INFO] [stderr]     |                                                  ^^^^^^^^^^^^^^^^^^^^^^^^
[INFO] [stderr]     |
[INFO] [stderr]     = note: `#[warn(unused_imports)]` on by default
[INFO] [stderr] 
[INFO] [stderr] warning: `year_2023` (lib test) generated 1 warning (run `cargo fix --lib -p year_2023 --tests` to apply 1 suggestion)
[INFO] [stderr]     Finished `test` profile [unoptimized + debuginfo] target(s) in 0.04s
[INFO] [stderr]      Running unittests aoc.rs (/opt/rustwide/target/debug/deps/aoc-4058dea7531063fe)
[INFO] [stdout] 
[INFO] [stdout] running 6 tests
[INFO] [stdout] test field::tests::flat_index_test ... ok
[INFO] [stdout] test field::tests::node_test ... ok
[INFO] [stdout] test point::tests::neighbors_all_test ... ok
[INFO] [stdout] test point::tests::neighbors_diagonal_test ... ok
[INFO] [stdout] test point::tests::neighbors_orthogonal_test ... ok
[INFO] [stdout] test field::tests::from_flat_vector_test ... ok
[INFO] [stdout] 
[INFO] [stdout] test result: ok. 6 passed; 0 failed; 0 ignored; 0 measured; 0 filtered out; finished in 0.01s
[INFO] [stdout] 
[INFO] [stderr]      Running unittests main.rs (/opt/rustwide/target/debug/deps/aoc_runner-826bce00dc5071ff)
[INFO] [stdout] 
[INFO] [stdout] running 0 tests
[INFO] [stdout] 
[INFO] [stdout] test result: ok. 0 passed; 0 failed; 0 ignored; 0 measured; 0 filtered out; finished in 0.00s
[INFO] [stdout] 
[INFO] [stderr]      Running unittests year_2023.rs (/opt/rustwide/target/debug/deps/year_2023-036eec306aee00c7)
[INFO] [stdout] 
[INFO] [stdout] running 59 tests
[INFO] [stdout] test day_01::part1::tests::get_value_from_line_test ... ok
[INFO] [stdout] test day_02::tests::get_game_index_test ... ok
[INFO] [stdout] test day_03::tests::add_line_test ... ok
[INFO] [stdout] test day_01::part2::tests::get_value_from_line_test ... ok
[INFO] [stdout] test day_04::part1::tests::get_score_test ... ok
[INFO] [stdout] test day_04::tests::card_test ... ok
[INFO] [stdout] test day_05::part2::tests::split_ranges_test ... ok
[INFO] [stdout] test day_03::tests::get_adjacent_numbers_test ... ok
[INFO] [stdout] test day_05::tests::map_test ... ok
[INFO] [stdout] test day_06::part1::tests::solve_puzzle_test ... ok
[INFO] [stdout] test day_06::tests::parse_races_test ... ok
[INFO] [stdout] test day_06::tests::parse_single_race_test ... ok
[INFO] [stdout] test day_07::part1::tests::hand_cmp_test ... ok
[INFO] [stdout] test day_07::part1::tests::solve_test ... ok
[INFO] [stdout] test day_07::tests::parse_hand_test ... ok
[INFO] [stdout] test day_07::part2::tests::preprocess_test ... ok
[INFO] [stdout] test day_08::tests::parse_node_test ... ok
[INFO] [stdout] test day_07::part2::tests::solve_test ... ok
[INFO] [stdout] test day_09::part2::tests::solve_line_test ... ok
[INFO] [stdout] test day_09::part1::tests::solve_line_test ... ok
[INFO] [stdout] test day_04::part2::tests::count_cards_test ... ok
[INFO] [stdout] test day_10::part2::get_start_pipe_test ... ok
[INFO] [stdout] test day_10::part2::is_inside_test ... ok
[INFO] [stdout] test day_10::tests::get_possible_paths_test ... ok
[INFO] [stdout] test day_11::tests::expand_test ... ok
[INFO] [stdout] test day_11::tests::solve_test ... ok
[INFO] [stdout] test day_12::part1::tests::solve_spring_test ... ok
[INFO] [stdout] test day_02::tests::get_value_from_line_test ... ok
[INFO] [stdout] test day_12::part2::tests::fold_test ... ok
[INFO] [stdout] test day_10::part2::solve_test ... ok
[INFO] [stdout] test day_12::tests::get_damaged_springs_test ... ok
[INFO] [stdout] test day_13::part1::tests::solve_pattern_test ... ok
[INFO] [stdout] test day_13::part2::tests::solve_pattern_test ... ok
[INFO] [stdout] test day_10::part1::solve_test ... ok
[INFO] [stdout] test day_07::tests::strength_test ... ok
[INFO] [stdout] test day_13::tests::rotated_test ... ok
[INFO] [stdout] test day_14::tests::rotated_test ... ok
[INFO] [stdout] test day_15::part1::tests::get_hash_test ... ok
[INFO] [stdout] test day_16::part1::tests::from_lines_test ... ok
[INFO] [stdout] test day_15::part2::tests::solve_test ... ok
[INFO] [stdout] test day_16::part1::tests::traverse_example_test ... ok
[INFO] [stdout] test day_16::part1::tests::traverse_east_simple_test ... ok
[INFO] [stdout] test day_14::part2::tests::solve_test ... ok
[INFO] [stdout] test day_14::part2::tests::tilt_field_test ... ok
[INFO] [stdout] test day_14::tests::get_load_north_test ... ok
[INFO] [stdout] test day_14::part2::tests::get_wrapped_index_test ... ok
[INFO] [stdout] test day_14::tests::tilt_test ... ok
[INFO] [stdout] test day_14::part2::tests::get_cycle_test ... ok
[INFO] [stdout] test day_14::tests::get_load_test ... ok
[INFO] [stdout] test day_16::part1::tests::traverse_south_simple_test ... ok
[INFO] [stdout] test day_16::part1::tests::traverse_west_simple_test ... ok
[INFO] [stdout] test day_17::part1::tests::cmp_test ... ok
[INFO] [stdout] test day_17::part1::tests::from_lines_test ... ok
[INFO] [stdout] test day_17::part1::tests::get_straight_path_length_test ... ok
[INFO] [stdout] test day_17::part1::tests::test_get_empty_waypoints ... ok
[INFO] [stdout] test day_16::part1::tests::traverse_north_simple_test ... ok
[INFO] [stdout] test day_05::part2::tests::example_test ... ok
[INFO] [stdout] test day_17::part1::tests::traverse_test ... FAILED
[INFO] [stderr] error: test failed, to rerun pass `-p year_2023 --lib`
[INFO] [stdout] test day_12::part2::tests::solve_spring_test ... ok
[INFO] [stdout] 
[INFO] [stdout] failures:
[INFO] [stdout] 
[INFO] [stdout] ---- day_17::part1::tests::traverse_test stdout ----
[INFO] [stdout] 
[INFO] [stdout] thread 'day_17::part1::tests::traverse_test' panicked at src/year_2023/day_17.rs:327:13:
[INFO] [stdout] assertion `left == right` failed
[INFO] [stdout]   left: Some(97)
[INFO] [stdout]  right: Some(102)
[INFO] [stdout] stack backtrace:
[INFO] [stdout]    0:     0x5b7873ac431a - std::backtrace_rs::backtrace::libunwind::trace::hb059275cfc8d6126
[INFO] [stdout]                                at /rustc/6067b36314ab5eb2eb47cecc464545ba58e1ad24/library/std/src/../../backtrace/src/backtrace/libunwind.rs:116:5
[INFO] [stdout]    1:     0x5b7873ac431a - std::backtrace_rs::backtrace::trace_unsynchronized::h2da071e4327ce3ee
[INFO] [stdout]                                at /rustc/6067b36314ab5eb2eb47cecc464545ba58e1ad24/library/std/src/../../backtrace/src/backtrace/mod.rs:66:5
[INFO] [stdout]    2:     0x5b7873ac431a - std::sys::backtrace::_print_fmt::h842a1474e6f8d23f
[INFO] [stdout]                                at /rustc/6067b36314ab5eb2eb47cecc464545ba58e1ad24/library/std/src/sys/backtrace.rs:66:9
[INFO] [stdout]    3:     0x5b7873ac431a - <std::sys::backtrace::BacktraceLock::print::DisplayBacktrace as core::fmt::Display>::fmt::h71a62eb3b9696b12
[INFO] [stdout]                                at /rustc/6067b36314ab5eb2eb47cecc464545ba58e1ad24/library/std/src/sys/backtrace.rs:39:26
[INFO] [stdout]    4:     0x5b7873aebbe3 - core::fmt::rt::Argument::fmt::hdb6b616786b41dc1
[INFO] [stdout]                                at /rustc/6067b36314ab5eb2eb47cecc464545ba58e1ad24/library/core/src/fmt/rt.rs:177:76
[INFO] [stdout]    5:     0x5b7873aebbe3 - core::fmt::write::h2cc1698af7e2d686
[INFO] [stdout]                                at /rustc/6067b36314ab5eb2eb47cecc464545ba58e1ad24/library/core/src/fmt/mod.rs:1440:21
[INFO] [stdout]    6:     0x5b7873ac0ca3 - std::io::Write::write_fmt::hab1b4cd059a79022
[INFO] [stdout]                                at /rustc/6067b36314ab5eb2eb47cecc464545ba58e1ad24/library/std/src/io/mod.rs:1887:15
[INFO] [stdout]    7:     0x5b7873ac4162 - std::sys::backtrace::BacktraceLock::print::h147fe35b4ea13b08
[INFO] [stdout]                                at /rustc/6067b36314ab5eb2eb47cecc464545ba58e1ad24/library/std/src/sys/backtrace.rs:42:9
[INFO] [stdout]    8:     0x5b7873ac573f - std::panicking::default_hook::{{closure}}::hbd44223dbdc0d208
[INFO] [stdout]                                at /rustc/6067b36314ab5eb2eb47cecc464545ba58e1ad24/library/std/src/panicking.rs:298:22
[INFO] [stdout]    9:     0x5b7873ac5558 - std::panicking::default_hook::h20f81eb0576efcec
[INFO] [stdout]                                at /rustc/6067b36314ab5eb2eb47cecc464545ba58e1ad24/library/std/src/panicking.rs:322:9
[INFO] [stdout]   10:     0x5b7873a89973 - <alloc::boxed::Box<F,A> as core::ops::function::Fn<Args>>::call::hdb53814c496a4d34
[INFO] [stdout]                                at /rustc/6067b36314ab5eb2eb47cecc464545ba58e1ad24/library/alloc/src/boxed.rs:2027:9
[INFO] [stdout]   11:     0x5b7873a89973 - test::test_main::{{closure}}::hc0a4963c59427c24
[INFO] [stdout]                                at /rustc/6067b36314ab5eb2eb47cecc464545ba58e1ad24/library/test/src/lib.rs:134:21
[INFO] [stdout]   12:     0x5b7873ac6233 - <alloc::boxed::Box<F,A> as core::ops::function::Fn<Args>>::call::h591b2225413a77e9
[INFO] [stdout]                                at /rustc/6067b36314ab5eb2eb47cecc464545ba58e1ad24/library/alloc/src/boxed.rs:2027:9
[INFO] [stdout]   13:     0x5b7873ac6233 - std::panicking::rust_panic_with_hook::h625eea43051b2edc
[INFO] [stdout]                                at /rustc/6067b36314ab5eb2eb47cecc464545ba58e1ad24/library/std/src/panicking.rs:839:13
[INFO] [stdout]   14:     0x5b7873ac5eea - std::panicking::begin_panic_handler::{{closure}}::h4f9159cfbc3f6bd3
[INFO] [stdout]                                at /rustc/6067b36314ab5eb2eb47cecc464545ba58e1ad24/library/std/src/panicking.rs:704:13
[INFO] [stdout]   15:     0x5b7873ac4819 - std::sys::backtrace::__rust_end_short_backtrace::h0390abce48353151
[INFO] [stdout]                                at /rustc/6067b36314ab5eb2eb47cecc464545ba58e1ad24/library/std/src/sys/backtrace.rs:168:18
[INFO] [stdout]   16:     0x5b7873ac5b7d - rust_begin_unwind
[INFO] [stdout]                                at /rustc/6067b36314ab5eb2eb47cecc464545ba58e1ad24/library/std/src/panicking.rs:695:5
[INFO] [stdout]   17:     0x5b7873aea5c0 - core::panicking::panic_fmt::h9e7c637e9e5f29c9
[INFO] [stdout]                                at /rustc/6067b36314ab5eb2eb47cecc464545ba58e1ad24/library/core/src/panicking.rs:75:14
[INFO] [stdout]   18:     0x5b7873aea9b2 - core::panicking::assert_failed_inner::h538bec7c1374cd9c
[INFO] [stdout]   19:     0x5b78739f64f4 - core::panicking::assert_failed::h8db60af68ba3801e
[INFO] [stdout]                                at /rustc/6067b36314ab5eb2eb47cecc464545ba58e1ad24/library/core/src/panicking.rs:364:5
[INFO] [stdout]   20:     0x5b78739f266f - year_2023::day_17::part1::tests::traverse_test::h844d72df10bfc8d5
[INFO] [stdout]                                at /opt/rustwide/workdir/src/year_2023/day_17.rs:327:13
[INFO] [stdout]   21:     0x5b78739f22d7 - year_2023::day_17::part1::tests::traverse_test::{{closure}}::ha00d88b6f47c9706
[INFO] [stdout]                                at /opt/rustwide/workdir/src/year_2023/day_17.rs:301:27
[INFO] [stdout]   22:     0x5b78739d3ab6 - core::ops::function::FnOnce::call_once::hd60215cf671bac50
[INFO] [stdout]                                at /rustc/6067b36314ab5eb2eb47cecc464545ba58e1ad24/library/core/src/ops/function.rs:250:5
[INFO] [stdout]   23:     0x5b7873a8f0cb - core::ops::function::FnOnce::call_once::he27718dfdd183f43
[INFO] [stdout]                                at /rustc/6067b36314ab5eb2eb47cecc464545ba58e1ad24/library/core/src/ops/function.rs:250:5
[INFO] [stdout]   24:     0x5b7873a8f0cb - test::__rust_begin_short_backtrace::h4e84902998457a5d
[INFO] [stdout]                                at /rustc/6067b36314ab5eb2eb47cecc464545ba58e1ad24/library/test/src/lib.rs:632:18
[INFO] [stdout]   25:     0x5b7873a8e003 - test::run_test_in_process::{{closure}}::h7176fd18fc1feca0
[INFO] [stdout]                                at /rustc/6067b36314ab5eb2eb47cecc464545ba58e1ad24/library/test/src/lib.rs:655:60
[INFO] [stdout]   26:     0x5b7873a8e003 - <core::panic::unwind_safe::AssertUnwindSafe<F> as core::ops::function::FnOnce<()>>::call_once::hf79cff2a624d8cf7
[INFO] [stdout]                                at /rustc/6067b36314ab5eb2eb47cecc464545ba58e1ad24/library/core/src/panic/unwind_safe.rs:272:9
[INFO] [stdout]   27:     0x5b7873a8e003 - std::panicking::try::do_call::h3da0561d9ab99c25
[INFO] [stdout]                                at /rustc/6067b36314ab5eb2eb47cecc464545ba58e1ad24/library/std/src/panicking.rs:587:40
[INFO] [stdout]   28:     0x5b7873a8e003 - std::panicking::try::h41c9fa508bc61df6
[INFO] [stdout]                                at /rustc/6067b36314ab5eb2eb47cecc464545ba58e1ad24/library/std/src/panicking.rs:550:19
[INFO] [stdout]   29:     0x5b7873a8e003 - std::panic::catch_unwind::h6b3ff07bb5afad93
[INFO] [stdout]                                at /rustc/6067b36314ab5eb2eb47cecc464545ba58e1ad24/library/std/src/panic.rs:358:14
[INFO] [stdout]   30:     0x5b7873a8e003 - test::run_test_in_process::hc7253dd11b39b9f4
[INFO] [stdout]                                at /rustc/6067b36314ab5eb2eb47cecc464545ba58e1ad24/library/test/src/lib.rs:655:27
[INFO] [stdout]   31:     0x5b7873a8e003 - test::run_test::{{closure}}::hfb2007f8649c30bb
[INFO] [stdout]                                at /rustc/6067b36314ab5eb2eb47cecc464545ba58e1ad24/library/test/src/lib.rs:576:43
[INFO] [stdout]   32:     0x5b7873a510e5 - test::run_test::{{closure}}::h56a17aa7a282a9f4
[INFO] [stdout]                                at /rustc/6067b36314ab5eb2eb47cecc464545ba58e1ad24/library/test/src/lib.rs:606:41
[INFO] [stdout]   33:     0x5b7873a510e5 - std::sys::backtrace::__rust_begin_short_backtrace::hd2d2d2fb8e8c6aac
[INFO] [stdout]                                at /rustc/6067b36314ab5eb2eb47cecc464545ba58e1ad24/library/std/src/sys/backtrace.rs:152:18
[INFO] [stdout]   34:     0x5b7873a549ca - std::thread::Builder::spawn_unchecked_::{{closure}}::{{closure}}::h4faa3f9db6133423
[INFO] [stdout]                                at /rustc/6067b36314ab5eb2eb47cecc464545ba58e1ad24/library/std/src/thread/mod.rs:559:17
[INFO] [stdout]   35:     0x5b7873a549ca - <core::panic::unwind_safe::AssertUnwindSafe<F> as core::ops::function::FnOnce<()>>::call_once::hf2e855a36a4ea846
[INFO] [stdout]                                at /rustc/6067b36314ab5eb2eb47cecc464545ba58e1ad24/library/core/src/panic/unwind_safe.rs:272:9
[INFO] [stdout]   36:     0x5b7873a549ca - std::panicking::try::do_call::h2f73af3616c35465
[INFO] [stdout]                                at /rustc/6067b36314ab5eb2eb47cecc464545ba58e1ad24/library/std/src/panicking.rs:587:40
[INFO] [stdout]   37:     0x5b7873a549ca - std::panicking::try::hd1660ce9efadef5a
[INFO] [stdout]                                at /rustc/6067b36314ab5eb2eb47cecc464545ba58e1ad24/library/std/src/panicking.rs:550:19
[INFO] [stdout]   38:     0x5b7873a549ca - std::panic::catch_unwind::h5ee8d7823b8ca744
[INFO] [stdout]                                at /rustc/6067b36314ab5eb2eb47cecc464545ba58e1ad24/library/std/src/panic.rs:358:14
[INFO] [stdout]   39:     0x5b7873a549ca - std::thread::Builder::spawn_unchecked_::{{closure}}::h53c3a1894dce8407
[INFO] [stdout]                                at /rustc/6067b36314ab5eb2eb47cecc464545ba58e1ad24/library/std/src/thread/mod.rs:557:30
[INFO] [stdout]   40:     0x5b7873a549ca - core::ops::function::FnOnce::call_once{{vtable.shim}}::h048ce291ad4f62bf
[INFO] [stdout]                                at /rustc/6067b36314ab5eb2eb47cecc464545ba58e1ad24/library/core/src/ops/function.rs:250:5
[INFO] [stdout]   41:     0x5b7873aca17b - <alloc::boxed::Box<F,A> as core::ops::function::FnOnce<Args>>::call_once::ha52bedf99a3b4981
[INFO] [stdout]                                at /rustc/6067b36314ab5eb2eb47cecc464545ba58e1ad24/library/alloc/src/boxed.rs:2013:9
[INFO] [stdout]   42:     0x5b7873aca17b - <alloc::boxed::Box<F,A> as core::ops::function::FnOnce<Args>>::call_once::h567748934d80ccf8
[INFO] [stdout]                                at /rustc/6067b36314ab5eb2eb47cecc464545ba58e1ad24/library/alloc/src/boxed.rs:2013:9
[INFO] [stdout]   43:     0x5b7873aca17b - std::sys::pal::unix::thread::Thread::new::thread_start::h2d970728ae887adc
[INFO] [stdout]                                at /rustc/6067b36314ab5eb2eb47cecc464545ba58e1ad24/library/std/src/sys/pal/unix/thread.rs:106:17
[INFO] [stdout]   44:     0x7b3e245c2ac3 - <unknown>
[INFO] [stdout]   45:     0x7b3e24653a04 - clone
[INFO] [stdout]   46:                0x0 - <unknown>
[INFO] [stdout] 
[INFO] [stdout] 
[INFO] [stdout] failures:
[INFO] [stdout]     day_17::part1::tests::traverse_test
[INFO] [stdout] 
[INFO] [stdout] test result: FAILED. 58 passed; 1 failed; 0 ignored; 0 measured; 0 filtered out; finished in 0.18s
[INFO] [stdout] 
[INFO] running `Command { std: "docker" "inspect" "990ec5eb22102efe1c48fe16767c76fa4a3b254eb62b1ab0430825f8cf82162c", kill_on_drop: false }`
[INFO] running `Command { std: "docker" "rm" "-f" "990ec5eb22102efe1c48fe16767c76fa4a3b254eb62b1ab0430825f8cf82162c", kill_on_drop: false }`
[INFO] [stdout] 990ec5eb22102efe1c48fe16767c76fa4a3b254eb62b1ab0430825f8cf82162c
