[INFO] cloning repository https://github.com/Baspar/adventofcode2020
[INFO] running `Command { std: "git" "-c" "credential.helper=" "-c" "credential.helper=/workspace/cargo-home/bin/git-credential-null" "clone" "--bare" "https://github.com/Baspar/adventofcode2020" "/workspace/cache/git-repos/https%3A%2F%2Fgithub.com%2FBaspar%2Fadventofcode2020", kill_on_drop: false }`
[INFO] [stderr] Cloning into bare repository '/workspace/cache/git-repos/https%3A%2F%2Fgithub.com%2FBaspar%2Fadventofcode2020'...
[INFO] running `Command { std: "git" "rev-parse" "HEAD", kill_on_drop: false }`
[INFO] [stdout] bf9f6bb9099b3766bf4cd25f3f72e3eaf2ea20af
[INFO] testing Baspar/adventofcode2020 against nightly-2025-01-18 for randomize-layout-2
[INFO] running `Command { std: "git" "clone" "/workspace/cache/git-repos/https%3A%2F%2Fgithub.com%2FBaspar%2Fadventofcode2020" "/workspace/builds/worker-0-tc1/source", kill_on_drop: false }`
[INFO] [stderr] Cloning into '/workspace/builds/worker-0-tc1/source'...
[INFO] [stderr] done.
[INFO] validating manifest of git repo https://github.com/Baspar/adventofcode2020 on toolchain nightly-2025-01-18
[INFO] running `Command { std: CARGO_HOME="/workspace/cargo-home" RUSTUP_HOME="/workspace/rustup-home" "/workspace/cargo-home/bin/cargo" "+nightly-2025-01-18" "metadata" "--manifest-path" "Cargo.toml" "--no-deps", kill_on_drop: false }`
[INFO] started tweaking git repo https://github.com/Baspar/adventofcode2020
[INFO] finished tweaking git repo https://github.com/Baspar/adventofcode2020
[INFO] tweaked toml for git repo https://github.com/Baspar/adventofcode2020 written to /workspace/builds/worker-0-tc1/source/Cargo.toml
[INFO] crate git repo https://github.com/Baspar/adventofcode2020 already has a lockfile, it will not be regenerated
[INFO] running `Command { std: CARGO_HOME="/workspace/cargo-home" RUSTUP_HOME="/workspace/rustup-home" "/workspace/cargo-home/bin/cargo" "+nightly-2025-01-18" "fetch" "--manifest-path" "Cargo.toml", kill_on_drop: false }`
[INFO] [stderr]  Downloading crates ...
[INFO] [stderr]   Downloaded text_io v0.1.7
[INFO] [stderr]   Downloaded onig v4.3.3
[INFO] [stderr]   Downloaded num-bigint v0.2.2
[INFO] [stderr]   Downloaded onig_sys v69.1.0
[INFO] running `Command { std: "docker" "create" "-v" "/var/lib/crater-agent-workspace/builds/worker-0-tc1/target:/opt/rustwide/target:rw,Z" "-v" "/var/lib/crater-agent-workspace/builds/worker-0-tc1/source:/opt/rustwide/workdir:ro,Z" "-v" "/var/lib/crater-agent-workspace/cargo-home:/opt/rustwide/cargo-home:ro,Z" "-v" "/var/lib/crater-agent-workspace/rustup-home:/opt/rustwide/rustup-home:ro,Z" "-e" "SOURCE_DIR=/opt/rustwide/workdir" "-e" "CARGO_TARGET_DIR=/opt/rustwide/target" "-e" "CARGO_HOME=/opt/rustwide/cargo-home" "-e" "RUSTUP_HOME=/opt/rustwide/rustup-home" "-w" "/opt/rustwide/workdir" "-m" "1610612736" "--user" "0:0" "--network" "none" "ghcr.io/rust-lang/crates-build-env/linux@sha256:819108c5571ea2e421544af4d832f968d213c87fbe3707a016657f43d2f853bc" "/opt/rustwide/cargo-home/bin/cargo" "+nightly-2025-01-18" "metadata" "--no-deps" "--format-version=1", kill_on_drop: false }`
[INFO] [stdout] 9e4a1990a640ba67940aa4550e3bfc706763b1c07a6eb59f2b2f188b50c450d3
[INFO] running `Command { std: "docker" "start" "-a" "9e4a1990a640ba67940aa4550e3bfc706763b1c07a6eb59f2b2f188b50c450d3", kill_on_drop: false }`
[INFO] running `Command { std: "docker" "inspect" "9e4a1990a640ba67940aa4550e3bfc706763b1c07a6eb59f2b2f188b50c450d3", kill_on_drop: false }`
[INFO] running `Command { std: "docker" "rm" "-f" "9e4a1990a640ba67940aa4550e3bfc706763b1c07a6eb59f2b2f188b50c450d3", kill_on_drop: false }`
[INFO] [stdout] 9e4a1990a640ba67940aa4550e3bfc706763b1c07a6eb59f2b2f188b50c450d3
[INFO] running `Command { std: "docker" "create" "-v" "/var/lib/crater-agent-workspace/builds/worker-0-tc1/target:/opt/rustwide/target:rw,Z" "-v" "/var/lib/crater-agent-workspace/builds/worker-0-tc1/source:/opt/rustwide/workdir:ro,Z" "-v" "/var/lib/crater-agent-workspace/cargo-home:/opt/rustwide/cargo-home:ro,Z" "-v" "/var/lib/crater-agent-workspace/rustup-home:/opt/rustwide/rustup-home:ro,Z" "-e" "SOURCE_DIR=/opt/rustwide/workdir" "-e" "CARGO_TARGET_DIR=/opt/rustwide/target" "-e" "CARGO_INCREMENTAL=0" "-e" "RUST_BACKTRACE=full" "-e" "RUSTFLAGS=--cap-lints=forbid" "-e" "RUSTDOCFLAGS=--cap-lints=forbid" "-e" "CARGO_HOME=/opt/rustwide/cargo-home" "-e" "RUSTUP_HOME=/opt/rustwide/rustup-home" "-w" "/opt/rustwide/workdir" "-m" "1610612736" "--user" "0:0" "--network" "none" "ghcr.io/rust-lang/crates-build-env/linux@sha256:819108c5571ea2e421544af4d832f968d213c87fbe3707a016657f43d2f853bc" "/opt/rustwide/cargo-home/bin/cargo" "+nightly-2025-01-18" "build" "--frozen" "--message-format=json", kill_on_drop: false }`
[INFO] [stdout] bd905b6d553cc38a32bb2c8e2dec6dd4923cfcd33dbe06c07387584d2144f385
[INFO] running `Command { std: "docker" "start" "-a" "bd905b6d553cc38a32bb2c8e2dec6dd4923cfcd33dbe06c07387584d2144f385", kill_on_drop: false }`
[INFO] [stderr]    Compiling num-traits v0.2.6
[INFO] [stderr]    Compiling num-integer v0.1.39
[INFO] [stderr]    Compiling version_check v0.1.5
[INFO] [stderr]    Compiling libc v0.2.44
[INFO] [stderr]    Compiling num-complex v0.2.1
[INFO] [stderr]    Compiling cc v1.0.48
[INFO] [stderr]    Compiling num-bigint v0.2.2
[INFO] [stderr]    Compiling pkg-config v0.3.17
[INFO] [stderr]    Compiling cfg-if v0.1.6
[INFO] [stderr]    Compiling num-iter v0.1.37
[INFO] [stderr]    Compiling num-rational v0.2.1
[INFO] [stderr]    Compiling bitflags v1.2.1
[INFO] [stderr]    Compiling lazy_static v1.2.0
[INFO] [stderr]    Compiling either v1.5.3
[INFO] [stderr]    Compiling ucd-util v0.1.3
[INFO] [stderr]    Compiling rawpointer v0.2.1
[INFO] [stderr]    Compiling ndarray v0.13.0
[INFO] [stderr]    Compiling regex v1.1.0
[INFO] [stderr]    Compiling matrixmultiply v0.2.3
[INFO] [stderr]    Compiling itertools v0.8.2
[INFO] [stderr]    Compiling regex-syntax v0.6.4
[INFO] [stderr]    Compiling thread_local v0.3.6
[INFO] [stderr]    Compiling utf8-ranges v1.0.2
[INFO] [stderr]    Compiling itertools v0.9.0
[INFO] [stderr]    Compiling text_io v0.1.7
[INFO] [stderr]    Compiling memchr v2.1.1
[INFO] [stderr]    Compiling onig_sys v69.1.0
[INFO] [stderr]    Compiling aho-corasick v0.6.9
[INFO] [stderr]    Compiling num v0.2.0
[INFO] [stderr]    Compiling onig v4.3.3
[INFO] [stderr]    Compiling advent_of_code_2020 v0.1.0 (/opt/rustwide/workdir)
[INFO] [stderr]     Finished `dev` profile [unoptimized + debuginfo] target(s) in 8.77s
[INFO] running `Command { std: "docker" "inspect" "bd905b6d553cc38a32bb2c8e2dec6dd4923cfcd33dbe06c07387584d2144f385", kill_on_drop: false }`
[INFO] running `Command { std: "docker" "rm" "-f" "bd905b6d553cc38a32bb2c8e2dec6dd4923cfcd33dbe06c07387584d2144f385", kill_on_drop: false }`
[INFO] [stdout] bd905b6d553cc38a32bb2c8e2dec6dd4923cfcd33dbe06c07387584d2144f385
[INFO] running `Command { std: "docker" "create" "-v" "/var/lib/crater-agent-workspace/builds/worker-0-tc1/target:/opt/rustwide/target:rw,Z" "-v" "/var/lib/crater-agent-workspace/builds/worker-0-tc1/source:/opt/rustwide/workdir:ro,Z" "-v" "/var/lib/crater-agent-workspace/cargo-home:/opt/rustwide/cargo-home:ro,Z" "-v" "/var/lib/crater-agent-workspace/rustup-home:/opt/rustwide/rustup-home:ro,Z" "-e" "SOURCE_DIR=/opt/rustwide/workdir" "-e" "CARGO_TARGET_DIR=/opt/rustwide/target" "-e" "CARGO_INCREMENTAL=0" "-e" "RUST_BACKTRACE=full" "-e" "RUSTFLAGS=--cap-lints=forbid" "-e" "RUSTDOCFLAGS=--cap-lints=forbid" "-e" "CARGO_HOME=/opt/rustwide/cargo-home" "-e" "RUSTUP_HOME=/opt/rustwide/rustup-home" "-w" "/opt/rustwide/workdir" "-m" "1610612736" "--user" "0:0" "--network" "none" "ghcr.io/rust-lang/crates-build-env/linux@sha256:819108c5571ea2e421544af4d832f968d213c87fbe3707a016657f43d2f853bc" "/opt/rustwide/cargo-home/bin/cargo" "+nightly-2025-01-18" "test" "--frozen" "--no-run" "--message-format=json", kill_on_drop: false }`
[INFO] [stdout] 1db5e246bcd76123b2dc90cbd0bbc142dc723efaaaa6f8b04202f84a4c618998
[INFO] running `Command { std: "docker" "start" "-a" "1db5e246bcd76123b2dc90cbd0bbc142dc723efaaaa6f8b04202f84a4c618998", kill_on_drop: false }`
[INFO] [stderr]    Compiling advent_of_code_2020 v0.1.0 (/opt/rustwide/workdir)
[INFO] [stderr]     Finished `test` profile [unoptimized + debuginfo] target(s) in 0.83s
[INFO] running `Command { std: "docker" "inspect" "1db5e246bcd76123b2dc90cbd0bbc142dc723efaaaa6f8b04202f84a4c618998", kill_on_drop: false }`
[INFO] running `Command { std: "docker" "rm" "-f" "1db5e246bcd76123b2dc90cbd0bbc142dc723efaaaa6f8b04202f84a4c618998", kill_on_drop: false }`
[INFO] [stdout] 1db5e246bcd76123b2dc90cbd0bbc142dc723efaaaa6f8b04202f84a4c618998
[INFO] running `Command { std: "docker" "create" "-v" "/var/lib/crater-agent-workspace/builds/worker-0-tc1/target:/opt/rustwide/target:rw,Z" "-v" "/var/lib/crater-agent-workspace/builds/worker-0-tc1/source:/opt/rustwide/workdir:ro,Z" "-v" "/var/lib/crater-agent-workspace/cargo-home:/opt/rustwide/cargo-home:ro,Z" "-v" "/var/lib/crater-agent-workspace/rustup-home:/opt/rustwide/rustup-home:ro,Z" "-e" "SOURCE_DIR=/opt/rustwide/workdir" "-e" "CARGO_TARGET_DIR=/opt/rustwide/target" "-e" "CARGO_INCREMENTAL=0" "-e" "RUST_BACKTRACE=full" "-e" "RUSTFLAGS=--cap-lints=forbid" "-e" "RUSTDOCFLAGS=--cap-lints=forbid" "-e" "CARGO_HOME=/opt/rustwide/cargo-home" "-e" "RUSTUP_HOME=/opt/rustwide/rustup-home" "-w" "/opt/rustwide/workdir" "-m" "1610612736" "--user" "0:0" "--network" "none" "ghcr.io/rust-lang/crates-build-env/linux@sha256:819108c5571ea2e421544af4d832f968d213c87fbe3707a016657f43d2f853bc" "/opt/rustwide/cargo-home/bin/cargo" "+nightly-2025-01-18" "test" "--frozen", kill_on_drop: false }`
[INFO] [stdout] bd6e8f12bd54aa0326789a6ea7998cd80d4b823194c86b260fe26fcbc5d2f060
[INFO] running `Command { std: "docker" "start" "-a" "bd6e8f12bd54aa0326789a6ea7998cd80d4b823194c86b260fe26fcbc5d2f060", kill_on_drop: false }`
[INFO] [stderr]     Finished `test` profile [unoptimized + debuginfo] target(s) in 0.03s
[INFO] [stderr]      Running unittests src/main.rs (/opt/rustwide/target/debug/deps/advent_of_code_2020-1999c92d77d84255)
[INFO] [stdout] 
[INFO] [stdout] running 50 tests
[INFO] [stdout] test days::day10::tests::day10_part2 ... ok
[INFO] [stdout] test days::day12::tests::day12_part1 ... ok
[INFO] [stdout] test days::day13::tests::day13_part1 ... ok
[INFO] [stdout] test days::day16::tests::day16_part2 ... ok
[INFO] [stdout] test days::day13::tests::day13_part2 ... ok
[INFO] [stdout] test days::day15::tests::day15_part2 ... ok
[INFO] [stdout] test days::day14::tests::day14_part1 ... ok
[INFO] [stdout] test days::day14::tests::day14_part2 ... ok
[INFO] [stdout] test days::day10::tests::day10_part1 ... ok
[INFO] [stdout] test days::day11::tests::day11_part2 ... ok
[INFO] [stdout] test days::day12::tests::day12_part2 ... ok
[INFO] [stdout] test days::day11::tests::day11_part1 ... ok
[INFO] [stdout] test days::day15::tests::day15_part1 ... ok
[INFO] [stdout] test days::day16::tests::day16_part1 ... ok
[INFO] [stdout] test days::day17::tests::day17_part2 ... ok
[INFO] [stdout] test days::day18::tests::day18_part2 ... ok
[INFO] [stdout] test days::day19::tests::day19_part2 ... ok
[INFO] [stdout] test days::day1::tests::day1_part2 ... ok
[INFO] [stdout] test days::day20::tests::day20_part2 ... ok
[INFO] [stdout] test days::day21::tests::day21_part1 ... ok
[INFO] [stdout] test days::day21::tests::day21_part2 ... ok
[INFO] [stdout] test days::day17::tests::day17_part1 ... ok
[INFO] [stdout] test days::day22::tests::day22_part1 ... ok
[INFO] [stdout] test days::day23::tests::day23_part1 ... ok
[INFO] [stdout] test days::day23::tests::day23_part2 ... ok
[INFO] [stdout] test days::day24::tests::day24_part1 ... ok
[INFO] [stdout] test days::day25::tests::day25_part1 ... ok
[INFO] [stdout] test days::day25::tests::day25_part2 ... ok
[INFO] [stdout] test days::day22::tests::day22_part2 ... ok
[INFO] [stdout] test days::day1::tests::day1_part1 ... ok
[INFO] [stdout] test days::day24::tests::day24_part2 ... ok
[INFO] [stdout] test days::day2::tests::day2_part2 ... ok
[INFO] [stdout] test days::day3::tests::day3_part2 ... ok
[INFO] [stdout] test days::day4::tests::day4_part1 ... ok
[INFO] [stdout] test days::day18::tests::day18_part1 ... ok
[INFO] [stdout] test days::day5::tests::day5_part2 ... ok
[INFO] [stdout] test days::day5::tests::day5_part1 ... ok
[INFO] [stdout] test days::day3::tests::day3_part1 ... ok
[INFO] [stdout] test days::day2::tests::day2_part1 ... ok
[INFO] [stdout] test days::day4::tests::day4_part2 ... ok
[INFO] [stdout] test days::day20::tests::day20_part1 ... ok
[INFO] [stdout] test days::day19::tests::day19_part1 ... ok
[INFO] [stdout] test days::day6::tests::day6_part1 ... ok
[INFO] [stdout] test days::day6::tests::day6_part2 ... ok
[INFO] [stdout] test days::day9::tests::day9_part1 ... ok
[INFO] [stdout] test days::day7::tests::day7_part2 ... ok
[INFO] [stdout] test days::day8::tests::day8_part1 ... ok
[INFO] [stdout] test days::day8::tests::day8_part2 ... ok
[INFO] [stdout] test days::day7::tests::day7_part1 ... ok
[INFO] [stdout] test days::day9::tests::day9_part2 ... FAILED
[INFO] [stdout] 
[INFO] [stdout] failures:
[INFO] [stdout] 
[INFO] [stdout] ---- days::day9::tests::day9_part2 stdout ----
[INFO] [stdout] 
[INFO] [stdout] thread 'days::day9::tests::day9_part2' panicked at src/days/day9.rs:32:53:
[INFO] [stdout] called `Option::unwrap()` on a `None` value
[INFO] [stdout] stack backtrace:
[INFO] [stdout]    0:     0x634db6ea3b6a - std::backtrace_rs::backtrace::libunwind::trace::hb059275cfc8d6126
[INFO] [stdout]                                at /rustc/6067b36314ab5eb2eb47cecc464545ba58e1ad24/library/std/src/../../backtrace/src/backtrace/libunwind.rs:116:5
[INFO] [stdout]    1:     0x634db6ea3b6a - std::backtrace_rs::backtrace::trace_unsynchronized::h2da071e4327ce3ee
[INFO] [stdout]                                at /rustc/6067b36314ab5eb2eb47cecc464545ba58e1ad24/library/std/src/../../backtrace/src/backtrace/mod.rs:66:5
[INFO] [stdout]    2:     0x634db6ea3b6a - std::sys::backtrace::_print_fmt::h842a1474e6f8d23f
[INFO] [stdout]                                at /rustc/6067b36314ab5eb2eb47cecc464545ba58e1ad24/library/std/src/sys/backtrace.rs:66:9
[INFO] [stdout]    3:     0x634db6ea3b6a - <std::sys::backtrace::BacktraceLock::print::DisplayBacktrace as core::fmt::Display>::fmt::h71a62eb3b9696b12
[INFO] [stdout]                                at /rustc/6067b36314ab5eb2eb47cecc464545ba58e1ad24/library/std/src/sys/backtrace.rs:39:26
[INFO] [stdout]    4:     0x634db6ecb263 - core::fmt::rt::Argument::fmt::hdb6b616786b41dc1
[INFO] [stdout]                                at /rustc/6067b36314ab5eb2eb47cecc464545ba58e1ad24/library/core/src/fmt/rt.rs:177:76
[INFO] [stdout]    5:     0x634db6ecb263 - core::fmt::write::h2cc1698af7e2d686
[INFO] [stdout]                                at /rustc/6067b36314ab5eb2eb47cecc464545ba58e1ad24/library/core/src/fmt/mod.rs:1440:21
[INFO] [stdout]    6:     0x634db6ea06c3 - std::io::Write::write_fmt::hab1b4cd059a79022
[INFO] [stdout]                                at /rustc/6067b36314ab5eb2eb47cecc464545ba58e1ad24/library/std/src/io/mod.rs:1887:15
[INFO] [stdout]    7:     0x634db6ea39b2 - std::sys::backtrace::BacktraceLock::print::h147fe35b4ea13b08
[INFO] [stdout]                                at /rustc/6067b36314ab5eb2eb47cecc464545ba58e1ad24/library/std/src/sys/backtrace.rs:42:9
[INFO] [stdout]    8:     0x634db6ea4f8f - std::panicking::default_hook::{{closure}}::hbd44223dbdc0d208
[INFO] [stdout]                                at /rustc/6067b36314ab5eb2eb47cecc464545ba58e1ad24/library/std/src/panicking.rs:298:22
[INFO] [stdout]    9:     0x634db6ea4da8 - std::panicking::default_hook::h20f81eb0576efcec
[INFO] [stdout]                                at /rustc/6067b36314ab5eb2eb47cecc464545ba58e1ad24/library/std/src/panicking.rs:322:9
[INFO] [stdout]   10:     0x634db6e27c03 - <alloc::boxed::Box<F,A> as core::ops::function::Fn<Args>>::call::hdb53814c496a4d34
[INFO] [stdout]                                at /rustc/6067b36314ab5eb2eb47cecc464545ba58e1ad24/library/alloc/src/boxed.rs:2027:9
[INFO] [stdout]   11:     0x634db6e27c03 - test::test_main::{{closure}}::hc0a4963c59427c24
[INFO] [stdout]                                at /rustc/6067b36314ab5eb2eb47cecc464545ba58e1ad24/library/test/src/lib.rs:134:21
[INFO] [stdout]   12:     0x634db6ea5a83 - <alloc::boxed::Box<F,A> as core::ops::function::Fn<Args>>::call::h591b2225413a77e9
[INFO] [stdout]                                at /rustc/6067b36314ab5eb2eb47cecc464545ba58e1ad24/library/alloc/src/boxed.rs:2027:9
[INFO] [stdout]   13:     0x634db6ea5a83 - std::panicking::rust_panic_with_hook::h625eea43051b2edc
[INFO] [stdout]                                at /rustc/6067b36314ab5eb2eb47cecc464545ba58e1ad24/library/std/src/panicking.rs:839:13
[INFO] [stdout]   14:     0x634db6ea5706 - std::panicking::begin_panic_handler::{{closure}}::h4f9159cfbc3f6bd3
[INFO] [stdout]                                at /rustc/6067b36314ab5eb2eb47cecc464545ba58e1ad24/library/std/src/panicking.rs:697:13
[INFO] [stdout]   15:     0x634db6ea4069 - std::sys::backtrace::__rust_end_short_backtrace::h0390abce48353151
[INFO] [stdout]                                at /rustc/6067b36314ab5eb2eb47cecc464545ba58e1ad24/library/std/src/sys/backtrace.rs:168:18
[INFO] [stdout]   16:     0x634db6ea53cd - rust_begin_unwind
[INFO] [stdout]                                at /rustc/6067b36314ab5eb2eb47cecc464545ba58e1ad24/library/std/src/panicking.rs:695:5
[INFO] [stdout]   17:     0x634db6ec9c70 - core::panicking::panic_fmt::h9e7c637e9e5f29c9
[INFO] [stdout]                                at /rustc/6067b36314ab5eb2eb47cecc464545ba58e1ad24/library/core/src/panicking.rs:75:14
[INFO] [stdout]   18:     0x634db6ec9cfc - core::panicking::panic::haa3255ea20181a33
[INFO] [stdout]                                at /rustc/6067b36314ab5eb2eb47cecc464545ba58e1ad24/library/core/src/panicking.rs:145:5
[INFO] [stdout]   19:     0x634db6ec9be9 - core::option::unwrap_failed::h5e50c20db1c9e8f1
[INFO] [stdout]                                at /rustc/6067b36314ab5eb2eb47cecc464545ba58e1ad24/library/core/src/option.rs:2015:5
[INFO] [stdout]   20:     0x634db6ddc56e - core::option::Option<T>::unwrap::h7349d477c6c6c129
[INFO] [stdout]                                at /rustc/6067b36314ab5eb2eb47cecc464545ba58e1ad24/library/core/src/option.rs:978:21
[INFO] [stdout]   21:     0x634db6ddc56e - advent_of_code_2020::days::day9::part2::h5c5620a6a93f76cc
[INFO] [stdout]                                at /opt/rustwide/workdir/src/days/day9.rs:32:26
[INFO] [stdout]   22:     0x634db6dd7f32 - advent_of_code_2020::days::day9::tests::day9_part2::hd63239398980f1ac
[INFO] [stdout]                                at /opt/rustwide/workdir/src/days/day9.rs:61:20
[INFO] [stdout]   23:     0x634db6dd7ef7 - advent_of_code_2020::days::day9::tests::day9_part2::{{closure}}::hdd92c88b5c034a1f
[INFO] [stdout]                                at /opt/rustwide/workdir/src/days/day9.rs:60:21
[INFO] [stdout]   24:     0x634db6de4c96 - core::ops::function::FnOnce::call_once::h970e4f8a7d6f5f78
[INFO] [stdout]                                at /rustc/6067b36314ab5eb2eb47cecc464545ba58e1ad24/library/core/src/ops/function.rs:250:5
[INFO] [stdout]   25:     0x634db6e2d35b - core::ops::function::FnOnce::call_once::he27718dfdd183f43
[INFO] [stdout]                                at /rustc/6067b36314ab5eb2eb47cecc464545ba58e1ad24/library/core/src/ops/function.rs:250:5
[INFO] [stdout]   26:     0x634db6e2d35b - test::__rust_begin_short_backtrace::h4e84902998457a5d
[INFO] [stdout]                                at /rustc/6067b36314ab5eb2eb47cecc464545ba58e1ad24/library/test/src/lib.rs:632:18
[INFO] [stdout]   27:     0x634db6e2c293 - test::run_test_in_process::{{closure}}::h7176fd18fc1feca0
[INFO] [stdout]                                at /rustc/6067b36314ab5eb2eb47cecc464545ba58e1ad24/library/test/src/lib.rs:655:60
[INFO] [stdout]   28:     0x634db6e2c293 - <core::panic::unwind_safe::AssertUnwindSafe<F> as core::ops::function::FnOnce<()>>::call_once::hf79cff2a624d8cf7
[INFO] [stdout]                                at /rustc/6067b36314ab5eb2eb47cecc464545ba58e1ad24/library/core/src/panic/unwind_safe.rs:272:9
[INFO] [stdout]   29:     0x634db6e2c293 - std::panicking::try::do_call::h3da0561d9ab99c25
[INFO] [stdout]                                at /rustc/6067b36314ab5eb2eb47cecc464545ba58e1ad24/library/std/src/panicking.rs:587:40
[INFO] [stdout]   30:     0x634db6e2c293 - std::panicking::try::h41c9fa508bc61df6
[INFO] [stdout]                                at /rustc/6067b36314ab5eb2eb47cecc464545ba58e1ad24/library/std/src/panicking.rs:550:19
[INFO] [stdout]   31:     0x634db6e2c293 - std::panic::catch_unwind::h6b3ff07bb5afad93
[INFO] [stdout]                                at /rustc/6067b36314ab5eb2eb47cecc464545ba58e1ad24/library/std/src/panic.rs:358:14
[INFO] [stdout]   32:     0x634db6e2c293 - test::run_test_in_process::hc7253dd11b39b9f4
[INFO] [stdout]                                at /rustc/6067b36314ab5eb2eb47cecc464545ba58e1ad24/library/test/src/lib.rs:655:27
[INFO] [stdout]   33:     0x634db6e2c293 - test::run_test::{{closure}}::hfb2007f8649c30bb
[INFO] [stdout]                                at /rustc/6067b36314ab5eb2eb47cecc464545ba58e1ad24/library/test/src/lib.rs:576:43
[INFO] [stdout]   34:     0x634db6def375 - test::run_test::{{closure}}::h56a17aa7a282a9f4
[INFO] [stdout]                                at /rustc/6067b36314ab5eb2eb47cecc464545ba58e1ad24/library/test/src/lib.rs:606:41
[INFO] [stdout]   35:     0x634db6def375 - std::sys::backtrace::__rust_begin_short_backtrace::hd2d2d2fb8e8c6aac
[INFO] [stdout]                                at /rustc/6067b36314ab5eb2eb47cecc464545ba58e1ad24/library/std/src/sys/backtrace.rs:152:18
[INFO] [stdout]   36:     0x634db6df2c5a - std::thread::Builder::spawn_unchecked_::{{closure}}::{{closure}}::h4faa3f9db6133423
[INFO] [stdout]                                at /rustc/6067b36314ab5eb2eb47cecc464545ba58e1ad24/library/std/src/thread/mod.rs:559:17
[INFO] [stdout]   37:     0x634db6df2c5a - <core::panic::unwind_safe::AssertUnwindSafe<F> as core::ops::function::FnOnce<()>>::call_once::hf2e855a36a4ea846
[INFO] [stdout]                                at /rustc/6067b36314ab5eb2eb47cecc464545ba58e1ad24/library/core/src/panic/unwind_safe.rs:272:9
[INFO] [stdout]   38:     0x634db6df2c5a - std::panicking::try::do_call::h2f73af3616c35465
[INFO] [stdout]                                at /rustc/6067b36314ab5eb2eb47cecc464545ba58e1ad24/library/std/src/panicking.rs:587:40
[INFO] [stdout]   39:     0x634db6df2c5a - std::panicking::try::hd1660ce9efadef5a
[INFO] [stdout]                                at /rustc/6067b36314ab5eb2eb47cecc464545ba58e1ad24/library/std/src/panicking.rs:550:19
[INFO] [stdout]   40:     0x634db6df2c5a - std::panic::catch_unwind::h5ee8d7823b8ca744
[INFO] [stdout]                                at /rustc/6067b36314ab5eb2eb47cecc464545ba58e1ad24/library/std/src/panic.rs:358:14
[INFO] [stdout]   41:     0x634db6df2c5a - std::thread::Builder::spawn_unchecked_::{{closure}}::h53c3a1894dce8407
[INFO] [stdout]                                at /rustc/6067b36314ab5eb2eb47cecc464545ba58e1ad24/library/std/src/thread/mod.rs:557:30
[INFO] [stdout]   42:     0x634db6df2c5a - core::ops::function::FnOnce::call_once{{vtable.shim}}::h048ce291ad4f62bf
[INFO] [stdout]                                at /rustc/6067b36314ab5eb2eb47cecc464545ba58e1ad24/library/core/src/ops/function.rs:250:5
[INFO] [stdout]   43:     0x634db6ea99bb - <alloc::boxed::Box<F,A> as core::ops::function::FnOnce<Args>>::call_once::ha52bedf99a3b4981
[INFO] [stdout]                                at /rustc/6067b36314ab5eb2eb47cecc464545ba58e1ad24/library/alloc/src/boxed.rs:2013:9
[INFO] [stdout]   44:     0x634db6ea99bb - <alloc::boxed::Box<F,A> as core::ops::function::FnOnce<Args>>::call_once::h567748934d80ccf8
[INFO] [stdout]                                at /rustc/6067b36314ab5eb2eb47cecc464545ba58e1ad24/library/alloc/src/boxed.rs:2013:9
[INFO] [stdout]   45:     0x634db6ea99bb - std::sys::pal::unix::thread::Thread::new::thread_start::h2d970728ae887adc
[INFO] [stdout]                                at /rustc/6067b36314ab5eb2eb47cecc464545ba58e1ad24/library/std/src/sys/pal/unix/thread.rs:106:17
[INFO] [stdout]   46:     0x7806110edac3 - <unknown>
[INFO] [stdout]   47:     0x78061117ea04 - clone
[INFO] [stdout]   48:                0x0 - <unknown>
[INFO] [stdout] 
[INFO] [stdout] 
[INFO] [stdout] failures:
[INFO] [stdout]     days::day9::tests::day9_part2
[INFO] [stdout] 
[INFO] [stdout] test result: FAILED. 49 passed; 1 failed; 0 ignored; 0 measured; 0 filtered out; finished in 0.03s
[INFO] [stdout] 
[INFO] [stderr] error: test failed, to rerun pass `--bin advent_of_code_2020`
[INFO] running `Command { std: "docker" "inspect" "bd6e8f12bd54aa0326789a6ea7998cd80d4b823194c86b260fe26fcbc5d2f060", kill_on_drop: false }`
[INFO] running `Command { std: "docker" "rm" "-f" "bd6e8f12bd54aa0326789a6ea7998cd80d4b823194c86b260fe26fcbc5d2f060", kill_on_drop: false }`
[INFO] [stdout] bd6e8f12bd54aa0326789a6ea7998cd80d4b823194c86b260fe26fcbc5d2f060
