[INFO] cloning repository https://github.com/Basillica/rust-app-template
[INFO] running `Command { std: "git" "-c" "credential.helper=" "-c" "credential.helper=/workspace/cargo-home/bin/git-credential-null" "clone" "--bare" "https://github.com/Basillica/rust-app-template" "/workspace/cache/git-repos/https%3A%2F%2Fgithub.com%2FBasillica%2Frust-app-template", kill_on_drop: false }`
[INFO] [stderr] Cloning into bare repository '/workspace/cache/git-repos/https%3A%2F%2Fgithub.com%2FBasillica%2Frust-app-template'...
[INFO] running `Command { std: "git" "rev-parse" "HEAD", kill_on_drop: false }`
[INFO] [stdout] ec27963bbf77afb88097bdc80884611dd304687c
[INFO] testing Basillica/rust-app-template against nightly-2025-01-18 for randomize-layout-2
[INFO] running `Command { std: "git" "clone" "/workspace/cache/git-repos/https%3A%2F%2Fgithub.com%2FBasillica%2Frust-app-template" "/workspace/builds/worker-1-tc1/source", kill_on_drop: false }`
[INFO] [stderr] Cloning into '/workspace/builds/worker-1-tc1/source'...
[INFO] [stderr] done.
[INFO] validating manifest of git repo https://github.com/Basillica/rust-app-template on toolchain nightly-2025-01-18
[INFO] running `Command { std: CARGO_HOME="/workspace/cargo-home" RUSTUP_HOME="/workspace/rustup-home" "/workspace/cargo-home/bin/cargo" "+nightly-2025-01-18" "metadata" "--manifest-path" "Cargo.toml" "--no-deps", kill_on_drop: false }`
[INFO] started tweaking git repo https://github.com/Basillica/rust-app-template
[INFO] finished tweaking git repo https://github.com/Basillica/rust-app-template
[INFO] tweaked toml for git repo https://github.com/Basillica/rust-app-template written to /workspace/builds/worker-1-tc1/source/Cargo.toml
[INFO] crate git repo https://github.com/Basillica/rust-app-template already has a lockfile, it will not be regenerated
[INFO] running `Command { std: CARGO_HOME="/workspace/cargo-home" RUSTUP_HOME="/workspace/rustup-home" "/workspace/cargo-home/bin/cargo" "+nightly-2025-01-18" "fetch" "--manifest-path" "Cargo.toml", kill_on_drop: false }`
[INFO] [stderr]     Updating crates.io index
[INFO] [stderr]  Downloading crates ...
[INFO] [stderr]   Downloaded shuttle-shared-db v0.47.0
[INFO] [stderr]   Downloaded ordered-float v4.2.2
[INFO] [stderr]   Downloaded libsql-hrana v0.1.1
[INFO] [stderr]   Downloaded shuttle-common v0.47.0
[INFO] [stderr]   Downloaded parse-size v1.0.0
[INFO] [stderr]   Downloaded v_htmlescape v0.15.8
[INFO] [stderr]   Downloaded actix-multipart-derive v0.7.0
[INFO] [stderr]   Downloaded actix-files v0.6.6
[INFO] [stderr]   Downloaded actix-multipart v0.7.2
[INFO] [stderr]   Downloaded awc v3.5.1
[INFO] [stderr]   Downloaded tonic v0.11.0
[INFO] [stderr]   Downloaded libsql-sqlite3-parser v0.11.1
[INFO] [stderr]   Downloaded libsql-rusqlite v0.30.0
[INFO] [stderr]   Downloaded signatory v0.27.1
[INFO] [stderr]   Downloaded axum v0.6.20
[INFO] [stderr]   Downloaded actix-http v3.8.0
[INFO] [stderr]   Downloaded bindgen v0.66.1
[INFO] [stderr]   Downloaded tower-http v0.4.4
[INFO] [stderr]   Downloaded redis v0.26.1
[INFO] [stderr]   Downloaded webpki-roots v0.26.5
[INFO] [stderr]   Downloaded async-nats v0.35.1
[INFO] [stderr]   Downloaded curve25519-dalek v4.1.3
[INFO] [stderr]   Downloaded actix-web v4.8.0
[INFO] [stderr]   Downloaded diesel v2.1.6
[INFO] [stderr]   Downloaded libsql v0.3.5
[INFO] [stderr]   Downloaded tonic v0.10.2
[INFO] [stderr]   Downloaded tokio-postgres v0.7.11
[INFO] [stderr]   Downloaded crossterm v0.26.1
[INFO] [stderr]   Downloaded actix-session v0.10.0
[INFO] [stderr]   Downloaded actix-tls v3.4.0
[INFO] [stderr]   Downloaded prettyplease v0.2.22
[INFO] [stderr]   Downloaded diesel_derives v2.1.4
[INFO] [stderr]   Downloaded postgres-protocol v0.6.7
[INFO] [stderr]   Downloaded libsql_replication v0.3.1
[INFO] [stderr]   Downloaded actix-server v2.4.0
[INFO] [stderr]   Downloaded prost-types v0.12.6
[INFO] [stderr]   Downloaded matchit v0.7.3
[INFO] [stderr]   Downloaded shuttle-runtime v0.47.0
[INFO] [stderr]   Downloaded postgres-types v0.2.7
[INFO] [stderr]   Downloaded comfy-table v6.2.0
[INFO] [stderr]   Downloaded shuttle-service v0.47.0
[INFO] [stderr]   Downloaded serde_plain v1.0.2
[INFO] [stderr]   Downloaded actix-ws v0.3.0
[INFO] [stderr]   Downloaded tonic-web v0.11.0
[INFO] [stderr]   Downloaded nkeys v0.4.3
[INFO] [stderr]   Downloaded nuid v0.5.0
[INFO] [stderr]   Downloaded serde_nanos v0.1.4
[INFO] [stderr]   Downloaded zstd-sys v2.0.12+zstd.1.5.6
[INFO] [stderr]   Downloaded tryhard v0.5.1
[INFO] [stderr]   Downloaded hyper-rustls v0.25.0
[INFO] [stderr]   Downloaded libsql-sys v0.5.0
[INFO] [stderr]   Downloaded rustls-native-certs v0.7.2
[INFO] [stderr]   Downloaded rustls-pki-types v1.8.0
[INFO] [stderr]   Downloaded http-range-header v0.3.1
[INFO] [stderr]   Downloaded polyval v0.6.2
[INFO] [stderr]   Downloaded ghash v0.5.1
[INFO] [stderr]   Downloaded shuttle-proto v0.47.0
[INFO] [stderr]   Downloaded prost-derive v0.12.6
[INFO] [stderr]   Downloaded prost v0.12.6
[INFO] [stderr]   Downloaded diesel-async v0.4.1
[INFO] [stderr]   Downloaded tokio-retry v0.3.0
[INFO] [stderr]   Downloaded cron v0.12.1
[INFO] [stderr]   Downloaded cbc v0.1.2
[INFO] [stderr]   Downloaded zstd-safe v7.2.0
[INFO] [stderr]   Downloaded block-padding v0.3.3
[INFO] [stderr]   Downloaded colored v2.1.0
[INFO] [stderr]   Downloaded shuttle-codegen v0.47.0
[INFO] [stderr]   Downloaded diesel_table_macro_syntax v0.1.0
[INFO] [stderr]   Downloaded scoped-futures v0.1.3
[INFO] [stderr]   Downloaded shuttle-actix-web v0.47.0
[INFO] [stderr]   Downloaded strfmt v0.2.4
[INFO] [stderr]   Downloaded libsql-ffi v0.2.1
[INFO] running `Command { std: "docker" "create" "-v" "/var/lib/crater-agent-workspace/builds/worker-1-tc1/target:/opt/rustwide/target:rw,Z" "-v" "/var/lib/crater-agent-workspace/builds/worker-1-tc1/source:/opt/rustwide/workdir:ro,Z" "-v" "/var/lib/crater-agent-workspace/cargo-home:/opt/rustwide/cargo-home:ro,Z" "-v" "/var/lib/crater-agent-workspace/rustup-home:/opt/rustwide/rustup-home:ro,Z" "-e" "SOURCE_DIR=/opt/rustwide/workdir" "-e" "CARGO_TARGET_DIR=/opt/rustwide/target" "-e" "CARGO_HOME=/opt/rustwide/cargo-home" "-e" "RUSTUP_HOME=/opt/rustwide/rustup-home" "-w" "/opt/rustwide/workdir" "-m" "1610612736" "--user" "0:0" "--network" "none" "ghcr.io/rust-lang/crates-build-env/linux@sha256:819108c5571ea2e421544af4d832f968d213c87fbe3707a016657f43d2f853bc" "/opt/rustwide/cargo-home/bin/cargo" "+nightly-2025-01-18" "metadata" "--no-deps" "--format-version=1", kill_on_drop: false }`
[INFO] [stdout] ee66c26d458b320c5454d803e4ac2c3a68c6a1f4b17d0c4457f10831830a2b70
[INFO] running `Command { std: "docker" "start" "-a" "ee66c26d458b320c5454d803e4ac2c3a68c6a1f4b17d0c4457f10831830a2b70", kill_on_drop: false }`
[INFO] running `Command { std: "docker" "inspect" "ee66c26d458b320c5454d803e4ac2c3a68c6a1f4b17d0c4457f10831830a2b70", kill_on_drop: false }`
[INFO] running `Command { std: "docker" "rm" "-f" "ee66c26d458b320c5454d803e4ac2c3a68c6a1f4b17d0c4457f10831830a2b70", kill_on_drop: false }`
[INFO] [stdout] ee66c26d458b320c5454d803e4ac2c3a68c6a1f4b17d0c4457f10831830a2b70
[INFO] running `Command { std: "docker" "create" "-v" "/var/lib/crater-agent-workspace/builds/worker-1-tc1/target:/opt/rustwide/target:rw,Z" "-v" "/var/lib/crater-agent-workspace/builds/worker-1-tc1/source:/opt/rustwide/workdir:ro,Z" "-v" "/var/lib/crater-agent-workspace/cargo-home:/opt/rustwide/cargo-home:ro,Z" "-v" "/var/lib/crater-agent-workspace/rustup-home:/opt/rustwide/rustup-home:ro,Z" "-e" "SOURCE_DIR=/opt/rustwide/workdir" "-e" "CARGO_TARGET_DIR=/opt/rustwide/target" "-e" "CARGO_INCREMENTAL=0" "-e" "RUST_BACKTRACE=full" "-e" "RUSTFLAGS=--cap-lints=forbid" "-e" "RUSTDOCFLAGS=--cap-lints=forbid" "-e" "CARGO_HOME=/opt/rustwide/cargo-home" "-e" "RUSTUP_HOME=/opt/rustwide/rustup-home" "-w" "/opt/rustwide/workdir" "-m" "1610612736" "--user" "0:0" "--network" "none" "ghcr.io/rust-lang/crates-build-env/linux@sha256:819108c5571ea2e421544af4d832f968d213c87fbe3707a016657f43d2f853bc" "/opt/rustwide/cargo-home/bin/cargo" "+nightly-2025-01-18" "build" "--frozen" "--message-format=json", kill_on_drop: false }`
[INFO] [stdout] 74e216665db4b27b4abc821bbf536a38b5ea258152fb3f7a0abf091edfdaa53f
[INFO] running `Command { std: "docker" "start" "-a" "74e216665db4b27b4abc821bbf536a38b5ea258152fb3f7a0abf091edfdaa53f", kill_on_drop: false }`
[INFO] [stderr]    Compiling libc v0.2.155
[INFO] [stderr]    Compiling proc-macro2 v1.0.86
[INFO] [stderr]    Compiling unicode-ident v1.0.12
[INFO] [stderr]    Compiling cfg-if v1.0.0
[INFO] [stderr]    Compiling version_check v0.9.5
[INFO] [stderr]    Compiling autocfg v1.3.0
[INFO] [stderr]    Compiling serde v1.0.204
[INFO] [stderr]    Compiling pin-project-lite v0.2.14
[INFO] [stderr]    Compiling once_cell v1.19.0
[INFO] [stderr]    Compiling memchr v2.7.4
[INFO] [stderr]    Compiling futures-core v0.3.30
[INFO] [stderr]    Compiling smallvec v1.13.2
[INFO] [stderr]    Compiling typenum v1.17.0
[INFO] [stderr]    Compiling parking_lot_core v0.9.10
[INFO] [stderr]    Compiling generic-array v0.14.7
[INFO] [stderr]    Compiling scopeguard v1.2.0
[INFO] [stderr]    Compiling lock_api v0.4.12
[INFO] [stderr]    Compiling itoa v1.0.11
[INFO] [stderr]    Compiling log v0.4.22
[INFO] [stderr]    Compiling ahash v0.8.11
[INFO] [stderr]    Compiling futures-sink v0.3.30
[INFO] [stderr]    Compiling slab v0.4.9
[INFO] [stderr]    Compiling futures-io v0.3.30
[INFO] [stderr]    Compiling allocator-api2 v0.2.18
[INFO] [stderr]    Compiling futures-task v0.3.30
[INFO] [stderr]    Compiling pin-utils v0.1.0
[INFO] [stderr]    Compiling quote v1.0.36
[INFO] [stderr]    Compiling ppv-lite86 v0.2.17
[INFO] [stderr]    Compiling byteorder v1.5.0
[INFO] [stderr]    Compiling tracing-core v0.1.32
[INFO] [stderr]    Compiling syn v2.0.77
[INFO] [stderr]    Compiling getrandom v0.2.15
[INFO] [stderr]    Compiling jobserver v0.1.32
[INFO] [stderr]    Compiling mio v1.0.1
[INFO] [stderr]    Compiling socket2 v0.5.7
[INFO] [stderr]    Compiling rand_core v0.6.4
[INFO] [stderr]    Compiling cc v1.1.6
[INFO] [stderr]    Compiling parking_lot v0.12.3
[INFO] [stderr]    Compiling signal-hook-registry v1.4.2
[INFO] [stderr]    Compiling rand_chacha v0.3.1
[INFO] [stderr]    Compiling subtle v2.6.1
[INFO] [stderr]    Compiling futures-channel v0.3.30
[INFO] [stderr]    Compiling equivalent v1.0.1
[INFO] [stderr]    Compiling percent-encoding v2.3.1
[INFO] [stderr]    Compiling fnv v1.0.7
[INFO] [stderr]    Compiling bitflags v2.6.0
[INFO] [stderr]    Compiling rand v0.8.5
[INFO] [stderr]    Compiling cpufeatures v0.2.12
[INFO] [stderr]    Compiling untrusted v0.9.0
[INFO] [stderr]    Compiling ryu v1.0.18
[INFO] [stderr]    Compiling spin v0.9.8
[INFO] [stderr]    Compiling serde_json v1.0.120
[INFO] [stderr]    Compiling tinyvec_macros v0.1.1
[INFO] [stderr]    Compiling form_urlencoded v1.2.1
[INFO] [stderr]    Compiling tinyvec v1.8.0
[INFO] [stderr]    Compiling unicode-bidi v0.3.15
[INFO] [stderr]    Compiling crypto-common v0.1.6
[INFO] [stderr]    Compiling block-buffer v0.10.4
[INFO] [stderr]    Compiling thiserror v1.0.63
[INFO] [stderr]    Compiling digest v0.10.7
[INFO] [stderr]    Compiling num-traits v0.2.19
[INFO] [stderr]    Compiling rustversion v1.0.17
[INFO] [stderr]    Compiling paste v1.0.15
[INFO] [stderr]    Compiling httparse v1.9.4
[INFO] [stderr]    Compiling zeroize v1.8.1
[INFO] [stderr]    Compiling minimal-lexical v0.2.1
[INFO] [stderr]    Compiling ring v0.17.8
[INFO] [stderr]    Compiling glob v0.3.1
[INFO] [stderr]    Compiling unicode-normalization v0.1.23
[INFO] [stderr]    Compiling nom v7.1.3
[INFO] [stderr]    Compiling base64 v0.21.7
[INFO] [stderr]    Compiling httpdate v1.0.3
[INFO] [stderr]    Compiling crossbeam-utils v0.8.20
[INFO] [stderr]    Compiling base64 v0.22.1
[INFO] [stderr]    Compiling idna v0.5.0
[INFO] [stderr]    Compiling mime v0.3.17
[INFO] [stderr]    Compiling lazy_static v1.5.0
[INFO] [stderr]    Compiling tower-service v0.3.3
[INFO] [stderr]    Compiling anyhow v1.0.86
[INFO] [stderr]    Compiling aho-corasick v1.1.3
[INFO] [stderr]    Compiling rustix v0.38.34
[INFO] [stderr]    Compiling bytes v1.6.1
[INFO] [stderr]    Compiling regex-syntax v0.8.4
[INFO] [stderr]    Compiling block-padding v0.3.3
[INFO] [stderr]    Compiling mio v0.8.11
[INFO] [stderr]    Compiling indexmap v1.9.3
[INFO] [stderr]    Compiling linux-raw-sys v0.4.14
[INFO] [stderr]    Compiling inout v0.1.3
[INFO] [stderr]    Compiling sha2 v0.10.8
[INFO] [stderr]    Compiling tower-layer v0.3.3
[INFO] [stderr]    Compiling hashbrown v0.12.3
[INFO] [stderr]    Compiling home v0.5.9
[INFO] [stderr]    Compiling syn v1.0.109
[INFO] [stderr]    Compiling cipher v0.4.4
[INFO] [stderr]    Compiling bitflags v1.3.2
[INFO] [stderr]    Compiling pkg-config v0.3.30
[INFO] [stderr]    Compiling rustls-pki-types v1.8.0
[INFO] [stderr]    Compiling zstd-sys v2.0.12+zstd.1.5.6
[INFO] [stderr]    Compiling time-core v0.1.2
[INFO] [stderr]    Compiling num-conv v0.1.0
[INFO] [stderr]    Compiling try-lock v0.2.5
[INFO] [stderr]    Compiling powerfmt v0.2.0
[INFO] [stderr]    Compiling want v0.3.1
[INFO] [stderr]    Compiling regex-automata v0.4.7
[INFO] [stderr]    Compiling serde_derive v1.0.204
[INFO] [stderr]    Compiling tracing-attributes v0.1.27
[INFO] [stderr]    Compiling tokio-macros v2.4.0
[INFO] [stderr]    Compiling futures-macro v0.3.30
[INFO] [stderr]    Compiling zerocopy-derive v0.7.35
[INFO] [stderr]    Compiling thiserror-impl v1.0.63
[INFO] [stderr]    Compiling tracing v0.1.40
[INFO] [stderr]    Compiling futures-util v0.3.30
[INFO] [stderr]    Compiling pin-project-internal v1.1.5
[INFO] [stderr]    Compiling zerocopy v0.7.35
[INFO] [stderr]    Compiling async-trait v0.1.81
[INFO] [stderr]    Compiling hashbrown v0.14.5
[INFO] [stderr]    Compiling pin-project v1.1.5
[INFO] [stderr]    Compiling regex v1.10.5
[INFO] [stderr]    Compiling time-macros v0.2.18
[INFO] [stderr]    Compiling indexmap v2.2.6
[INFO] [stderr]    Compiling hmac v0.12.1
[INFO] [stderr]    Compiling futures-executor v0.3.30
[INFO] [stderr]    Compiling local-waker v0.1.4
[INFO] [stderr]    Compiling signal-hook v0.3.17
[INFO] [stderr]    Compiling unicode-segmentation v1.11.0
[INFO] [stderr]    Compiling rustls v0.21.12
[INFO] [stderr]    Compiling hkdf v0.12.4
[INFO] [stderr]    Compiling aes v0.8.4
[INFO] [stderr]    Compiling clang-sys v1.8.1
[INFO] [stderr]    Compiling heck v0.4.1
[INFO] [stderr]    Compiling axum-core v0.3.4
[INFO] [stderr]    Compiling universal-hash v0.5.1
[INFO] [stderr]    Compiling uncased v0.9.10
[INFO] [stderr]    Compiling opaque-debug v0.3.1
[INFO] [stderr]    Compiling alloc-no-stdlib v2.0.4
[INFO] [stderr]    Compiling zstd-safe v7.2.0
[INFO] [stderr]    Compiling prettyplease v0.2.22
[INFO] [stderr]    Compiling alloc-stdlib v0.2.2
[INFO] [stderr]    Compiling polyval v0.6.2
[INFO] [stderr]    Compiling actix-utils v3.0.1
[INFO] [stderr]    Compiling rustls-webpki v0.102.6
[INFO] [stderr]    Compiling actix-service v2.0.2
[INFO] [stderr]    Compiling axum v0.6.20
[INFO] [stderr]    Compiling regex-syntax v0.6.29
[INFO] [stderr]    Compiling urlencoding v2.1.3
[INFO] [stderr]    Compiling url v2.5.2
[INFO] [stderr]    Compiling tokio v1.39.2
[INFO] [stderr]    Compiling http v0.2.12
[INFO] [stderr]    Compiling either v1.13.0
[INFO] [stderr]    Compiling itertools v0.12.1
[INFO] [stderr]    Compiling deranged v0.3.11
[INFO] [stderr]    Compiling http-body v0.4.6
[INFO] [stderr]    Compiling adler v1.0.2
[INFO] [stderr]    Compiling miniz_oxide v0.7.4
[INFO] [stderr]    Compiling time v0.3.36
[INFO] [stderr]    Compiling regex-automata v0.1.10
[INFO] [stderr]    Compiling prost-derive v0.12.6
[INFO] [stderr]    Compiling bytestring v1.3.1
[INFO] [stderr]    Compiling prost v0.12.6
[INFO] [stderr]    Compiling opentelemetry v0.21.0
[INFO] [stderr]    Compiling signal-hook-mio v0.2.4
[INFO] [stderr]    Compiling ghash v0.5.1
[INFO] [stderr]    Compiling brotli-decompressor v4.0.1
[INFO] [stderr]    Compiling async-stream-impl v0.3.5
[INFO] [stderr]    Compiling ctr v0.9.2
[INFO] [stderr]    Compiling aead v0.5.2
[INFO] [stderr]    Compiling tokio-util v0.7.11
[INFO] [stderr]    Compiling tokio-stream v0.1.15
[INFO] [stderr]    Compiling actix-rt v2.10.0
[INFO] [stderr]    Compiling tokio-io-timeout v1.2.0
[INFO] [stderr]    Compiling h2 v0.3.26
[INFO] [stderr]    Compiling tower v0.4.13
[INFO] [stderr]    Compiling cookie v0.16.2
[INFO] [stderr]    Compiling crc32fast v1.4.2
[INFO] [stderr]    Compiling libloading v0.8.5
[INFO] [stderr]    Compiling overload v0.1.1
[INFO] [stderr]    Compiling crc-catalog v2.4.0
[INFO] [stderr]    Compiling regex-lite v0.1.6
[INFO] [stderr]    Compiling bindgen v0.66.1
[INFO] [stderr]    Compiling matchit v0.7.3
[INFO] [stderr]    Compiling sync_wrapper v0.1.2
[INFO] [stderr]    Compiling unicode_categories v0.1.1
[INFO] [stderr]    Compiling siphasher v0.3.11
[INFO] [stderr]    Compiling convert_case v0.4.0
[INFO] [stderr]    Compiling semver v1.0.23
[INFO] [stderr]    Compiling sqlformat v0.2.4
[INFO] [stderr]    Compiling zstd v0.13.2
[INFO] [stderr]    Compiling crc v3.2.1
[INFO] [stderr]    Compiling derive_more v0.99.18
[INFO] [stderr]    Compiling nu-ansi-term v0.46.0
[INFO] [stderr]    Compiling flate2 v1.0.30
[INFO] [stderr]    Compiling brotli v6.0.0
[INFO] [stderr]    Compiling actix-codec v0.5.2
[INFO] [stderr]    Compiling async-stream v0.3.5
[INFO] [stderr]    Compiling aes-gcm v0.10.3
[INFO] [stderr]    Compiling matchers v0.1.0
[INFO] [stderr]    Compiling which v4.4.2
[INFO] [stderr]    Compiling uuid v1.10.0
[INFO] [stderr]    Compiling tracing-serde v0.1.3
[INFO] [stderr]    Compiling local-channel v0.1.5
[INFO] [stderr]    Compiling hashlink v0.8.4
[INFO] [stderr]    Compiling cexpr v0.6.0
[INFO] [stderr]    Compiling crossbeam-queue v0.3.11
[INFO] [stderr]    Compiling crossbeam-channel v0.5.13
[INFO] [stderr]    Compiling rustls-pemfile v1.0.4
[INFO] [stderr]    Compiling sharded-slab v0.1.7
[INFO] [stderr]    Compiling ordered-float v4.2.2
[INFO] [stderr]    Compiling sha1 v0.10.6
[INFO] [stderr]    Compiling futures-intrusive v0.5.0
[INFO] [stderr]    Compiling hyper v0.14.30
[INFO] [stderr]    Compiling tracing-log v0.2.0
[INFO] [stderr]    Compiling thread_local v1.1.8
[INFO] [stderr]    Compiling encoding_rs v0.8.34
[INFO] [stderr]    Compiling peeking_take_while v0.1.2
[INFO] [stderr]    Compiling shlex v1.3.0
[INFO] [stderr]    Compiling rustls v0.22.4
[INFO] [stderr]    Compiling rustc-hash v1.1.0
[INFO] [stderr]    Compiling hex v0.4.3
[INFO] [stderr]    Compiling base64 v0.20.0
[INFO] [stderr]    Compiling webpki-roots v0.25.4
[INFO] [stderr]    Compiling heck v0.5.0
[INFO] [stderr]    Compiling language-tags v0.3.2
[INFO] [stderr]    Compiling iana-time-zone v0.1.60
[INFO] [stderr]    Compiling lazycell v1.3.0
[INFO] [stderr]    Compiling event-listener v2.5.3
[INFO] [stderr]    Compiling chrono v0.4.38
[INFO] [stderr]    Compiling strum_macros v0.26.4
[INFO] [stderr]    Compiling actix-http v3.8.0
[INFO] [stderr]    Compiling tracing-subscriber v0.3.18
[INFO] [stderr]    Compiling opentelemetry_sdk v0.21.2
[INFO] [stderr]    Compiling actix-router v0.5.3
[INFO] [stderr]    Compiling rustls-webpki v0.101.7
[INFO] [stderr]    Compiling sct v0.7.1
[INFO] [stderr]    Compiling crossterm v0.26.1
[INFO] [stderr]    Compiling serde_urlencoded v0.7.1
[INFO] [stderr]    Compiling strum_macros v0.24.3
[INFO] [stderr]    Compiling rustls-pemfile v2.1.3
[INFO] [stderr]    Compiling unicode-properties v0.1.1
[INFO] [stderr]    Compiling openssl-probe v0.1.5
[INFO] [stderr]    Compiling unicode-width v0.1.13
[INFO] [stderr]    Compiling strum v0.24.1
[INFO] [stderr]    Compiling base64ct v1.6.0
[INFO] [stderr]    Compiling pem-rfc7468 v0.7.0
[INFO] [stderr]    Compiling comfy-table v6.2.0
[INFO] [stderr]    Compiling hyper-timeout v0.4.1
[INFO] [stderr]    Compiling rustls-native-certs v0.7.2
[INFO] [stderr]    Compiling stringprep v0.1.5
[INFO] [stderr]    Compiling tracing-opentelemetry v0.22.0
[INFO] [stderr]    Compiling atoi v2.0.0
[INFO] [stderr]    Compiling rustc_version v0.4.0
[INFO] [stderr]    Compiling libsql-ffi v0.2.1
[INFO] [stderr]    Compiling strum v0.26.3
[INFO] [stderr]    Compiling actix-web-codegen v4.3.0
[INFO] [stderr]    Compiling phf_shared v0.11.2
[INFO] [stderr]    Compiling actix-server v2.4.0
[INFO] [stderr]    Compiling opentelemetry-http v0.10.0
[INFO] [stderr]    Compiling crossterm v0.27.0
[INFO] [stderr]    Compiling actix-macros v0.2.4
[INFO] [stderr]    Compiling proc-macro-error-attr v1.0.4
[INFO] [stderr]    Compiling unicase v2.7.0
[INFO] [stderr]    Compiling whoami v1.5.1
[INFO] [stderr]    Compiling dotenvy v0.15.7
[INFO] [stderr]    Compiling const-oid v0.9.6
[INFO] [stderr]    Compiling fastrand v2.1.0
[INFO] [stderr]    Compiling der v0.7.9
[INFO] [stderr]    Compiling tempfile v3.11.0
[INFO] [stderr]    Compiling actix-web v4.8.0
[INFO] [stderr]    Compiling sqlx-core v0.7.4
[INFO] [stderr]    Compiling tokio-rustls v0.25.0
[INFO] [stderr]    Compiling shuttle-common v0.47.0
[INFO] [stderr]    Compiling phf_generator v0.11.2
[INFO] [stderr]    Compiling curve25519-dalek v4.1.3
[INFO] [stderr]    Compiling md-5 v0.10.6
[INFO] [stderr]    Compiling futures v0.3.30
[INFO] [stderr]    Compiling webpki-roots v0.26.5
[INFO] [stderr]    Compiling num-integer v0.1.46
[INFO] [stderr]    Compiling signature v2.2.0
[INFO] [stderr]    Compiling proc-macro-error v1.0.4
[INFO] [stderr]    Compiling ident_case v1.0.1
[INFO] [stderr]    Compiling strsim v0.11.1
[INFO] [stderr]    Compiling darling_core v0.20.10
[INFO] [stderr]    Compiling num-bigint v0.4.6
[INFO] [stderr]    Compiling spki v0.7.3
[INFO] [stderr]    Compiling phf_codegen v0.11.2
[INFO] [stderr]    Compiling sqlx-postgres v0.7.4
[INFO] [stderr]    Compiling curve25519-dalek-derive v0.1.1
[INFO] [stderr]    Compiling fallible-streaming-iterator v0.1.9
[INFO] [stderr]    Compiling rustls v0.23.12
[INFO] [stderr]    Compiling strfmt v0.2.4
[INFO] [stderr]    Compiling fallible-iterator v0.2.0
[INFO] [stderr]    Compiling shuttle-service v0.47.0
[INFO] [stderr]    Compiling mime_guess v2.0.5
[INFO] [stderr]    Compiling darling_macro v0.20.10
[INFO] [stderr]    Compiling libsql-sqlite3-parser v0.11.1
[INFO] [stderr]    Compiling pkcs8 v0.10.2
[INFO] [stderr]    Compiling ed25519 v2.2.3
[INFO] [stderr]    Compiling tonic v0.11.0
[INFO] [stderr]    Compiling tonic v0.10.2
[INFO] [stderr]    Compiling prost-types v0.12.6
[INFO] [stderr]    Compiling portable-atomic v1.7.0
[INFO] [stderr]    Compiling http-range-header v0.3.1
[INFO] [stderr]    Compiling sqlx-macros-core v0.7.4
[INFO] [stderr]    Compiling v_htmlescape v0.15.8
[INFO] [stderr]    Compiling tower-http v0.4.4
[INFO] [stderr]    Compiling phf v0.11.2
[INFO] [stderr]    Compiling shuttle-proto v0.47.0
[INFO] [stderr]    Compiling ed25519-dalek v2.1.1
[INFO] [stderr]    Compiling signatory v0.27.1
[INFO] [stderr]    Compiling shuttle-codegen v0.47.0
[INFO] [stderr]    Compiling darling v0.20.10
[INFO] [stderr]    Compiling sqlx-macros v0.7.4
[INFO] [stderr]    Compiling combine v4.6.7
[INFO] [stderr]    Compiling tokio-retry v0.3.0
[INFO] [stderr]    Compiling http v1.1.0
[INFO] [stderr]    Compiling cbc v0.1.2
[INFO] [stderr]    Compiling libsql-rusqlite v0.30.0
[INFO] [stderr]    Compiling colored v2.1.0
[INFO] [stderr]    Compiling impl-more v0.1.6
[INFO] [stderr]    Compiling arc-swap v1.7.1
[INFO] [stderr]    Compiling fallible-iterator v0.3.0
[INFO] [stderr]    Compiling data-encoding v2.6.0
[INFO] [stderr]    Compiling libsql-sys v0.5.0
[INFO] [stderr]    Compiling parse-size v1.0.0
[INFO] [stderr]    Compiling libsql_replication v0.3.1
[INFO] [stderr]    Compiling actix-multipart-derive v0.7.0
[INFO] [stderr]    Compiling tokio-rustls v0.26.0
[INFO] [stderr]    Compiling nkeys v0.4.3
[INFO] [stderr]    Compiling sqlx v0.7.4
[INFO] [stderr]    Compiling actix-tls v3.4.0
[INFO] [stderr]    Compiling shuttle-runtime v0.47.0
[INFO] [stderr]    Compiling tonic-web v0.11.0
[INFO] [stderr]    Compiling simple_asn1 v0.6.2
[INFO] [stderr]    Compiling hyper-rustls v0.25.0
[INFO] [stderr]    Compiling tryhard v0.5.1
[INFO] [stderr]    Compiling libsql-hrana v0.1.1
[INFO] [stderr]    Compiling bincode v1.3.3
[INFO] [stderr]    Compiling serde_nanos v0.1.4
[INFO] [stderr]    Compiling serde_plain v1.0.2
[INFO] [stderr]    Compiling redis v0.26.1
[INFO] [stderr]    Compiling serde_repr v0.1.19
[INFO] [stderr]    Compiling pem v3.0.4
[INFO] [stderr]    Compiling nuid v0.5.0
[INFO] [stderr]    Compiling num_cpus v1.16.0
[INFO] [stderr]    Compiling http-range v0.1.5
[INFO] [stderr]    Compiling shuttle-actix-web v0.47.0
[INFO] [stderr]    Compiling async-nats v0.35.1
[INFO] [stderr]    Compiling actix-files v0.6.6
[INFO] [stderr]    Compiling jsonwebtoken v9.3.0
[INFO] [stderr]    Compiling actix-multipart v0.7.2
[INFO] [stderr]    Compiling awc v3.5.1
[INFO] [stderr]    Compiling shuttle-shared-db v0.47.0
[INFO] [stderr]    Compiling libsql v0.3.5
[INFO] [stderr]    Compiling actix-ws v0.3.0
[INFO] [stderr]    Compiling cron v0.12.1
[INFO] [stderr]    Compiling dotenv v0.15.0
[INFO] [stderr]    Compiling actix-session v0.10.0
[INFO] [stderr]    Compiling easydev-api v0.1.0 (/opt/rustwide/workdir)
[INFO] [stdout] warning: unused import: `chrono::Local`
[INFO] [stdout]  --> src/main.rs:3:5
[INFO] [stdout]   |
[INFO] [stdout] 3 | use chrono::Local;
[INFO] [stdout]   |     ^^^^^^^^^^^^^
[INFO] [stdout]   |
[INFO] [stdout]   = note: `#[warn(unused_imports)]` on by default
[INFO] [stdout] 
[INFO] [stdout] 
[INFO] [stdout] warning: unused import: `middleware::auth::TokenAuth`
[INFO] [stdout]  --> src/main.rs:9:5
[INFO] [stdout]   |
[INFO] [stdout] 9 | use middleware::auth::TokenAuth;
[INFO] [stdout]   |     ^^^^^^^^^^^^^^^^^^^^^^^^^^^
[INFO] [stdout] 
[INFO] [stdout] 
[INFO] [stdout] warning: unused import: `str::FromStr`
[INFO] [stdout]   --> src/main.rs:13:16
[INFO] [stdout]    |
[INFO] [stdout] 13 | use std::{env, str::FromStr};
[INFO] [stdout]    |                ^^^^^^^^^^^^
[INFO] [stdout] 
[INFO] [stdout] 
[INFO] [stdout] warning: unused import: `HashSet`
[INFO] [stdout]  --> src/chatserver/types.rs:1:34
[INFO] [stdout]   |
[INFO] [stdout] 1 | use std::{collections::{HashMap, HashSet}, sync::{atomic::AtomicUsize, Arc}};
[INFO] [stdout]   |                                  ^^^^^^^
[INFO] [stdout] 
[INFO] [stdout] 
[INFO] [stdout] warning: struct `CronState` is never constructed
[INFO] [stdout]   --> src/main.rs:27:8
[INFO] [stdout]    |
[INFO] [stdout] 27 | struct CronState {
[INFO] [stdout]    |        ^^^^^^^^^
[INFO] [stdout]    |
[INFO] [stdout]    = note: `#[warn(dead_code)]` on by default
[INFO] [stdout] 
[INFO] [stdout] 
[INFO] [stdout] warning: function `vector_to_string` is never used
[INFO] [stdout]  --> src/utils/sqlite/room.rs:6:8
[INFO] [stdout]   |
[INFO] [stdout] 6 |     fn vector_to_string(strings: &[String]) -> String {
[INFO] [stdout]   |        ^^^^^^^^^^^^^^^^
[INFO] [stdout] 
[INFO] [stdout] 
[INFO] [stdout] warning: function `insert` is never used
[INFO] [stdout]   --> src/utils/sqlite/room.rs:21:18
[INFO] [stdout]    |
[INFO] [stdout] 21 |     pub async fn insert(r: PersonalRoom, client: &Database, id: &str)-> Result<u64, libsql::Error> {
[INFO] [stdout]    |                  ^^^^^^
[INFO] [stdout] 
[INFO] [stdout] 
[INFO] [stdout] warning: function `insert` is never used
[INFO] [stdout]  --> src/utils/sqlite/user.rs:5:18
[INFO] [stdout]   |
[INFO] [stdout] 5 |     pub async fn insert(user: UserModel, client: &Database, id: &str)-> Result<u64, libsql::Error> {
[INFO] [stdout]   |                  ^^^^^^
[INFO] [stdout] 
[INFO] [stdout] 
[INFO] [stdout] warning: function `get` is never used
[INFO] [stdout]   --> src/utils/sqlite/user.rs:13:18
[INFO] [stdout]    |
[INFO] [stdout] 13 |     pub async fn get(id: &str, client: &Database) -> Option<UserModel> {
[INFO] [stdout]    |                  ^^^
[INFO] [stdout] 
[INFO] [stdout] 
[INFO] [stdout] warning: function `get_by_email` is never used
[INFO] [stdout]   --> src/utils/sqlite/user.rs:37:18
[INFO] [stdout]    |
[INFO] [stdout] 37 |     pub async fn get_by_email(email: &str, client: &Database) -> Option<UserModel> {
[INFO] [stdout]    |                  ^^^^^^^^^^^^
[INFO] [stdout] 
[INFO] [stdout] 
[INFO] [stdout] warning: function `get_all` is never used
[INFO] [stdout]   --> src/utils/sqlite/user.rs:64:18
[INFO] [stdout]    |
[INFO] [stdout] 64 |     pub async fn get_all(client: &Database) -> Option<Vec<UserModel>> {
[INFO] [stdout]    |                  ^^^^^^^
[INFO] [stdout] 
[INFO] [stdout] 
[INFO] [stdout] warning: function `delete` is never used
[INFO] [stdout]   --> src/utils/sqlite/user.rs:91:18
[INFO] [stdout]    |
[INFO] [stdout] 91 |     pub async fn delete(id: &str, client: &Database) -> Result<u64, libsql::Error> {
[INFO] [stdout]    |                  ^^^^^^
[INFO] [stdout] 
[INFO] [stdout] 
[INFO] [stdout] warning: function `string_to_vector` is never used
[INFO] [stdout]   --> src/utils/sqlite/message.rs:11:8
[INFO] [stdout]    |
[INFO] [stdout] 11 |     fn string_to_vector(string: String) -> Option<Vec<String>> {
[INFO] [stdout]    |        ^^^^^^^^^^^^^^^^
[INFO] [stdout] 
[INFO] [stdout] 
[INFO] [stderr]     Finished `dev` profile [unoptimized + debuginfo] target(s) in 7m 58s
[INFO] running `Command { std: "docker" "inspect" "74e216665db4b27b4abc821bbf536a38b5ea258152fb3f7a0abf091edfdaa53f", kill_on_drop: false }`
[INFO] running `Command { std: "docker" "rm" "-f" "74e216665db4b27b4abc821bbf536a38b5ea258152fb3f7a0abf091edfdaa53f", kill_on_drop: false }`
[INFO] [stdout] 74e216665db4b27b4abc821bbf536a38b5ea258152fb3f7a0abf091edfdaa53f
[INFO] running `Command { std: "docker" "create" "-v" "/var/lib/crater-agent-workspace/builds/worker-1-tc1/target:/opt/rustwide/target:rw,Z" "-v" "/var/lib/crater-agent-workspace/builds/worker-1-tc1/source:/opt/rustwide/workdir:ro,Z" "-v" "/var/lib/crater-agent-workspace/cargo-home:/opt/rustwide/cargo-home:ro,Z" "-v" "/var/lib/crater-agent-workspace/rustup-home:/opt/rustwide/rustup-home:ro,Z" "-e" "SOURCE_DIR=/opt/rustwide/workdir" "-e" "CARGO_TARGET_DIR=/opt/rustwide/target" "-e" "CARGO_INCREMENTAL=0" "-e" "RUST_BACKTRACE=full" "-e" "RUSTFLAGS=--cap-lints=forbid" "-e" "RUSTDOCFLAGS=--cap-lints=forbid" "-e" "CARGO_HOME=/opt/rustwide/cargo-home" "-e" "RUSTUP_HOME=/opt/rustwide/rustup-home" "-w" "/opt/rustwide/workdir" "-m" "1610612736" "--user" "0:0" "--network" "none" "ghcr.io/rust-lang/crates-build-env/linux@sha256:819108c5571ea2e421544af4d832f968d213c87fbe3707a016657f43d2f853bc" "/opt/rustwide/cargo-home/bin/cargo" "+nightly-2025-01-18" "test" "--frozen" "--no-run" "--message-format=json", kill_on_drop: false }`
[INFO] [stdout] 8a6e9f3b0478c59e296379deb41536afbf1b5f123ebe7d48b9c3c97f4816dfa0
[INFO] running `Command { std: "docker" "start" "-a" "8a6e9f3b0478c59e296379deb41536afbf1b5f123ebe7d48b9c3c97f4816dfa0", kill_on_drop: false }`
[INFO] [stderr]    Compiling easydev-api v0.1.0 (/opt/rustwide/workdir)
[INFO] [stdout] warning: unused import: `chrono::Local`
[INFO] [stdout]  --> src/main.rs:3:5
[INFO] [stdout]   |
[INFO] [stdout] 3 | use chrono::Local;
[INFO] [stdout]   |     ^^^^^^^^^^^^^
[INFO] [stdout]   |
[INFO] [stdout]   = note: `#[warn(unused_imports)]` on by default
[INFO] [stdout] 
[INFO] [stdout] 
[INFO] [stdout] warning: unused import: `str::FromStr`
[INFO] [stdout]   --> src/main.rs:13:16
[INFO] [stdout]    |
[INFO] [stdout] 13 | use std::{env, str::FromStr};
[INFO] [stdout]    |                ^^^^^^^^^^^^
[INFO] [stdout] 
[INFO] [stdout] 
[INFO] [stdout] warning: unused import: `HashSet`
[INFO] [stdout]  --> src/chatserver/types.rs:1:34
[INFO] [stdout]   |
[INFO] [stdout] 1 | use std::{collections::{HashMap, HashSet}, sync::{atomic::AtomicUsize, Arc}};
[INFO] [stdout]   |                                  ^^^^^^^
[INFO] [stdout] 
[INFO] [stdout] 
[INFO] [stdout] warning: struct `CronState` is never constructed
[INFO] [stdout]   --> src/main.rs:27:8
[INFO] [stdout]    |
[INFO] [stdout] 27 | struct CronState {
[INFO] [stdout]    |        ^^^^^^^^^
[INFO] [stdout]    |
[INFO] [stdout]    = note: `#[warn(dead_code)]` on by default
[INFO] [stdout] 
[INFO] [stdout] 
[INFO] [stdout] warning: function `vector_to_string` is never used
[INFO] [stdout]  --> src/utils/sqlite/room.rs:6:8
[INFO] [stdout]   |
[INFO] [stdout] 6 |     fn vector_to_string(strings: &[String]) -> String {
[INFO] [stdout]   |        ^^^^^^^^^^^^^^^^
[INFO] [stdout] 
[INFO] [stdout] 
[INFO] [stdout] warning: function `insert` is never used
[INFO] [stdout]   --> src/utils/sqlite/room.rs:21:18
[INFO] [stdout]    |
[INFO] [stdout] 21 |     pub async fn insert(r: PersonalRoom, client: &Database, id: &str)-> Result<u64, libsql::Error> {
[INFO] [stdout]    |                  ^^^^^^
[INFO] [stdout] 
[INFO] [stdout] 
[INFO] [stdout] warning: function `insert` is never used
[INFO] [stdout]  --> src/utils/sqlite/user.rs:5:18
[INFO] [stdout]   |
[INFO] [stdout] 5 |     pub async fn insert(user: UserModel, client: &Database, id: &str)-> Result<u64, libsql::Error> {
[INFO] [stdout]   |                  ^^^^^^
[INFO] [stdout] 
[INFO] [stdout] 
[INFO] [stdout] warning: function `get` is never used
[INFO] [stdout]   --> src/utils/sqlite/user.rs:13:18
[INFO] [stdout]    |
[INFO] [stdout] 13 |     pub async fn get(id: &str, client: &Database) -> Option<UserModel> {
[INFO] [stdout]    |                  ^^^
[INFO] [stdout] 
[INFO] [stdout] 
[INFO] [stdout] warning: function `get_by_email` is never used
[INFO] [stdout]   --> src/utils/sqlite/user.rs:37:18
[INFO] [stdout]    |
[INFO] [stdout] 37 |     pub async fn get_by_email(email: &str, client: &Database) -> Option<UserModel> {
[INFO] [stdout]    |                  ^^^^^^^^^^^^
[INFO] [stdout] 
[INFO] [stdout] 
[INFO] [stdout] warning: function `get_all` is never used
[INFO] [stdout]   --> src/utils/sqlite/user.rs:64:18
[INFO] [stdout]    |
[INFO] [stdout] 64 |     pub async fn get_all(client: &Database) -> Option<Vec<UserModel>> {
[INFO] [stdout]    |                  ^^^^^^^
[INFO] [stdout] 
[INFO] [stdout] 
[INFO] [stdout] warning: function `delete` is never used
[INFO] [stdout]   --> src/utils/sqlite/user.rs:91:18
[INFO] [stdout]    |
[INFO] [stdout] 91 |     pub async fn delete(id: &str, client: &Database) -> Result<u64, libsql::Error> {
[INFO] [stdout]    |                  ^^^^^^
[INFO] [stdout] 
[INFO] [stdout] 
[INFO] [stdout] warning: function `string_to_vector` is never used
[INFO] [stdout]   --> src/utils/sqlite/message.rs:11:8
[INFO] [stdout]    |
[INFO] [stdout] 11 |     fn string_to_vector(string: String) -> Option<Vec<String>> {
[INFO] [stdout]    |        ^^^^^^^^^^^^^^^^
[INFO] [stdout] 
[INFO] [stdout] 
[INFO] [stderr]     Finished `test` profile [unoptimized + debuginfo] target(s) in 10.20s
[INFO] running `Command { std: "docker" "inspect" "8a6e9f3b0478c59e296379deb41536afbf1b5f123ebe7d48b9c3c97f4816dfa0", kill_on_drop: false }`
[INFO] running `Command { std: "docker" "rm" "-f" "8a6e9f3b0478c59e296379deb41536afbf1b5f123ebe7d48b9c3c97f4816dfa0", kill_on_drop: false }`
[INFO] [stdout] 8a6e9f3b0478c59e296379deb41536afbf1b5f123ebe7d48b9c3c97f4816dfa0
[INFO] running `Command { std: "docker" "create" "-v" "/var/lib/crater-agent-workspace/builds/worker-1-tc1/target:/opt/rustwide/target:rw,Z" "-v" "/var/lib/crater-agent-workspace/builds/worker-1-tc1/source:/opt/rustwide/workdir:ro,Z" "-v" "/var/lib/crater-agent-workspace/cargo-home:/opt/rustwide/cargo-home:ro,Z" "-v" "/var/lib/crater-agent-workspace/rustup-home:/opt/rustwide/rustup-home:ro,Z" "-e" "SOURCE_DIR=/opt/rustwide/workdir" "-e" "CARGO_TARGET_DIR=/opt/rustwide/target" "-e" "CARGO_INCREMENTAL=0" "-e" "RUST_BACKTRACE=full" "-e" "RUSTFLAGS=--cap-lints=forbid" "-e" "RUSTDOCFLAGS=--cap-lints=forbid" "-e" "CARGO_HOME=/opt/rustwide/cargo-home" "-e" "RUSTUP_HOME=/opt/rustwide/rustup-home" "-w" "/opt/rustwide/workdir" "-m" "1610612736" "--user" "0:0" "--network" "none" "ghcr.io/rust-lang/crates-build-env/linux@sha256:819108c5571ea2e421544af4d832f968d213c87fbe3707a016657f43d2f853bc" "/opt/rustwide/cargo-home/bin/cargo" "+nightly-2025-01-18" "test" "--frozen", kill_on_drop: false }`
[INFO] [stdout] 0dfdd9abdf13408bec15164e1321616ff1a0336d82676e855658cce5f87eba0f
[INFO] running `Command { std: "docker" "start" "-a" "0dfdd9abdf13408bec15164e1321616ff1a0336d82676e855658cce5f87eba0f", kill_on_drop: false }`
[INFO] [stderr] warning: unused import: `chrono::Local`
[INFO] [stderr]  --> src/main.rs:3:5
[INFO] [stderr]   |
[INFO] [stderr] 3 | use chrono::Local;
[INFO] [stderr]   |     ^^^^^^^^^^^^^
[INFO] [stderr]   |
[INFO] [stderr]   = note: `#[warn(unused_imports)]` on by default
[INFO] [stderr] 
[INFO] [stderr] warning: unused import: `str::FromStr`
[INFO] [stderr]   --> src/main.rs:13:16
[INFO] [stderr]    |
[INFO] [stderr] 13 | use std::{env, str::FromStr};
[INFO] [stderr]    |                ^^^^^^^^^^^^
[INFO] [stderr] 
[INFO] [stderr] warning: unused import: `HashSet`
[INFO] [stderr]  --> src/chatserver/types.rs:1:34
[INFO] [stderr]   |
[INFO] [stderr] 1 | use std::{collections::{HashMap, HashSet}, sync::{atomic::AtomicUsize, Arc}};
[INFO] [stderr]   |                                  ^^^^^^^
[INFO] [stderr] 
[INFO] [stderr] warning: struct `CronState` is never constructed
[INFO] [stderr]   --> src/main.rs:27:8
[INFO] [stderr]    |
[INFO] [stderr] 27 | struct CronState {
[INFO] [stderr]    |        ^^^^^^^^^
[INFO] [stderr]    |
[INFO] [stderr]    = note: `#[warn(dead_code)]` on by default
[INFO] [stderr] 
[INFO] [stderr] warning: function `vector_to_string` is never used
[INFO] [stderr]  --> src/utils/sqlite/room.rs:6:8
[INFO] [stderr]   |
[INFO] [stderr] 6 |     fn vector_to_string(strings: &[String]) -> String {
[INFO] [stderr]   |        ^^^^^^^^^^^^^^^^
[INFO] [stderr] 
[INFO] [stderr] warning: function `insert` is never used
[INFO] [stderr]   --> src/utils/sqlite/room.rs:21:18
[INFO] [stderr]    |
[INFO] [stderr] 21 |     pub async fn insert(r: PersonalRoom, client: &Database, id: &str)-> Result<u64, libsql::Error> {
[INFO] [stderr]    |                  ^^^^^^
[INFO] [stderr] 
[INFO] [stderr] warning: function `insert` is never used
[INFO] [stderr]  --> src/utils/sqlite/user.rs:5:18
[INFO] [stderr]   |
[INFO] [stderr] 5 |     pub async fn insert(user: UserModel, client: &Database, id: &str)-> Result<u64, libsql::Error> {
[INFO] [stderr]   |                  ^^^^^^
[INFO] [stderr] 
[INFO] [stderr] warning: function `get` is never used
[INFO] [stderr]   --> src/utils/sqlite/user.rs:13:18
[INFO] [stderr]    |
[INFO] [stderr] 13 |     pub async fn get(id: &str, client: &Database) -> Option<UserModel> {
[INFO] [stderr]    |                  ^^^
[INFO] [stderr] 
[INFO] [stderr] warning: function `get_by_email` is never used
[INFO] [stderr]   --> src/utils/sqlite/user.rs:37:18
[INFO] [stderr]    |
[INFO] [stderr] 37 |     pub async fn get_by_email(email: &str, client: &Database) -> Option<UserModel> {
[INFO] [stderr]    |                  ^^^^^^^^^^^^
[INFO] [stderr] 
[INFO] [stderr] warning: function `get_all` is never used
[INFO] [stderr]   --> src/utils/sqlite/user.rs:64:18
[INFO] [stderr]    |
[INFO] [stderr] 64 |     pub async fn get_all(client: &Database) -> Option<Vec<UserModel>> {
[INFO] [stderr]    |                  ^^^^^^^
[INFO] [stderr] 
[INFO] [stderr] warning: function `delete` is never used
[INFO] [stderr]   --> src/utils/sqlite/user.rs:91:18
[INFO] [stderr]    |
[INFO] [stderr] 91 |     pub async fn delete(id: &str, client: &Database) -> Result<u64, libsql::Error> {
[INFO] [stderr]    |                  ^^^^^^
[INFO] [stderr] 
[INFO] [stderr] warning: function `string_to_vector` is never used
[INFO] [stderr]   --> src/utils/sqlite/message.rs:11:8
[INFO] [stderr]    |
[INFO] [stderr] 11 |     fn string_to_vector(string: String) -> Option<Vec<String>> {
[INFO] [stderr]    |        ^^^^^^^^^^^^^^^^
[INFO] [stderr] 
[INFO] [stderr] warning: `easydev-api` (bin "easydev-api" test) generated 12 warnings (run `cargo fix --bin "easydev-api" --tests` to apply 3 suggestions)
[INFO] [stderr]     Finished `test` profile [unoptimized + debuginfo] target(s) in 0.90s
[INFO] [stderr]      Running unittests src/main.rs (/opt/rustwide/target/debug/deps/easydev_api-99c600b6abd5ed82)
[INFO] [stdout] 
[INFO] [stdout] running 3 tests
[INFO] [stdout] test tests::test_index_post ... ok
[INFO] [stdout] test utils::db::db_test::test_user_insert ... FAILED
[INFO] [stdout] test tests::test_login ... FAILED
[INFO] [stdout] 
[INFO] [stdout] failures:
[INFO] [stdout] 
[INFO] [stdout] ---- utils::db::db_test::test_user_insert stdout ----
[INFO] [stdout] 
[INFO] [stdout] thread 'utils::db::db_test::test_user_insert' panicked at src/utils/db.rs:99:66:
[INFO] [stdout] the database connection string was not set: NotPresent
[INFO] [stdout] stack backtrace:
[INFO] [stdout]    0:     0x5924710b4afa - std::backtrace_rs::backtrace::libunwind::trace::hb059275cfc8d6126
[INFO] [stdout]                                at /rustc/6067b36314ab5eb2eb47cecc464545ba58e1ad24/library/std/src/../../backtrace/src/backtrace/libunwind.rs:116:5
[INFO] [stdout]    1:     0x5924710b4afa - std::backtrace_rs::backtrace::trace_unsynchronized::h2da071e4327ce3ee
[INFO] [stdout]                                at /rustc/6067b36314ab5eb2eb47cecc464545ba58e1ad24/library/std/src/../../backtrace/src/backtrace/mod.rs:66:5
[INFO] [stdout]    2:     0x5924710b4afa - std::sys::backtrace::_print_fmt::h842a1474e6f8d23f
[INFO] [stdout]                                at /rustc/6067b36314ab5eb2eb47cecc464545ba58e1ad24/library/std/src/sys/backtrace.rs:66:9
[INFO] [stdout]    3:     0x5924710b4afa - <std::sys::backtrace::BacktraceLock::print::DisplayBacktrace as core::fmt::Display>::fmt::h71a62eb3b9696b12
[INFO] [stdout]                                at /rustc/6067b36314ab5eb2eb47cecc464545ba58e1ad24/library/std/src/sys/backtrace.rs:39:26
[INFO] [stdout]    4:     0x5924710e2713 - core::fmt::rt::Argument::fmt::hdb6b616786b41dc1
[INFO] [stdout]                                at /rustc/6067b36314ab5eb2eb47cecc464545ba58e1ad24/library/core/src/fmt/rt.rs:177:76
[INFO] [stdout]    5:     0x5924710e2713 - core::fmt::write::h2cc1698af7e2d686
[INFO] [stdout]                                at /rustc/6067b36314ab5eb2eb47cecc464545ba58e1ad24/library/core/src/fmt/mod.rs:1440:21
[INFO] [stdout]    6:     0x5924710b0283 - std::io::Write::write_fmt::hab1b4cd059a79022
[INFO] [stdout]                                at /rustc/6067b36314ab5eb2eb47cecc464545ba58e1ad24/library/std/src/io/mod.rs:1887:15
[INFO] [stdout]    7:     0x5924710b4942 - std::sys::backtrace::BacktraceLock::print::h147fe35b4ea13b08
[INFO] [stdout]                                at /rustc/6067b36314ab5eb2eb47cecc464545ba58e1ad24/library/std/src/sys/backtrace.rs:42:9
[INFO] [stdout]    8:     0x5924710b5f1f - std::panicking::default_hook::{{closure}}::hbd44223dbdc0d208
[INFO] [stdout]                                at /rustc/6067b36314ab5eb2eb47cecc464545ba58e1ad24/library/std/src/panicking.rs:298:22
[INFO] [stdout]    9:     0x5924710b5d38 - std::panicking::default_hook::h20f81eb0576efcec
[INFO] [stdout]                                at /rustc/6067b36314ab5eb2eb47cecc464545ba58e1ad24/library/std/src/panicking.rs:322:9
[INFO] [stdout]   10:     0x59246fdc1e83 - <alloc::boxed::Box<F,A> as core::ops::function::Fn<Args>>::call::hdb53814c496a4d34
[INFO] [stdout]                                at /rustc/6067b36314ab5eb2eb47cecc464545ba58e1ad24/library/alloc/src/boxed.rs:2027:9
[INFO] [stdout]   11:     0x59246fdc1e83 - test::test_main::{{closure}}::hc0a4963c59427c24
[INFO] [stdout]                                at /rustc/6067b36314ab5eb2eb47cecc464545ba58e1ad24/library/test/src/lib.rs:134:21
[INFO] [stdout]   12:     0x5924710b6a13 - <alloc::boxed::Box<F,A> as core::ops::function::Fn<Args>>::call::h591b2225413a77e9
[INFO] [stdout]                                at /rustc/6067b36314ab5eb2eb47cecc464545ba58e1ad24/library/alloc/src/boxed.rs:2027:9
[INFO] [stdout]   13:     0x5924710b6a13 - std::panicking::rust_panic_with_hook::h625eea43051b2edc
[INFO] [stdout]                                at /rustc/6067b36314ab5eb2eb47cecc464545ba58e1ad24/library/std/src/panicking.rs:839:13
[INFO] [stdout]   14:     0x5924710b66ca - std::panicking::begin_panic_handler::{{closure}}::h4f9159cfbc3f6bd3
[INFO] [stdout]                                at /rustc/6067b36314ab5eb2eb47cecc464545ba58e1ad24/library/std/src/panicking.rs:704:13
[INFO] [stdout]   15:     0x5924710b4ff9 - std::sys::backtrace::__rust_end_short_backtrace::h0390abce48353151
[INFO] [stdout]                                at /rustc/6067b36314ab5eb2eb47cecc464545ba58e1ad24/library/std/src/sys/backtrace.rs:168:18
[INFO] [stdout]   16:     0x5924710b635d - rust_begin_unwind
[INFO] [stdout]                                at /rustc/6067b36314ab5eb2eb47cecc464545ba58e1ad24/library/std/src/panicking.rs:695:5
[INFO] [stdout]   17:     0x5924710dfec0 - core::panicking::panic_fmt::h9e7c637e9e5f29c9
[INFO] [stdout]                                at /rustc/6067b36314ab5eb2eb47cecc464545ba58e1ad24/library/core/src/panicking.rs:75:14
[INFO] [stdout]   18:     0x5924710e0396 - core::result::unwrap_failed::h7979f09313fe1849
[INFO] [stdout]                                at /rustc/6067b36314ab5eb2eb47cecc464545ba58e1ad24/library/core/src/result.rs:1704:5
[INFO] [stdout]   19:     0x59246fc97b06 - core::result::Result<T,E>::expect::hdc0b78e5c87cd910
[INFO] [stdout]                                at /rustc/6067b36314ab5eb2eb47cecc464545ba58e1ad24/library/core/src/result.rs:1061:23
[INFO] [stdout]   20:     0x59246fcd20e8 - easydev_api::utils::db::db_test::create_db_pool::{{closure}}::h12caa0a6d7e78a45
[INFO] [stdout]                                at /opt/rustwide/workdir/src/utils/db.rs:99:27
[INFO] [stdout]   21:     0x59246fcd2e0b - easydev_api::utils::db::db_test::test_user_insert::{{closure}}::h104396f404f21ed9
[INFO] [stdout]                                at /opt/rustwide/workdir/src/utils/db.rs:67:37
[INFO] [stdout]   22:     0x59246fcde4df - <tokio::task::local::RunUntil<T> as core::future::future::Future>::poll::{{closure}}::h2f50ff674c5db897
[INFO] [stdout]                                at /opt/rustwide/cargo-home/registry/src/index.crates.io-1949cf8c6b5b557f/tokio-1.39.2/src/task/local.rs:995:42
[INFO] [stdout]   23:     0x59246fcd8570 - tokio::task::local::LocalSet::with::{{closure}}::hf9db4367fee48785
[INFO] [stdout]                                at /opt/rustwide/cargo-home/registry/src/index.crates.io-1949cf8c6b5b557f/tokio-1.39.2/src/task/local.rs:747:13
[INFO] [stdout]   24:     0x59246fcb33f5 - std::thread::local::LocalKey<T>::try_with::h88deb9fc72fd6f48
[INFO] [stdout]                                at /rustc/6067b36314ab5eb2eb47cecc464545ba58e1ad24/library/std/src/thread/local.rs:308:12
[INFO] [stdout]   25:     0x59246fcb135a - std::thread::local::LocalKey<T>::with::h6fd11038635f4c5b
[INFO] [stdout]                                at /rustc/6067b36314ab5eb2eb47cecc464545ba58e1ad24/library/std/src/thread/local.rs:272:9
[INFO] [stdout]   26:     0x59246fcd82f6 - tokio::task::local::LocalSet::with::h17a53df85e7a12ad
[INFO] [stdout]                                at /opt/rustwide/cargo-home/registry/src/index.crates.io-1949cf8c6b5b557f/tokio-1.39.2/src/task/local.rs:745:9
[INFO] [stdout]   27:     0x59246fcde265 - <tokio::task::local::RunUntil<T> as core::future::future::Future>::poll::h3db992efe25d53ac
[INFO] [stdout]                                at /opt/rustwide/cargo-home/registry/src/index.crates.io-1949cf8c6b5b557f/tokio-1.39.2/src/task/local.rs:985:9
[INFO] [stdout]   28:     0x59246fcd8a01 - tokio::task::local::LocalSet::run_until::{{closure}}::h60b8e3d13a7f87de
[INFO] [stdout]                                at /opt/rustwide/cargo-home/registry/src/index.crates.io-1949cf8c6b5b557f/tokio-1.39.2/src/task/local.rs:639:19
[INFO] [stdout]   29:     0x59246fc9acad - <core::pin::Pin<P> as core::future::future::Future>::poll::h6f6fe03b2dd8b225
[INFO] [stdout]                                at /rustc/6067b36314ab5eb2eb47cecc464545ba58e1ad24/library/core/src/future/future.rs:124:9
[INFO] [stdout]   30:     0x59246fc9ac0d - <core::pin::Pin<P> as core::future::future::Future>::poll::h69c903ced9f60db6
[INFO] [stdout]                                at /rustc/6067b36314ab5eb2eb47cecc464545ba58e1ad24/library/core/src/future/future.rs:124:9
[INFO] [stdout]   31:     0x59246fc6b68f - tokio::runtime::scheduler::current_thread::CoreGuard::block_on::{{closure}}::{{closure}}::{{closure}}::h63694f14562fa4fb
[INFO] [stdout]                                at /opt/rustwide/cargo-home/registry/src/index.crates.io-1949cf8c6b5b557f/tokio-1.39.2/src/runtime/scheduler/current_thread/mod.rs:673:57
[INFO] [stdout]   32:     0x59246fc6b515 - tokio::runtime::coop::with_budget::h1bac3f04336bc12e
[INFO] [stdout]                                at /opt/rustwide/cargo-home/registry/src/index.crates.io-1949cf8c6b5b557f/tokio-1.39.2/src/runtime/coop.rs:107:5
[INFO] [stdout]   33:     0x59246fc6b515 - tokio::runtime::coop::budget::he1facb42188d4d02
[INFO] [stdout]                                at /opt/rustwide/cargo-home/registry/src/index.crates.io-1949cf8c6b5b557f/tokio-1.39.2/src/runtime/coop.rs:73:5
[INFO] [stdout]   34:     0x59246fc6b515 - tokio::runtime::scheduler::current_thread::CoreGuard::block_on::{{closure}}::{{closure}}::hfb3d46530f41e35d
[INFO] [stdout]                                at /opt/rustwide/cargo-home/registry/src/index.crates.io-1949cf8c6b5b557f/tokio-1.39.2/src/runtime/scheduler/current_thread/mod.rs:673:25
[INFO] [stdout]   35:     0x59246fc63350 - tokio::runtime::scheduler::current_thread::Context::enter::h3ec86e28ef848486
[INFO] [stdout]                                at /opt/rustwide/cargo-home/registry/src/index.crates.io-1949cf8c6b5b557f/tokio-1.39.2/src/runtime/scheduler/current_thread/mod.rs:412:19
[INFO] [stdout]   36:     0x59246fc69c5e - tokio::runtime::scheduler::current_thread::CoreGuard::block_on::{{closure}}::hdc190c66b8231fe7
[INFO] [stdout]                                at /opt/rustwide/cargo-home/registry/src/index.crates.io-1949cf8c6b5b557f/tokio-1.39.2/src/runtime/scheduler/current_thread/mod.rs:672:36
[INFO] [stdout]   37:     0x59246fc67534 - tokio::runtime::scheduler::current_thread::CoreGuard::enter::{{closure}}::h7af3ac3a3882e0f1
[INFO] [stdout]                                at /opt/rustwide/cargo-home/registry/src/index.crates.io-1949cf8c6b5b557f/tokio-1.39.2/src/runtime/scheduler/current_thread/mod.rs:751:68
[INFO] [stdout]   38:     0x59246fcfcfdb - tokio::runtime::context::scoped::Scoped<T>::set::h5777f3d5a51a3774
[INFO] [stdout]                                at /opt/rustwide/cargo-home/registry/src/index.crates.io-1949cf8c6b5b557f/tokio-1.39.2/src/runtime/context/scoped.rs:40:9
[INFO] [stdout]   39:     0x59246fcd9b09 - tokio::runtime::context::set_scheduler::{{closure}}::h9301267070e94f49
[INFO] [stdout]                                at /opt/rustwide/cargo-home/registry/src/index.crates.io-1949cf8c6b5b557f/tokio-1.39.2/src/runtime/context.rs:180:26
[INFO] [stdout]   40:     0x59246fcb4142 - std::thread::local::LocalKey<T>::try_with::hd2d3ef7ebe7ab60d
[INFO] [stdout]                                at /rustc/6067b36314ab5eb2eb47cecc464545ba58e1ad24/library/std/src/thread/local.rs:308:12
[INFO] [stdout]   41:     0x59246fcb156a - std::thread::local::LocalKey<T>::with::h97f6b811db8f09f0
[INFO] [stdout]                                at /rustc/6067b36314ab5eb2eb47cecc464545ba58e1ad24/library/std/src/thread/local.rs:272:9
[INFO] [stdout]   42:     0x59246fcd993d - tokio::runtime::context::set_scheduler::h20cedf202e67e778
[INFO] [stdout]                                at /opt/rustwide/cargo-home/registry/src/index.crates.io-1949cf8c6b5b557f/tokio-1.39.2/src/runtime/context.rs:180:9
[INFO] [stdout]   43:     0x59246fc66e60 - tokio::runtime::scheduler::current_thread::CoreGuard::enter::hc231c3622db4b2cb
[INFO] [stdout]                                at /opt/rustwide/cargo-home/registry/src/index.crates.io-1949cf8c6b5b557f/tokio-1.39.2/src/runtime/scheduler/current_thread/mod.rs:751:27
[INFO] [stdout]   44:     0x59246fc67593 - tokio::runtime::scheduler::current_thread::CoreGuard::block_on::h35310e1b92f40de8
[INFO] [stdout]                                at /opt/rustwide/cargo-home/registry/src/index.crates.io-1949cf8c6b5b557f/tokio-1.39.2/src/runtime/scheduler/current_thread/mod.rs:660:19
[INFO] [stdout]   45:     0x59246fc6180a - tokio::runtime::scheduler::current_thread::CurrentThread::block_on::{{closure}}::ha90dafa225d03234
[INFO] [stdout]                                at /opt/rustwide/cargo-home/registry/src/index.crates.io-1949cf8c6b5b557f/tokio-1.39.2/src/runtime/scheduler/current_thread/mod.rs:180:28
[INFO] [stdout]   46:     0x59246fc56cb6 - tokio::runtime::context::runtime::enter_runtime::h31895ce6b8e3766e
[INFO] [stdout]                                at /opt/rustwide/cargo-home/registry/src/index.crates.io-1949cf8c6b5b557f/tokio-1.39.2/src/runtime/context/runtime.rs:65:16
[INFO] [stdout]   47:     0x59246fc5ffd3 - tokio::runtime::scheduler::current_thread::CurrentThread::block_on::h44eaa57afc5719dd
[INFO] [stdout]                                at /opt/rustwide/cargo-home/registry/src/index.crates.io-1949cf8c6b5b557f/tokio-1.39.2/src/runtime/scheduler/current_thread/mod.rs:168:9
[INFO] [stdout]   48:     0x59246fc9985c - tokio::runtime::runtime::Runtime::block_on_inner::h2d5207d7f979f41e
[INFO] [stdout]                                at /opt/rustwide/cargo-home/registry/src/index.crates.io-1949cf8c6b5b557f/tokio-1.39.2/src/runtime/runtime.rs:361:47
[INFO] [stdout]   49:     0x59246fc9a0d5 - tokio::runtime::runtime::Runtime::block_on::h1eb5e133235863ef
[INFO] [stdout]                                at /opt/rustwide/cargo-home/registry/src/index.crates.io-1949cf8c6b5b557f/tokio-1.39.2/src/runtime/runtime.rs:333:13
[INFO] [stdout]   50:     0x59246fcd8690 - tokio::task::local::LocalSet::block_on::h49c502db546dd079
[INFO] [stdout]                                at /opt/rustwide/cargo-home/registry/src/index.crates.io-1949cf8c6b5b557f/tokio-1.39.2/src/task/local.rs:596:9
[INFO] [stdout]   51:     0x59246fcb774a - actix_rt::runtime::Runtime::block_on::h7a085b1332c44c84
[INFO] [stdout]                                at /opt/rustwide/cargo-home/registry/src/index.crates.io-1949cf8c6b5b557f/actix-rt-2.10.0/src/runtime.rs:138:9
[INFO] [stdout]   52:     0x59246fca7d2a - actix_rt::system::SystemRunner::block_on::h296abda41428a113
[INFO] [stdout]                                at /opt/rustwide/cargo-home/registry/src/index.crates.io-1949cf8c6b5b557f/actix-rt-2.10.0/src/system.rs:244:9
[INFO] [stdout]   53:     0x59246fcd2b47 - easydev_api::utils::db::db_test::test_user_insert::hec760e1134bbfb41
[INFO] [stdout]                                at /opt/rustwide/workdir/src/utils/db.rs:63:5
[INFO] [stdout]   54:     0x59246fcd2ae7 - easydev_api::utils::db::db_test::test_user_insert::{{closure}}::h421aaa99c0f6a0f2
[INFO] [stdout]                                at /opt/rustwide/workdir/src/utils/db.rs:64:32
[INFO] [stdout]   55:     0x59246fc410f6 - core::ops::function::FnOnce::call_once::hfcb7a3492263231c
[INFO] [stdout]                                at /rustc/6067b36314ab5eb2eb47cecc464545ba58e1ad24/library/core/src/ops/function.rs:250:5
[INFO] [stdout]   56:     0x59246fdc75db - core::ops::function::FnOnce::call_once::he27718dfdd183f43
[INFO] [stdout]                                at /rustc/6067b36314ab5eb2eb47cecc464545ba58e1ad24/library/core/src/ops/function.rs:250:5
[INFO] [stdout]   57:     0x59246fdc75db - test::__rust_begin_short_backtrace::h4e84902998457a5d
[INFO] [stdout]                                at /rustc/6067b36314ab5eb2eb47cecc464545ba58e1ad24/library/test/src/lib.rs:632:18
[INFO] [stdout]   58:     0x59246fdc6513 - test::run_test_in_process::{{closure}}::h7176fd18fc1feca0
[INFO] [stdout]                                at /rustc/6067b36314ab5eb2eb47cecc464545ba58e1ad24/library/test/src/lib.rs:655:60
[INFO] [stdout]   59:     0x59246fdc6513 - <core::panic::unwind_safe::AssertUnwindSafe<F> as core::ops::function::FnOnce<()>>::call_once::hf79cff2a624d8cf7
[INFO] [stdout]                                at /rustc/6067b36314ab5eb2eb47cecc464545ba58e1ad24/library/core/src/panic/unwind_safe.rs:272:9
[INFO] [stdout]   60:     0x59246fdc6513 - std::panicking::try::do_call::h3da0561d9ab99c25
[INFO] [stdout]                                at /rustc/6067b36314ab5eb2eb47cecc464545ba58e1ad24/library/std/src/panicking.rs:587:40
[INFO] [stdout]   61:     0x59246fdc6513 - std::panicking::try::h41c9fa508bc61df6
[INFO] [stdout]                                at /rustc/6067b36314ab5eb2eb47cecc464545ba58e1ad24/library/std/src/panicking.rs:550:19
[INFO] [stdout]   62:     0x59246fdc6513 - std::panic::catch_unwind::h6b3ff07bb5afad93
[INFO] [stdout]                                at /rustc/6067b36314ab5eb2eb47cecc464545ba58e1ad24/library/std/src/panic.rs:358:14
[INFO] [stdout]   63:     0x59246fdc6513 - test::run_test_in_process::hc7253dd11b39b9f4
[INFO] [stdout]                                at /rustc/6067b36314ab5eb2eb47cecc464545ba58e1ad24/library/test/src/lib.rs:655:27
[INFO] [stdout]   64:     0x59246fdc6513 - test::run_test::{{closure}}::hfb2007f8649c30bb
[INFO] [stdout]                                at /rustc/6067b36314ab5eb2eb47cecc464545ba58e1ad24/library/test/src/lib.rs:576:43
[INFO] [stdout]   65:     0x59246fd895f5 - test::run_test::{{closure}}::h56a17aa7a282a9f4
[INFO] [stdout]                                at /rustc/6067b36314ab5eb2eb47cecc464545ba58e1ad24/library/test/src/lib.rs:606:41
[INFO] [stdout]   66:     0x59246fd895f5 - std::sys::backtrace::__rust_begin_short_backtrace::hd2d2d2fb8e8c6aac
[INFO] [stdout]                                at /rustc/6067b36314ab5eb2eb47cecc464545ba58e1ad24/library/std/src/sys/backtrace.rs:152:18
[INFO] [stdout]   67:     0x59246fd8ceda - std::thread::Builder::spawn_unchecked_::{{closure}}::{{closure}}::h4faa3f9db6133423
[INFO] [stdout]                                at /rustc/6067b36314ab5eb2eb47cecc464545ba58e1ad24/library/std/src/thread/mod.rs:559:17
[INFO] [stdout]   68:     0x59246fd8ceda - <core::panic::unwind_safe::AssertUnwindSafe<F> as core::ops::function::FnOnce<()>>::call_once::hf2e855a36a4ea846
[INFO] [stdout]                                at /rustc/6067b36314ab5eb2eb47cecc464545ba58e1ad24/library/core/src/panic/unwind_safe.rs:272:9
[INFO] [stdout]   69:     0x59246fd8ceda - std::panicking::try::do_call::h2f73af3616c35465
[INFO] [stdout]                                at /rustc/6067b36314ab5eb2eb47cecc464545ba58e1ad24/library/std/src/panicking.rs:587:40
[INFO] [stdout]   70:     0x59246fd8ceda - std::panicking::try::hd1660ce9efadef5a
[INFO] [stdout]                                at /rustc/6067b36314ab5eb2eb47cecc464545ba58e1ad24/library/std/src/panicking.rs:550:19
[INFO] [stdout]   71:     0x59246fd8ceda - std::panic::catch_unwind::h5ee8d7823b8ca744
[INFO] [stdout]                                at /rustc/6067b36314ab5eb2eb47cecc464545ba58e1ad24/library/std/src/panic.rs:358:14
[INFO] [stdout]   72:     0x59246fd8ceda - std::thread::Builder::spawn_unchecked_::{{closure}}::h53c3a1894dce8407
[INFO] [stdout]                                at /rustc/6067b36314ab5eb2eb47cecc464545ba58e1ad24/library/std/src/thread/mod.rs:557:30
[INFO] [stdout]   73:     0x59246fd8ceda - core::ops::function::FnOnce::call_once{{vtable.shim}}::h048ce291ad4f62bf
[INFO] [stdout]                                at /rustc/6067b36314ab5eb2eb47cecc464545ba58e1ad24/library/core/src/ops/function.rs:250:5
[INFO] [stdout]   74:     0x5924710bb39b - <alloc::boxed::Box<F,A> as core::ops::function::FnOnce<Args>>::call_once::ha52bedf99a3b4981
[INFO] [stdout]                                at /rustc/6067b36314ab5eb2eb47cecc464545ba58e1ad24/library/alloc/src/boxed.rs:2013:9
[INFO] [stdout]   75:     0x5924710bb39b - <alloc::boxed::Box<F,A> as core::ops::function::FnOnce<Args>>::call_once::h567748934d80ccf8
[INFO] [stdout]                                at /rustc/6067b36314ab5eb2eb47cecc464545ba58e1ad24/library/alloc/src/boxed.rs:2013:9
[INFO] [stdout]   76:     0x5924710bb39b - std::sys::pal::unix::thread::Thread::new::thread_start::h2d970728ae887adc
[INFO] [stdout]                                at /rustc/6067b36314ab5eb2eb47cecc464545ba58e1ad24/library/std/src/sys/pal/unix/thread.rs:106:17
[INFO] [stdout]   77:     0x773999b01ac3 - <unknown>
[INFO] [stdout]   78:     0x773999b92a04 - clone
[INFO] [stdout]   79:                0x0 - <unknown>
[INFO] [stdout] 
[INFO] [stdout] ---- tests::test_login stdout ----
[INFO] [stdout] 
[INFO] [stdout] thread 'tests::test_login' panicked at src/utils/mod.rs:40:65:
[INFO] [stdout] the database connection string was not set: NotPresent
[INFO] [stdout] stack backtrace:
[INFO] [stdout]    0:     0x5924710b4afa - std::backtrace_rs::backtrace::libunwind::trace::hb059275cfc8d6126
[INFO] [stdout]                                at /rustc/6067b36314ab5eb2eb47cecc464545ba58e1ad24/library/std/src/../../backtrace/src/backtrace/libunwind.rs:116:5
[INFO] [stdout]    1:     0x5924710b4afa - std::backtrace_rs::backtrace::trace_unsynchronized::h2da071e4327ce3ee
[INFO] [stdout]                                at /rustc/6067b36314ab5eb2eb47cecc464545ba58e1ad24/library/std/src/../../backtrace/src/backtrace/mod.rs:66:5
[INFO] [stdout]    2:     0x5924710b4afa - std::sys::backtrace::_print_fmt::h842a1474e6f8d23f
[INFO] [stdout]                                at /rustc/6067b36314ab5eb2eb47cecc464545ba58e1ad24/library/std/src/sys/backtrace.rs:66:9
[INFO] [stdout]    3:     0x5924710b4afa - <std::sys::backtrace::BacktraceLock::print::DisplayBacktrace as core::fmt::Display>::fmt::h71a62eb3b9696b12
[INFO] [stdout]                                at /rustc/6067b36314ab5eb2eb47cecc464545ba58e1ad24/library/std/src/sys/backtrace.rs:39:26
[INFO] [stdout]    4:     0x5924710e2713 - core::fmt::rt::Argument::fmt::hdb6b616786b41dc1
[INFO] [stdout]                                at /rustc/6067b36314ab5eb2eb47cecc464545ba58e1ad24/library/core/src/fmt/rt.rs:177:76
[INFO] [stdout]    5:     0x5924710e2713 - core::fmt::write::h2cc1698af7e2d686
[INFO] [stdout]                                at /rustc/6067b36314ab5eb2eb47cecc464545ba58e1ad24/library/core/src/fmt/mod.rs:1440:21
[INFO] [stdout]    6:     0x5924710b0283 - std::io::Write::write_fmt::hab1b4cd059a79022
[INFO] [stdout]                                at /rustc/6067b36314ab5eb2eb47cecc464545ba58e1ad24/library/std/src/io/mod.rs:1887:15
[INFO] [stdout]    7:     0x5924710b4942 - std::sys::backtrace::BacktraceLock::print::h147fe35b4ea13b08
[INFO] [stdout]                                at /rustc/6067b36314ab5eb2eb47cecc464545ba58e1ad24/library/std/src/sys/backtrace.rs:42:9
[INFO] [stdout]    8:     0x5924710b5f1f - std::panicking::default_hook::{{closure}}::hbd44223dbdc0d208
[INFO] [stdout]                                at /rustc/6067b36314ab5eb2eb47cecc464545ba58e1ad24/library/std/src/panicking.rs:298:22
[INFO] [stdout]    9:     0x5924710b5d38 - std::panicking::default_hook::h20f81eb0576efcec
[INFO] [stdout]                                at /rustc/6067b36314ab5eb2eb47cecc464545ba58e1ad24/library/std/src/panicking.rs:322:9
[INFO] [stdout]   10:     0x59246fdc1e83 - <alloc::boxed::Box<F,A> as core::ops::function::Fn<Args>>::call::hdb53814c496a4d34
[INFO] [stdout]                                at /rustc/6067b36314ab5eb2eb47cecc464545ba58e1ad24/library/alloc/src/boxed.rs:2027:9
[INFO] [stdout]   11:     0x59246fdc1e83 - test::test_main::{{closure}}::hc0a4963c59427c24
[INFO] [stdout]                                at /rustc/6067b36314ab5eb2eb47cecc464545ba58e1ad24/library/test/src/lib.rs:134:21
[INFO] [stdout]   12:     0x5924710b6a13 - <alloc::boxed::Box<F,A> as core::ops::function::Fn<Args>>::call::h591b2225413a77e9
[INFO] [stdout]                                at /rustc/6067b36314ab5eb2eb47cecc464545ba58e1ad24/library/alloc/src/boxed.rs:2027:9
[INFO] [stdout]   13:     0x5924710b6a13 - std::panicking::rust_panic_with_hook::h625eea43051b2edc
[INFO] [stdout]                                at /rustc/6067b36314ab5eb2eb47cecc464545ba58e1ad24/library/std/src/panicking.rs:839:13
[INFO] [stdout]   14:     0x5924710b66ca - std::panicking::begin_panic_handler::{{closure}}::h4f9159cfbc3f6bd3
[INFO] [stdout]                                at /rustc/6067b36314ab5eb2eb47cecc464545ba58e1ad24/library/std/src/panicking.rs:704:13
[INFO] [stdout]   15:     0x5924710b4ff9 - std::sys::backtrace::__rust_end_short_backtrace::h0390abce48353151
[INFO] [stdout]                                at /rustc/6067b36314ab5eb2eb47cecc464545ba58e1ad24/library/std/src/sys/backtrace.rs:168:18
[INFO] [stdout]   16:     0x5924710b635d - rust_begin_unwind
[INFO] [stdout]                                at /rustc/6067b36314ab5eb2eb47cecc464545ba58e1ad24/library/std/src/panicking.rs:695:5
[INFO] [stdout]   17:     0x5924710dfec0 - core::panicking::panic_fmt::h9e7c637e9e5f29c9
[INFO] [stdout]                                at /rustc/6067b36314ab5eb2eb47cecc464545ba58e1ad24/library/core/src/panicking.rs:75:14
[INFO] [stdout]   18:     0x5924710e0396 - core::result::unwrap_failed::h7979f09313fe1849
[INFO] [stdout]                                at /rustc/6067b36314ab5eb2eb47cecc464545ba58e1ad24/library/core/src/result.rs:1704:5
[INFO] [stdout]   19:     0x59246fc97b06 - core::result::Result<T,E>::expect::hdc0b78e5c87cd910
[INFO] [stdout]                                at /rustc/6067b36314ab5eb2eb47cecc464545ba58e1ad24/library/core/src/result.rs:1061:23
[INFO] [stdout]   20:     0x59246fcd25ff - easydev_api::utils::get_db_pool::{{closure}}::he0491c4155755e9f
[INFO] [stdout]                                at /opt/rustwide/workdir/src/utils/mod.rs:40:26
[INFO] [stdout]   21:     0x59246fcf2c72 - easydev_api::tests::test_login::{{closure}}::h7e3c83c73435f68d
[INFO] [stdout]                                at /opt/rustwide/workdir/src/main.rs:157:70
[INFO] [stdout]   22:     0x59246fcde39f - <tokio::task::local::RunUntil<T> as core::future::future::Future>::poll::{{closure}}::h2bfc1f27fb6e9bbf
[INFO] [stdout]                                at /opt/rustwide/cargo-home/registry/src/index.crates.io-1949cf8c6b5b557f/tokio-1.39.2/src/task/local.rs:995:42
[INFO] [stdout]   23:     0x59246fcd8390 - tokio::task::local::LocalSet::with::{{closure}}::h14ac0646e9027c7f
[INFO] [stdout]                                at /opt/rustwide/cargo-home/registry/src/index.crates.io-1949cf8c6b5b557f/tokio-1.39.2/src/task/local.rs:747:13
[INFO] [stdout]   24:     0x59246fcb32f5 - std::thread::local::LocalKey<T>::try_with::h885796caffbc2d4b
[INFO] [stdout]                                at /rustc/6067b36314ab5eb2eb47cecc464545ba58e1ad24/library/std/src/thread/local.rs:308:12
[INFO] [stdout]   25:     0x59246fcb11da - std::thread::local::LocalKey<T>::with::h1b9b878d9d011f48
[INFO] [stdout]                                at /rustc/6067b36314ab5eb2eb47cecc464545ba58e1ad24/library/std/src/thread/local.rs:272:9
[INFO] [stdout]   26:     0x59246fcd82b6 - tokio::task::local::LocalSet::with::h15d5eb0953d9ae2d
[INFO] [stdout]                                at /opt/rustwide/cargo-home/registry/src/index.crates.io-1949cf8c6b5b557f/tokio-1.39.2/src/task/local.rs:745:9
[INFO] [stdout]   27:     0x59246fcde2c5 - <tokio::task::local::RunUntil<T> as core::future::future::Future>::poll::h7191bab401e1e772
[INFO] [stdout]                                at /opt/rustwide/cargo-home/registry/src/index.crates.io-1949cf8c6b5b557f/tokio-1.39.2/src/task/local.rs:985:9
[INFO] [stdout]   28:     0x59246fcd8eb1 - tokio::task::local::LocalSet::run_until::{{closure}}::hc64fe744a834b452
[INFO] [stdout]                                at /opt/rustwide/cargo-home/registry/src/index.crates.io-1949cf8c6b5b557f/tokio-1.39.2/src/task/local.rs:639:19
[INFO] [stdout]   29:     0x59246fc9a94d - <core::pin::Pin<P> as core::future::future::Future>::poll::h023e6695c55bade9
[INFO] [stdout]                                at /rustc/6067b36314ab5eb2eb47cecc464545ba58e1ad24/library/core/src/future/future.rs:124:9
[INFO] [stdout]   30:     0x59246fc9a9cd - <core::pin::Pin<P> as core::future::future::Future>::poll::h1b1b0930d98ff6e8
[INFO] [stdout]                                at /rustc/6067b36314ab5eb2eb47cecc464545ba58e1ad24/library/core/src/future/future.rs:124:9
[INFO] [stdout]   31:     0x59246fc6b70f - tokio::runtime::scheduler::current_thread::CoreGuard::block_on::{{closure}}::{{closure}}::{{closure}}::hf75f8b675f2363d9
[INFO] [stdout]                                at /opt/rustwide/cargo-home/registry/src/index.crates.io-1949cf8c6b5b557f/tokio-1.39.2/src/runtime/scheduler/current_thread/mod.rs:673:57
[INFO] [stdout]   32:     0x59246fc6b1c5 - tokio::runtime::coop::with_budget::hf4f72add75f0b833
[INFO] [stdout]                                at /opt/rustwide/cargo-home/registry/src/index.crates.io-1949cf8c6b5b557f/tokio-1.39.2/src/runtime/coop.rs:107:5
[INFO] [stdout]   33:     0x59246fc6b1c5 - tokio::runtime::coop::budget::h55ffe08bd3892f82
[INFO] [stdout]                                at /opt/rustwide/cargo-home/registry/src/index.crates.io-1949cf8c6b5b557f/tokio-1.39.2/src/runtime/coop.rs:73:5
[INFO] [stdout]   34:     0x59246fc6b1c5 - tokio::runtime::scheduler::current_thread::CoreGuard::block_on::{{closure}}::{{closure}}::hcd4289caf50bff27
[INFO] [stdout]                                at /opt/rustwide/cargo-home/registry/src/index.crates.io-1949cf8c6b5b557f/tokio-1.39.2/src/runtime/scheduler/current_thread/mod.rs:673:25
[INFO] [stdout]   35:     0x59246fc64300 - tokio::runtime::scheduler::current_thread::Context::enter::h62756719f9f3b0a5
[INFO] [stdout]                                at /opt/rustwide/cargo-home/registry/src/index.crates.io-1949cf8c6b5b557f/tokio-1.39.2/src/runtime/scheduler/current_thread/mod.rs:412:19
[INFO] [stdout]   36:     0x59246fc6827e - tokio::runtime::scheduler::current_thread::CoreGuard::block_on::{{closure}}::h430078040837b4ae
[INFO] [stdout]                                at /opt/rustwide/cargo-home/registry/src/index.crates.io-1949cf8c6b5b557f/tokio-1.39.2/src/runtime/scheduler/current_thread/mod.rs:672:36
[INFO] [stdout]   37:     0x59246fc674d4 - tokio::runtime::scheduler::current_thread::CoreGuard::enter::{{closure}}::h09f6b879f71e5041
[INFO] [stdout]                                at /opt/rustwide/cargo-home/registry/src/index.crates.io-1949cf8c6b5b557f/tokio-1.39.2/src/runtime/scheduler/current_thread/mod.rs:751:68
[INFO] [stdout]   38:     0x59246fcfd51b - tokio::runtime::context::scoped::Scoped<T>::set::hf64f078d2f3a7031
[INFO] [stdout]                                at /opt/rustwide/cargo-home/registry/src/index.crates.io-1949cf8c6b5b557f/tokio-1.39.2/src/runtime/context/scoped.rs:40:9
[INFO] [stdout]   39:     0x59246fcd9b49 - tokio::runtime::context::set_scheduler::{{closure}}::h93617977f671775e
[INFO] [stdout]                                at /opt/rustwide/cargo-home/registry/src/index.crates.io-1949cf8c6b5b557f/tokio-1.39.2/src/runtime/context.rs:180:26
[INFO] [stdout]   40:     0x59246fcb45e2 - std::thread::local::LocalKey<T>::try_with::he1015abd50e719a3
[INFO] [stdout]                                at /rustc/6067b36314ab5eb2eb47cecc464545ba58e1ad24/library/std/src/thread/local.rs:308:12
[INFO] [stdout]   41:     0x59246fcb16ba - std::thread::local::LocalKey<T>::with::hb9f386df4bf16ab7
[INFO] [stdout]                                at /rustc/6067b36314ab5eb2eb47cecc464545ba58e1ad24/library/std/src/thread/local.rs:272:9
[INFO] [stdout]   42:     0x59246fcd99fd - tokio::runtime::context::set_scheduler::hf682d7ed0a0604ee
[INFO] [stdout]                                at /opt/rustwide/cargo-home/registry/src/index.crates.io-1949cf8c6b5b557f/tokio-1.39.2/src/runtime/context.rs:180:9
[INFO] [stdout]   43:     0x59246fc66a40 - tokio::runtime::scheduler::current_thread::CoreGuard::enter::hb898f0fb3585bad6
[INFO] [stdout]                                at /opt/rustwide/cargo-home/registry/src/index.crates.io-1949cf8c6b5b557f/tokio-1.39.2/src/runtime/scheduler/current_thread/mod.rs:751:27
[INFO] [stdout]   44:     0x59246fc67773 - tokio::runtime::scheduler::current_thread::CoreGuard::block_on::hfc859b8e6c0ab48b
[INFO] [stdout]                                at /opt/rustwide/cargo-home/registry/src/index.crates.io-1949cf8c6b5b557f/tokio-1.39.2/src/runtime/scheduler/current_thread/mod.rs:660:19
[INFO] [stdout]   45:     0x59246fc60a2a - tokio::runtime::scheduler::current_thread::CurrentThread::block_on::{{closure}}::h52997fbf8bb5d34f
[INFO] [stdout]                                at /opt/rustwide/cargo-home/registry/src/index.crates.io-1949cf8c6b5b557f/tokio-1.39.2/src/runtime/scheduler/current_thread/mod.rs:180:28
[INFO] [stdout]   46:     0x59246fc577c6 - tokio::runtime::context::runtime::enter_runtime::hf08873b62b62809e
[INFO] [stdout]                                at /opt/rustwide/cargo-home/registry/src/index.crates.io-1949cf8c6b5b557f/tokio-1.39.2/src/runtime/context/runtime.rs:65:16
[INFO] [stdout]   47:     0x59246fc60083 - tokio::runtime::scheduler::current_thread::CurrentThread::block_on::h73b494b8b3995919
[INFO] [stdout]                                at /opt/rustwide/cargo-home/registry/src/index.crates.io-1949cf8c6b5b557f/tokio-1.39.2/src/runtime/scheduler/current_thread/mod.rs:168:9
[INFO] [stdout]   48:     0x59246fc9996c - tokio::runtime::runtime::Runtime::block_on_inner::h6bcd80b125441804
[INFO] [stdout]                                at /opt/rustwide/cargo-home/registry/src/index.crates.io-1949cf8c6b5b557f/tokio-1.39.2/src/runtime/runtime.rs:361:47
[INFO] [stdout]   49:     0x59246fc99ed5 - tokio::runtime::runtime::Runtime::block_on::h08e8ea1d59f9e34b
[INFO] [stdout]                                at /opt/rustwide/cargo-home/registry/src/index.crates.io-1949cf8c6b5b557f/tokio-1.39.2/src/runtime/runtime.rs:333:13
[INFO] [stdout]   50:     0x59246fcd8710 - tokio::task::local::LocalSet::block_on::h5924e4bf1aba1922
[INFO] [stdout]                                at /opt/rustwide/cargo-home/registry/src/index.crates.io-1949cf8c6b5b557f/tokio-1.39.2/src/task/local.rs:596:9
[INFO] [stdout]   51:     0x59246fcb776a - actix_rt::runtime::Runtime::block_on::hb4e06edff6ab5456
[INFO] [stdout]                                at /opt/rustwide/cargo-home/registry/src/index.crates.io-1949cf8c6b5b557f/actix-rt-2.10.0/src/runtime.rs:138:9
[INFO] [stdout]   52:     0x59246fca7d3a - actix_rt::system::SystemRunner::block_on::h7d7735328442f77e
[INFO] [stdout]                                at /opt/rustwide/cargo-home/registry/src/index.crates.io-1949cf8c6b5b557f/actix-rt-2.10.0/src/system.rs:244:9
[INFO] [stdout]   53:     0x59246fcf2885 - easydev_api::tests::test_login::h5dea7553c372f105
[INFO] [stdout]                                at /opt/rustwide/workdir/src/main.rs:154:5
[INFO] [stdout]   54:     0x59246fcf2827 - easydev_api::tests::test_login::{{closure}}::h2a62afd1283d5d56
[INFO] [stdout]                                at /opt/rustwide/workdir/src/main.rs:155:26
[INFO] [stdout]   55:     0x59246fc41016 - core::ops::function::FnOnce::call_once::he0306eb511368d12
[INFO] [stdout]                                at /rustc/6067b36314ab5eb2eb47cecc464545ba58e1ad24/library/core/src/ops/function.rs:250:5
[INFO] [stdout]   56:     0x59246fdc75db - core::ops::function::FnOnce::call_once::he27718dfdd183f43
[INFO] [stdout]                                at /rustc/6067b36314ab5eb2eb47cecc464545ba58e1ad24/library/core/src/ops/function.rs:250:5
[INFO] [stdout]   57:     0x59246fdc75db - test::__rust_begin_short_backtrace::h4e84902998457a5d
[INFO] [stdout]                                at /rustc/6067b36314ab5eb2eb47cecc464545ba58e1ad24/library/test/src/lib.rs:632:18
[INFO] [stdout]   58:     0x59246fdc6513 - test::run_test_in_process::{{closure}}::h7176fd18fc1feca0
[INFO] [stdout]                                at /rustc/6067b36314ab5eb2eb47cecc464545ba58e1ad24/library/test/src/lib.rs:655:60
[INFO] [stdout]   59:     0x59246fdc6513 - <core::panic::unwind_safe::AssertUnwindSafe<F> as core::ops::function::FnOnce<()>>::call_once::hf79cff2a624d8cf7
[INFO] [stdout]                                at /rustc/6067b36314ab5eb2eb47cecc464545ba58e1ad24/library/core/src/panic/unwind_safe.rs:272:9
[INFO] [stdout]   60:     0x59246fdc6513 - std::panicking::try::do_call::h3da0561d9ab99c25
[INFO] [stdout]                                at /rustc/6067b36314ab5eb2eb47cecc464545ba58e1ad24/library/std/src/panicking.rs:587:40
[INFO] [stdout]   61:     0x59246fdc6513 - std::panicking::try::h41c9fa508bc61df6
[INFO] [stdout]                                at /rustc/6067b36314ab5eb2eb47cecc464545ba58e1ad24/library/std/src/panicking.rs:550:19
[INFO] [stdout]   62:     0x59246fdc6513 - std::panic::catch_unwind::h6b3ff07bb5afad93
[INFO] [stdout]                                at /rustc/6067b36314ab5eb2eb47cecc464545ba58e1ad24/library/std/src/panic.rs:358:14
[INFO] [stdout]   63:     0x59246fdc6513 - test::run_test_in_process::hc7253dd11b39b9f4
[INFO] [stdout]                                at /rustc/6067b36314ab5eb2eb47cecc464545ba58e1ad24/library/test/src/lib.rs:655:27
[INFO] [stdout]   64:     0x59246fdc6513 - test::run_test::{{closure}}::hfb2007f8649c30bb
[INFO] [stdout]                                at /rustc/6067b36314ab5eb2eb47cecc464545ba58e1ad24/library/test/src/lib.rs:576:43
[INFO] [stdout]   65:     0x59246fd895f5 - test::run_test::{{closure}}::h56a17aa7a282a9f4
[INFO] [stdout]                                at /rustc/6067b36314ab5eb2eb47cecc464545ba58e1ad24/library/test/src/lib.rs:606:41
[INFO] [stdout]   66:     0x59246fd895f5 - std::sys::backtrace::__rust_begin_short_backtrace::hd2d2d2fb8e8c6aac
[INFO] [stdout]                                at /rustc/6067b36314ab5eb2eb47cecc464545ba58e1ad24/library/std/src/sys/backtrace.rs:152:18
[INFO] [stdout]   67:     0x59246fd8ceda - std::thread::Builder::spawn_unchecked_::{{closure}}::{{closure}}::h4faa3f9db6133423
[INFO] [stdout]                                at /rustc/6067b36314ab5eb2eb47cecc464545ba58e1ad24/library/std/src/thread/mod.rs:559:17
[INFO] [stdout]   68:     0x59246fd8ceda - <core::panic::unwind_safe::AssertUnwindSafe<F> as core::ops::function::FnOnce<()>>::call_once::hf2e855a36a4ea846
[INFO] [stdout]                                at /rustc/6067b36314ab5eb2eb47cecc464545ba58e1ad24/library/core/src/panic/unwind_safe.rs:272:9
[INFO] [stdout]   69:     0x59246fd8ceda - std::panicking::try::do_call::h2f73af3616c35465
[INFO] [stdout]                                at /rustc/6067b36314ab5eb2eb47cecc464545ba58e1ad24/library/std/src/panicking.rs:587:40
[INFO] [stdout]   70:     0x59246fd8ceda - std::panicking::try::hd1660ce9efadef5a
[INFO] [stdout]                                at /rustc/6067b36314ab5eb2eb47cecc464545ba58e1ad24/library/std/src/panicking.rs:550:19
[INFO] [stdout]   71:     0x59246fd8ceda - std::panic::catch_unwind::h5ee8d7823b8ca744
[INFO] [stdout]                                at /rustc/6067b36314ab5eb2eb47cecc464545ba58e1ad24/library/std/src/panic.rs:358:14
[INFO] [stdout]   72:     0x59246fd8ceda - std::thread::Builder::spawn_unchecked_::{{closure}}::h53c3a1894dce8407
[INFO] [stdout]                                at /rustc/6067b36314ab5eb2eb47cecc464545ba58e1ad24/library/std/src/thread/mod.rs:557:30
[INFO] [stdout]   73:     0x59246fd8ceda - core::ops::function::FnOnce::call_once{{vtable.shim}}::h048ce291ad4f62bf
[INFO] [stdout]                                at /rustc/6067b36314ab5eb2eb47cecc464545ba58e1ad24/library/core/src/ops/function.rs:250:5
[INFO] [stdout]   74:     0x5924710bb39b - <alloc::boxed::Box<F,A> as core::ops::function::FnOnce<Args>>::call_once::ha52bedf99a3b4981
[INFO] [stdout]                                at /rustc/6067b36314ab5eb2eb47cecc464545ba58e1ad24/library/alloc/src/boxed.rs:2013:9
[INFO] [stdout]   75:     0x5924710bb39b - <alloc::boxed::Box<F,A> as core::ops::function::FnOnce<Args>>::call_once::h567748934d80ccf8
[INFO] [stdout]                                at /rustc/6067b36314ab5eb2eb47cecc464545ba58e1ad24/library/alloc/src/boxed.rs:2013:9
[INFO] [stdout]   76:     0x5924710bb39b - std::sys::pal::unix::thread::Thread::new::thread_start::h2d970728ae887adc
[INFO] [stdout]                                at /rustc/6067b36314ab5eb2eb47cecc464545ba58e1ad24/library/std/src/sys/pal/unix/thread.rs:106:17
[INFO] [stdout]   77:     0x773999b01ac3 - <unknown>
[INFO] [stdout]   78:     0x773999b92a04 - clone
[INFO] [stdout]   79:                0x0 - <unknown>
[INFO] [stdout] 
[INFO] [stdout] 
[INFO] [stdout] failures:
[INFO] [stdout]     tests::test_login
[INFO] [stdout]     utils::db::db_test::test_user_insert
[INFO] [stdout] 
[INFO] [stdout] test result: FAILED. 1 passed; 2 failed; 0 ignored; 0 measured; 0 filtered out; finished in 0.24s
[INFO] [stdout] 
[INFO] [stderr] error: test failed, to rerun pass `--bin easydev-api`
[INFO] running `Command { std: "docker" "inspect" "0dfdd9abdf13408bec15164e1321616ff1a0336d82676e855658cce5f87eba0f", kill_on_drop: false }`
[INFO] running `Command { std: "docker" "rm" "-f" "0dfdd9abdf13408bec15164e1321616ff1a0336d82676e855658cce5f87eba0f", kill_on_drop: false }`
[INFO] [stdout] 0dfdd9abdf13408bec15164e1321616ff1a0336d82676e855658cce5f87eba0f
