[INFO] cloning repository https://github.com/Bangboom030518/M-Compiler
[INFO] running `Command { std: "git" "-c" "credential.helper=" "-c" "credential.helper=/workspace/cargo-home/bin/git-credential-null" "clone" "--bare" "https://github.com/Bangboom030518/M-Compiler" "/workspace/cache/git-repos/https%3A%2F%2Fgithub.com%2FBangboom030518%2FM-Compiler", kill_on_drop: false }`
[INFO] [stderr] Cloning into bare repository '/workspace/cache/git-repos/https%3A%2F%2Fgithub.com%2FBangboom030518%2FM-Compiler'...
[INFO] running `Command { std: "git" "rev-parse" "HEAD", kill_on_drop: false }`
[INFO] [stdout] d5c3c695b3e5a410dd240301c75d3a995d726ce0
[INFO] testing Bangboom030518/M-Compiler against nightly-2025-01-18 for randomize-layout-2
[INFO] running `Command { std: "git" "clone" "/workspace/cache/git-repos/https%3A%2F%2Fgithub.com%2FBangboom030518%2FM-Compiler" "/workspace/builds/worker-4-tc1/source", kill_on_drop: false }`
[INFO] [stderr] Cloning into '/workspace/builds/worker-4-tc1/source'...
[INFO] [stderr] done.
[INFO] validating manifest of git repo https://github.com/Bangboom030518/M-Compiler on toolchain nightly-2025-01-18
[INFO] running `Command { std: CARGO_HOME="/workspace/cargo-home" RUSTUP_HOME="/workspace/rustup-home" "/workspace/cargo-home/bin/cargo" "+nightly-2025-01-18" "metadata" "--manifest-path" "Cargo.toml" "--no-deps", kill_on_drop: false }`
[INFO] started tweaking git repo https://github.com/Bangboom030518/M-Compiler
[INFO] finished tweaking git repo https://github.com/Bangboom030518/M-Compiler
[INFO] tweaked toml for git repo https://github.com/Bangboom030518/M-Compiler written to /workspace/builds/worker-4-tc1/source/Cargo.toml
[INFO] crate git repo https://github.com/Bangboom030518/M-Compiler already has a lockfile, it will not be regenerated
[INFO] running `Command { std: CARGO_HOME="/workspace/cargo-home" RUSTUP_HOME="/workspace/rustup-home" "/workspace/cargo-home/bin/cargo" "+nightly-2025-01-18" "fetch" "--manifest-path" "Cargo.toml", kill_on_drop: false }`
[INFO] [stderr] warning: /workspace/builds/worker-4-tc1/source/Cargo.toml: unused manifest key: workspace.default-run
[INFO] [stderr]     Updating crates.io index
[INFO] [stderr]  Downloading crates ...
[INFO] [stderr]   Downloaded cranelift-reader v0.111.0
[INFO] [stderr]   Downloaded cranelift v0.111.0
[INFO] [stderr]   Downloaded cranelift-jit v0.111.0
[INFO] [stderr]   Downloaded cranelift-module v0.111.0
[INFO] running `Command { std: "docker" "create" "-v" "/var/lib/crater-agent-workspace/builds/worker-4-tc1/target:/opt/rustwide/target:rw,Z" "-v" "/var/lib/crater-agent-workspace/builds/worker-4-tc1/source:/opt/rustwide/workdir:ro,Z" "-v" "/var/lib/crater-agent-workspace/cargo-home:/opt/rustwide/cargo-home:ro,Z" "-v" "/var/lib/crater-agent-workspace/rustup-home:/opt/rustwide/rustup-home:ro,Z" "-e" "SOURCE_DIR=/opt/rustwide/workdir" "-e" "CARGO_TARGET_DIR=/opt/rustwide/target" "-e" "CARGO_HOME=/opt/rustwide/cargo-home" "-e" "RUSTUP_HOME=/opt/rustwide/rustup-home" "-w" "/opt/rustwide/workdir" "-m" "1610612736" "--user" "0:0" "--network" "none" "ghcr.io/rust-lang/crates-build-env/linux@sha256:819108c5571ea2e421544af4d832f968d213c87fbe3707a016657f43d2f853bc" "/opt/rustwide/cargo-home/bin/cargo" "+nightly-2025-01-18" "metadata" "--no-deps" "--format-version=1", kill_on_drop: false }`
[INFO] [stdout] 5e44f9d1ecbe3052825e0546996f433b8152578fd39c527e6c549d5e2b5c2a6d
[INFO] running `Command { std: "docker" "start" "-a" "5e44f9d1ecbe3052825e0546996f433b8152578fd39c527e6c549d5e2b5c2a6d", kill_on_drop: false }`
[INFO] running `Command { std: "docker" "inspect" "5e44f9d1ecbe3052825e0546996f433b8152578fd39c527e6c549d5e2b5c2a6d", kill_on_drop: false }`
[INFO] running `Command { std: "docker" "rm" "-f" "5e44f9d1ecbe3052825e0546996f433b8152578fd39c527e6c549d5e2b5c2a6d", kill_on_drop: false }`
[INFO] [stdout] 5e44f9d1ecbe3052825e0546996f433b8152578fd39c527e6c549d5e2b5c2a6d
[INFO] running `Command { std: "docker" "create" "-v" "/var/lib/crater-agent-workspace/builds/worker-4-tc1/target:/opt/rustwide/target:rw,Z" "-v" "/var/lib/crater-agent-workspace/builds/worker-4-tc1/source:/opt/rustwide/workdir:ro,Z" "-v" "/var/lib/crater-agent-workspace/cargo-home:/opt/rustwide/cargo-home:ro,Z" "-v" "/var/lib/crater-agent-workspace/rustup-home:/opt/rustwide/rustup-home:ro,Z" "-e" "SOURCE_DIR=/opt/rustwide/workdir" "-e" "CARGO_TARGET_DIR=/opt/rustwide/target" "-e" "CARGO_INCREMENTAL=0" "-e" "RUST_BACKTRACE=full" "-e" "RUSTFLAGS=--cap-lints=forbid" "-e" "RUSTDOCFLAGS=--cap-lints=forbid" "-e" "CARGO_HOME=/opt/rustwide/cargo-home" "-e" "RUSTUP_HOME=/opt/rustwide/rustup-home" "-w" "/opt/rustwide/workdir" "-m" "1610612736" "--user" "0:0" "--network" "none" "ghcr.io/rust-lang/crates-build-env/linux@sha256:819108c5571ea2e421544af4d832f968d213c87fbe3707a016657f43d2f853bc" "/opt/rustwide/cargo-home/bin/cargo" "+nightly-2025-01-18" "build" "--frozen" "--message-format=json", kill_on_drop: false }`
[INFO] [stdout] 28c6cf00f9825c44a736a999aed8f4d87361898ce859a56af26aadf3eebdc834
[INFO] running `Command { std: "docker" "start" "-a" "28c6cf00f9825c44a736a999aed8f4d87361898ce859a56af26aadf3eebdc834", kill_on_drop: false }`
[INFO] [stderr] warning: /opt/rustwide/workdir/Cargo.toml: unused manifest key: workspace.default-run
[INFO] [stderr]    Compiling libc v0.2.148
[INFO] [stderr]    Compiling once_cell v1.18.0
[INFO] [stderr]    Compiling zerocopy v0.7.35
[INFO] [stderr]    Compiling cranelift-isle v0.111.0
[INFO] [stderr]    Compiling cranelift-codegen-shared v0.111.0
[INFO] [stderr]    Compiling equivalent v1.0.1
[INFO] [stderr]    Compiling ahash v0.8.11
[INFO] [stderr]    Compiling target-lexicon v0.12.16
[INFO] [stderr]    Compiling cranelift-codegen-meta v0.111.0
[INFO] [stderr]    Compiling cranelift-bitset v0.111.0
[INFO] [stderr]    Compiling hashbrown v0.14.1
[INFO] [stderr]    Compiling cranelift-entity v0.111.0
[INFO] [stderr]    Compiling arbitrary v1.3.2
[INFO] [stderr]    Compiling proc-macro2 v1.0.78
[INFO] [stderr]    Compiling slice-group-by v0.3.1
[INFO] [stderr]    Compiling rustc-hash v1.1.0
[INFO] [stderr]    Compiling smallvec v1.11.0
[INFO] [stderr]    Compiling log v0.4.19
[INFO] [stderr]    Compiling cranelift-bforest v0.111.0
[INFO] [stderr]    Compiling bumpalo v3.13.0
[INFO] [stderr]    Compiling indexmap v2.0.2
[INFO] [stderr]    Compiling anyhow v1.0.72
[INFO] [stderr]    Compiling getrandom v0.2.10
[INFO] [stderr]    Compiling cranelift-control v0.111.0
[INFO] [stderr]    Compiling gimli v0.29.0
[INFO] [stderr]    Compiling either v1.9.0
[INFO] [stderr]    Compiling hashbrown v0.13.2
[INFO] [stderr]    Compiling itertools v0.13.0
[INFO] [stderr]    Compiling quote v1.0.35
[INFO] [stderr]    Compiling thiserror v1.0.51
[INFO] [stderr]    Compiling syn v2.0.52
[INFO] [stderr]    Compiling bitflags v1.3.2
[INFO] [stderr]    Compiling region v2.2.0
[INFO] [stderr]    Compiling regalloc2 v0.9.3
[INFO] [stderr]    Compiling wasmtime-jit-icache-coherence v24.0.0
[INFO] [stderr]    Compiling cranelift-codegen v0.111.0
[INFO] [stderr]    Compiling bitfields v0.1.0 (/opt/rustwide/workdir/bitfields)
[INFO] [stderr]    Compiling thiserror-impl v1.0.51
[INFO] [stderr]    Compiling tokenizer v0.1.0 (/opt/rustwide/workdir/tokenizer)
[INFO] [stdout] warning: a method with this name may be added to the standard library in the future
[INFO] [stdout]    --> tokenizer/src/lib.rs:193:14
[INFO] [stdout]     |
[INFO] [stdout] 193 |             .intersperse_with(|| ", ".to_string())
[INFO] [stdout]     |              ^^^^^^^^^^^^^^^^
[INFO] [stdout]     |
[INFO] [stdout]     = warning: once this associated item is added to the standard library, the ambiguity may cause an error or change in behavior!
[INFO] [stdout]     = note: for more information, see issue #48919 <https://github.com/rust-lang/rust/issues/48919>
[INFO] [stdout]     = help: call with fully qualified syntax `itertools::Itertools::intersperse_with(...)` to keep using the current method
[INFO] [stdout]     = note: `#[warn(unstable_name_collisions)]` on by default
[INFO] [stdout] help: add `#![feature(iter_intersperse)]` to the crate attributes to enable `std::iter::Iterator::intersperse_with`
[INFO] [stdout]     |
[INFO] [stdout] 2   + #![feature(iter_intersperse)]
[INFO] [stdout]     |
[INFO] [stdout] 
[INFO] [stdout] 
[INFO] [stderr]    Compiling cranelift-frontend v0.111.0
[INFO] [stderr]    Compiling cranelift-native v0.111.0
[INFO] [stderr]    Compiling cranelift-module v0.111.0
[INFO] [stderr]    Compiling cranelift-reader v0.111.0
[INFO] [stderr]    Compiling cranelift-jit v0.111.0
[INFO] [stderr]    Compiling cranelift v0.111.0
[INFO] [stderr]    Compiling parser v0.1.0 (/opt/rustwide/workdir/parser)
[INFO] [stdout] warning: unexpected `cfg` condition name: `ignore`
[INFO] [stdout]    --> parser/src/top_level.rs:510:7
[INFO] [stdout]     |
[INFO] [stdout] 510 | #[cfg(ignore)]
[INFO] [stdout]     |       ^^^^^^
[INFO] [stdout]     |
[INFO] [stdout]     = help: expected names are: `clippy`, `debug_assertions`, `doc`, `docsrs`, `doctest`, `feature`, `fmt_debug`, `miri`, `overflow_checks`, `panic`, `proc_macro`, `relocation_model`, `rustfmt`, `sanitize`, `sanitizer_cfi_generalize_pointers`, `sanitizer_cfi_normalize_integers`, `target_abi`, `target_arch`, `target_endian`, `target_env`, `target_family`, `target_feature`, `target_has_atomic`, `target_has_atomic_equal_alignment`, `target_has_atomic_load_store`, `target_os`, `target_pointer_width`, `target_thread_local`, `target_vendor`, `test`, `ub_checks`, `unix`, and `windows`
[INFO] [stdout]     = help: consider using a Cargo feature instead
[INFO] [stdout]     = help: or consider adding in `Cargo.toml` the `check-cfg` lint config for the lint:
[INFO] [stdout]              [lints.rust]
[INFO] [stdout]              unexpected_cfgs = { level = "warn", check-cfg = ['cfg(ignore)'] }
[INFO] [stdout]     = help: or consider adding `println!("cargo::rustc-check-cfg=cfg(ignore)");` to the top of the `build.rs`
[INFO] [stdout]     = note: see <https://doc.rust-lang.org/nightly/rustc/check-cfg/cargo-specifics.html> for more information about checking conditional configuration
[INFO] [stdout]     = note: `#[warn(unexpected_cfgs)]` on by default
[INFO] [stdout] 
[INFO] [stdout] 
[INFO] [stdout] warning: use of deprecated method `top_level::Declaration::name`: put common fields on `Declaration` struct instead
[INFO] [stdout]   --> parser/src/lib.rs:63:55
[INFO] [stdout]    |
[INFO] [stdout] 63 |                 declarations.insert(declaration.value.name().to_string(), declaration.value);
[INFO] [stdout]    |                                                       ^^^^
[INFO] [stdout]    |
[INFO] [stdout]    = note: `#[warn(deprecated)]` on by default
[INFO] [stdout] 
[INFO] [stdout] 
[INFO] [stderr]    Compiling compiler v0.1.0 (/opt/rustwide/workdir/compiler)
[INFO] [stdout] warning: unused import: `self`
[INFO] [stdout]   --> compiler/src/translate.rs:11:26
[INFO] [stdout]    |
[INFO] [stdout] 11 | use parser::expression::{self, IntrinsicOperator};
[INFO] [stdout]    |                          ^^^^
[INFO] [stdout]    |
[INFO] [stdout]    = note: `#[warn(unused_imports)]` on by default
[INFO] [stdout] 
[INFO] [stdout] 
[INFO] [stdout] warning: unused import: `Primitive`
[INFO] [stdout]   --> compiler/src/translate.rs:12:14
[INFO] [stdout]    |
[INFO] [stdout] 12 | use parser::{Primitive, PrimitiveKind};
[INFO] [stdout]    |              ^^^^^^^^^
[INFO] [stdout] 
[INFO] [stdout] 
[INFO] [stdout] warning: unreachable expression
[INFO] [stdout]    --> compiler/src/declarations.rs:130:27
[INFO] [stdout]     |
[INFO] [stdout] 129 |                       span: todo!(),
[INFO] [stdout]     |                             ------- any code following this expression is unreachable
[INFO] [stdout] 130 |                       kind: errors::Kind::MismatchedGenericArguments {
[INFO] [stdout]     |  ___________________________^
[INFO] [stdout] 131 | |                         arguments: found.generics.len(),
[INFO] [stdout] 132 | |                         parameters: expected.generics.len(),
[INFO] [stdout] 133 | |                         declaration: todo!("is this error internal"),
[INFO] [stdout] 134 | |                     },
[INFO] [stdout]     | |_____________________^ unreachable expression
[INFO] [stdout]     |
[INFO] [stdout]     = note: `#[warn(unreachable_code)]` on by default
[INFO] [stdout] 
[INFO] [stdout] 
[INFO] [stdout] warning: unreachable expression
[INFO] [stdout]    --> compiler/src/declarations.rs:130:27
[INFO] [stdout]     |
[INFO] [stdout] 130 |                       kind: errors::Kind::MismatchedGenericArguments {
[INFO] [stdout]     |  ___________________________^
[INFO] [stdout] 131 | |                         arguments: found.generics.len(),
[INFO] [stdout] 132 | |                         parameters: expected.generics.len(),
[INFO] [stdout] 133 | |                         declaration: todo!("is this error internal"),
[INFO] [stdout]     | |                                      ------------------------------- any code following this expression is unreachable
[INFO] [stdout] 134 | |                     },
[INFO] [stdout]     | |_____________________^ unreachable expression
[INFO] [stdout] 
[INFO] [stdout] 
[INFO] [stdout] warning: unreachable expression
[INFO] [stdout]    --> compiler/src/declarations.rs:143:13
[INFO] [stdout]     |
[INFO] [stdout] 143 |           Err(Error {
[INFO] [stdout]     |  _____________^
[INFO] [stdout] 144 | |             kind: errors::Kind::MismatchedTypes {
[INFO] [stdout] 145 | |                 expected: expected.clone(),
[INFO] [stdout] 146 | |                 found: found.clone(),
[INFO] [stdout] 147 | |             },
[INFO] [stdout] 148 | |             span: todo!(),
[INFO] [stdout]     | |                   ------- any code following this expression is unreachable
[INFO] [stdout] 149 | |         })
[INFO] [stdout]     | |_________^ unreachable expression
[INFO] [stdout] 
[INFO] [stdout] 
[INFO] [stdout] warning: unreachable expression
[INFO] [stdout]    --> compiler/src/declarations.rs:200:19
[INFO] [stdout]     |
[INFO] [stdout] 199 |             span: todo!(),
[INFO] [stdout]     |                   ------- any code following this expression is unreachable
[INFO] [stdout] 200 |             kind: errors::Kind::CannotInferType,
[INFO] [stdout]     |                   ^^^^^^^^^^^^^^^^^^^^^^^^^^^^^ unreachable expression
[INFO] [stdout] 
[INFO] [stdout] 
[INFO] [stdout] warning: unreachable expression
[INFO] [stdout]    --> compiler/src/declarations.rs:213:23
[INFO] [stdout]     |
[INFO] [stdout] 212 |                   span: todo!(),
[INFO] [stdout]     |                         ------- any code following this expression is unreachable
[INFO] [stdout] 213 |                   kind: errors::Kind::DeclarationConstraintViolation {
[INFO] [stdout]     |  _______________________^
[INFO] [stdout] 214 | |                     constraint: errors::DeclarationConstraint::Length,
[INFO] [stdout] 215 | |                     found: id.to_type_ref(),
[INFO] [stdout] 216 | |                 },
[INFO] [stdout]     | |_________________^ unreachable expression
[INFO] [stdout] 
[INFO] [stdout] 
[INFO] [stdout] warning: unreachable expression
[INFO] [stdout]    --> compiler/src/declarations.rs:225:31
[INFO] [stdout]     |
[INFO] [stdout] 224 |                           span: todo!(),
[INFO] [stdout]     |                                 ------- any code following this expression is unreachable
[INFO] [stdout] 225 |                           kind: errors::Kind::MismatchedGenericArguments {
[INFO] [stdout]     |  _______________________________^
[INFO] [stdout] 226 | |                             arguments: reference.generics.len(),
[INFO] [stdout] 227 | |                             parameters: 0,
[INFO] [stdout] 228 | |                             declaration: todo!(),
[INFO] [stdout] 229 | |                         },
[INFO] [stdout]     | |_________________________^ unreachable expression
[INFO] [stdout] 
[INFO] [stdout] 
[INFO] [stdout] warning: unreachable expression
[INFO] [stdout]    --> compiler/src/declarations.rs:225:31
[INFO] [stdout]     |
[INFO] [stdout] 225 |                           kind: errors::Kind::MismatchedGenericArguments {
[INFO] [stdout]     |  _______________________________^
[INFO] [stdout] 226 | |                             arguments: reference.generics.len(),
[INFO] [stdout] 227 | |                             parameters: 0,
[INFO] [stdout] 228 | |                             declaration: todo!(),
[INFO] [stdout]     | |                                          ------- any code following this expression is unreachable
[INFO] [stdout] 229 | |                         },
[INFO] [stdout]     | |_________________________^ unreachable expression
[INFO] [stdout] 
[INFO] [stdout] 
[INFO] [stdout] warning: unreachable expression
[INFO] [stdout]    --> compiler/src/declarations.rs:244:27
[INFO] [stdout]     |
[INFO] [stdout] 243 |                     span: todo!(),
[INFO] [stdout]     |                           ------- any code following this expression is unreachable
[INFO] [stdout] 244 |                     kind: errors::Kind::MismatchedLengths { expected, found },
[INFO] [stdout]     |                           ^^^^^^^^^^^^^^^^^^^^^^^^^^^^^^^^^^^^^^^^^^^^^^^^^^^ unreachable expression
[INFO] [stdout] 
[INFO] [stdout] 
[INFO] [stdout] warning: unreachable expression
[INFO] [stdout]    --> compiler/src/declarations.rs:297:23
[INFO] [stdout]     |
[INFO] [stdout] 296 |                   span: todo!(),
[INFO] [stdout]     |                         ------- any code following this expression is unreachable
[INFO] [stdout] 297 |                   kind: errors::Kind::MismatchedGenericArguments {
[INFO] [stdout]     |  _______________________^
[INFO] [stdout] 298 | |                     arguments: arguments.len(),
[INFO] [stdout] 299 | |                     parameters: parameters.value.generics.len(),
[INFO] [stdout] 300 | |                     declaration: parameters.span,
[INFO] [stdout] 301 | |                 },
[INFO] [stdout]     | |_________________^ unreachable expression
[INFO] [stdout] 
[INFO] [stdout] 
[INFO] [stdout] warning: unreachable expression
[INFO] [stdout]    --> compiler/src/declarations.rs:422:27
[INFO] [stdout]     |
[INFO] [stdout] 421 |                       span: todo!(),
[INFO] [stdout]     |                             ------- any code following this expression is unreachable
[INFO] [stdout] 422 |                       kind: errors::Kind::DeclarationConstraintViolation {
[INFO] [stdout]     |  ___________________________^
[INFO] [stdout] 423 | |                         constraint: errors::DeclarationConstraint::Type,
[INFO] [stdout] 424 | |                         found: reference.clone(),
[INFO] [stdout] 425 | |                     },
[INFO] [stdout]     | |_____________________^ unreachable expression
[INFO] [stdout] 
[INFO] [stdout] 
[INFO] [stdout] warning: unreachable expression
[INFO] [stdout]    --> compiler/src/declarations.rs:450:39
[INFO] [stdout]     |
[INFO] [stdout] 449 | ...                   span: todo!(),
[INFO] [stdout]     |                             ------- any code following this expression is unreachable
[INFO] [stdout] 450 | ...                   kind: errors::Kind::StructTooBig,
[INFO] [stdout]     |                             ^^^^^^^^^^^^^^^^^^^^^^^^^^ unreachable expression
[INFO] [stdout] 
[INFO] [stdout] 
[INFO] [stdout] warning: unreachable expression
[INFO] [stdout]    --> compiler/src/declarations.rs:497:27
[INFO] [stdout]     |
[INFO] [stdout] 496 |                       span: todo!(),
[INFO] [stdout]     |                             ------- any code following this expression is unreachable
[INFO] [stdout] 497 |                       kind: errors::Kind::DeclarationConstraintViolation {
[INFO] [stdout]     |  ___________________________^
[INFO] [stdout] 498 | |                         constraint: errors::DeclarationConstraint::Type,
[INFO] [stdout] 499 | |                         found: reference.clone(),
[INFO] [stdout] 500 | |                     },
[INFO] [stdout]     | |_____________________^ unreachable expression
[INFO] [stdout] 
[INFO] [stdout] 
[INFO] [stdout] warning: unreachable expression
[INFO] [stdout]    --> compiler/src/declarations.rs:551:23
[INFO] [stdout]     |
[INFO] [stdout] 550 |                   span: todo!(),
[INFO] [stdout]     |                         ------- any code following this expression is unreachable
[INFO] [stdout] 551 |                   kind: errors::Kind::DeclarationConstraintViolation {
[INFO] [stdout]     |  _______________________^
[INFO] [stdout] 552 | |                     constraint: errors::DeclarationConstraint::Function,
[INFO] [stdout] 553 | |                     found: reference.clone(),
[INFO] [stdout] 554 | |                 },
[INFO] [stdout]     | |_________________^ unreachable expression
[INFO] [stdout] 
[INFO] [stdout] 
[INFO] [stdout] warning: unreachable expression
[INFO] [stdout]    --> compiler/src/declarations.rs:578:27
[INFO] [stdout]     |
[INFO] [stdout] 577 |                       span: todo!(),
[INFO] [stdout]     |                             ------- any code following this expression is unreachable
[INFO] [stdout] 578 |                       kind: errors::Kind::DeclarationConstraintViolation {
[INFO] [stdout]     |  ___________________________^
[INFO] [stdout] 579 | |                         constraint: errors::DeclarationConstraint::Function,
[INFO] [stdout] 580 | |                         found: reference.clone(),
[INFO] [stdout] 581 | |                     },
[INFO] [stdout]     | |_____________________^ unreachable expression
[INFO] [stdout] 
[INFO] [stdout] 
[INFO] [stdout] warning: unreachable expression
[INFO] [stdout]    --> compiler/src/hir/builder.rs:395:23
[INFO] [stdout]     |
[INFO] [stdout] 394 |                   span: todo!(),
[INFO] [stdout]     |                         ------- any code following this expression is unreachable
[INFO] [stdout] 395 |                   kind: errors::Kind::MismatchedArguments {
[INFO] [stdout]     |  _______________________^
[INFO] [stdout] 396 | |                     arguments: call.arguments.len(),
[INFO] [stdout] 397 | |                     parameters: signature.parameters.len(),
[INFO] [stdout] 398 | |                     declaration: todo!(),
[INFO] [stdout] 399 | |                 },
[INFO] [stdout]     | |_________________^ unreachable expression
[INFO] [stdout] 
[INFO] [stdout] 
[INFO] [stdout] warning: unreachable expression
[INFO] [stdout]    --> compiler/src/hir/builder.rs:395:23
[INFO] [stdout]     |
[INFO] [stdout] 395 |                   kind: errors::Kind::MismatchedArguments {
[INFO] [stdout]     |  _______________________^
[INFO] [stdout] 396 | |                     arguments: call.arguments.len(),
[INFO] [stdout] 397 | |                     parameters: signature.parameters.len(),
[INFO] [stdout] 398 | |                     declaration: todo!(),
[INFO] [stdout]     | |                                  ------- any code following this expression is unreachable
[INFO] [stdout] 399 | |                 },
[INFO] [stdout]     | |_________________^ unreachable expression
[INFO] [stdout] 
[INFO] [stdout] 
[INFO] [stdout] warning: unreachable expression
[INFO] [stdout]   --> compiler/src/layout.rs:34:19
[INFO] [stdout]    |
[INFO] [stdout] 33 |             span: todo!(),
[INFO] [stdout]    |                   ------- any code following this expression is unreachable
[INFO] [stdout] 34 |             kind: errors::Kind::LengthTooBig,
[INFO] [stdout]    |                   ^^^^^^^^^^^^^^^^^^^^^^^^^^ unreachable expression
[INFO] [stdout] 
[INFO] [stdout] 
[INFO] [stdout] warning: unreachable expression
[INFO] [stdout]   --> compiler/src/layout.rs:66:23
[INFO] [stdout]    |
[INFO] [stdout] 65 |                   span: todo!(),
[INFO] [stdout]    |                         ------- any code following this expression is unreachable
[INFO] [stdout] 66 |                   kind: errors::Kind::TypeConstraintViolation {
[INFO] [stdout]    |  _______________________^
[INFO] [stdout] 67 | |                     constraint: errors::TypeConstraint::Struct,
[INFO] [stdout] 68 | |                     found: todo!(),
[INFO] [stdout] 69 | |                 },
[INFO] [stdout]    | |_________________^ unreachable expression
[INFO] [stdout] 
[INFO] [stdout] 
[INFO] [stdout] warning: unreachable expression
[INFO] [stdout]   --> compiler/src/layout.rs:66:23
[INFO] [stdout]    |
[INFO] [stdout] 66 |                   kind: errors::Kind::TypeConstraintViolation {
[INFO] [stdout]    |  _______________________^
[INFO] [stdout] 67 | |                     constraint: errors::TypeConstraint::Struct,
[INFO] [stdout] 68 | |                     found: todo!(),
[INFO] [stdout]    | |                            ------- any code following this expression is unreachable
[INFO] [stdout] 69 | |                 },
[INFO] [stdout]    | |_________________^ unreachable expression
[INFO] [stdout] 
[INFO] [stdout] 
[INFO] [stdout] warning: unreachable expression
[INFO] [stdout]   --> compiler/src/layout.rs:79:23
[INFO] [stdout]    |
[INFO] [stdout] 78 |                   span: todo!(),
[INFO] [stdout]    |                         ------- any code following this expression is unreachable
[INFO] [stdout] 79 |                   kind: errors::Kind::TypeConstraintViolation {
[INFO] [stdout]    |  _______________________^
[INFO] [stdout] 80 | |                     constraint: errors::TypeConstraint::Array,
[INFO] [stdout] 81 | |                     found: todo!(),
[INFO] [stdout] 82 | |                 },
[INFO] [stdout]    | |_________________^ unreachable expression
[INFO] [stdout] 
[INFO] [stdout] 
[INFO] [stdout] warning: unreachable expression
[INFO] [stdout]   --> compiler/src/layout.rs:79:23
[INFO] [stdout]    |
[INFO] [stdout] 79 |                   kind: errors::Kind::TypeConstraintViolation {
[INFO] [stdout]    |  _______________________^
[INFO] [stdout] 80 | |                     constraint: errors::TypeConstraint::Array,
[INFO] [stdout] 81 | |                     found: todo!(),
[INFO] [stdout]    | |                            ------- any code following this expression is unreachable
[INFO] [stdout] 82 | |                 },
[INFO] [stdout]    | |_________________^ unreachable expression
[INFO] [stdout] 
[INFO] [stdout] 
[INFO] [stdout] warning: unreachable call
[INFO] [stdout]    --> compiler/src/translate.rs:114:24
[INFO] [stdout]     |
[INFO] [stdout] 114 |             None => Ok(BranchStatus::Continue(todo!("voidz"))),
[INFO] [stdout]     |                        ^^^^^^^^^^^^^^^^^^^^^^ -------------- any code following this expression is unreachable
[INFO] [stdout]     |                        |
[INFO] [stdout]     |                        unreachable call
[INFO] [stdout] 
[INFO] [stdout] 
[INFO] [stdout] warning: unreachable expression
[INFO] [stdout]    --> compiler/src/translate.rs:258:27
[INFO] [stdout]     |
[INFO] [stdout] 257 |                       span: todo!("argument span"),
[INFO] [stdout]     |                             ---------------------- any code following this expression is unreachable
[INFO] [stdout] 258 |                       kind: errors::Kind::TypeConstraintViolation {
[INFO] [stdout]     |  ___________________________^
[INFO] [stdout] 259 | |                         constraint: errors::TypeConstraint::Number,
[INFO] [stdout] 260 | |                         found: input_type_ref,
[INFO] [stdout] 261 | |                     },
[INFO] [stdout]     | |_____________________^ unreachable expression
[INFO] [stdout] 
[INFO] [stdout] 
[INFO] [stdout] warning: unused import: `itertools::Itertools`
[INFO] [stdout]  --> compiler/src/main.rs:8:5
[INFO] [stdout]   |
[INFO] [stdout] 8 | use itertools::Itertools;
[INFO] [stdout]   |     ^^^^^^^^^^^^^^^^^^^^
[INFO] [stdout] 
[INFO] [stdout] 
[INFO] [stdout] warning: unused import: `itertools::Itertools`
[INFO] [stdout]   --> compiler/src/translate.rs:10:5
[INFO] [stdout]    |
[INFO] [stdout] 10 | use itertools::Itertools;
[INFO] [stdout]    |     ^^^^^^^^^^^^^^^^^^^^
[INFO] [stdout] 
[INFO] [stdout] 
[INFO] [stdout] warning: unused variable: `layout`
[INFO] [stdout]    --> compiler/src/translate.rs:273:9
[INFO] [stdout]     |
[INFO] [stdout] 273 |         layout: &Layout,
[INFO] [stdout]     |         ^^^^^^ help: if this is intentional, prefix it with an underscore: `_layout`
[INFO] [stdout]     |
[INFO] [stdout]     = note: `#[warn(unused_variables)]` on by default
[INFO] [stdout] 
[INFO] [stdout] 
[INFO] [stdout] warning: variant `AssertType` is never constructed
[INFO] [stdout]   --> compiler/src/hir.rs:93:5
[INFO] [stdout]    |
[INFO] [stdout] 76 | pub enum Expression {
[INFO] [stdout]    |          ---------- variant in this enum
[INFO] [stdout] ...
[INFO] [stdout] 93 |     AssertType(Box<Typed<Expression>>),
[INFO] [stdout]    |     ^^^^^^^^^^
[INFO] [stdout]    |
[INFO] [stdout]    = note: `Expression` has derived impls for the traits `Clone` and `Debug`, but these are intentionally ignored during dead code analysis
[INFO] [stdout]    = note: `#[warn(dead_code)]` on by default
[INFO] [stdout] 
[INFO] [stdout] 
[INFO] [stderr]     Finished `dev` profile [unoptimized + debuginfo] target(s) in 1m 17s
[INFO] running `Command { std: "docker" "inspect" "28c6cf00f9825c44a736a999aed8f4d87361898ce859a56af26aadf3eebdc834", kill_on_drop: false }`
[INFO] running `Command { std: "docker" "rm" "-f" "28c6cf00f9825c44a736a999aed8f4d87361898ce859a56af26aadf3eebdc834", kill_on_drop: false }`
[INFO] [stdout] 28c6cf00f9825c44a736a999aed8f4d87361898ce859a56af26aadf3eebdc834
[INFO] running `Command { std: "docker" "create" "-v" "/var/lib/crater-agent-workspace/builds/worker-4-tc1/target:/opt/rustwide/target:rw,Z" "-v" "/var/lib/crater-agent-workspace/builds/worker-4-tc1/source:/opt/rustwide/workdir:ro,Z" "-v" "/var/lib/crater-agent-workspace/cargo-home:/opt/rustwide/cargo-home:ro,Z" "-v" "/var/lib/crater-agent-workspace/rustup-home:/opt/rustwide/rustup-home:ro,Z" "-e" "SOURCE_DIR=/opt/rustwide/workdir" "-e" "CARGO_TARGET_DIR=/opt/rustwide/target" "-e" "CARGO_INCREMENTAL=0" "-e" "RUST_BACKTRACE=full" "-e" "RUSTFLAGS=--cap-lints=forbid" "-e" "RUSTDOCFLAGS=--cap-lints=forbid" "-e" "CARGO_HOME=/opt/rustwide/cargo-home" "-e" "RUSTUP_HOME=/opt/rustwide/rustup-home" "-w" "/opt/rustwide/workdir" "-m" "1610612736" "--user" "0:0" "--network" "none" "ghcr.io/rust-lang/crates-build-env/linux@sha256:819108c5571ea2e421544af4d832f968d213c87fbe3707a016657f43d2f853bc" "/opt/rustwide/cargo-home/bin/cargo" "+nightly-2025-01-18" "test" "--frozen" "--no-run" "--message-format=json", kill_on_drop: false }`
[INFO] [stdout] 30b73ca69ca1d71079536a37775e6a345cef99d32b1c596c7214301d3c0bc4b9
[INFO] running `Command { std: "docker" "start" "-a" "30b73ca69ca1d71079536a37775e6a345cef99d32b1c596c7214301d3c0bc4b9", kill_on_drop: false }`
[INFO] [stderr] warning: /opt/rustwide/workdir/Cargo.toml: unused manifest key: workspace.default-run
[INFO] [stderr]    Compiling bitfields v0.1.0 (/opt/rustwide/workdir/bitfields)
[INFO] [stderr]    Compiling tokenizer v0.1.0 (/opt/rustwide/workdir/tokenizer)
[INFO] [stdout] warning: a method with this name may be added to the standard library in the future
[INFO] [stdout]    --> tokenizer/src/lib.rs:193:14
[INFO] [stdout]     |
[INFO] [stdout] 193 |             .intersperse_with(|| ", ".to_string())
[INFO] [stdout]     |              ^^^^^^^^^^^^^^^^
[INFO] [stdout]     |
[INFO] [stdout]     = warning: once this associated item is added to the standard library, the ambiguity may cause an error or change in behavior!
[INFO] [stdout]     = note: for more information, see issue #48919 <https://github.com/rust-lang/rust/issues/48919>
[INFO] [stdout]     = help: call with fully qualified syntax `itertools::Itertools::intersperse_with(...)` to keep using the current method
[INFO] [stdout]     = note: `#[warn(unstable_name_collisions)]` on by default
[INFO] [stdout] help: add `#![feature(iter_intersperse)]` to the crate attributes to enable `std::iter::Iterator::intersperse_with`
[INFO] [stdout]     |
[INFO] [stdout] 2   + #![feature(iter_intersperse)]
[INFO] [stdout]     |
[INFO] [stdout] 
[INFO] [stdout] 
[INFO] [stdout] warning: a method with this name may be added to the standard library in the future
[INFO] [stdout]    --> tokenizer/src/lib.rs:193:14
[INFO] [stdout]     |
[INFO] [stdout] 193 |             .intersperse_with(|| ", ".to_string())
[INFO] [stdout]     |              ^^^^^^^^^^^^^^^^
[INFO] [stdout]     |
[INFO] [stdout]     = warning: once this associated item is added to the standard library, the ambiguity may cause an error or change in behavior!
[INFO] [stdout]     = note: for more information, see issue #48919 <https://github.com/rust-lang/rust/issues/48919>
[INFO] [stdout]     = help: call with fully qualified syntax `itertools::Itertools::intersperse_with(...)` to keep using the current method
[INFO] [stdout]     = note: `#[warn(unstable_name_collisions)]` on by default
[INFO] [stdout] help: add `#![feature(iter_intersperse)]` to the crate attributes to enable `std::iter::Iterator::intersperse_with`
[INFO] [stdout]     |
[INFO] [stdout] 2   + #![feature(iter_intersperse)]
[INFO] [stdout]     |
[INFO] [stdout] 
[INFO] [stdout] 
[INFO] [stderr]    Compiling parser v0.1.0 (/opt/rustwide/workdir/parser)
[INFO] [stdout] warning: unexpected `cfg` condition name: `ignore`
[INFO] [stdout]    --> parser/src/top_level.rs:510:7
[INFO] [stdout]     |
[INFO] [stdout] 510 | #[cfg(ignore)]
[INFO] [stdout]     |       ^^^^^^
[INFO] [stdout]     |
[INFO] [stdout]     = help: expected names are: `clippy`, `debug_assertions`, `doc`, `docsrs`, `doctest`, `feature`, `fmt_debug`, `miri`, `overflow_checks`, `panic`, `proc_macro`, `relocation_model`, `rustfmt`, `sanitize`, `sanitizer_cfi_generalize_pointers`, `sanitizer_cfi_normalize_integers`, `target_abi`, `target_arch`, `target_endian`, `target_env`, `target_family`, `target_feature`, `target_has_atomic`, `target_has_atomic_equal_alignment`, `target_has_atomic_load_store`, `target_os`, `target_pointer_width`, `target_thread_local`, `target_vendor`, `test`, `ub_checks`, `unix`, and `windows`
[INFO] [stdout]     = help: consider using a Cargo feature instead
[INFO] [stdout]     = help: or consider adding in `Cargo.toml` the `check-cfg` lint config for the lint:
[INFO] [stdout]              [lints.rust]
[INFO] [stdout]              unexpected_cfgs = { level = "warn", check-cfg = ['cfg(ignore)'] }
[INFO] [stdout]     = help: or consider adding `println!("cargo::rustc-check-cfg=cfg(ignore)");` to the top of the `build.rs`
[INFO] [stdout]     = note: see <https://doc.rust-lang.org/nightly/rustc/check-cfg/cargo-specifics.html> for more information about checking conditional configuration
[INFO] [stdout]     = note: `#[warn(unexpected_cfgs)]` on by default
[INFO] [stdout] 
[INFO] [stdout] 
[INFO] [stdout] warning: unexpected `cfg` condition name: `ignore`
[INFO] [stdout]    --> parser/src/top_level.rs:510:7
[INFO] [stdout]     |
[INFO] [stdout] 510 | #[cfg(ignore)]
[INFO] [stdout]     |       ^^^^^^
[INFO] [stdout]     |
[INFO] [stdout]     = help: expected names are: `clippy`, `debug_assertions`, `doc`, `docsrs`, `doctest`, `feature`, `fmt_debug`, `miri`, `overflow_checks`, `panic`, `proc_macro`, `relocation_model`, `rustfmt`, `sanitize`, `sanitizer_cfi_generalize_pointers`, `sanitizer_cfi_normalize_integers`, `target_abi`, `target_arch`, `target_endian`, `target_env`, `target_family`, `target_feature`, `target_has_atomic`, `target_has_atomic_equal_alignment`, `target_has_atomic_load_store`, `target_os`, `target_pointer_width`, `target_thread_local`, `target_vendor`, `test`, `ub_checks`, `unix`, and `windows`
[INFO] [stdout]     = help: consider using a Cargo feature instead
[INFO] [stdout]     = help: or consider adding in `Cargo.toml` the `check-cfg` lint config for the lint:
[INFO] [stdout]              [lints.rust]
[INFO] [stdout]              unexpected_cfgs = { level = "warn", check-cfg = ['cfg(ignore)'] }
[INFO] [stdout]     = help: or consider adding `println!("cargo::rustc-check-cfg=cfg(ignore)");` to the top of the `build.rs`
[INFO] [stdout]     = note: see <https://doc.rust-lang.org/nightly/rustc/check-cfg/cargo-specifics.html> for more information about checking conditional configuration
[INFO] [stdout]     = note: `#[warn(unexpected_cfgs)]` on by default
[INFO] [stdout] 
[INFO] [stdout] 
[INFO] [stdout] warning: use of deprecated method `top_level::Declaration::name`: put common fields on `Declaration` struct instead
[INFO] [stdout]   --> parser/src/lib.rs:63:55
[INFO] [stdout]    |
[INFO] [stdout] 63 |                 declarations.insert(declaration.value.name().to_string(), declaration.value);
[INFO] [stdout]    |                                                       ^^^^
[INFO] [stdout]    |
[INFO] [stdout]    = note: `#[warn(deprecated)]` on by default
[INFO] [stdout] 
[INFO] [stdout] 
[INFO] [stdout] warning: use of deprecated method `top_level::Declaration::name`: put common fields on `Declaration` struct instead
[INFO] [stdout]   --> parser/src/lib.rs:63:55
[INFO] [stdout]    |
[INFO] [stdout] 63 |                 declarations.insert(declaration.value.name().to_string(), declaration.value);
[INFO] [stdout]    |                                                       ^^^^
[INFO] [stdout]    |
[INFO] [stdout]    = note: `#[warn(deprecated)]` on by default
[INFO] [stdout] 
[INFO] [stdout] 
[INFO] [stderr]    Compiling compiler v0.1.0 (/opt/rustwide/workdir/compiler)
[INFO] [stdout] warning: unused import: `self`
[INFO] [stdout]   --> compiler/src/translate.rs:11:26
[INFO] [stdout]    |
[INFO] [stdout] 11 | use parser::expression::{self, IntrinsicOperator};
[INFO] [stdout]    |                          ^^^^
[INFO] [stdout]    |
[INFO] [stdout]    = note: `#[warn(unused_imports)]` on by default
[INFO] [stdout] 
[INFO] [stdout] 
[INFO] [stdout] warning: unused import: `Primitive`
[INFO] [stdout]   --> compiler/src/translate.rs:12:14
[INFO] [stdout]    |
[INFO] [stdout] 12 | use parser::{Primitive, PrimitiveKind};
[INFO] [stdout]    |              ^^^^^^^^^
[INFO] [stdout] 
[INFO] [stdout] 
[INFO] [stdout] warning: unreachable expression
[INFO] [stdout]    --> compiler/src/declarations.rs:130:27
[INFO] [stdout]     |
[INFO] [stdout] 129 |                       span: todo!(),
[INFO] [stdout]     |                             ------- any code following this expression is unreachable
[INFO] [stdout] 130 |                       kind: errors::Kind::MismatchedGenericArguments {
[INFO] [stdout]     |  ___________________________^
[INFO] [stdout] 131 | |                         arguments: found.generics.len(),
[INFO] [stdout] 132 | |                         parameters: expected.generics.len(),
[INFO] [stdout] 133 | |                         declaration: todo!("is this error internal"),
[INFO] [stdout] 134 | |                     },
[INFO] [stdout]     | |_____________________^ unreachable expression
[INFO] [stdout]     |
[INFO] [stdout]     = note: `#[warn(unreachable_code)]` on by default
[INFO] [stdout] 
[INFO] [stdout] 
[INFO] [stdout] warning: unreachable expression
[INFO] [stdout]    --> compiler/src/declarations.rs:130:27
[INFO] [stdout]     |
[INFO] [stdout] 130 |                       kind: errors::Kind::MismatchedGenericArguments {
[INFO] [stdout]     |  ___________________________^
[INFO] [stdout] 131 | |                         arguments: found.generics.len(),
[INFO] [stdout] 132 | |                         parameters: expected.generics.len(),
[INFO] [stdout] 133 | |                         declaration: todo!("is this error internal"),
[INFO] [stdout]     | |                                      ------------------------------- any code following this expression is unreachable
[INFO] [stdout] 134 | |                     },
[INFO] [stdout]     | |_____________________^ unreachable expression
[INFO] [stdout] 
[INFO] [stdout] 
[INFO] [stdout] warning: unreachable expression
[INFO] [stdout]    --> compiler/src/declarations.rs:143:13
[INFO] [stdout]     |
[INFO] [stdout] 143 |           Err(Error {
[INFO] [stdout]     |  _____________^
[INFO] [stdout] 144 | |             kind: errors::Kind::MismatchedTypes {
[INFO] [stdout] 145 | |                 expected: expected.clone(),
[INFO] [stdout] 146 | |                 found: found.clone(),
[INFO] [stdout] 147 | |             },
[INFO] [stdout] 148 | |             span: todo!(),
[INFO] [stdout]     | |                   ------- any code following this expression is unreachable
[INFO] [stdout] 149 | |         })
[INFO] [stdout]     | |_________^ unreachable expression
[INFO] [stdout] 
[INFO] [stdout] 
[INFO] [stdout] warning: unreachable expression
[INFO] [stdout]    --> compiler/src/declarations.rs:200:19
[INFO] [stdout]     |
[INFO] [stdout] 199 |             span: todo!(),
[INFO] [stdout]     |                   ------- any code following this expression is unreachable
[INFO] [stdout] 200 |             kind: errors::Kind::CannotInferType,
[INFO] [stdout]     |                   ^^^^^^^^^^^^^^^^^^^^^^^^^^^^^ unreachable expression
[INFO] [stdout] 
[INFO] [stdout] 
[INFO] [stdout] warning: unreachable expression
[INFO] [stdout]    --> compiler/src/declarations.rs:213:23
[INFO] [stdout]     |
[INFO] [stdout] 212 |                   span: todo!(),
[INFO] [stdout]     |                         ------- any code following this expression is unreachable
[INFO] [stdout] 213 |                   kind: errors::Kind::DeclarationConstraintViolation {
[INFO] [stdout]     |  _______________________^
[INFO] [stdout] 214 | |                     constraint: errors::DeclarationConstraint::Length,
[INFO] [stdout] 215 | |                     found: id.to_type_ref(),
[INFO] [stdout] 216 | |                 },
[INFO] [stdout]     | |_________________^ unreachable expression
[INFO] [stdout] 
[INFO] [stdout] 
[INFO] [stdout] warning: unreachable expression
[INFO] [stdout]    --> compiler/src/declarations.rs:225:31
[INFO] [stdout]     |
[INFO] [stdout] 224 |                           span: todo!(),
[INFO] [stdout]     |                                 ------- any code following this expression is unreachable
[INFO] [stdout] 225 |                           kind: errors::Kind::MismatchedGenericArguments {
[INFO] [stdout]     |  _______________________________^
[INFO] [stdout] 226 | |                             arguments: reference.generics.len(),
[INFO] [stdout] 227 | |                             parameters: 0,
[INFO] [stdout] 228 | |                             declaration: todo!(),
[INFO] [stdout] 229 | |                         },
[INFO] [stdout]     | |_________________________^ unreachable expression
[INFO] [stdout] 
[INFO] [stdout] 
[INFO] [stdout] warning: unreachable expression
[INFO] [stdout]    --> compiler/src/declarations.rs:225:31
[INFO] [stdout]     |
[INFO] [stdout] 225 |                           kind: errors::Kind::MismatchedGenericArguments {
[INFO] [stdout]     |  _______________________________^
[INFO] [stdout] 226 | |                             arguments: reference.generics.len(),
[INFO] [stdout] 227 | |                             parameters: 0,
[INFO] [stdout] 228 | |                             declaration: todo!(),
[INFO] [stdout]     | |                                          ------- any code following this expression is unreachable
[INFO] [stdout] 229 | |                         },
[INFO] [stdout]     | |_________________________^ unreachable expression
[INFO] [stdout] 
[INFO] [stdout] 
[INFO] [stdout] warning: unreachable expression
[INFO] [stdout]    --> compiler/src/declarations.rs:244:27
[INFO] [stdout]     |
[INFO] [stdout] 243 |                     span: todo!(),
[INFO] [stdout]     |                           ------- any code following this expression is unreachable
[INFO] [stdout] 244 |                     kind: errors::Kind::MismatchedLengths { expected, found },
[INFO] [stdout]     |                           ^^^^^^^^^^^^^^^^^^^^^^^^^^^^^^^^^^^^^^^^^^^^^^^^^^^ unreachable expression
[INFO] [stdout] 
[INFO] [stdout] 
[INFO] [stdout] warning: unreachable expression
[INFO] [stdout]    --> compiler/src/declarations.rs:297:23
[INFO] [stdout]     |
[INFO] [stdout] 296 |                   span: todo!(),
[INFO] [stdout]     |                         ------- any code following this expression is unreachable
[INFO] [stdout] 297 |                   kind: errors::Kind::MismatchedGenericArguments {
[INFO] [stdout]     |  _______________________^
[INFO] [stdout] 298 | |                     arguments: arguments.len(),
[INFO] [stdout] 299 | |                     parameters: parameters.value.generics.len(),
[INFO] [stdout] 300 | |                     declaration: parameters.span,
[INFO] [stdout] 301 | |                 },
[INFO] [stdout]     | |_________________^ unreachable expression
[INFO] [stdout] 
[INFO] [stdout] 
[INFO] [stdout] warning: unreachable expression
[INFO] [stdout]    --> compiler/src/declarations.rs:422:27
[INFO] [stdout]     |
[INFO] [stdout] 421 |                       span: todo!(),
[INFO] [stdout]     |                             ------- any code following this expression is unreachable
[INFO] [stdout] 422 |                       kind: errors::Kind::DeclarationConstraintViolation {
[INFO] [stdout]     |  ___________________________^
[INFO] [stdout] 423 | |                         constraint: errors::DeclarationConstraint::Type,
[INFO] [stdout] 424 | |                         found: reference.clone(),
[INFO] [stdout] 425 | |                     },
[INFO] [stdout]     | |_____________________^ unreachable expression
[INFO] [stdout] 
[INFO] [stdout] 
[INFO] [stdout] warning: unreachable expression
[INFO] [stdout]    --> compiler/src/declarations.rs:450:39
[INFO] [stdout]     |
[INFO] [stdout] 449 | ...                   span: todo!(),
[INFO] [stdout]     |                             ------- any code following this expression is unreachable
[INFO] [stdout] 450 | ...                   kind: errors::Kind::StructTooBig,
[INFO] [stdout]     |                             ^^^^^^^^^^^^^^^^^^^^^^^^^^ unreachable expression
[INFO] [stdout] 
[INFO] [stdout] 
[INFO] [stdout] warning: unreachable expression
[INFO] [stdout]    --> compiler/src/declarations.rs:497:27
[INFO] [stdout]     |
[INFO] [stdout] 496 |                       span: todo!(),
[INFO] [stdout]     |                             ------- any code following this expression is unreachable
[INFO] [stdout] 497 |                       kind: errors::Kind::DeclarationConstraintViolation {
[INFO] [stdout]     |  ___________________________^
[INFO] [stdout] 498 | |                         constraint: errors::DeclarationConstraint::Type,
[INFO] [stdout] 499 | |                         found: reference.clone(),
[INFO] [stdout] 500 | |                     },
[INFO] [stdout]     | |_____________________^ unreachable expression
[INFO] [stdout] 
[INFO] [stdout] 
[INFO] [stdout] warning: unreachable expression
[INFO] [stdout]    --> compiler/src/declarations.rs:551:23
[INFO] [stdout]     |
[INFO] [stdout] 550 |                   span: todo!(),
[INFO] [stdout]     |                         ------- any code following this expression is unreachable
[INFO] [stdout] 551 |                   kind: errors::Kind::DeclarationConstraintViolation {
[INFO] [stdout]     |  _______________________^
[INFO] [stdout] 552 | |                     constraint: errors::DeclarationConstraint::Function,
[INFO] [stdout] 553 | |                     found: reference.clone(),
[INFO] [stdout] 554 | |                 },
[INFO] [stdout]     | |_________________^ unreachable expression
[INFO] [stdout] 
[INFO] [stdout] 
[INFO] [stdout] warning: unreachable expression
[INFO] [stdout]    --> compiler/src/declarations.rs:578:27
[INFO] [stdout]     |
[INFO] [stdout] 577 |                       span: todo!(),
[INFO] [stdout]     |                             ------- any code following this expression is unreachable
[INFO] [stdout] 578 |                       kind: errors::Kind::DeclarationConstraintViolation {
[INFO] [stdout]     |  ___________________________^
[INFO] [stdout] 579 | |                         constraint: errors::DeclarationConstraint::Function,
[INFO] [stdout] 580 | |                         found: reference.clone(),
[INFO] [stdout] 581 | |                     },
[INFO] [stdout]     | |_____________________^ unreachable expression
[INFO] [stdout] 
[INFO] [stdout] 
[INFO] [stdout] warning: unreachable expression
[INFO] [stdout]    --> compiler/src/hir/builder.rs:395:23
[INFO] [stdout]     |
[INFO] [stdout] 394 |                   span: todo!(),
[INFO] [stdout]     |                         ------- any code following this expression is unreachable
[INFO] [stdout] 395 |                   kind: errors::Kind::MismatchedArguments {
[INFO] [stdout]     |  _______________________^
[INFO] [stdout] 396 | |                     arguments: call.arguments.len(),
[INFO] [stdout] 397 | |                     parameters: signature.parameters.len(),
[INFO] [stdout] 398 | |                     declaration: todo!(),
[INFO] [stdout] 399 | |                 },
[INFO] [stdout]     | |_________________^ unreachable expression
[INFO] [stdout] 
[INFO] [stdout] 
[INFO] [stdout] warning: unreachable expression
[INFO] [stdout]    --> compiler/src/hir/builder.rs:395:23
[INFO] [stdout]     |
[INFO] [stdout] 395 |                   kind: errors::Kind::MismatchedArguments {
[INFO] [stdout]     |  _______________________^
[INFO] [stdout] 396 | |                     arguments: call.arguments.len(),
[INFO] [stdout] 397 | |                     parameters: signature.parameters.len(),
[INFO] [stdout] 398 | |                     declaration: todo!(),
[INFO] [stdout]     | |                                  ------- any code following this expression is unreachable
[INFO] [stdout] 399 | |                 },
[INFO] [stdout]     | |_________________^ unreachable expression
[INFO] [stdout] 
[INFO] [stdout] 
[INFO] [stdout] warning: unreachable expression
[INFO] [stdout]   --> compiler/src/layout.rs:34:19
[INFO] [stdout]    |
[INFO] [stdout] 33 |             span: todo!(),
[INFO] [stdout]    |                   ------- any code following this expression is unreachable
[INFO] [stdout] 34 |             kind: errors::Kind::LengthTooBig,
[INFO] [stdout]    |                   ^^^^^^^^^^^^^^^^^^^^^^^^^^ unreachable expression
[INFO] [stdout] 
[INFO] [stdout] 
[INFO] [stdout] warning: unreachable expression
[INFO] [stdout]   --> compiler/src/layout.rs:66:23
[INFO] [stdout]    |
[INFO] [stdout] 65 |                   span: todo!(),
[INFO] [stdout]    |                         ------- any code following this expression is unreachable
[INFO] [stdout] 66 |                   kind: errors::Kind::TypeConstraintViolation {
[INFO] [stdout]    |  _______________________^
[INFO] [stdout] 67 | |                     constraint: errors::TypeConstraint::Struct,
[INFO] [stdout] 68 | |                     found: todo!(),
[INFO] [stdout] 69 | |                 },
[INFO] [stdout]    | |_________________^ unreachable expression
[INFO] [stdout] 
[INFO] [stdout] 
[INFO] [stdout] warning: unreachable expression
[INFO] [stdout]   --> compiler/src/layout.rs:66:23
[INFO] [stdout]    |
[INFO] [stdout] 66 |                   kind: errors::Kind::TypeConstraintViolation {
[INFO] [stdout]    |  _______________________^
[INFO] [stdout] 67 | |                     constraint: errors::TypeConstraint::Struct,
[INFO] [stdout] 68 | |                     found: todo!(),
[INFO] [stdout]    | |                            ------- any code following this expression is unreachable
[INFO] [stdout] 69 | |                 },
[INFO] [stdout]    | |_________________^ unreachable expression
[INFO] [stdout] 
[INFO] [stdout] 
[INFO] [stdout] warning: unreachable expression
[INFO] [stdout]   --> compiler/src/layout.rs:79:23
[INFO] [stdout]    |
[INFO] [stdout] 78 |                   span: todo!(),
[INFO] [stdout]    |                         ------- any code following this expression is unreachable
[INFO] [stdout] 79 |                   kind: errors::Kind::TypeConstraintViolation {
[INFO] [stdout]    |  _______________________^
[INFO] [stdout] 80 | |                     constraint: errors::TypeConstraint::Array,
[INFO] [stdout] 81 | |                     found: todo!(),
[INFO] [stdout] 82 | |                 },
[INFO] [stdout]    | |_________________^ unreachable expression
[INFO] [stdout] 
[INFO] [stdout] 
[INFO] [stdout] warning: unreachable expression
[INFO] [stdout]   --> compiler/src/layout.rs:79:23
[INFO] [stdout]    |
[INFO] [stdout] 79 |                   kind: errors::Kind::TypeConstraintViolation {
[INFO] [stdout]    |  _______________________^
[INFO] [stdout] 80 | |                     constraint: errors::TypeConstraint::Array,
[INFO] [stdout] 81 | |                     found: todo!(),
[INFO] [stdout]    | |                            ------- any code following this expression is unreachable
[INFO] [stdout] 82 | |                 },
[INFO] [stdout]    | |_________________^ unreachable expression
[INFO] [stdout] 
[INFO] [stdout] 
[INFO] [stdout] warning: unreachable call
[INFO] [stdout]    --> compiler/src/translate.rs:114:24
[INFO] [stdout]     |
[INFO] [stdout] 114 |             None => Ok(BranchStatus::Continue(todo!("voidz"))),
[INFO] [stdout]     |                        ^^^^^^^^^^^^^^^^^^^^^^ -------------- any code following this expression is unreachable
[INFO] [stdout]     |                        |
[INFO] [stdout]     |                        unreachable call
[INFO] [stdout] 
[INFO] [stdout] 
[INFO] [stdout] warning: unreachable expression
[INFO] [stdout]    --> compiler/src/translate.rs:258:27
[INFO] [stdout]     |
[INFO] [stdout] 257 |                       span: todo!("argument span"),
[INFO] [stdout]     |                             ---------------------- any code following this expression is unreachable
[INFO] [stdout] 258 |                       kind: errors::Kind::TypeConstraintViolation {
[INFO] [stdout]     |  ___________________________^
[INFO] [stdout] 259 | |                         constraint: errors::TypeConstraint::Number,
[INFO] [stdout] 260 | |                         found: input_type_ref,
[INFO] [stdout] 261 | |                     },
[INFO] [stdout]     | |_____________________^ unreachable expression
[INFO] [stdout] 
[INFO] [stdout] 
[INFO] [stdout] warning: unused import: `itertools::Itertools`
[INFO] [stdout]  --> compiler/src/main.rs:8:5
[INFO] [stdout]   |
[INFO] [stdout] 8 | use itertools::Itertools;
[INFO] [stdout]   |     ^^^^^^^^^^^^^^^^^^^^
[INFO] [stdout] 
[INFO] [stdout] 
[INFO] [stdout] warning: unused import: `itertools::Itertools`
[INFO] [stdout]   --> compiler/src/translate.rs:10:5
[INFO] [stdout]    |
[INFO] [stdout] 10 | use itertools::Itertools;
[INFO] [stdout]    |     ^^^^^^^^^^^^^^^^^^^^
[INFO] [stdout] 
[INFO] [stdout] 
[INFO] [stdout] warning: unused variable: `layout`
[INFO] [stdout]    --> compiler/src/translate.rs:273:9
[INFO] [stdout]     |
[INFO] [stdout] 273 |         layout: &Layout,
[INFO] [stdout]     |         ^^^^^^ help: if this is intentional, prefix it with an underscore: `_layout`
[INFO] [stdout]     |
[INFO] [stdout]     = note: `#[warn(unused_variables)]` on by default
[INFO] [stdout] 
[INFO] [stdout] 
[INFO] [stdout] warning: variant `AssertType` is never constructed
[INFO] [stdout]   --> compiler/src/hir.rs:93:5
[INFO] [stdout]    |
[INFO] [stdout] 76 | pub enum Expression {
[INFO] [stdout]    |          ---------- variant in this enum
[INFO] [stdout] ...
[INFO] [stdout] 93 |     AssertType(Box<Typed<Expression>>),
[INFO] [stdout]    |     ^^^^^^^^^^
[INFO] [stdout]    |
[INFO] [stdout]    = note: `Expression` has derived impls for the traits `Clone` and `Debug`, but these are intentionally ignored during dead code analysis
[INFO] [stdout]    = note: `#[warn(dead_code)]` on by default
[INFO] [stdout] 
[INFO] [stdout] 
[INFO] [stderr]     Finished `test` profile [unoptimized + debuginfo] target(s) in 5.28s
[INFO] running `Command { std: "docker" "inspect" "30b73ca69ca1d71079536a37775e6a345cef99d32b1c596c7214301d3c0bc4b9", kill_on_drop: false }`
[INFO] running `Command { std: "docker" "rm" "-f" "30b73ca69ca1d71079536a37775e6a345cef99d32b1c596c7214301d3c0bc4b9", kill_on_drop: false }`
[INFO] [stdout] 30b73ca69ca1d71079536a37775e6a345cef99d32b1c596c7214301d3c0bc4b9
[INFO] running `Command { std: "docker" "create" "-v" "/var/lib/crater-agent-workspace/builds/worker-4-tc1/target:/opt/rustwide/target:rw,Z" "-v" "/var/lib/crater-agent-workspace/builds/worker-4-tc1/source:/opt/rustwide/workdir:ro,Z" "-v" "/var/lib/crater-agent-workspace/cargo-home:/opt/rustwide/cargo-home:ro,Z" "-v" "/var/lib/crater-agent-workspace/rustup-home:/opt/rustwide/rustup-home:ro,Z" "-e" "SOURCE_DIR=/opt/rustwide/workdir" "-e" "CARGO_TARGET_DIR=/opt/rustwide/target" "-e" "CARGO_INCREMENTAL=0" "-e" "RUST_BACKTRACE=full" "-e" "RUSTFLAGS=--cap-lints=forbid" "-e" "RUSTDOCFLAGS=--cap-lints=forbid" "-e" "CARGO_HOME=/opt/rustwide/cargo-home" "-e" "RUSTUP_HOME=/opt/rustwide/rustup-home" "-w" "/opt/rustwide/workdir" "-m" "1610612736" "--user" "0:0" "--network" "none" "ghcr.io/rust-lang/crates-build-env/linux@sha256:819108c5571ea2e421544af4d832f968d213c87fbe3707a016657f43d2f853bc" "/opt/rustwide/cargo-home/bin/cargo" "+nightly-2025-01-18" "test" "--frozen", kill_on_drop: false }`
[INFO] [stdout] 3afe8c6480012929c7c42ad2950c7976e3a85fa0123cf22ecd5ac59833a172ec
[INFO] running `Command { std: "docker" "start" "-a" "3afe8c6480012929c7c42ad2950c7976e3a85fa0123cf22ecd5ac59833a172ec", kill_on_drop: false }`
[INFO] [stderr] warning: /opt/rustwide/workdir/Cargo.toml: unused manifest key: workspace.default-run
[INFO] [stderr] warning: a method with this name may be added to the standard library in the future
[INFO] [stderr]    --> tokenizer/src/lib.rs:193:14
[INFO] [stderr]     |
[INFO] [stderr] 193 |             .intersperse_with(|| ", ".to_string())
[INFO] [stderr]     |              ^^^^^^^^^^^^^^^^
[INFO] [stderr]     |
[INFO] [stderr]     = warning: once this associated item is added to the standard library, the ambiguity may cause an error or change in behavior!
[INFO] [stderr]     = note: for more information, see issue #48919 <https://github.com/rust-lang/rust/issues/48919>
[INFO] [stderr]     = help: call with fully qualified syntax `itertools::Itertools::intersperse_with(...)` to keep using the current method
[INFO] [stderr]     = note: `#[warn(unstable_name_collisions)]` on by default
[INFO] [stderr] help: add `#![feature(iter_intersperse)]` to the crate attributes to enable `std::iter::Iterator::intersperse_with`
[INFO] [stderr]     |
[INFO] [stderr] 2   + #![feature(iter_intersperse)]
[INFO] [stderr]     |
[INFO] [stderr] 
[INFO] [stderr] warning: `tokenizer` (lib) generated 1 warning
[INFO] [stderr] warning: `tokenizer` (lib test) generated 1 warning (1 duplicate)
[INFO] [stderr] warning: unexpected `cfg` condition name: `ignore`
[INFO] [stderr]    --> parser/src/top_level.rs:510:7
[INFO] [stderr]     |
[INFO] [stderr] 510 | #[cfg(ignore)]
[INFO] [stderr]     |       ^^^^^^
[INFO] [stderr]     |
[INFO] [stderr]     = help: expected names are: `clippy`, `debug_assertions`, `doc`, `docsrs`, `doctest`, `feature`, `fmt_debug`, `miri`, `overflow_checks`, `panic`, `proc_macro`, `relocation_model`, `rustfmt`, `sanitize`, `sanitizer_cfi_generalize_pointers`, `sanitizer_cfi_normalize_integers`, `target_abi`, `target_arch`, `target_endian`, `target_env`, `target_family`, `target_feature`, `target_has_atomic`, `target_has_atomic_equal_alignment`, `target_has_atomic_load_store`, `target_os`, `target_pointer_width`, `target_thread_local`, `target_vendor`, `test`, `ub_checks`, `unix`, and `windows`
[INFO] [stderr]     = help: consider using a Cargo feature instead
[INFO] [stderr]     = help: or consider adding in `Cargo.toml` the `check-cfg` lint config for the lint:
[INFO] [stderr]              [lints.rust]
[INFO] [stderr]              unexpected_cfgs = { level = "warn", check-cfg = ['cfg(ignore)'] }
[INFO] [stderr]     = help: or consider adding `println!("cargo::rustc-check-cfg=cfg(ignore)");` to the top of the `build.rs`
[INFO] [stderr]     = note: see <https://doc.rust-lang.org/nightly/rustc/check-cfg/cargo-specifics.html> for more information about checking conditional configuration
[INFO] [stderr]     = note: `#[warn(unexpected_cfgs)]` on by default
[INFO] [stderr] 
[INFO] [stderr] warning: use of deprecated method `top_level::Declaration::name`: put common fields on `Declaration` struct instead
[INFO] [stderr]   --> parser/src/lib.rs:63:55
[INFO] [stderr]    |
[INFO] [stderr] 63 |                 declarations.insert(declaration.value.name().to_string(), declaration.value);
[INFO] [stderr]    |                                                       ^^^^
[INFO] [stderr]    |
[INFO] [stderr]    = note: `#[warn(deprecated)]` on by default
[INFO] [stderr] 
[INFO] [stderr] warning: `parser` (lib) generated 2 warnings
[INFO] [stderr] warning: `parser` (lib test) generated 2 warnings (2 duplicates)
[INFO] [stderr] warning: unused import: `self`
[INFO] [stderr]   --> compiler/src/translate.rs:11:26
[INFO] [stderr]    |
[INFO] [stderr] 11 | use parser::expression::{self, IntrinsicOperator};
[INFO] [stderr]    |                          ^^^^
[INFO] [stderr]    |
[INFO] [stderr]    = note: `#[warn(unused_imports)]` on by default
[INFO] [stderr] 
[INFO] [stderr] warning: unused import: `Primitive`
[INFO] [stderr]   --> compiler/src/translate.rs:12:14
[INFO] [stderr]    |
[INFO] [stderr] 12 | use parser::{Primitive, PrimitiveKind};
[INFO] [stderr]    |              ^^^^^^^^^
[INFO] [stderr] 
[INFO] [stderr] warning: unreachable expression
[INFO] [stderr]    --> compiler/src/declarations.rs:130:27
[INFO] [stderr]     |
[INFO] [stderr] 129 |                       span: todo!(),
[INFO] [stderr]     |                             ------- any code following this expression is unreachable
[INFO] [stderr] 130 |                       kind: errors::Kind::MismatchedGenericArguments {
[INFO] [stderr]     |  ___________________________^
[INFO] [stderr] 131 | |                         arguments: found.generics.len(),
[INFO] [stderr] 132 | |                         parameters: expected.generics.len(),
[INFO] [stderr] 133 | |                         declaration: todo!("is this error internal"),
[INFO] [stderr] 134 | |                     },
[INFO] [stderr]     | |_____________________^ unreachable expression
[INFO] [stderr]     |
[INFO] [stderr]     = note: `#[warn(unreachable_code)]` on by default
[INFO] [stderr] 
[INFO] [stderr] warning: unreachable expression
[INFO] [stderr]    --> compiler/src/declarations.rs:130:27
[INFO] [stderr]     |
[INFO] [stderr] 130 |                       kind: errors::Kind::MismatchedGenericArguments {
[INFO] [stderr]     |  ___________________________^
[INFO] [stderr] 131 | |                         arguments: found.generics.len(),
[INFO] [stderr] 132 | |                         parameters: expected.generics.len(),
[INFO] [stderr] 133 | |                         declaration: todo!("is this error internal"),
[INFO] [stderr]     | |                                      ------------------------------- any code following this expression is unreachable
[INFO] [stderr] 134 | |                     },
[INFO] [stderr]     | |_____________________^ unreachable expression
[INFO] [stderr] 
[INFO] [stderr] warning: unreachable expression
[INFO] [stderr]    --> compiler/src/declarations.rs:143:13
[INFO] [stderr]     |
[INFO] [stderr] 143 |           Err(Error {
[INFO] [stderr]     |  _____________^
[INFO] [stderr] 144 | |             kind: errors::Kind::MismatchedTypes {
[INFO] [stderr] 145 | |                 expected: expected.clone(),
[INFO] [stderr] 146 | |                 found: found.clone(),
[INFO] [stderr] 147 | |             },
[INFO] [stderr] 148 | |             span: todo!(),
[INFO] [stderr]     | |                   ------- any code following this expression is unreachable
[INFO] [stderr] 149 | |         })
[INFO] [stderr]     | |_________^ unreachable expression
[INFO] [stderr] 
[INFO] [stderr] warning: unreachable expression
[INFO] [stderr]    --> compiler/src/declarations.rs:200:19
[INFO] [stderr]     |
[INFO] [stderr] 199 |             span: todo!(),
[INFO] [stderr]     |                   ------- any code following this expression is unreachable
[INFO] [stderr] 200 |             kind: errors::Kind::CannotInferType,
[INFO] [stderr]     |                   ^^^^^^^^^^^^^^^^^^^^^^^^^^^^^ unreachable expression
[INFO] [stderr] 
[INFO] [stderr] warning: unreachable expression
[INFO] [stderr]    --> compiler/src/declarations.rs:213:23
[INFO] [stderr]     |
[INFO] [stderr] 212 |                   span: todo!(),
[INFO] [stderr]     |                         ------- any code following this expression is unreachable
[INFO] [stderr] 213 |                   kind: errors::Kind::DeclarationConstraintViolation {
[INFO] [stderr]     |  _______________________^
[INFO] [stderr] 214 | |                     constraint: errors::DeclarationConstraint::Length,
[INFO] [stderr] 215 | |                     found: id.to_type_ref(),
[INFO] [stderr] 216 | |                 },
[INFO] [stderr]     | |_________________^ unreachable expression
[INFO] [stderr] 
[INFO] [stderr] warning: unreachable expression
[INFO] [stderr]    --> compiler/src/declarations.rs:225:31
[INFO] [stderr]     |
[INFO] [stderr] 224 |                           span: todo!(),
[INFO] [stderr]     |                                 ------- any code following this expression is unreachable
[INFO] [stderr] 225 |                           kind: errors::Kind::MismatchedGenericArguments {
[INFO] [stderr]     |  _______________________________^
[INFO] [stderr] 226 | |                             arguments: reference.generics.len(),
[INFO] [stderr] 227 | |                             parameters: 0,
[INFO] [stderr] 228 | |                             declaration: todo!(),
[INFO] [stderr] 229 | |                         },
[INFO] [stderr]     | |_________________________^ unreachable expression
[INFO] [stderr] 
[INFO] [stderr] warning: unreachable expression
[INFO] [stderr]    --> compiler/src/declarations.rs:225:31
[INFO] [stderr]     |
[INFO] [stderr] 225 |                           kind: errors::Kind::MismatchedGenericArguments {
[INFO] [stderr]     |  _______________________________^
[INFO] [stderr] 226 | |                             arguments: reference.generics.len(),
[INFO] [stderr] 227 | |                             parameters: 0,
[INFO] [stderr] 228 | |                             declaration: todo!(),
[INFO] [stderr]     | |                                          ------- any code following this expression is unreachable
[INFO] [stderr] 229 | |                         },
[INFO] [stderr]     | |_________________________^ unreachable expression
[INFO] [stderr] 
[INFO] [stderr] warning: unreachable expression
[INFO] [stderr]    --> compiler/src/declarations.rs:244:27
[INFO] [stderr]     |
[INFO] [stderr] 243 |                     span: todo!(),
[INFO] [stderr]     |                           ------- any code following this expression is unreachable
[INFO] [stderr] 244 |                     kind: errors::Kind::MismatchedLengths { expected, found },
[INFO] [stderr]     |                           ^^^^^^^^^^^^^^^^^^^^^^^^^^^^^^^^^^^^^^^^^^^^^^^^^^^ unreachable expression
[INFO] [stderr] 
[INFO] [stderr] warning: unreachable expression
[INFO] [stderr]    --> compiler/src/declarations.rs:297:23
[INFO] [stderr]     |
[INFO] [stderr] 296 |                   span: todo!(),
[INFO] [stderr]     |                         ------- any code following this expression is unreachable
[INFO] [stderr] 297 |                   kind: errors::Kind::MismatchedGenericArguments {
[INFO] [stderr]     |  _______________________^
[INFO] [stderr] 298 | |                     arguments: arguments.len(),
[INFO] [stderr] 299 | |                     parameters: parameters.value.generics.len(),
[INFO] [stderr] 300 | |                     declaration: parameters.span,
[INFO] [stderr] 301 | |                 },
[INFO] [stderr]     | |_________________^ unreachable expression
[INFO] [stderr] 
[INFO] [stderr] warning: unreachable expression
[INFO] [stderr]    --> compiler/src/declarations.rs:422:27
[INFO] [stderr]     |
[INFO] [stderr] 421 |                       span: todo!(),
[INFO] [stderr]     |                             ------- any code following this expression is unreachable
[INFO] [stderr] 422 |                       kind: errors::Kind::DeclarationConstraintViolation {
[INFO] [stderr]     |  ___________________________^
[INFO] [stderr] 423 | |                         constraint: errors::DeclarationConstraint::Type,
[INFO] [stderr] 424 | |                         found: reference.clone(),
[INFO] [stderr] 425 | |                     },
[INFO] [stderr]     | |_____________________^ unreachable expression
[INFO] [stderr] 
[INFO] [stderr] warning: unreachable expression
[INFO] [stderr]    --> compiler/src/declarations.rs:450:39
[INFO] [stderr]     |
[INFO] [stderr] 449 | ...                   span: todo!(),
[INFO] [stderr]     |                             ------- any code following this expression is unreachable
[INFO] [stderr] 450 | ...                   kind: errors::Kind::StructTooBig,
[INFO] [stderr]     |                             ^^^^^^^^^^^^^^^^^^^^^^^^^^ unreachable expression
[INFO] [stderr] 
[INFO] [stderr] warning: unreachable expression
[INFO] [stderr]    --> compiler/src/declarations.rs:497:27
[INFO] [stderr]     |
[INFO] [stderr] 496 |                       span: todo!(),
[INFO] [stderr]     |                             ------- any code following this expression is unreachable
[INFO] [stderr] 497 |                       kind: errors::Kind::DeclarationConstraintViolation {
[INFO] [stderr]     |  ___________________________^
[INFO] [stderr] 498 | |                         constraint: errors::DeclarationConstraint::Type,
[INFO] [stderr] 499 | |                         found: reference.clone(),
[INFO] [stderr] 500 | |                     },
[INFO] [stderr]     | |_____________________^ unreachable expression
[INFO] [stderr] 
[INFO] [stderr] warning: unreachable expression
[INFO] [stderr]    --> compiler/src/declarations.rs:551:23
[INFO] [stderr]     |
[INFO] [stderr] 550 |                   span: todo!(),
[INFO] [stderr]     |                         ------- any code following this expression is unreachable
[INFO] [stderr] 551 |                   kind: errors::Kind::DeclarationConstraintViolation {
[INFO] [stderr]     |  _______________________^
[INFO] [stderr] 552 | |                     constraint: errors::DeclarationConstraint::Function,
[INFO] [stderr] 553 | |                     found: reference.clone(),
[INFO] [stderr] 554 | |                 },
[INFO] [stderr]     | |_________________^ unreachable expression
[INFO] [stderr] 
[INFO] [stderr] warning: unreachable expression
[INFO] [stderr]    --> compiler/src/declarations.rs:578:27
[INFO] [stderr]     |
[INFO] [stderr] 577 |                       span: todo!(),
[INFO] [stderr]     |                             ------- any code following this expression is unreachable
[INFO] [stderr] 578 |                       kind: errors::Kind::DeclarationConstraintViolation {
[INFO] [stderr]     |  ___________________________^
[INFO] [stderr] 579 | |                         constraint: errors::DeclarationConstraint::Function,
[INFO] [stderr] 580 | |                         found: reference.clone(),
[INFO] [stderr] 581 | |                     },
[INFO] [stderr]     | |_____________________^ unreachable expression
[INFO] [stderr] 
[INFO] [stderr] warning: unreachable expression
[INFO] [stderr]    --> compiler/src/hir/builder.rs:395:23
[INFO] [stderr]     |
[INFO] [stderr] 394 |                   span: todo!(),
[INFO] [stderr]     |                         ------- any code following this expression is unreachable
[INFO] [stderr] 395 |                   kind: errors::Kind::MismatchedArguments {
[INFO] [stderr]     |  _______________________^
[INFO] [stderr] 396 | |                     arguments: call.arguments.len(),
[INFO] [stderr] 397 | |                     parameters: signature.parameters.len(),
[INFO] [stderr] 398 | |                     declaration: todo!(),
[INFO] [stderr] 399 | |                 },
[INFO] [stderr]     | |_________________^ unreachable expression
[INFO] [stderr] 
[INFO] [stderr] warning: unreachable expression
[INFO] [stderr]    --> compiler/src/hir/builder.rs:395:23
[INFO] [stderr]     |
[INFO] [stderr] 395 |                   kind: errors::Kind::MismatchedArguments {
[INFO] [stderr]     |  _______________________^
[INFO] [stderr] 396 | |                     arguments: call.arguments.len(),
[INFO] [stderr] 397 | |                     parameters: signature.parameters.len(),
[INFO] [stderr] 398 | |                     declaration: todo!(),
[INFO] [stderr]     | |                                  ------- any code following this expression is unreachable
[INFO] [stderr] 399 | |                 },
[INFO] [stderr]     | |_________________^ unreachable expression
[INFO] [stderr] 
[INFO] [stderr] warning: unreachable expression
[INFO] [stderr]   --> compiler/src/layout.rs:34:19
[INFO] [stderr]    |
[INFO] [stderr] 33 |             span: todo!(),
[INFO] [stderr]    |                   ------- any code following this expression is unreachable
[INFO] [stderr] 34 |             kind: errors::Kind::LengthTooBig,
[INFO] [stderr]    |                   ^^^^^^^^^^^^^^^^^^^^^^^^^^ unreachable expression
[INFO] [stderr] 
[INFO] [stderr] warning: unreachable expression
[INFO] [stderr]   --> compiler/src/layout.rs:66:23
[INFO] [stderr]    |
[INFO] [stderr] 65 |                   span: todo!(),
[INFO] [stderr]    |                         ------- any code following this expression is unreachable
[INFO] [stderr] 66 |                   kind: errors::Kind::TypeConstraintViolation {
[INFO] [stderr]    |  _______________________^
[INFO] [stderr] 67 | |                     constraint: errors::TypeConstraint::Struct,
[INFO] [stderr] 68 | |                     found: todo!(),
[INFO] [stderr] 69 | |                 },
[INFO] [stderr]    | |_________________^ unreachable expression
[INFO] [stderr] 
[INFO] [stderr] warning: unreachable expression
[INFO] [stderr]   --> compiler/src/layout.rs:66:23
[INFO] [stderr]    |
[INFO] [stderr] 66 |                   kind: errors::Kind::TypeConstraintViolation {
[INFO] [stderr]    |  _______________________^
[INFO] [stderr] 67 | |                     constraint: errors::TypeConstraint::Struct,
[INFO] [stderr] 68 | |                     found: todo!(),
[INFO] [stderr]    | |                            ------- any code following this expression is unreachable
[INFO] [stderr] 69 | |                 },
[INFO] [stderr]    | |_________________^ unreachable expression
[INFO] [stderr] 
[INFO] [stderr] warning: unreachable expression
[INFO] [stderr]   --> compiler/src/layout.rs:79:23
[INFO] [stderr]    |
[INFO] [stderr] 78 |                   span: todo!(),
[INFO] [stderr]    |                         ------- any code following this expression is unreachable
[INFO] [stderr] 79 |                   kind: errors::Kind::TypeConstraintViolation {
[INFO] [stderr]    |  _______________________^
[INFO] [stderr] 80 | |                     constraint: errors::TypeConstraint::Array,
[INFO] [stderr] 81 | |                     found: todo!(),
[INFO] [stderr] 82 | |                 },
[INFO] [stderr]    | |_________________^ unreachable expression
[INFO] [stderr] 
[INFO] [stderr] warning: unreachable expression
[INFO] [stderr]   --> compiler/src/layout.rs:79:23
[INFO] [stderr]    |
[INFO] [stderr] 79 |                   kind: errors::Kind::TypeConstraintViolation {
[INFO] [stderr]    |  _______________________^
[INFO] [stderr] 80 | |                     constraint: errors::TypeConstraint::Array,
[INFO] [stderr] 81 | |                     found: todo!(),
[INFO] [stderr]    | |                            ------- any code following this expression is unreachable
[INFO] [stderr] 82 | |                 },
[INFO] [stderr]    | |_________________^ unreachable expression
[INFO] [stderr] 
[INFO] [stderr] warning: unreachable call
[INFO] [stderr]    --> compiler/src/translate.rs:114:24
[INFO] [stderr]     |
[INFO] [stderr] 114 |             None => Ok(BranchStatus::Continue(todo!("voidz"))),
[INFO] [stderr]     |                        ^^^^^^^^^^^^^^^^^^^^^^ -------------- any code following this expression is unreachable
[INFO] [stderr]     |                        |
[INFO] [stderr]     |                        unreachable call
[INFO] [stderr] 
[INFO] [stderr] warning: unreachable expression
[INFO] [stderr]    --> compiler/src/translate.rs:258:27
[INFO] [stderr]     |
[INFO] [stderr] 257 |                       span: todo!("argument span"),
[INFO] [stderr]     |                             ---------------------- any code following this expression is unreachable
[INFO] [stderr] 258 |                       kind: errors::Kind::TypeConstraintViolation {
[INFO] [stderr]     |  ___________________________^
[INFO] [stderr] 259 | |                         constraint: errors::TypeConstraint::Number,
[INFO] [stderr] 260 | |                         found: input_type_ref,
[INFO] [stderr] 261 | |                     },
[INFO] [stderr]     | |_____________________^ unreachable expression
[INFO] [stderr] 
[INFO] [stderr] warning: unused import: `itertools::Itertools`
[INFO] [stderr]  --> compiler/src/main.rs:8:5
[INFO] [stderr]   |
[INFO] [stderr] 8 | use itertools::Itertools;
[INFO] [stderr]   |     ^^^^^^^^^^^^^^^^^^^^
[INFO] [stderr] 
[INFO] [stderr] warning: unused import: `itertools::Itertools`
[INFO] [stderr]   --> compiler/src/translate.rs:10:5
[INFO] [stderr]    |
[INFO] [stderr] 10 | use itertools::Itertools;
[INFO] [stderr]    |     ^^^^^^^^^^^^^^^^^^^^
[INFO] [stderr] 
[INFO] [stderr] warning: unused variable: `layout`
[INFO] [stderr]    --> compiler/src/translate.rs:273:9
[INFO] [stderr]     |
[INFO] [stderr] 273 |         layout: &Layout,
[INFO] [stderr]     |         ^^^^^^ help: if this is intentional, prefix it with an underscore: `_layout`
[INFO] [stderr]     |
[INFO] [stderr]     = note: `#[warn(unused_variables)]` on by default
[INFO] [stderr] 
[INFO] [stderr] warning: variant `AssertType` is never constructed
[INFO] [stderr]   --> compiler/src/hir.rs:93:5
[INFO] [stderr]    |
[INFO] [stderr] 76 | pub enum Expression {
[INFO] [stderr]    |          ---------- variant in this enum
[INFO] [stderr] ...
[INFO] [stderr] 93 |     AssertType(Box<Typed<Expression>>),
[INFO] [stderr]    |     ^^^^^^^^^^
[INFO] [stderr]    |
[INFO] [stderr]    = note: `Expression` has derived impls for the traits `Clone` and `Debug`, but these are intentionally ignored during dead code analysis
[INFO] [stderr]    = note: `#[warn(dead_code)]` on by default
[INFO] [stderr] 
[INFO] [stderr] warning: `compiler` (bin "compiler" test) generated 29 warnings (run `cargo fix --bin "compiler" --tests` to apply 2 suggestions)
[INFO] [stderr]     Finished `test` profile [unoptimized + debuginfo] target(s) in 0.08s
[INFO] [stderr]      Running unittests src/lib.rs (/opt/rustwide/target/debug/deps/bitfields-4f82a7683bede266)
[INFO] [stdout] 
[INFO] [stdout] running 0 tests
[INFO] [stdout] 
[INFO] [stdout] test result: ok. 0 passed; 0 failed; 0 ignored; 0 measured; 0 filtered out; finished in 0.00s
[INFO] [stdout] 
[INFO] [stderr]      Running unittests src/main.rs (/opt/rustwide/target/debug/deps/compiler-7ce868821bbe8111)
[INFO] [stdout] 
[INFO] [stdout] running 0 tests
[INFO] [stdout] 
[INFO] [stdout] test result: ok. 0 passed; 0 failed; 0 ignored; 0 measured; 0 filtered out; finished in 0.00s
[INFO] [stdout] 
[INFO] [stderr]      Running unittests src/lib.rs (/opt/rustwide/target/debug/deps/parser-e56de8a3f740e458)
[INFO] [stdout] 
[INFO] [stdout] running 5 tests
[INFO] [stdout] test expression::control_flow::test_if ... ok
[INFO] [stdout] test test_let ... ok
[INFO] [stdout] test expression::binary::binary_expression_parses ... ok
[INFO] [stdout] test top_level::top_level_decl_parses ... ok
[INFO] [stdout] test top_level::test_primitive ... FAILED
[INFO] [stdout] 
[INFO] [stdout] failures:
[INFO] [stdout] 
[INFO] [stdout] ---- top_level::test_primitive stdout ----
[INFO] [stdout] 
[INFO] [stdout] thread 'top_level::test_primitive' panicked at parser/src/top_level.rs:409:5:
[INFO] [stdout] assertion `left == right` failed
[INFO] [stdout]   left: Spanned { value: Primitive { kind: Spanned { value: U32, span: 10..13 }, name: Spanned { value: Ident("U32"), span: 5..8 } }, span: 0..17 }
[INFO] [stdout]  right: Spanned { value: Primitive { kind: Spanned { value: U32, span: 9..11 }, name: Spanned { value: Ident("U32"), span: 5..8 } }, span: 0..17 }
[INFO] [stdout] stack backtrace:
[INFO] [stdout]    0:     0x5918b84b09da - std::backtrace_rs::backtrace::libunwind::trace::hb059275cfc8d6126
[INFO] [stdout]                                at /rustc/6067b36314ab5eb2eb47cecc464545ba58e1ad24/library/std/src/../../backtrace/src/backtrace/libunwind.rs:116:5
[INFO] [stdout]    1:     0x5918b84b09da - std::backtrace_rs::backtrace::trace_unsynchronized::h2da071e4327ce3ee
[INFO] [stdout]                                at /rustc/6067b36314ab5eb2eb47cecc464545ba58e1ad24/library/std/src/../../backtrace/src/backtrace/mod.rs:66:5
[INFO] [stdout]    2:     0x5918b84b09da - std::sys::backtrace::_print_fmt::h842a1474e6f8d23f
[INFO] [stdout]                                at /rustc/6067b36314ab5eb2eb47cecc464545ba58e1ad24/library/std/src/sys/backtrace.rs:66:9
[INFO] [stdout]    3:     0x5918b84b09da - <std::sys::backtrace::BacktraceLock::print::DisplayBacktrace as core::fmt::Display>::fmt::h71a62eb3b9696b12
[INFO] [stdout]                                at /rustc/6067b36314ab5eb2eb47cecc464545ba58e1ad24/library/std/src/sys/backtrace.rs:39:26
[INFO] [stdout]    4:     0x5918b84d9443 - core::fmt::rt::Argument::fmt::hdb6b616786b41dc1
[INFO] [stdout]                                at /rustc/6067b36314ab5eb2eb47cecc464545ba58e1ad24/library/core/src/fmt/rt.rs:177:76
[INFO] [stdout]    5:     0x5918b84d9443 - core::fmt::write::h2cc1698af7e2d686
[INFO] [stdout]                                at /rustc/6067b36314ab5eb2eb47cecc464545ba58e1ad24/library/core/src/fmt/mod.rs:1440:21
[INFO] [stdout]    6:     0x5918b84ad533 - std::io::Write::write_fmt::hab1b4cd059a79022
[INFO] [stdout]                                at /rustc/6067b36314ab5eb2eb47cecc464545ba58e1ad24/library/std/src/io/mod.rs:1887:15
[INFO] [stdout]    7:     0x5918b84b0822 - std::sys::backtrace::BacktraceLock::print::h147fe35b4ea13b08
[INFO] [stdout]                                at /rustc/6067b36314ab5eb2eb47cecc464545ba58e1ad24/library/std/src/sys/backtrace.rs:42:9
[INFO] [stdout]    8:     0x5918b84b1dff - std::panicking::default_hook::{{closure}}::hbd44223dbdc0d208
[INFO] [stdout]                                at /rustc/6067b36314ab5eb2eb47cecc464545ba58e1ad24/library/std/src/panicking.rs:298:22
[INFO] [stdout]    9:     0x5918b84b1c18 - std::panicking::default_hook::h20f81eb0576efcec
[INFO] [stdout]                                at /rustc/6067b36314ab5eb2eb47cecc464545ba58e1ad24/library/std/src/panicking.rs:322:9
[INFO] [stdout]   10:     0x5918b8471aa3 - <alloc::boxed::Box<F,A> as core::ops::function::Fn<Args>>::call::hdb53814c496a4d34
[INFO] [stdout]                                at /rustc/6067b36314ab5eb2eb47cecc464545ba58e1ad24/library/alloc/src/boxed.rs:2027:9
[INFO] [stdout]   11:     0x5918b8471aa3 - test::test_main::{{closure}}::hc0a4963c59427c24
[INFO] [stdout]                                at /rustc/6067b36314ab5eb2eb47cecc464545ba58e1ad24/library/test/src/lib.rs:134:21
[INFO] [stdout]   12:     0x5918b84b28f3 - <alloc::boxed::Box<F,A> as core::ops::function::Fn<Args>>::call::h591b2225413a77e9
[INFO] [stdout]                                at /rustc/6067b36314ab5eb2eb47cecc464545ba58e1ad24/library/alloc/src/boxed.rs:2027:9
[INFO] [stdout]   13:     0x5918b84b28f3 - std::panicking::rust_panic_with_hook::h625eea43051b2edc
[INFO] [stdout]                                at /rustc/6067b36314ab5eb2eb47cecc464545ba58e1ad24/library/std/src/panicking.rs:839:13
[INFO] [stdout]   14:     0x5918b84b25aa - std::panicking::begin_panic_handler::{{closure}}::h4f9159cfbc3f6bd3
[INFO] [stdout]                                at /rustc/6067b36314ab5eb2eb47cecc464545ba58e1ad24/library/std/src/panicking.rs:704:13
[INFO] [stdout]   15:     0x5918b84b0ed9 - std::sys::backtrace::__rust_end_short_backtrace::h0390abce48353151
[INFO] [stdout]                                at /rustc/6067b36314ab5eb2eb47cecc464545ba58e1ad24/library/std/src/sys/backtrace.rs:168:18
[INFO] [stdout]   16:     0x5918b84b223d - rust_begin_unwind
[INFO] [stdout]                                at /rustc/6067b36314ab5eb2eb47cecc464545ba58e1ad24/library/std/src/panicking.rs:695:5
[INFO] [stdout]   17:     0x5918b84d7a40 - core::panicking::panic_fmt::h9e7c637e9e5f29c9
[INFO] [stdout]                                at /rustc/6067b36314ab5eb2eb47cecc464545ba58e1ad24/library/core/src/panicking.rs:75:14
[INFO] [stdout]   18:     0x5918b84d7e63 - core::panicking::assert_failed_inner::h538bec7c1374cd9c
[INFO] [stdout]   19:     0x5918b841628e - core::panicking::assert_failed::heaeb04164cde9925
[INFO] [stdout]                                at /rustc/6067b36314ab5eb2eb47cecc464545ba58e1ad24/library/core/src/panicking.rs:364:5
[INFO] [stdout]   20:     0x5918b842a8e2 - parser::top_level::test_primitive::h7587916512259607
[INFO] [stdout]                                at /opt/rustwide/workdir/parser/src/top_level.rs:409:5
[INFO] [stdout]   21:     0x5918b842a5f7 - parser::top_level::test_primitive::{{closure}}::haea28008d0434ef4
[INFO] [stdout]                                at /opt/rustwide/workdir/parser/src/top_level.rs:401:20
[INFO] [stdout]   22:     0x5918b84074d6 - core::ops::function::FnOnce::call_once::hb628cfc65fa53f13
[INFO] [stdout]                                at /rustc/6067b36314ab5eb2eb47cecc464545ba58e1ad24/library/core/src/ops/function.rs:250:5
[INFO] [stdout]   23:     0x5918b84771fb - core::ops::function::FnOnce::call_once::he27718dfdd183f43
[INFO] [stdout]                                at /rustc/6067b36314ab5eb2eb47cecc464545ba58e1ad24/library/core/src/ops/function.rs:250:5
[INFO] [stdout]   24:     0x5918b84771fb - test::__rust_begin_short_backtrace::h4e84902998457a5d
[INFO] [stdout]                                at /rustc/6067b36314ab5eb2eb47cecc464545ba58e1ad24/library/test/src/lib.rs:632:18
[INFO] [stdout]   25:     0x5918b8476133 - test::run_test_in_process::{{closure}}::h7176fd18fc1feca0
[INFO] [stdout]                                at /rustc/6067b36314ab5eb2eb47cecc464545ba58e1ad24/library/test/src/lib.rs:655:60
[INFO] [stdout]   26:     0x5918b8476133 - <core::panic::unwind_safe::AssertUnwindSafe<F> as core::ops::function::FnOnce<()>>::call_once::hf79cff2a624d8cf7
[INFO] [stdout]                                at /rustc/6067b36314ab5eb2eb47cecc464545ba58e1ad24/library/core/src/panic/unwind_safe.rs:272:9
[INFO] [stdout]   27:     0x5918b8476133 - std::panicking::try::do_call::h3da0561d9ab99c25
[INFO] [stdout]                                at /rustc/6067b36314ab5eb2eb47cecc464545ba58e1ad24/library/std/src/panicking.rs:587:40
[INFO] [stdout]   28:     0x5918b8476133 - std::panicking::try::h41c9fa508bc61df6
[INFO] [stdout]                                at /rustc/6067b36314ab5eb2eb47cecc464545ba58e1ad24/library/std/src/panicking.rs:550:19
[INFO] [stdout]   29:     0x5918b8476133 - std::panic::catch_unwind::h6b3ff07bb5afad93
[INFO] [stdout]                                at /rustc/6067b36314ab5eb2eb47cecc464545ba58e1ad24/library/std/src/panic.rs:358:14
[INFO] [stdout]   30:     0x5918b8476133 - test::run_test_in_process::hc7253dd11b39b9f4
[INFO] [stdout]                                at /rustc/6067b36314ab5eb2eb47cecc464545ba58e1ad24/library/test/src/lib.rs:655:27
[INFO] [stdout]   31:     0x5918b8476133 - test::run_test::{{closure}}::hfb2007f8649c30bb
[INFO] [stdout]                                at /rustc/6067b36314ab5eb2eb47cecc464545ba58e1ad24/library/test/src/lib.rs:576:43
[INFO] [stdout]   32:     0x5918b8439215 - test::run_test::{{closure}}::h56a17aa7a282a9f4
[INFO] [stdout]                                at /rustc/6067b36314ab5eb2eb47cecc464545ba58e1ad24/library/test/src/lib.rs:606:41
[INFO] [stdout]   33:     0x5918b8439215 - std::sys::backtrace::__rust_begin_short_backtrace::hd2d2d2fb8e8c6aac
[INFO] [stdout]                                at /rustc/6067b36314ab5eb2eb47cecc464545ba58e1ad24/library/std/src/sys/backtrace.rs:152:18
[INFO] [stdout]   34:     0x5918b843cafa - std::thread::Builder::spawn_unchecked_::{{closure}}::{{closure}}::h4faa3f9db6133423
[INFO] [stdout]                                at /rustc/6067b36314ab5eb2eb47cecc464545ba58e1ad24/library/std/src/thread/mod.rs:559:17
[INFO] [stdout]   35:     0x5918b843cafa - <core::panic::unwind_safe::AssertUnwindSafe<F> as core::ops::function::FnOnce<()>>::call_once::hf2e855a36a4ea846
[INFO] [stdout]                                at /rustc/6067b36314ab5eb2eb47cecc464545ba58e1ad24/library/core/src/panic/unwind_safe.rs:272:9
[INFO] [stdout]   36:     0x5918b843cafa - std::panicking::try::do_call::h2f73af3616c35465
[INFO] [stdout]                                at /rustc/6067b36314ab5eb2eb47cecc464545ba58e1ad24/library/std/src/panicking.rs:587:40
[INFO] [stdout]   37:     0x5918b843cafa - std::panicking::try::hd1660ce9efadef5a
[INFO] [stdout]                                at /rustc/6067b36314ab5eb2eb47cecc464545ba58e1ad24/library/std/src/panicking.rs:550:19
[INFO] [stdout]   38:     0x5918b843cafa - std::panic::catch_unwind::h5ee8d7823b8ca744
[INFO] [stdout]                                at /rustc/6067b36314ab5eb2eb47cecc464545ba58e1ad24/library/std/src/panic.rs:358:14
[INFO] [stdout]   39:     0x5918b843cafa - std::thread::Builder::spawn_unchecked_::{{closure}}::h53c3a1894dce8407
[INFO] [stdout]                                at /rustc/6067b36314ab5eb2eb47cecc464545ba58e1ad24/library/std/src/thread/mod.rs:557:30
[INFO] [stdout]   40:     0x5918b843cafa - core::ops::function::FnOnce::call_once{{vtable.shim}}::h048ce291ad4f62bf
[INFO] [stdout]                                at /rustc/6067b36314ab5eb2eb47cecc464545ba58e1ad24/library/core/src/ops/function.rs:250:5
[INFO] [stdout]   41:     0x5918b84b682b - <alloc::boxed::Box<F,A> as core::ops::function::FnOnce<Args>>::call_once::ha52bedf99a3b4981
[INFO] [stdout]                                at /rustc/6067b36314ab5eb2eb47cecc464545ba58e1ad24/library/alloc/src/boxed.rs:2013:9
[INFO] [stdout]   42:     0x5918b84b682b - <alloc::boxed::Box<F,A> as core::ops::function::FnOnce<Args>>::call_once::h567748934d80ccf8
[INFO] [stdout]                                at /rustc/6067b36314ab5eb2eb47cecc464545ba58e1ad24/library/alloc/src/boxed.rs:2013:9
[INFO] [stdout]   43:     0x5918b84b682b - std::sys::pal::unix::thread::Thread::new::thread_start::h2d970728ae887adc
[INFO] [stdout]                                at /rustc/6067b36314ab5eb2eb47cecc464545ba58e1ad24/library/std/src/sys/pal/unix/thread.rs:106:17
[INFO] [stdout]   44:     0x7f4597875ac3 - <unknown>
[INFO] [stdout]   45:     0x7f4597906a04 - clone
[INFO] [stdout]   46:                0x0 - <unknown>
[INFO] [stdout] 
[INFO] [stdout] 
[INFO] [stdout] failures:
[INFO] [stdout]     top_level::test_primitive
[INFO] [stdout] 
[INFO] [stdout] test result: FAILED. 4 passed; 1 failed; 0 ignored; 0 measured; 0 filtered out; finished in 0.09s
[INFO] [stdout] 
[INFO] [stderr] error: test failed, to rerun pass `-p parser --lib`
[INFO] running `Command { std: "docker" "inspect" "3afe8c6480012929c7c42ad2950c7976e3a85fa0123cf22ecd5ac59833a172ec", kill_on_drop: false }`
[INFO] running `Command { std: "docker" "rm" "-f" "3afe8c6480012929c7c42ad2950c7976e3a85fa0123cf22ecd5ac59833a172ec", kill_on_drop: false }`
[INFO] [stdout] 3afe8c6480012929c7c42ad2950c7976e3a85fa0123cf22ecd5ac59833a172ec
