[INFO] cloning repository https://github.com/BalderHolst/SSL
[INFO] running `Command { std: "git" "-c" "credential.helper=" "-c" "credential.helper=/workspace/cargo-home/bin/git-credential-null" "clone" "--bare" "https://github.com/BalderHolst/SSL" "/workspace/cache/git-repos/https%3A%2F%2Fgithub.com%2FBalderHolst%2FSSL", kill_on_drop: false }`
[INFO] [stderr] Cloning into bare repository '/workspace/cache/git-repos/https%3A%2F%2Fgithub.com%2FBalderHolst%2FSSL'...
[INFO] running `Command { std: "git" "rev-parse" "HEAD", kill_on_drop: false }`
[INFO] [stdout] 916b87d63e4e95208dfacf7f1508aebb19d3d2af
[INFO] testing BalderHolst/SSL against nightly-2025-01-18 for randomize-layout-2
[INFO] running `Command { std: "git" "clone" "/workspace/cache/git-repos/https%3A%2F%2Fgithub.com%2FBalderHolst%2FSSL" "/workspace/builds/worker-4-tc1/source", kill_on_drop: false }`
[INFO] [stderr] Cloning into '/workspace/builds/worker-4-tc1/source'...
[INFO] [stderr] done.
[INFO] validating manifest of git repo https://github.com/BalderHolst/SSL on toolchain nightly-2025-01-18
[INFO] running `Command { std: CARGO_HOME="/workspace/cargo-home" RUSTUP_HOME="/workspace/rustup-home" "/workspace/cargo-home/bin/cargo" "+nightly-2025-01-18" "metadata" "--manifest-path" "Cargo.toml" "--no-deps", kill_on_drop: false }`
[INFO] started tweaking git repo https://github.com/BalderHolst/SSL
[INFO] finished tweaking git repo https://github.com/BalderHolst/SSL
[INFO] tweaked toml for git repo https://github.com/BalderHolst/SSL written to /workspace/builds/worker-4-tc1/source/Cargo.toml
[INFO] crate git repo https://github.com/BalderHolst/SSL already has a lockfile, it will not be regenerated
[INFO] running `Command { std: CARGO_HOME="/workspace/cargo-home" RUSTUP_HOME="/workspace/rustup-home" "/workspace/cargo-home/bin/cargo" "+nightly-2025-01-18" "fetch" "--manifest-path" "Cargo.toml", kill_on_drop: false }`
[INFO] [stderr]  Downloading crates ...
[INFO] [stderr]   Downloaded profiling-procmacros v1.0.16
[INFO] [stderr]   Downloaded ravif v0.11.11
[INFO] [stderr]   Downloaded profiling v1.0.16
[INFO] [stderr]   Downloaded fdeflate v0.3.6
[INFO] [stderr]   Downloaded serde v1.0.214
[INFO] [stderr]   Downloaded image-webp v0.2.0
[INFO] [stderr]   Downloaded built v0.7.5
[INFO] [stderr]   Downloaded libfuzzer-sys v0.4.8
[INFO] [stderr]   Downloaded imgref v1.11.0
[INFO] [stderr]   Downloaded bitstream-io v2.6.0
[INFO] [stderr]   Downloaded arbitrary v1.4.1
[INFO] [stderr]   Downloaded cc v1.1.36
[INFO] [stderr]   Downloaded avif-serialize v0.8.2
[INFO] [stderr]   Downloaded exr v1.73.0
[INFO] [stderr]   Downloaded image v0.25.5
[INFO] [stderr]   Downloaded serde_derive v1.0.214
[INFO] running `Command { std: "docker" "create" "-v" "/var/lib/crater-agent-workspace/builds/worker-4-tc1/target:/opt/rustwide/target:rw,Z" "-v" "/var/lib/crater-agent-workspace/builds/worker-4-tc1/source:/opt/rustwide/workdir:ro,Z" "-v" "/var/lib/crater-agent-workspace/cargo-home:/opt/rustwide/cargo-home:ro,Z" "-v" "/var/lib/crater-agent-workspace/rustup-home:/opt/rustwide/rustup-home:ro,Z" "-e" "SOURCE_DIR=/opt/rustwide/workdir" "-e" "CARGO_TARGET_DIR=/opt/rustwide/target" "-e" "CARGO_HOME=/opt/rustwide/cargo-home" "-e" "RUSTUP_HOME=/opt/rustwide/rustup-home" "-w" "/opt/rustwide/workdir" "-m" "1610612736" "--user" "0:0" "--network" "none" "ghcr.io/rust-lang/crates-build-env/linux@sha256:819108c5571ea2e421544af4d832f968d213c87fbe3707a016657f43d2f853bc" "/opt/rustwide/cargo-home/bin/cargo" "+nightly-2025-01-18" "metadata" "--no-deps" "--format-version=1", kill_on_drop: false }`
[INFO] [stdout] 17658f65bfaa676e49907baa3b563f642fa156fad94cd8bdd8867b4021b14e2d
[INFO] running `Command { std: "docker" "start" "-a" "17658f65bfaa676e49907baa3b563f642fa156fad94cd8bdd8867b4021b14e2d", kill_on_drop: false }`
[INFO] running `Command { std: "docker" "inspect" "17658f65bfaa676e49907baa3b563f642fa156fad94cd8bdd8867b4021b14e2d", kill_on_drop: false }`
[INFO] running `Command { std: "docker" "rm" "-f" "17658f65bfaa676e49907baa3b563f642fa156fad94cd8bdd8867b4021b14e2d", kill_on_drop: false }`
[INFO] [stdout] 17658f65bfaa676e49907baa3b563f642fa156fad94cd8bdd8867b4021b14e2d
[INFO] running `Command { std: "docker" "create" "-v" "/var/lib/crater-agent-workspace/builds/worker-4-tc1/target:/opt/rustwide/target:rw,Z" "-v" "/var/lib/crater-agent-workspace/builds/worker-4-tc1/source:/opt/rustwide/workdir:ro,Z" "-v" "/var/lib/crater-agent-workspace/cargo-home:/opt/rustwide/cargo-home:ro,Z" "-v" "/var/lib/crater-agent-workspace/rustup-home:/opt/rustwide/rustup-home:ro,Z" "-e" "SOURCE_DIR=/opt/rustwide/workdir" "-e" "CARGO_TARGET_DIR=/opt/rustwide/target" "-e" "CARGO_INCREMENTAL=0" "-e" "RUST_BACKTRACE=full" "-e" "RUSTFLAGS=--cap-lints=forbid" "-e" "RUSTDOCFLAGS=--cap-lints=forbid" "-e" "CARGO_HOME=/opt/rustwide/cargo-home" "-e" "RUSTUP_HOME=/opt/rustwide/rustup-home" "-w" "/opt/rustwide/workdir" "-m" "1610612736" "--user" "0:0" "--network" "none" "ghcr.io/rust-lang/crates-build-env/linux@sha256:819108c5571ea2e421544af4d832f968d213c87fbe3707a016657f43d2f853bc" "/opt/rustwide/cargo-home/bin/cargo" "+nightly-2025-01-18" "build" "--frozen" "--message-format=json", kill_on_drop: false }`
[INFO] [stdout] 593ed3d65cee063f1481e1aa16762cb9f35f60fcfbdc43e929d8ec3f5234302c
[INFO] running `Command { std: "docker" "start" "-a" "593ed3d65cee063f1481e1aa16762cb9f35f60fcfbdc43e929d8ec3f5234302c", kill_on_drop: false }`
[INFO] [stderr]    Compiling crossbeam-utils v0.8.20
[INFO] [stderr]    Compiling rayon-core v1.12.1
[INFO] [stderr]    Compiling simd-adler32 v0.3.7
[INFO] [stderr]    Compiling either v1.13.0
[INFO] [stderr]    Compiling adler2 v2.0.0
[INFO] [stderr]    Compiling anyhow v1.0.93
[INFO] [stderr]    Compiling arrayvec v0.7.6
[INFO] [stderr]    Compiling minimal-lexical v0.2.1
[INFO] [stderr]    Compiling built v0.7.5
[INFO] [stderr]    Compiling libc v0.2.162
[INFO] [stderr]    Compiling thiserror v1.0.65
[INFO] [stderr]    Compiling num-traits v0.2.19
[INFO] [stderr]    Compiling paste v1.0.15
[INFO] [stderr]    Compiling aligned-vec v0.5.0
[INFO] [stderr]    Compiling crc32fast v1.4.2
[INFO] [stderr]    Compiling syn v2.0.85
[INFO] [stderr]    Compiling log v0.4.22
[INFO] [stderr]    Compiling miniz_oxide v0.8.0
[INFO] [stderr]    Compiling utf8parse v0.2.2
[INFO] [stderr]    Compiling nom v7.1.3
[INFO] [stderr]    Compiling itertools v0.12.1
[INFO] [stderr]    Compiling simd_helpers v0.1.0
[INFO] [stderr]    Compiling anstyle-parse v0.2.6
[INFO] [stderr]    Compiling weezl v0.1.8
[INFO] [stderr]    Compiling colorchoice v1.0.3
[INFO] [stderr]    Compiling imgref v1.11.0
[INFO] [stderr]    Compiling anstyle v1.0.10
[INFO] [stderr]    Compiling is_terminal_polyfill v1.70.1
[INFO] [stderr]    Compiling bitstream-io v2.6.0
[INFO] [stderr]    Compiling rav1e v0.7.1
[INFO] [stderr]    Compiling flate2 v1.0.34
[INFO] [stderr]    Compiling quick-error v2.0.1
[INFO] [stderr]    Compiling noop_proc_macro v0.3.0
[INFO] [stderr]    Compiling anstyle-query v1.1.2
[INFO] [stderr]    Compiling new_debug_unreachable v1.0.6
[INFO] [stderr]    Compiling anstream v0.6.18
[INFO] [stderr]    Compiling loop9 v0.1.5
[INFO] [stderr]    Compiling avif-serialize v0.8.2
[INFO] [stderr]    Compiling fdeflate v0.3.6
[INFO] [stderr]    Compiling crossbeam-epoch v0.9.18
[INFO] [stderr]    Compiling zune-inflate v0.2.54
[INFO] [stderr]    Compiling half v2.4.1
[INFO] [stderr]    Compiling lebe v0.5.2
[INFO] [stderr]    Compiling rgb v0.8.50
[INFO] [stderr]    Compiling num-integer v0.1.46
[INFO] [stderr]    Compiling v_frame v0.3.8
[INFO] [stderr]    Compiling crossbeam-deque v0.8.5
[INFO] [stderr]    Compiling bitflags v1.3.2
[INFO] [stderr]    Compiling bytemuck v1.19.0
[INFO] [stderr]    Compiling strsim v0.11.1
[INFO] [stderr]    Compiling byteorder-lite v0.1.0
[INFO] [stderr]    Compiling smallvec v1.13.2
[INFO] [stderr]    Compiling clap_lex v0.7.2
[INFO] [stderr]    Compiling bit_field v0.10.2
[INFO] [stderr]    Compiling color_quant v1.1.0
[INFO] [stderr]    Compiling jpeg-decoder v0.3.1
[INFO] [stderr]    Compiling zune-core v0.4.12
[INFO] [stderr]    Compiling gif v0.13.1
[INFO] [stderr]    Compiling num-bigint v0.4.6
[INFO] [stderr]    Compiling clap_builder v4.5.20
[INFO] [stderr]    Compiling png v0.17.14
[INFO] [stderr]    Compiling qoi v0.4.1
[INFO] [stderr]    Compiling image-webp v0.2.0
[INFO] [stderr]    Compiling zune-jpeg v0.4.13
[INFO] [stderr]    Compiling rayon v1.10.0
[INFO] [stderr]    Compiling exr v1.73.0
[INFO] [stderr]    Compiling tiff v0.9.1
[INFO] [stderr]    Compiling num-rational v0.4.2
[INFO] [stderr]    Compiling av1-grain v0.2.3
[INFO] [stderr]    Compiling maybe-rayon v0.1.1
[INFO] [stderr]    Compiling profiling-procmacros v1.0.16
[INFO] [stderr]    Compiling thiserror-impl v1.0.65
[INFO] [stderr]    Compiling num-derive v0.4.2
[INFO] [stderr]    Compiling arg_enum_proc_macro v0.3.4
[INFO] [stderr]    Compiling clap_derive v4.5.18
[INFO] [stderr]    Compiling profiling v1.0.16
[INFO] [stderr]    Compiling clap v4.5.20
[INFO] [stderr]    Compiling ravif v0.11.11
[INFO] [stderr]    Compiling image v0.25.5
[INFO] [stderr]    Compiling ssl v0.1.0 (/opt/rustwide/workdir)
[INFO] [stderr]     Finished `dev` profile [unoptimized + debuginfo] target(s) in 35.06s
[INFO] running `Command { std: "docker" "inspect" "593ed3d65cee063f1481e1aa16762cb9f35f60fcfbdc43e929d8ec3f5234302c", kill_on_drop: false }`
[INFO] running `Command { std: "docker" "rm" "-f" "593ed3d65cee063f1481e1aa16762cb9f35f60fcfbdc43e929d8ec3f5234302c", kill_on_drop: false }`
[INFO] [stdout] 593ed3d65cee063f1481e1aa16762cb9f35f60fcfbdc43e929d8ec3f5234302c
[INFO] running `Command { std: "docker" "create" "-v" "/var/lib/crater-agent-workspace/builds/worker-4-tc1/target:/opt/rustwide/target:rw,Z" "-v" "/var/lib/crater-agent-workspace/builds/worker-4-tc1/source:/opt/rustwide/workdir:ro,Z" "-v" "/var/lib/crater-agent-workspace/cargo-home:/opt/rustwide/cargo-home:ro,Z" "-v" "/var/lib/crater-agent-workspace/rustup-home:/opt/rustwide/rustup-home:ro,Z" "-e" "SOURCE_DIR=/opt/rustwide/workdir" "-e" "CARGO_TARGET_DIR=/opt/rustwide/target" "-e" "CARGO_INCREMENTAL=0" "-e" "RUST_BACKTRACE=full" "-e" "RUSTFLAGS=--cap-lints=forbid" "-e" "RUSTDOCFLAGS=--cap-lints=forbid" "-e" "CARGO_HOME=/opt/rustwide/cargo-home" "-e" "RUSTUP_HOME=/opt/rustwide/rustup-home" "-w" "/opt/rustwide/workdir" "-m" "1610612736" "--user" "0:0" "--network" "none" "ghcr.io/rust-lang/crates-build-env/linux@sha256:819108c5571ea2e421544af4d832f968d213c87fbe3707a016657f43d2f853bc" "/opt/rustwide/cargo-home/bin/cargo" "+nightly-2025-01-18" "test" "--frozen" "--no-run" "--message-format=json", kill_on_drop: false }`
[INFO] [stdout] 845514d15b61ee0e07f05468119f5fd82940e23639cb98865785365dd255cc7e
[INFO] running `Command { std: "docker" "start" "-a" "845514d15b61ee0e07f05468119f5fd82940e23639cb98865785365dd255cc7e", kill_on_drop: false }`
[INFO] [stderr]    Compiling ssl v0.1.0 (/opt/rustwide/workdir)
[INFO] [stderr]     Finished `test` profile [unoptimized + debuginfo] target(s) in 1.31s
[INFO] running `Command { std: "docker" "inspect" "845514d15b61ee0e07f05468119f5fd82940e23639cb98865785365dd255cc7e", kill_on_drop: false }`
[INFO] running `Command { std: "docker" "rm" "-f" "845514d15b61ee0e07f05468119f5fd82940e23639cb98865785365dd255cc7e", kill_on_drop: false }`
[INFO] [stdout] 845514d15b61ee0e07f05468119f5fd82940e23639cb98865785365dd255cc7e
[INFO] running `Command { std: "docker" "create" "-v" "/var/lib/crater-agent-workspace/builds/worker-4-tc1/target:/opt/rustwide/target:rw,Z" "-v" "/var/lib/crater-agent-workspace/builds/worker-4-tc1/source:/opt/rustwide/workdir:ro,Z" "-v" "/var/lib/crater-agent-workspace/cargo-home:/opt/rustwide/cargo-home:ro,Z" "-v" "/var/lib/crater-agent-workspace/rustup-home:/opt/rustwide/rustup-home:ro,Z" "-e" "SOURCE_DIR=/opt/rustwide/workdir" "-e" "CARGO_TARGET_DIR=/opt/rustwide/target" "-e" "CARGO_INCREMENTAL=0" "-e" "RUST_BACKTRACE=full" "-e" "RUSTFLAGS=--cap-lints=forbid" "-e" "RUSTDOCFLAGS=--cap-lints=forbid" "-e" "CARGO_HOME=/opt/rustwide/cargo-home" "-e" "RUSTUP_HOME=/opt/rustwide/rustup-home" "-w" "/opt/rustwide/workdir" "-m" "1610612736" "--user" "0:0" "--network" "none" "ghcr.io/rust-lang/crates-build-env/linux@sha256:819108c5571ea2e421544af4d832f968d213c87fbe3707a016657f43d2f853bc" "/opt/rustwide/cargo-home/bin/cargo" "+nightly-2025-01-18" "test" "--frozen", kill_on_drop: false }`
[INFO] [stdout] 35fe9dc7f9eb8c49e5cc6eb063d89c4ed35acee1b1c458babbb35179b31e55b1
[INFO] running `Command { std: "docker" "start" "-a" "35fe9dc7f9eb8c49e5cc6eb063d89c4ed35acee1b1c458babbb35179b31e55b1", kill_on_drop: false }`
[INFO] [stderr]     Finished `test` profile [unoptimized + debuginfo] target(s) in 0.10s
[INFO] [stderr]      Running unittests src/lib.rs (/opt/rustwide/target/debug/deps/ssl-e2d35c25e22e3819)
[INFO] [stdout] 
[INFO] [stdout] running 42 tests
[INFO] [stdout] test compiler::constant_evaluator::tests::abs_neg ... ok
[INFO] [stdout] test compiler::constant_evaluator::tests::abs_pos ... ok
[INFO] [stdout] test compiler::constant_evaluator::tests::add_num ... ok
[INFO] [stdout] test compiler::constant_evaluator::tests::add_zero_left ... ok
[INFO] [stdout] test compiler::constant_evaluator::tests::add_zero_right ... ok
[INFO] [stdout] test compiler::constant_evaluator::tests::and ... ok
[INFO] [stdout] test compiler::constant_evaluator::tests::cos ... ok
[INFO] [stdout] test compiler::constant_evaluator::tests::div_equal_num ... ok
[INFO] [stdout] test compiler::constant_evaluator::tests::div_equal_x ... ok
[INFO] [stdout] test compiler::constant_evaluator::tests::div_equal_y ... ok
[INFO] [stdout] test compiler::constant_evaluator::tests::div_num ... ok
[INFO] [stdout] test compiler::constant_evaluator::tests::div_one_left ... ok
[INFO] [stdout] test compiler::constant_evaluator::tests::div_zero_left ... ok
[INFO] [stdout] test compiler::constant_evaluator::tests::div_zero_right ... ok
[INFO] [stdout] test compiler::constant_evaluator::tests::greater_false ... ok
[INFO] [stdout] test compiler::constant_evaluator::tests::greater_true ... ok
[INFO] [stdout] test compiler::constant_evaluator::tests::less_false ... ok
[INFO] [stdout] test compiler::constant_evaluator::tests::less_true ... ok
[INFO] [stdout] test compiler::constant_evaluator::tests::mod_zero_left ... ok
[INFO] [stdout] test compiler::constant_evaluator::tests::mod_num ... ok
[INFO] [stdout] test compiler::constant_evaluator::tests::mod_zero_right ... ok
[INFO] [stdout] test compiler::constant_evaluator::tests::mul_num ... ok
[INFO] [stdout] test compiler::constant_evaluator::tests::mul_one_right ... ok
[INFO] [stdout] test compiler::constant_evaluator::tests::mul_one_left ... ok
[INFO] [stdout] test compiler::constant_evaluator::tests::mul_zero_left ... ok
[INFO] [stdout] test compiler::constant_evaluator::tests::mul_zero_right ... ok
[INFO] [stdout] test compiler::constant_evaluator::tests::paren ... ok
[INFO] [stdout] test compiler::constant_evaluator::tests::or ... ok
[INFO] [stdout] test compiler::constant_evaluator::tests::pow_num ... ok
[INFO] [stdout] test compiler::constant_evaluator::tests::pow_one_right ... ok
[INFO] [stdout] test compiler::constant_evaluator::tests::paren_bin ... ok
[INFO] [stdout] test compiler::constant_evaluator::tests::pow_one_left ... ok
[INFO] [stdout] test compiler::constant_evaluator::tests::pow_zero_left ... ok
[INFO] [stdout] test compiler::constant_evaluator::tests::pow_zero_right ... ok
[INFO] [stdout] test compiler::constant_evaluator::tests::sub_zero_right ... ok
[INFO] [stdout] test compiler::constant_evaluator::tests::sub_zero_left ... ok
[INFO] [stdout] test compiler::constant_evaluator::tests::trans_x_zero ... ok
[INFO] [stdout] test compiler::constant_evaluator::tests::trans_x_zero_inner ... ok
[INFO] [stdout] test compiler::constant_evaluator::tests::trans_y_zero ... ok
[INFO] [stdout] test compiler::constant_evaluator::tests::trans_y_zero_inner ... ok
[INFO] [stdout] test compiler::constant_evaluator::tests::trans_x_x ... ok
[INFO] [stdout] test compiler::constant_evaluator::tests::sin ... ok
[INFO] [stdout] 
[INFO] [stdout] test result: ok. 42 passed; 0 failed; 0 ignored; 0 measured; 0 filtered out; finished in 0.00s
[INFO] [stdout] 
[INFO] [stderr]      Running unittests src/main.rs (/opt/rustwide/target/debug/deps/ssl-be38a5b887e5ed59)
[INFO] [stdout] 
[INFO] [stdout] running 42 tests
[INFO] [stdout] test compiler::constant_evaluator::tests::abs_pos ... ok
[INFO] [stdout] test compiler::constant_evaluator::tests::abs_neg ... ok
[INFO] [stdout] test compiler::constant_evaluator::tests::add_num ... ok
[INFO] [stdout] test compiler::constant_evaluator::tests::add_zero_right ... ok
[INFO] [stdout] test compiler::constant_evaluator::tests::add_zero_left ... ok
[INFO] [stdout] test compiler::constant_evaluator::tests::and ... ok
[INFO] [stdout] test compiler::constant_evaluator::tests::cos ... ok
[INFO] [stdout] test compiler::constant_evaluator::tests::div_equal_num ... ok
[INFO] [stdout] test compiler::constant_evaluator::tests::div_equal_x ... ok
[INFO] [stdout] test compiler::constant_evaluator::tests::div_equal_y ... ok
[INFO] [stdout] test compiler::constant_evaluator::tests::div_num ... ok
[INFO] [stdout] test compiler::constant_evaluator::tests::div_one_left ... ok
[INFO] [stdout] test compiler::constant_evaluator::tests::div_zero_left ... ok
[INFO] [stdout] test compiler::constant_evaluator::tests::div_zero_right ... ok
[INFO] [stdout] test compiler::constant_evaluator::tests::greater_false ... ok
[INFO] [stdout] test compiler::constant_evaluator::tests::greater_true ... ok
[INFO] [stdout] test compiler::constant_evaluator::tests::less_false ... ok
[INFO] [stdout] test compiler::constant_evaluator::tests::less_true ... ok
[INFO] [stdout] test compiler::constant_evaluator::tests::mod_zero_left ... ok
[INFO] [stdout] test compiler::constant_evaluator::tests::mod_num ... ok
[INFO] [stdout] test compiler::constant_evaluator::tests::mod_zero_right ... ok
[INFO] [stdout] test compiler::constant_evaluator::tests::mul_num ... ok
[INFO] [stdout] test compiler::constant_evaluator::tests::mul_one_right ... ok
[INFO] [stdout] test compiler::constant_evaluator::tests::mul_zero_left ... ok
[INFO] [stdout] test compiler::constant_evaluator::tests::mul_one_left ... ok
[INFO] [stdout] test compiler::constant_evaluator::tests::sin ... ok
[INFO] [stdout] test compiler::constant_evaluator::tests::trans_x_x ... ok
[INFO] [stdout] test compiler::constant_evaluator::tests::mul_zero_right ... ok
[INFO] [stdout] test compiler::constant_evaluator::tests::sub_zero_right ... ok
[INFO] [stdout] test compiler::constant_evaluator::tests::paren ... ok
[INFO] [stdout] test compiler::constant_evaluator::tests::trans_x_zero ... ok
[INFO] [stdout] test compiler::constant_evaluator::tests::paren_bin ... ok
[INFO] [stdout] test compiler::constant_evaluator::tests::pow_num ... ok
[INFO] [stdout] test compiler::constant_evaluator::tests::pow_one_left ... ok
[INFO] [stdout] test compiler::constant_evaluator::tests::pow_one_right ... ok
[INFO] [stdout] test compiler::constant_evaluator::tests::trans_x_zero_inner ... ok
[INFO] [stdout] test compiler::constant_evaluator::tests::trans_y_zero ... ok
[INFO] [stdout] test compiler::constant_evaluator::tests::pow_zero_right ... ok
[INFO] [stdout] test compiler::constant_evaluator::tests::sub_zero_left ... ok
[INFO] [stdout] test compiler::constant_evaluator::tests::or ... ok
[INFO] [stdout] test compiler::constant_evaluator::tests::pow_zero_left ... ok
[INFO] [stdout] test compiler::constant_evaluator::tests::trans_y_zero_inner ... ok
[INFO] [stdout] 
[INFO] [stdout] test result: ok. 42 passed; 0 failed; 0 ignored; 0 measured; 0 filtered out; finished in 0.00s
[INFO] [stdout] 
[INFO] [stderr]    Doc-tests ssl
[INFO] [stdout] 
[INFO] [stdout] running 2 tests
[INFO] [stdout] test src/lib.rs - (line 20) ... FAILED
[INFO] [stdout] test src/lib.rs - (line 4) ... FAILED
[INFO] [stdout] 
[INFO] [stdout] failures:
[INFO] [stdout] 
[INFO] [stdout] ---- src/lib.rs - (line 20) stdout ----
[INFO] [stdout] Test executable failed (exit status: 101).
[INFO] [stdout] 
[INFO] [stdout] stdout:
[INFO] [stdout] Rendered 10% ...
[INFO] [stdout] Rendered 20% ...
[INFO] [stdout] Rendered 30% ...
[INFO] [stdout] Rendered 40% ...
[INFO] [stdout] Rendered 50% ...
[INFO] [stdout] Rendered 60% ...
[INFO] [stdout] Rendered 70% ...
[INFO] [stdout] Rendered 80% ...
[INFO] [stdout] Rendered 90% ...
[INFO] [stdout] Rendered 100% ...
[INFO] [stdout] 
[INFO] [stdout] stderr:
[INFO] [stdout] 
[INFO] [stdout] thread 'main' panicked at src/lib.rs:20:26:
[INFO] [stdout] called `Result::unwrap()` on an `Err` value: IoError(Os { code: 30, kind: ReadOnlyFilesystem, message: "Read-only file system" })
[INFO] [stdout] stack backtrace:
[INFO] [stdout]    0:     0x58248110732a - std::backtrace_rs::backtrace::libunwind::trace::hb059275cfc8d6126
[INFO] [stdout]                                at /rustc/6067b36314ab5eb2eb47cecc464545ba58e1ad24/library/std/src/../../backtrace/src/backtrace/libunwind.rs:116:5
[INFO] [stdout]    1:     0x58248110732a - std::backtrace_rs::backtrace::trace_unsynchronized::h2da071e4327ce3ee
[INFO] [stdout]                                at /rustc/6067b36314ab5eb2eb47cecc464545ba58e1ad24/library/std/src/../../backtrace/src/backtrace/mod.rs:66:5
[INFO] [stdout]    2:     0x58248110732a - std::sys::backtrace::_print_fmt::h842a1474e6f8d23f
[INFO] [stdout]                                at /rustc/6067b36314ab5eb2eb47cecc464545ba58e1ad24/library/std/src/sys/backtrace.rs:66:9
[INFO] [stdout]    3:     0x58248110732a - <std::sys::backtrace::BacktraceLock::print::DisplayBacktrace as core::fmt::Display>::fmt::h71a62eb3b9696b12
[INFO] [stdout]                                at /rustc/6067b36314ab5eb2eb47cecc464545ba58e1ad24/library/std/src/sys/backtrace.rs:39:26
[INFO] [stdout]    4:     0x58248112cf43 - core::fmt::rt::Argument::fmt::hdb6b616786b41dc1
[INFO] [stdout]                                at /rustc/6067b36314ab5eb2eb47cecc464545ba58e1ad24/library/core/src/fmt/rt.rs:177:76
[INFO] [stdout]    5:     0x58248112cf43 - core::fmt::write::h2cc1698af7e2d686
[INFO] [stdout]                                at /rustc/6067b36314ab5eb2eb47cecc464545ba58e1ad24/library/core/src/fmt/mod.rs:1440:21
[INFO] [stdout]    6:     0x5824811040c3 - std::io::Write::write_fmt::h00c8700df393f328
[INFO] [stdout]                                at /rustc/6067b36314ab5eb2eb47cecc464545ba58e1ad24/library/std/src/io/mod.rs:1887:15
[INFO] [stdout]    7:     0x582481107172 - std::sys::backtrace::BacktraceLock::print::h147fe35b4ea13b08
[INFO] [stdout]                                at /rustc/6067b36314ab5eb2eb47cecc464545ba58e1ad24/library/std/src/sys/backtrace.rs:42:9
[INFO] [stdout]    8:     0x58248110820f - std::panicking::default_hook::{{closure}}::hbd44223dbdc0d208
[INFO] [stdout]                                at /rustc/6067b36314ab5eb2eb47cecc464545ba58e1ad24/library/std/src/panicking.rs:298:22
[INFO] [stdout]    9:     0x58248110807a - std::panicking::default_hook::h20f81eb0576efcec
[INFO] [stdout]                                at /rustc/6067b36314ab5eb2eb47cecc464545ba58e1ad24/library/std/src/panicking.rs:325:9
[INFO] [stdout]   10:     0x582481108c32 - std::panicking::rust_panic_with_hook::h625eea43051b2edc
[INFO] [stdout]                                at /rustc/6067b36314ab5eb2eb47cecc464545ba58e1ad24/library/std/src/panicking.rs:831:13
[INFO] [stdout]   11:     0x5824811089ba - std::panicking::begin_panic_handler::{{closure}}::h4f9159cfbc3f6bd3
[INFO] [stdout]                                at /rustc/6067b36314ab5eb2eb47cecc464545ba58e1ad24/library/std/src/panicking.rs:704:13
[INFO] [stdout]   12:     0x582481107829 - std::sys::backtrace::__rust_end_short_backtrace::h0390abce48353151
[INFO] [stdout]                                at /rustc/6067b36314ab5eb2eb47cecc464545ba58e1ad24/library/std/src/sys/backtrace.rs:168:18
[INFO] [stdout]   13:     0x58248110864d - rust_begin_unwind
[INFO] [stdout]                                at /rustc/6067b36314ab5eb2eb47cecc464545ba58e1ad24/library/std/src/panicking.rs:695:5
[INFO] [stdout]   14:     0x58248112aab0 - core::panicking::panic_fmt::h9e7c637e9e5f29c9
[INFO] [stdout]                                at /rustc/6067b36314ab5eb2eb47cecc464545ba58e1ad24/library/core/src/panicking.rs:75:14
[INFO] [stdout]   15:     0x58248112af86 - core::result::unwrap_failed::h7979f09313fe1849
[INFO] [stdout]                                at /rustc/6067b36314ab5eb2eb47cecc464545ba58e1ad24/library/core/src/result.rs:1704:5
[INFO] [stdout]   16:     0x582480a2c227 - rust_out::main::_doctest_main_src_lib_rs_20_0::h6a9ee5e7bac2130d
[INFO] [stdout]   17:     0x582480a2c0b6 - rust_out::main::he88f0b9b281d54e0
[INFO] [stdout]   18:     0x582480a2bbf3 - core::ops::function::FnOnce::call_once::hcf3829d8b58d0254
[INFO] [stdout]   19:     0x582480a2bbc6 - std::sys::backtrace::__rust_begin_short_backtrace::h5e1527399e8d5bd4
[INFO] [stdout]   20:     0x582480a2bba9 - std::rt::lang_start::{{closure}}::h2c234101ed7b1b74
[INFO] [stdout]   21:     0x5824810fe220 - core::ops::function::impls::<impl core::ops::function::FnOnce<A> for &F>::call_once::h1b085b6c1d2518b2
[INFO] [stdout]                                at /rustc/6067b36314ab5eb2eb47cecc464545ba58e1ad24/library/core/src/ops/function.rs:284:13
[INFO] [stdout]   22:     0x5824810fe220 - std::panicking::try::do_call::h382f964a5a23b565
[INFO] [stdout]                                at /rustc/6067b36314ab5eb2eb47cecc464545ba58e1ad24/library/std/src/panicking.rs:587:40
[INFO] [stdout]   23:     0x5824810fe220 - std::panicking::try::h57f991055eb622f9
[INFO] [stdout]                                at /rustc/6067b36314ab5eb2eb47cecc464545ba58e1ad24/library/std/src/panicking.rs:550:19
[INFO] [stdout]   24:     0x5824810fe220 - std::panic::catch_unwind::h4d9a74ef04456343
[INFO] [stdout]                                at /rustc/6067b36314ab5eb2eb47cecc464545ba58e1ad24/library/std/src/panic.rs:358:14
[INFO] [stdout]   25:     0x5824810fe220 - std::rt::lang_start_internal::{{closure}}::h2faa8ae84a93f314
[INFO] [stdout]                                at /rustc/6067b36314ab5eb2eb47cecc464545ba58e1ad24/library/std/src/rt.rs:163:24
[INFO] [stdout]   26:     0x5824810fe220 - std::panicking::try::do_call::h0f8932bf638a9bf5
[INFO] [stdout]                                at /rustc/6067b36314ab5eb2eb47cecc464545ba58e1ad24/library/std/src/panicking.rs:587:40
[INFO] [stdout]   27:     0x5824810fe220 - std::panicking::try::h683416ea756b175d
[INFO] [stdout]                                at /rustc/6067b36314ab5eb2eb47cecc464545ba58e1ad24/library/std/src/panicking.rs:550:19
[INFO] [stdout]   28:     0x5824810fe220 - std::panic::catch_unwind::h56189fac8994979f
[INFO] [stdout]                                at /rustc/6067b36314ab5eb2eb47cecc464545ba58e1ad24/library/std/src/panic.rs:358:14
[INFO] [stdout]   29:     0x5824810fe220 - std::rt::lang_start_internal::h8bbc1061691274fe
[INFO] [stdout]                                at /rustc/6067b36314ab5eb2eb47cecc464545ba58e1ad24/library/std/src/rt.rs:159:5
[INFO] [stdout]   30:     0x582480a2bb91 - std::rt::lang_start::h601b10a269c70ef7
[INFO] [stdout]   31:     0x582480a2c3a5 - main
[INFO] [stdout]   32:     0x7bccc88f8d90 - <unknown>
[INFO] [stdout]   33:     0x7bccc88f8e40 - __libc_start_main
[INFO] [stdout]   34:     0x582480a2b945 - _start
[INFO] [stdout]   35:                0x0 - <unknown>
[INFO] [stdout] 
[INFO] [stdout] 
[INFO] [stdout] ---- src/lib.rs - (line 4) stdout ----
[INFO] [stdout] Test executable failed (exit status: 101).
[INFO] [stdout] 
[INFO] [stdout] stderr:
[INFO] [stdout] 
[INFO] [stdout] thread 'main' panicked at src/lib.rs:14:26:
[INFO] [stdout] called `Result::unwrap()` on an `Err` value: IoError(Os { code: 30, kind: ReadOnlyFilesystem, message: "Read-only file system" })
[INFO] [stdout] stack backtrace:
[INFO] [stdout]    0:     0x55edf9dcf29a - std::backtrace_rs::backtrace::libunwind::trace::hb059275cfc8d6126
[INFO] [stdout]                                at /rustc/6067b36314ab5eb2eb47cecc464545ba58e1ad24/library/std/src/../../backtrace/src/backtrace/libunwind.rs:116:5
[INFO] [stdout]    1:     0x55edf9dcf29a - std::backtrace_rs::backtrace::trace_unsynchronized::h2da071e4327ce3ee
[INFO] [stdout]                                at /rustc/6067b36314ab5eb2eb47cecc464545ba58e1ad24/library/std/src/../../backtrace/src/backtrace/mod.rs:66:5
[INFO] [stdout]    2:     0x55edf9dcf29a - std::sys::backtrace::_print_fmt::h842a1474e6f8d23f
[INFO] [stdout]                                at /rustc/6067b36314ab5eb2eb47cecc464545ba58e1ad24/library/std/src/sys/backtrace.rs:66:9
[INFO] [stdout]    3:     0x55edf9dcf29a - <std::sys::backtrace::BacktraceLock::print::DisplayBacktrace as core::fmt::Display>::fmt::h71a62eb3b9696b12
[INFO] [stdout]                                at /rustc/6067b36314ab5eb2eb47cecc464545ba58e1ad24/library/std/src/sys/backtrace.rs:39:26
[INFO] [stdout]    4:     0x55edf9df4eb3 - core::fmt::rt::Argument::fmt::hdb6b616786b41dc1
[INFO] [stdout]                                at /rustc/6067b36314ab5eb2eb47cecc464545ba58e1ad24/library/core/src/fmt/rt.rs:177:76
[INFO] [stdout]    5:     0x55edf9df4eb3 - core::fmt::write::h2cc1698af7e2d686
[INFO] [stdout]                                at /rustc/6067b36314ab5eb2eb47cecc464545ba58e1ad24/library/core/src/fmt/mod.rs:1440:21
[INFO] [stdout]    6:     0x55edf9dcc173 - std::io::Write::write_fmt::h00c8700df393f328
[INFO] [stdout]                                at /rustc/6067b36314ab5eb2eb47cecc464545ba58e1ad24/library/std/src/io/mod.rs:1887:15
[INFO] [stdout]    7:     0x55edf9dcf0e2 - std::sys::backtrace::BacktraceLock::print::h147fe35b4ea13b08
[INFO] [stdout]                                at /rustc/6067b36314ab5eb2eb47cecc464545ba58e1ad24/library/std/src/sys/backtrace.rs:42:9
[INFO] [stdout]    8:     0x55edf9dd017f - std::panicking::default_hook::{{closure}}::hbd44223dbdc0d208
[INFO] [stdout]                                at /rustc/6067b36314ab5eb2eb47cecc464545ba58e1ad24/library/std/src/panicking.rs:298:22
[INFO] [stdout]    9:     0x55edf9dcffea - std::panicking::default_hook::h20f81eb0576efcec
[INFO] [stdout]                                at /rustc/6067b36314ab5eb2eb47cecc464545ba58e1ad24/library/std/src/panicking.rs:325:9
[INFO] [stdout]   10:     0x55edf9dd0ba2 - std::panicking::rust_panic_with_hook::h625eea43051b2edc
[INFO] [stdout]                                at /rustc/6067b36314ab5eb2eb47cecc464545ba58e1ad24/library/std/src/panicking.rs:831:13
[INFO] [stdout]   11:     0x55edf9dd092a - std::panicking::begin_panic_handler::{{closure}}::h4f9159cfbc3f6bd3
[INFO] [stdout]                                at /rustc/6067b36314ab5eb2eb47cecc464545ba58e1ad24/library/std/src/panicking.rs:704:13
[INFO] [stdout]   12:     0x55edf9dcf799 - std::sys::backtrace::__rust_end_short_backtrace::h0390abce48353151
[INFO] [stdout]                                at /rustc/6067b36314ab5eb2eb47cecc464545ba58e1ad24/library/std/src/sys/backtrace.rs:168:18
[INFO] [stdout]   13:     0x55edf9dd05bd - rust_begin_unwind
[INFO] [stdout]                                at /rustc/6067b36314ab5eb2eb47cecc464545ba58e1ad24/library/std/src/panicking.rs:695:5
[INFO] [stdout]   14:     0x55edf9df2a20 - core::panicking::panic_fmt::h9e7c637e9e5f29c9
[INFO] [stdout]                                at /rustc/6067b36314ab5eb2eb47cecc464545ba58e1ad24/library/core/src/panicking.rs:75:14
[INFO] [stdout]   15:     0x55edf9df2ef6 - core::result::unwrap_failed::h7979f09313fe1849
[INFO] [stdout]                                at /rustc/6067b36314ab5eb2eb47cecc464545ba58e1ad24/library/core/src/result.rs:1704:5
[INFO] [stdout]   16:     0x55edf96f4c64 - rust_out::main::_doctest_main_src_lib_rs_4_0::hf0cab786d6635df9
[INFO] [stdout]   17:     0x55edf96f4b46 - rust_out::main::he88f0b9b281d54e0
[INFO] [stdout]   18:     0x55edf96f4683 - core::ops::function::FnOnce::call_once::hcf3829d8b58d0254
[INFO] [stdout]   19:     0x55edf96f4656 - std::sys::backtrace::__rust_begin_short_backtrace::h5e1527399e8d5bd4
[INFO] [stdout]   20:     0x55edf96f4639 - std::rt::lang_start::{{closure}}::h2c234101ed7b1b74
[INFO] [stdout]   21:     0x55edf9dc6a00 - core::ops::function::impls::<impl core::ops::function::FnOnce<A> for &F>::call_once::h1b085b6c1d2518b2
[INFO] [stdout]                                at /rustc/6067b36314ab5eb2eb47cecc464545ba58e1ad24/library/core/src/ops/function.rs:284:13
[INFO] [stdout]   22:     0x55edf9dc6a00 - std::panicking::try::do_call::h382f964a5a23b565
[INFO] [stdout]                                at /rustc/6067b36314ab5eb2eb47cecc464545ba58e1ad24/library/std/src/panicking.rs:587:40
[INFO] [stdout]   23:     0x55edf9dc6a00 - std::panicking::try::h57f991055eb622f9
[INFO] [stdout]                                at /rustc/6067b36314ab5eb2eb47cecc464545ba58e1ad24/library/std/src/panicking.rs:550:19
[INFO] [stdout]   24:     0x55edf9dc6a00 - std::panic::catch_unwind::h4d9a74ef04456343
[INFO] [stdout]                                at /rustc/6067b36314ab5eb2eb47cecc464545ba58e1ad24/library/std/src/panic.rs:358:14
[INFO] [stdout]   25:     0x55edf9dc6a00 - std::rt::lang_start_internal::{{closure}}::h2faa8ae84a93f314
[INFO] [stdout]                                at /rustc/6067b36314ab5eb2eb47cecc464545ba58e1ad24/library/std/src/rt.rs:163:24
[INFO] [stdout]   26:     0x55edf9dc6a00 - std::panicking::try::do_call::h0f8932bf638a9bf5
[INFO] [stdout]                                at /rustc/6067b36314ab5eb2eb47cecc464545ba58e1ad24/library/std/src/panicking.rs:587:40
[INFO] [stdout]   27:     0x55edf9dc6a00 - std::panicking::try::h683416ea756b175d
[INFO] [stdout]                                at /rustc/6067b36314ab5eb2eb47cecc464545ba58e1ad24/library/std/src/panicking.rs:550:19
[INFO] [stdout]   28:     0x55edf9dc6a00 - std::panic::catch_unwind::h56189fac8994979f
[INFO] [stdout]                                at /rustc/6067b36314ab5eb2eb47cecc464545ba58e1ad24/library/std/src/panic.rs:358:14
[INFO] [stdout]   29:     0x55edf9dc6a00 - std::rt::lang_start_internal::h8bbc1061691274fe
[INFO] [stdout]                                at /rustc/6067b36314ab5eb2eb47cecc464545ba58e1ad24/library/std/src/rt.rs:159:5
[INFO] [stdout]   30:     0x55edf96f4621 - std::rt::lang_start::h601b10a269c70ef7
[INFO] [stdout]   31:     0x55edf96f4cf5 - main
[INFO] [stdout]   32:     0x7df179b0fd90 - <unknown>
[INFO] [stdout]   33:     0x7df179b0fe40 - __libc_start_main
[INFO] [stdout]   34:     0x55edf96f4535 - _start
[INFO] [stdout]   35:                0x0 - <unknown>
[INFO] [stdout] 
[INFO] [stdout] 
[INFO] [stdout] 
[INFO] [stdout] failures:
[INFO] [stdout]     src/lib.rs - (line 20)
[INFO] [stdout]     src/lib.rs - (line 4)
[INFO] [stdout] 
[INFO] [stdout] test result: FAILED. 0 passed; 2 failed; 0 ignored; 0 measured; 0 filtered out; finished in 1.59s
[INFO] [stdout] 
[INFO] [stderr] error: doctest failed, to rerun pass `--doc`
[INFO] running `Command { std: "docker" "inspect" "35fe9dc7f9eb8c49e5cc6eb063d89c4ed35acee1b1c458babbb35179b31e55b1", kill_on_drop: false }`
[INFO] running `Command { std: "docker" "rm" "-f" "35fe9dc7f9eb8c49e5cc6eb063d89c4ed35acee1b1c458babbb35179b31e55b1", kill_on_drop: false }`
[INFO] [stdout] 35fe9dc7f9eb8c49e5cc6eb063d89c4ed35acee1b1c458babbb35179b31e55b1
