[INFO] cloning repository https://github.com/BGluth/ultimate-mod-man-rs
[INFO] running `Command { std: "git" "-c" "credential.helper=" "-c" "credential.helper=/workspace/cargo-home/bin/git-credential-null" "clone" "--bare" "https://github.com/BGluth/ultimate-mod-man-rs" "/workspace/cache/git-repos/https%3A%2F%2Fgithub.com%2FBGluth%2Fultimate-mod-man-rs", kill_on_drop: false }`
[INFO] [stderr] Cloning into bare repository '/workspace/cache/git-repos/https%3A%2F%2Fgithub.com%2FBGluth%2Fultimate-mod-man-rs'...
[INFO] running `Command { std: "git" "rev-parse" "HEAD", kill_on_drop: false }`
[INFO] [stdout] 299284fc397b07fd0b52bcbb7bcfa5a478430b1f
[INFO] testing BGluth/ultimate-mod-man-rs against nightly-2025-01-18+rustflags=-Zrandomize-layout for randomize-layout-2
[INFO] running `Command { std: "git" "clone" "/workspace/cache/git-repos/https%3A%2F%2Fgithub.com%2FBGluth%2Fultimate-mod-man-rs" "/workspace/builds/worker-1-tc2/source", kill_on_drop: false }`
[INFO] [stderr] Cloning into '/workspace/builds/worker-1-tc2/source'...
[INFO] [stderr] done.
[INFO] validating manifest of git repo https://github.com/BGluth/ultimate-mod-man-rs on toolchain nightly-2025-01-18
[INFO] running `Command { std: CARGO_HOME="/workspace/cargo-home" RUSTUP_HOME="/workspace/rustup-home" "/workspace/cargo-home/bin/cargo" "+nightly-2025-01-18" "metadata" "--manifest-path" "Cargo.toml" "--no-deps", kill_on_drop: false }`
[INFO] started tweaking git repo https://github.com/BGluth/ultimate-mod-man-rs
[INFO] finished tweaking git repo https://github.com/BGluth/ultimate-mod-man-rs
[INFO] tweaked toml for git repo https://github.com/BGluth/ultimate-mod-man-rs written to /workspace/builds/worker-1-tc2/source/Cargo.toml
[INFO] crate git repo https://github.com/BGluth/ultimate-mod-man-rs already has a lockfile, it will not be regenerated
[INFO] running `Command { std: CARGO_HOME="/workspace/cargo-home" RUSTUP_HOME="/workspace/rustup-home" "/workspace/cargo-home/bin/cargo" "+nightly-2025-01-18" "fetch" "--manifest-path" "Cargo.toml", kill_on_drop: false }`
[INFO] [stderr] warning: /workspace/builds/worker-1-tc2/source/Cargo.toml: unused manifest key: workspace.author
[INFO] [stderr]     Blocking waiting for file lock on package cache
[INFO] [stderr]     Blocking waiting for file lock on package cache
[INFO] running `Command { std: "docker" "create" "-v" "/var/lib/crater-agent-workspace/builds/worker-1-tc2/target:/opt/rustwide/target:rw,Z" "-v" "/var/lib/crater-agent-workspace/builds/worker-1-tc2/source:/opt/rustwide/workdir:ro,Z" "-v" "/var/lib/crater-agent-workspace/cargo-home:/opt/rustwide/cargo-home:ro,Z" "-v" "/var/lib/crater-agent-workspace/rustup-home:/opt/rustwide/rustup-home:ro,Z" "-e" "SOURCE_DIR=/opt/rustwide/workdir" "-e" "CARGO_TARGET_DIR=/opt/rustwide/target" "-e" "CARGO_HOME=/opt/rustwide/cargo-home" "-e" "RUSTUP_HOME=/opt/rustwide/rustup-home" "-w" "/opt/rustwide/workdir" "-m" "1610612736" "--user" "0:0" "--network" "none" "ghcr.io/rust-lang/crates-build-env/linux@sha256:819108c5571ea2e421544af4d832f968d213c87fbe3707a016657f43d2f853bc" "/opt/rustwide/cargo-home/bin/cargo" "+nightly-2025-01-18" "metadata" "--no-deps" "--format-version=1", kill_on_drop: false }`
[INFO] [stdout] 1041ec802642b9c056026db8ebfda628f3105a5c59a6c5647a50d5da4d86796a
[INFO] running `Command { std: "docker" "start" "-a" "1041ec802642b9c056026db8ebfda628f3105a5c59a6c5647a50d5da4d86796a", kill_on_drop: false }`
[INFO] running `Command { std: "docker" "inspect" "1041ec802642b9c056026db8ebfda628f3105a5c59a6c5647a50d5da4d86796a", kill_on_drop: false }`
[INFO] running `Command { std: "docker" "rm" "-f" "1041ec802642b9c056026db8ebfda628f3105a5c59a6c5647a50d5da4d86796a", kill_on_drop: false }`
[INFO] [stdout] 1041ec802642b9c056026db8ebfda628f3105a5c59a6c5647a50d5da4d86796a
[INFO] running `Command { std: "docker" "create" "-v" "/var/lib/crater-agent-workspace/builds/worker-1-tc2/target:/opt/rustwide/target:rw,Z" "-v" "/var/lib/crater-agent-workspace/builds/worker-1-tc2/source:/opt/rustwide/workdir:ro,Z" "-v" "/var/lib/crater-agent-workspace/cargo-home:/opt/rustwide/cargo-home:ro,Z" "-v" "/var/lib/crater-agent-workspace/rustup-home:/opt/rustwide/rustup-home:ro,Z" "-e" "SOURCE_DIR=/opt/rustwide/workdir" "-e" "CARGO_TARGET_DIR=/opt/rustwide/target" "-e" "CARGO_INCREMENTAL=0" "-e" "RUST_BACKTRACE=full" "-e" "RUSTFLAGS=--cap-lints=forbid -Zrandomize-layout" "-e" "RUSTDOCFLAGS=--cap-lints=forbid" "-e" "CARGO_HOME=/opt/rustwide/cargo-home" "-e" "RUSTUP_HOME=/opt/rustwide/rustup-home" "-w" "/opt/rustwide/workdir" "-m" "1610612736" "--user" "0:0" "--network" "none" "ghcr.io/rust-lang/crates-build-env/linux@sha256:819108c5571ea2e421544af4d832f968d213c87fbe3707a016657f43d2f853bc" "/opt/rustwide/cargo-home/bin/cargo" "+nightly-2025-01-18" "build" "--frozen" "--message-format=json", kill_on_drop: false }`
[INFO] [stdout] 0e37feac8855295e1cef1b216087a50108babd5e15720c44314749547fa04b0c
[INFO] running `Command { std: "docker" "start" "-a" "0e37feac8855295e1cef1b216087a50108babd5e15720c44314749547fa04b0c", kill_on_drop: false }`
[INFO] [stderr] warning: /opt/rustwide/workdir/Cargo.toml: unused manifest key: workspace.author
[INFO] [stderr]    Compiling quote v1.0.38
[INFO] [stderr]    Compiling libc v0.2.169
[INFO] [stderr]    Compiling serde v1.0.217
[INFO] [stderr]    Compiling autocfg v1.4.0
[INFO] [stderr]    Compiling byteorder v1.5.0
[INFO] [stderr]    Compiling stable_deref_trait v1.2.0
[INFO] [stderr]    Compiling siphasher v1.0.1
[INFO] [stderr]    Compiling pin-project-lite v0.2.16
[INFO] [stderr]    Compiling cc v1.2.9
[INFO] [stderr]    Compiling thiserror v2.0.11
[INFO] [stderr]    Compiling siphasher v0.3.11
[INFO] [stderr]    Compiling version_check v0.9.5
[INFO] [stderr]    Compiling crunchy v0.2.2
[INFO] [stderr]    Compiling tiny-keccak v2.0.2
[INFO] [stderr]    Compiling strsim v0.11.1
[INFO] [stderr]    Compiling new_debug_unreachable v1.0.6
[INFO] [stderr]    Compiling futures-task v0.3.31
[INFO] [stderr]    Compiling phf_shared v0.10.0
[INFO] [stderr]    Compiling zerocopy v0.7.35
[INFO] [stderr]    Compiling allocator-api2 v0.2.21
[INFO] [stderr]    Compiling futures-util v0.3.31
[INFO] [stderr]    Compiling tracing v0.1.41
[INFO] [stderr]    Compiling phf_shared v0.11.3
[INFO] [stderr]    Compiling syn v2.0.95
[INFO] [stderr]    Compiling ident_case v1.0.1
[INFO] [stderr]    Compiling ahash v0.8.11
[INFO] [stderr]    Compiling mac v0.1.1
[INFO] [stderr]    Compiling precomputed-hash v0.1.1
[INFO] [stderr]    Compiling utf-8 v0.7.6
[INFO] [stderr]    Compiling dtoa v1.0.9
[INFO] [stderr]    Compiling option-ext v0.2.0
[INFO] [stderr]    Compiling serde_json v1.0.135
[INFO] [stderr]    Compiling winnow v0.6.22
[INFO] [stderr]    Compiling futf v0.1.5
[INFO] [stderr]    Compiling dtoa-short v0.3.5
[INFO] [stderr]    Compiling anstyle v1.0.10
[INFO] [stderr]    Compiling fxhash v0.2.1
[INFO] [stderr]    Compiling lock_api v0.4.12
[INFO] [stderr]    Compiling slab v0.4.9
[INFO] [stderr]    Compiling num-traits v0.2.19
[INFO] [stderr]    Compiling servo_arc v0.4.0
[INFO] [stderr]    Compiling tendril v0.4.3
[INFO] [stderr]    Compiling utf8parse v0.2.2
[INFO] [stderr]    Compiling tower-layer v0.3.3
[INFO] [stderr]    Compiling arraydeque v0.5.1
[INFO] [stderr]    Compiling hashbrown v0.14.5
[INFO] [stderr]    Compiling unicode-segmentation v1.12.0
[INFO] [stderr]    Compiling unicode-width v0.1.14
[INFO] [stderr]    Compiling anstyle-parse v0.2.6
[INFO] [stderr]    Compiling colorchoice v1.0.3
[INFO] [stderr]    Compiling is_terminal_polyfill v1.70.1
[INFO] [stderr]    Compiling ego-tree v0.10.0
[INFO] [stderr]    Compiling mio v1.0.3
[INFO] [stderr]    Compiling socket2 v0.5.8
[INFO] [stderr]    Compiling parking_lot_core v0.9.10
[INFO] [stderr]    Compiling getopts v0.2.21
[INFO] [stderr]    Compiling dirs-sys v0.4.1
[INFO] [stderr]    Compiling lazy_static v0.2.11
[INFO] [stderr]    Compiling anstyle-query v1.1.2
[INFO] [stderr]    Compiling fixedbitset v0.4.2
[INFO] [stderr]    Compiling tint v1.0.1
[INFO] [stderr]    Compiling parking_lot v0.12.3
[INFO] [stderr]    Compiling hashlink v0.8.4
[INFO] [stderr]    Compiling getrandom v0.2.15
[INFO] [stderr]    Compiling convert_case v0.6.0
[INFO] [stderr]    Compiling petgraph v0.6.5
[INFO] [stderr]    Compiling directories v5.0.1
[INFO] [stderr]    Compiling rand_core v0.6.4
[INFO] [stderr]    Compiling tokio v1.43.0
[INFO] [stderr]    Compiling const-random-macro v0.1.16
[INFO] [stderr]    Compiling yaml-rust2 v0.8.1
[INFO] [stderr]    Compiling anstream v0.6.18
[INFO] [stderr]    Compiling heck v0.5.0
[INFO] [stderr]    Compiling clap_lex v0.7.4
[INFO] [stderr]    Compiling anyhow v1.0.95
[INFO] [stderr]    Compiling dirs-sys v0.5.0
[INFO] [stderr]    Compiling lockfile v0.4.0
[INFO] [stderr]    Compiling ordered-float v2.10.1
[INFO] [stderr]    Compiling const-random v0.1.18
[INFO] [stderr]    Compiling clap_builder v4.5.23
[INFO] [stderr]    Compiling dlv-list v0.5.2
[INFO] [stderr]    Compiling dirs v6.0.0
[INFO] [stderr]    Compiling openssl-sys v0.9.104
[INFO] [stderr]    Compiling ordered-multimap v0.7.3
[INFO] [stderr]    Compiling rust-ini v0.20.0
[INFO] [stderr]    Compiling http-body-util v0.1.2
[INFO] [stderr]    Compiling openssl v0.10.68
[INFO] [stderr]    Compiling native-tls v0.2.12
[INFO] [stderr]    Compiling synstructure v0.13.1
[INFO] [stderr]    Compiling darling_core v0.20.10
[INFO] [stderr]    Compiling tokio-util v0.7.13
[INFO] [stderr]    Compiling tower v0.5.2
[INFO] [stderr]    Compiling serde_derive v1.0.217
[INFO] [stderr]    Compiling zerocopy-derive v0.7.35
[INFO] [stderr]    Compiling zerofrom-derive v0.1.5
[INFO] [stderr]    Compiling yoke-derive v0.7.5
[INFO] [stderr]    Compiling zerovec-derive v0.10.3
[INFO] [stderr]    Compiling displaydoc v0.2.5
[INFO] [stderr]    Compiling icu_provider_macros v1.5.0
[INFO] [stderr]    Compiling thiserror-impl v2.0.11
[INFO] [stderr]    Compiling openssl-macros v0.1.1
[INFO] [stderr]    Compiling cssparser-macros v0.6.1
[INFO] [stderr]    Compiling html5ever v0.29.0
[INFO] [stderr]    Compiling derive_more v0.99.18
[INFO] [stderr]    Compiling async-trait v0.1.85
[INFO] [stderr]    Compiling clap_derive v4.5.18
[INFO] [stderr]    Compiling h2 v0.4.7
[INFO] [stderr]    Compiling zerofrom v0.1.5
[INFO] [stderr]    Compiling yoke v0.7.5
[INFO] [stderr]    Compiling pest v2.7.15
[INFO] [stderr]    Compiling darling_macro v0.20.10
[INFO] [stderr]    Compiling zerovec v0.10.4
[INFO] [stderr]    Compiling ppv-lite86 v0.2.20
[INFO] [stderr]    Compiling darling v0.20.10
[INFO] [stderr]    Compiling derive_builder_core v0.20.2
[INFO] [stderr]    Compiling rand_chacha v0.3.1
[INFO] [stderr]    Compiling rand v0.8.5
[INFO] [stderr]    Compiling clap v4.5.23
[INFO] [stderr]    Compiling derive_builder_macro v0.20.2
[INFO] [stderr]    Compiling tinystr v0.7.6
[INFO] [stderr]    Compiling icu_collections v1.5.0
[INFO] [stderr]    Compiling icu_locid v1.5.0
[INFO] [stderr]    Compiling derive_builder v0.20.2
[INFO] [stderr]    Compiling pest_meta v2.7.15
[INFO] [stderr]    Compiling phf_generator v0.11.3
[INFO] [stderr]    Compiling phf_generator v0.10.0
[INFO] [stderr]    Compiling string_cache_codegen v0.5.2
[INFO] [stderr]    Compiling phf_codegen v0.11.3
[INFO] [stderr]    Compiling phf_macros v0.11.3
[INFO] [stderr]    Compiling selectors v0.26.0
[INFO] [stderr]    Compiling markup5ever v0.14.0
[INFO] [stderr]    Compiling icu_provider v1.5.0
[INFO] [stderr]    Compiling phf v0.11.3
[INFO] [stderr]    Compiling cssparser v0.34.0
[INFO] [stderr]    Compiling pest_generator v2.7.15
[INFO] [stderr]    Compiling icu_locid_transform v1.5.0
[INFO] [stderr]    Compiling hyper v1.5.2
[INFO] [stderr]    Compiling pest_derive v2.7.15
[INFO] [stderr]    Compiling hyper-util v0.1.10
[INFO] [stderr]    Compiling icu_properties v1.5.1
[INFO] [stderr]    Compiling bitflags v2.6.0
[INFO] [stderr]    Compiling serde_spanned v0.6.8
[INFO] [stderr]    Compiling toml_datetime v0.6.8
[INFO] [stderr]    Compiling string_cache v0.8.7
[INFO] [stderr]    Compiling serde_urlencoded v0.7.1
[INFO] [stderr]    Compiling json5 v0.4.1
[INFO] [stderr]    Compiling serde-value v0.7.0
[INFO] [stderr]    Compiling chrono v0.4.39
[INFO] [stderr]    Compiling toml_edit v0.22.22
[INFO] [stderr]    Compiling ron v0.8.1
[INFO] [stderr]    Compiling icu_normalizer v1.5.0
[INFO] [stderr]    Compiling idna_adapter v1.2.0
[INFO] [stderr]    Compiling idna v1.0.3
[INFO] [stderr]    Compiling url v2.5.4
[INFO] [stderr]    Compiling scraper v0.22.0
[INFO] [stderr]    Compiling toml v0.8.19
[INFO] [stderr]    Compiling config v0.14.1
[INFO] [stderr]    Compiling ptree v0.5.2
[INFO] [stderr]    Compiling tokio-native-tls v0.3.1
[INFO] [stderr]    Compiling hyper-tls v0.6.0
[INFO] [stderr]    Compiling reqwest v0.12.12
[INFO] [stderr]    Compiling ultimate-mod-man-rs-scraper v0.1.0 (/opt/rustwide/workdir/scraper)
[INFO] [stdout] warning: unused variable: `name`
[INFO] [stdout]   --> scraper/src/banana_scraper.rs:17:28
[INFO] [stdout]    |
[INFO] [stdout] 17 | fn get_mod_page_for_mod_id(name: ModId) -> BananaScraperResult<String> {
[INFO] [stdout]    |                            ^^^^ help: if this is intentional, prefix it with an underscore: `_name`
[INFO] [stdout]    |
[INFO] [stdout]    = note: `#[warn(unused_variables)]` on by default
[INFO] [stdout] 
[INFO] [stdout] 
[INFO] [stdout] warning: unused variable: `name`
[INFO] [stdout]   --> scraper/src/banana_scraper.rs:21:25
[INFO] [stdout]    |
[INFO] [stdout] 21 | pub fn resolve_mod_name(name: &str) -> BananaScraperResult<ModId> {
[INFO] [stdout]    |                         ^^^^ help: if this is intentional, prefix it with an underscore: `_name`
[INFO] [stdout] 
[INFO] [stdout] 
[INFO] [stdout] warning: unused variable: `id`
[INFO] [stdout]   --> scraper/src/banana_scraper.rs:26:5
[INFO] [stdout]    |
[INFO] [stdout] 26 |     id: ModId,
[INFO] [stdout]    |     ^^ help: if this is intentional, prefix it with an underscore: `_id`
[INFO] [stdout] 
[INFO] [stdout] 
[INFO] [stdout] warning: unused variable: `variant_name`
[INFO] [stdout]   --> scraper/src/banana_scraper.rs:27:5
[INFO] [stdout]    |
[INFO] [stdout] 27 |     variant_name: &str,
[INFO] [stdout]    |     ^^^^^^^^^^^^ help: if this is intentional, prefix it with an underscore: `_variant_name`
[INFO] [stdout] 
[INFO] [stdout] 
[INFO] [stdout] warning: fields `name`, `version`, and `variant_download_artifact` are never read
[INFO] [stdout]   --> scraper/src/banana_scraper.rs:12:5
[INFO] [stdout]    |
[INFO] [stdout] 11 | pub struct ScrapedBananaModData {
[INFO] [stdout]    |            -------------------- fields in this struct
[INFO] [stdout] 12 |     name: String,
[INFO] [stdout]    |     ^^^^
[INFO] [stdout] 13 |     version: Option<String>,
[INFO] [stdout]    |     ^^^^^^^
[INFO] [stdout] 14 |     variant_download_artifact: Vec<u8>,
[INFO] [stdout]    |     ^^^^^^^^^^^^^^^^^^^^^^^^^
[INFO] [stdout]    |
[INFO] [stdout]    = note: `ScrapedBananaModData` has a derived impl for the trait `Debug`, but this is intentionally ignored during dead code analysis
[INFO] [stdout]    = note: `#[warn(dead_code)]` on by default
[INFO] [stdout] 
[INFO] [stdout] 
[INFO] [stdout] warning: function `get_mod_page_for_mod_id` is never used
[INFO] [stdout]   --> scraper/src/banana_scraper.rs:17:4
[INFO] [stdout]    |
[INFO] [stdout] 17 | fn get_mod_page_for_mod_id(name: ModId) -> BananaScraperResult<String> {
[INFO] [stdout]    |    ^^^^^^^^^^^^^^^^^^^^^^^
[INFO] [stdout] 
[INFO] [stdout] 
[INFO] [stdout] warning: struct `VariantSkinParseInfo` is never constructed
[INFO] [stdout]  --> scraper/src/download_artifact_parser.rs:7:19
[INFO] [stdout]   |
[INFO] [stdout] 7 | pub(crate) struct VariantSkinParseInfo {}
[INFO] [stdout]   |                   ^^^^^^^^^^^^^^^^^^^^
[INFO] [stdout] 
[INFO] [stdout] 
[INFO] [stdout] warning: struct `CharacterSlot` is never constructed
[INFO] [stdout]   --> scraper/src/download_artifact_parser.rs:11:19
[INFO] [stdout]    |
[INFO] [stdout] 11 | pub(crate) struct CharacterSlot {
[INFO] [stdout]    |                   ^^^^^^^^^^^^^
[INFO] [stdout] 
[INFO] [stdout] 
[INFO] [stderr]    Compiling ultimate-mod-man-rs-core v0.1.0 (/opt/rustwide/workdir/core)
[INFO] [stdout] warning: unused variable: `id`
[INFO] [stdout]    --> core/src/mod_db.rs:128:30
[INFO] [stdout]     |
[INFO] [stdout] 128 |     pub(crate) fn get(&self, id: &ModId) -> Option<&InstalledModInfo> {
[INFO] [stdout]     |                              ^^ help: if this is intentional, prefix it with an underscore: `_id`
[INFO] [stdout]     |
[INFO] [stdout]     = note: `#[warn(unused_variables)]` on by default
[INFO] [stdout] 
[INFO] [stdout] 
[INFO] [stdout] warning: unused variable: `id`
[INFO] [stdout]    --> core/src/mod_db.rs:132:38
[INFO] [stdout]     |
[INFO] [stdout] 132 |     pub(crate) fn get_mut(&mut self, id: &ModId) -> Option<&mut InstalledModInfo> {
[INFO] [stdout]     |                                      ^^ help: if this is intentional, prefix it with an underscore: `_id`
[INFO] [stdout] 
[INFO] [stdout] 
[INFO] [stdout] warning: unused variable: `id`
[INFO] [stdout]    --> core/src/mod_db.rs:136:37
[INFO] [stdout]     |
[INFO] [stdout] 136 |     pub(crate) fn remove(&mut self, id: &ModId) -> Option<InstalledModInfo> {
[INFO] [stdout]     |                                     ^^ help: if this is intentional, prefix it with an underscore: `_id`
[INFO] [stdout] 
[INFO] [stdout] 
[INFO] [stdout] warning: unused variable: `id`
[INFO] [stdout]    --> core/src/mod_db.rs:149:41
[INFO] [stdout]     |
[INFO] [stdout] 149 |     pub(crate) fn delete_mod(&mut self, id: ModId) {
[INFO] [stdout]     |                                         ^^ help: if this is intentional, prefix it with an underscore: `_id`
[INFO] [stdout] 
[INFO] [stdout] 
[INFO] [stdout] warning: unused variable: `info`
[INFO] [stdout]   --> core/src/mod_manager.rs:31:26
[INFO] [stdout]    |
[INFO] [stdout] 31 |     pub fn status(&self, info: StatusCmdInfo) -> ModManagerResult<()> {
[INFO] [stdout]    |                          ^^^^ help: if this is intentional, prefix it with an underscore: `_info`
[INFO] [stdout] 
[INFO] [stdout] 
[INFO] [stdout] warning: unused variable: `idents`
[INFO] [stdout]   --> core/src/mod_manager.rs:37:9
[INFO] [stdout]    |
[INFO] [stdout] 37 |         idents: I,
[INFO] [stdout]    |         ^^^^^^ help: if this is intentional, prefix it with an underscore: `_idents`
[INFO] [stdout] 
[INFO] [stdout] 
[INFO] [stdout] warning: unused variable: `idents`
[INFO] [stdout]   --> core/src/mod_manager.rs:44:9
[INFO] [stdout]    |
[INFO] [stdout] 44 |         idents: I,
[INFO] [stdout]    |         ^^^^^^ help: if this is intentional, prefix it with an underscore: `_idents`
[INFO] [stdout] 
[INFO] [stdout] 
[INFO] [stdout] warning: unused variable: `enable`
[INFO] [stdout]   --> core/src/mod_manager.rs:59:9
[INFO] [stdout]    |
[INFO] [stdout] 59 |         enable: bool,
[INFO] [stdout]    |         ^^^^^^ help: if this is intentional, prefix it with an underscore: `_enable`
[INFO] [stdout] 
[INFO] [stdout] 
[INFO] [stdout] warning: unused variable: `k`
[INFO] [stdout]   --> core/src/mod_manager.rs:70:9
[INFO] [stdout]    |
[INFO] [stdout] 70 |         k: ModWithVariantIdentifier,
[INFO] [stdout]    |         ^ help: if this is intentional, prefix it with an underscore: `_k`
[INFO] [stdout] 
[INFO] [stdout] 
[INFO] [stdout] warning: unused variable: `s1`
[INFO] [stdout]   --> core/src/mod_manager.rs:71:9
[INFO] [stdout]    |
[INFO] [stdout] 71 |         s1: SkinSlot,
[INFO] [stdout]    |         ^^ help: if this is intentional, prefix it with an underscore: `_s1`
[INFO] [stdout] 
[INFO] [stdout] 
[INFO] [stdout] warning: unused variable: `s2`
[INFO] [stdout]   --> core/src/mod_manager.rs:72:9
[INFO] [stdout]    |
[INFO] [stdout] 72 |         s2: SkinSlot,
[INFO] [stdout]    |         ^^ help: if this is intentional, prefix it with an underscore: `_s2`
[INFO] [stdout] 
[INFO] [stdout] 
[INFO] [stdout] warning: unused variable: `p`
[INFO] [stdout]   --> core/src/mod_name_resolver.rs:18:23
[INFO] [stdout]    |
[INFO] [stdout] 18 |     pub(crate) fn new(p: &Path) -> Self {
[INFO] [stdout]    |                       ^ help: if this is intentional, prefix it with an underscore: `_p`
[INFO] [stdout] 
[INFO] [stdout] 
[INFO] [stdout] warning: unused variable: `ident`
[INFO] [stdout]   --> core/src/mod_name_resolver.rs:22:48
[INFO] [stdout]    |
[INFO] [stdout] 22 |     pub(crate) fn resolve_mod_ident(&mut self, ident: ModIdentifier) -> ModId {
[INFO] [stdout]    |                                                ^^^^^ help: if this is intentional, prefix it with an underscore: `_ident`
[INFO] [stdout] 
[INFO] [stdout] 
[INFO] [stdout] warning: unused variable: `name`
[INFO] [stdout]   --> core/src/mod_name_resolver.rs:26:42
[INFO] [stdout]    |
[INFO] [stdout] 26 |     fn resolve_mod_name_to_id(&mut self, name: &str) -> ModId {
[INFO] [stdout]    |                                          ^^^^ help: if this is intentional, prefix it with an underscore: `_name`
[INFO] [stdout] 
[INFO] [stdout] 
[INFO] [stdout] warning: unused variable: `p`
[INFO] [stdout]   --> core/src/mod_name_resolver.rs:35:23
[INFO] [stdout]    |
[INFO] [stdout] 35 |     fn load_from_path(p: &Path) -> Self {
[INFO] [stdout]    |                       ^ help: if this is intentional, prefix it with an underscore: `_p`
[INFO] [stdout] 
[INFO] [stdout] 
[INFO] [stdout] warning: unused variable: `vec`
[INFO] [stdout]   --> core/src/cmds/status.rs:28:33
[INFO] [stdout]    |
[INFO] [stdout] 28 |         StatusCmdInfo::Specific(vec) => todo!(),
[INFO] [stdout]    |                                 ^^^ help: if this is intentional, prefix it with an underscore: `_vec`
[INFO] [stdout] 
[INFO] [stdout] 
[INFO] [stdout] warning: static `DOWNLOAD_CACHE_UNPACKED_DATA_DIR` is never used
[INFO] [stdout]   --> core/src/mod_db.rs:42:8
[INFO] [stdout]    |
[INFO] [stdout] 42 | static DOWNLOAD_CACHE_UNPACKED_DATA_DIR: &str = "data";
[INFO] [stdout]    |        ^^^^^^^^^^^^^^^^^^^^^^^^^^^^^^^^
[INFO] [stdout]    |
[INFO] [stdout]    = note: `#[warn(dead_code)]` on by default
[INFO] [stdout] 
[INFO] [stdout] 
[INFO] [stdout] warning: field `directory_contents` is never read
[INFO] [stdout]   --> core/src/mod_db.rs:83:5
[INFO] [stdout]    |
[INFO] [stdout] 82 | pub(crate) struct ModDb {
[INFO] [stdout]    |                   ----- field in this struct
[INFO] [stdout] 83 |     directory_contents: ModDbDirectory,
[INFO] [stdout]    |     ^^^^^^^^^^^^^^^^^^
[INFO] [stdout]    |
[INFO] [stdout]    = note: `ModDb` has a derived impl for the trait `Debug`, but this is intentionally ignored during dead code analysis
[INFO] [stdout] 
[INFO] [stdout] 
[INFO] [stdout] warning: methods `get`, `get_mut`, `remove`, `add_mod`, `delete_mod`, and `installed_mods` are never used
[INFO] [stdout]    --> core/src/mod_db.rs:128:19
[INFO] [stdout]     |
[INFO] [stdout] 89  | impl ModDb {
[INFO] [stdout]     | ---------- methods in this implementation
[INFO] [stdout] ...
[INFO] [stdout] 128 |     pub(crate) fn get(&self, id: &ModId) -> Option<&InstalledModInfo> {
[INFO] [stdout]     |                   ^^^
[INFO] [stdout] ...
[INFO] [stdout] 132 |     pub(crate) fn get_mut(&mut self, id: &ModId) -> Option<&mut InstalledModInfo> {
[INFO] [stdout]     |                   ^^^^^^^
[INFO] [stdout] ...
[INFO] [stdout] 136 |     pub(crate) fn remove(&mut self, id: &ModId) -> Option<InstalledModInfo> {
[INFO] [stdout]     |                   ^^^^^^
[INFO] [stdout] ...
[INFO] [stdout] 140 |     pub(crate) fn add_mod(&mut self, id: ModId) {
[INFO] [stdout]     |                   ^^^^^^^
[INFO] [stdout] ...
[INFO] [stdout] 149 |     pub(crate) fn delete_mod(&mut self, id: ModId) {
[INFO] [stdout]     |                   ^^^^^^^^^^
[INFO] [stdout] ...
[INFO] [stdout] 153 |     pub(crate) fn installed_mods(&self) -> impl Iterator<Item = &InstalledModInfo> {
[INFO] [stdout]     |                   ^^^^^^^^^^^^^^
[INFO] [stdout] 
[INFO] [stdout] 
[INFO] [stdout] warning: field `db` is never read
[INFO] [stdout]   --> core/src/mod_manager.rs:21:5
[INFO] [stdout]    |
[INFO] [stdout] 20 | pub struct ModManager {
[INFO] [stdout]    |            ---------- field in this struct
[INFO] [stdout] 21 |     db: ModDb,
[INFO] [stdout]    |     ^^
[INFO] [stdout]    |
[INFO] [stdout]    = note: `ModManager` has a derived impl for the trait `Debug`, but this is intentionally ignored during dead code analysis
[INFO] [stdout] 
[INFO] [stdout] 
[INFO] [stdout] warning: type alias `ModNameResolverResult` is never used
[INFO] [stdout]  --> core/src/mod_name_resolver.rs:7:10
[INFO] [stdout]   |
[INFO] [stdout] 7 | pub type ModNameResolverResult<T> = Result<T, ModNameResolverError>;
[INFO] [stdout]   |          ^^^^^^^^^^^^^^^^^^^^^
[INFO] [stdout] 
[INFO] [stdout] 
[INFO] [stdout] warning: struct `BananaModNameResolver` is never constructed
[INFO] [stdout]   --> core/src/mod_name_resolver.rs:13:19
[INFO] [stdout]    |
[INFO] [stdout] 13 | pub(crate) struct BananaModNameResolver {
[INFO] [stdout]    |                   ^^^^^^^^^^^^^^^^^^^^^
[INFO] [stdout] 
[INFO] [stdout] 
[INFO] [stdout] warning: associated items `new`, `resolve_mod_ident`, and `resolve_mod_name_to_id` are never used
[INFO] [stdout]   --> core/src/mod_name_resolver.rs:18:19
[INFO] [stdout]    |
[INFO] [stdout] 17 | impl BananaModNameResolver {
[INFO] [stdout]    | -------------------------- associated items in this implementation
[INFO] [stdout] 18 |     pub(crate) fn new(p: &Path) -> Self {
[INFO] [stdout]    |                   ^^^
[INFO] [stdout] ...
[INFO] [stdout] 22 |     pub(crate) fn resolve_mod_ident(&mut self, ident: ModIdentifier) -> ModId {
[INFO] [stdout]    |                   ^^^^^^^^^^^^^^^^^
[INFO] [stdout] ...
[INFO] [stdout] 26 |     fn resolve_mod_name_to_id(&mut self, name: &str) -> ModId {
[INFO] [stdout]    |        ^^^^^^^^^^^^^^^^^^^^^^
[INFO] [stdout] 
[INFO] [stdout] 
[INFO] [stdout] warning: struct `LocalBananaNameResolveCache` is never constructed
[INFO] [stdout]   --> core/src/mod_name_resolver.rs:32:8
[INFO] [stdout]    |
[INFO] [stdout] 32 | struct LocalBananaNameResolveCache {}
[INFO] [stdout]    |        ^^^^^^^^^^^^^^^^^^^^^^^^^^^
[INFO] [stdout] 
[INFO] [stdout] 
[INFO] [stdout] warning: associated function `load_from_path` is never used
[INFO] [stdout]   --> core/src/mod_name_resolver.rs:35:8
[INFO] [stdout]    |
[INFO] [stdout] 34 | impl LocalBananaNameResolveCache {
[INFO] [stdout]    | -------------------------------- associated function in this implementation
[INFO] [stdout] 35 |     fn load_from_path(p: &Path) -> Self {
[INFO] [stdout]    |        ^^^^^^^^^^^^^^
[INFO] [stdout] 
[INFO] [stdout] 
[INFO] [stdout] warning: function `add_mod` is never used
[INFO] [stdout]  --> core/src/cmds/add.rs:7:15
[INFO] [stdout]   |
[INFO] [stdout] 7 | pub(crate) fn add_mod(
[INFO] [stdout]   |               ^^^^^^^
[INFO] [stdout] 
[INFO] [stdout] 
[INFO] [stdout] warning: struct `InstalledModAndVariantsInfo` is never constructed
[INFO] [stdout]  --> core/src/cmds/status.rs:8:8
[INFO] [stdout]   |
[INFO] [stdout] 8 | struct InstalledModAndVariantsInfo {
[INFO] [stdout]   |        ^^^^^^^^^^^^^^^^^^^^^^^^^^^
[INFO] [stdout] 
[INFO] [stdout] 
[INFO] [stdout] warning: struct `VariantNameAndEnabled` is never constructed
[INFO] [stdout]   --> core/src/cmds/status.rs:14:8
[INFO] [stdout]    |
[INFO] [stdout] 14 | struct VariantNameAndEnabled {
[INFO] [stdout]    |        ^^^^^^^^^^^^^^^^^^^^^
[INFO] [stdout] 
[INFO] [stdout] 
[INFO] [stdout] warning: function `cmd_status` is never used
[INFO] [stdout]   --> core/src/cmds/status.rs:25:15
[INFO] [stdout]    |
[INFO] [stdout] 25 | pub(crate) fn cmd_status(args: &StatusCmdInfo, db: &ModDb) {
[INFO] [stdout]    |               ^^^^^^^^^^
[INFO] [stdout] 
[INFO] [stdout] 
[INFO] [stdout] warning: struct `GenericModStats` is never constructed
[INFO] [stdout]   --> core/src/cmds/status.rs:33:8
[INFO] [stdout]    |
[INFO] [stdout] 33 | struct GenericModStats {
[INFO] [stdout]    |        ^^^^^^^^^^^^^^^
[INFO] [stdout]    |
[INFO] [stdout]    = note: `GenericModStats` has a derived impl for the trait `Default`, but this is intentionally ignored during dead code analysis
[INFO] [stdout] 
[INFO] [stdout] 
[INFO] [stdout] warning: struct `ScalarStats` is never constructed
[INFO] [stdout]   --> core/src/cmds/status.rs:39:8
[INFO] [stdout]    |
[INFO] [stdout] 39 | struct ScalarStats {
[INFO] [stdout]    |        ^^^^^^^^^^^
[INFO] [stdout]    |
[INFO] [stdout]    = note: `ScalarStats` has a derived impl for the trait `Default`, but this is intentionally ignored during dead code analysis
[INFO] [stdout] 
[INFO] [stdout] 
[INFO] [stdout] warning: associated function `new` is never used
[INFO] [stdout]   --> core/src/cmds/status.rs:62:8
[INFO] [stdout]    |
[INFO] [stdout] 61 | impl GenericModStats {
[INFO] [stdout]    | -------------------- associated function in this implementation
[INFO] [stdout] 62 |     fn new(db: &ModDb) -> Self {
[INFO] [stdout]    |        ^^^
[INFO] [stdout] 
[INFO] [stdout] 
[INFO] [stderr]    Compiling ultimate-mod-man-rs-cli v0.1.0 (/opt/rustwide/workdir/cli)
[INFO] [stdout] warning: unused variable: `add_args`
[INFO] [stdout]   --> cli/src/main.rs:14:33
[INFO] [stdout]    |
[INFO] [stdout] 14 |         prog_args::Command::Add(add_args) => todo!(),
[INFO] [stdout]    |                                 ^^^^^^^^ help: if this is intentional, prefix it with an underscore: `_add_args`
[INFO] [stdout]    |
[INFO] [stdout]    = note: `#[warn(unused_variables)]` on by default
[INFO] [stdout] 
[INFO] [stdout] 
[INFO] [stdout] warning: unused variable: `enable_disable_args`
[INFO] [stdout]   --> cli/src/main.rs:18:43
[INFO] [stdout]    |
[INFO] [stdout] 18 |         prog_args::Command::EnableDisable(enable_disable_args) => todo!(),
[INFO] [stdout]    |                                           ^^^^^^^^^^^^^^^^^^^ help: if this is intentional, prefix it with an underscore: `_enable_disable_args`
[INFO] [stdout] 
[INFO] [stdout] 
[INFO] [stderr]     Finished `dev` profile [unoptimized + debuginfo] target(s) in 36.36s
[INFO] running `Command { std: "docker" "inspect" "0e37feac8855295e1cef1b216087a50108babd5e15720c44314749547fa04b0c", kill_on_drop: false }`
[INFO] running `Command { std: "docker" "rm" "-f" "0e37feac8855295e1cef1b216087a50108babd5e15720c44314749547fa04b0c", kill_on_drop: false }`
[INFO] [stdout] 0e37feac8855295e1cef1b216087a50108babd5e15720c44314749547fa04b0c
[INFO] running `Command { std: "docker" "create" "-v" "/var/lib/crater-agent-workspace/builds/worker-1-tc2/target:/opt/rustwide/target:rw,Z" "-v" "/var/lib/crater-agent-workspace/builds/worker-1-tc2/source:/opt/rustwide/workdir:ro,Z" "-v" "/var/lib/crater-agent-workspace/cargo-home:/opt/rustwide/cargo-home:ro,Z" "-v" "/var/lib/crater-agent-workspace/rustup-home:/opt/rustwide/rustup-home:ro,Z" "-e" "SOURCE_DIR=/opt/rustwide/workdir" "-e" "CARGO_TARGET_DIR=/opt/rustwide/target" "-e" "CARGO_INCREMENTAL=0" "-e" "RUST_BACKTRACE=full" "-e" "RUSTFLAGS=--cap-lints=forbid -Zrandomize-layout" "-e" "RUSTDOCFLAGS=--cap-lints=forbid" "-e" "CARGO_HOME=/opt/rustwide/cargo-home" "-e" "RUSTUP_HOME=/opt/rustwide/rustup-home" "-w" "/opt/rustwide/workdir" "-m" "1610612736" "--user" "0:0" "--network" "none" "ghcr.io/rust-lang/crates-build-env/linux@sha256:819108c5571ea2e421544af4d832f968d213c87fbe3707a016657f43d2f853bc" "/opt/rustwide/cargo-home/bin/cargo" "+nightly-2025-01-18" "test" "--frozen" "--no-run" "--message-format=json", kill_on_drop: false }`
[INFO] [stdout] ce2f1faf301862761c5b80ea37941bc5b60b0ad00e86f77a49cf2534b08619c3
[INFO] running `Command { std: "docker" "start" "-a" "ce2f1faf301862761c5b80ea37941bc5b60b0ad00e86f77a49cf2534b08619c3", kill_on_drop: false }`
[INFO] [stderr] warning: /opt/rustwide/workdir/Cargo.toml: unused manifest key: workspace.author
[INFO] [stderr]    Compiling ultimate-mod-man-rs-scraper v0.1.0 (/opt/rustwide/workdir/scraper)
[INFO] [stdout] warning: unused variable: `name`
[INFO] [stdout]   --> scraper/src/banana_scraper.rs:17:28
[INFO] [stdout]    |
[INFO] [stdout] 17 | fn get_mod_page_for_mod_id(name: ModId) -> BananaScraperResult<String> {
[INFO] [stdout]    |                            ^^^^ help: if this is intentional, prefix it with an underscore: `_name`
[INFO] [stdout]    |
[INFO] [stdout]    = note: `#[warn(unused_variables)]` on by default
[INFO] [stdout] 
[INFO] [stdout] 
[INFO] [stdout] warning: unused variable: `name`
[INFO] [stdout]   --> scraper/src/banana_scraper.rs:21:25
[INFO] [stdout]    |
[INFO] [stdout] 21 | pub fn resolve_mod_name(name: &str) -> BananaScraperResult<ModId> {
[INFO] [stdout]    |                         ^^^^ help: if this is intentional, prefix it with an underscore: `_name`
[INFO] [stdout] 
[INFO] [stdout] 
[INFO] [stdout] warning: unused variable: `id`
[INFO] [stdout]   --> scraper/src/banana_scraper.rs:26:5
[INFO] [stdout]    |
[INFO] [stdout] 26 |     id: ModId,
[INFO] [stdout]    |     ^^ help: if this is intentional, prefix it with an underscore: `_id`
[INFO] [stdout] 
[INFO] [stdout] 
[INFO] [stdout] warning: unused variable: `variant_name`
[INFO] [stdout]   --> scraper/src/banana_scraper.rs:27:5
[INFO] [stdout]    |
[INFO] [stdout] 27 |     variant_name: &str,
[INFO] [stdout]    |     ^^^^^^^^^^^^ help: if this is intentional, prefix it with an underscore: `_variant_name`
[INFO] [stdout] 
[INFO] [stdout] 
[INFO] [stdout] warning: fields `name`, `version`, and `variant_download_artifact` are never read
[INFO] [stdout]   --> scraper/src/banana_scraper.rs:12:5
[INFO] [stdout]    |
[INFO] [stdout] 11 | pub struct ScrapedBananaModData {
[INFO] [stdout]    |            -------------------- fields in this struct
[INFO] [stdout] 12 |     name: String,
[INFO] [stdout]    |     ^^^^
[INFO] [stdout] 13 |     version: Option<String>,
[INFO] [stdout]    |     ^^^^^^^
[INFO] [stdout] 14 |     variant_download_artifact: Vec<u8>,
[INFO] [stdout]    |     ^^^^^^^^^^^^^^^^^^^^^^^^^
[INFO] [stdout]    |
[INFO] [stdout]    = note: `ScrapedBananaModData` has a derived impl for the trait `Debug`, but this is intentionally ignored during dead code analysis
[INFO] [stdout]    = note: `#[warn(dead_code)]` on by default
[INFO] [stdout] 
[INFO] [stdout] 
[INFO] [stdout] warning: function `get_mod_page_for_mod_id` is never used
[INFO] [stdout]   --> scraper/src/banana_scraper.rs:17:4
[INFO] [stdout]    |
[INFO] [stdout] 17 | fn get_mod_page_for_mod_id(name: ModId) -> BananaScraperResult<String> {
[INFO] [stdout]    |    ^^^^^^^^^^^^^^^^^^^^^^^
[INFO] [stdout] 
[INFO] [stdout] 
[INFO] [stdout] warning: struct `VariantSkinParseInfo` is never constructed
[INFO] [stdout]  --> scraper/src/download_artifact_parser.rs:7:19
[INFO] [stdout]   |
[INFO] [stdout] 7 | pub(crate) struct VariantSkinParseInfo {}
[INFO] [stdout]   |                   ^^^^^^^^^^^^^^^^^^^^
[INFO] [stdout] 
[INFO] [stdout] 
[INFO] [stdout] warning: struct `CharacterSlot` is never constructed
[INFO] [stdout]   --> scraper/src/download_artifact_parser.rs:11:19
[INFO] [stdout]    |
[INFO] [stdout] 11 | pub(crate) struct CharacterSlot {
[INFO] [stdout]    |                   ^^^^^^^^^^^^^
[INFO] [stdout] 
[INFO] [stdout] 
[INFO] [stdout] warning: unused variable: `id`
[INFO] [stdout]    --> core/src/mod_db.rs:128:30
[INFO] [stdout]     |
[INFO] [stdout] 128 |     pub(crate) fn get(&self, id: &ModId) -> Option<&InstalledModInfo> {
[INFO] [stdout]     |                              ^^ help: if this is intentional, prefix it with an underscore: `_id`
[INFO] [stdout]     |
[INFO] [stdout]     = note: `#[warn(unused_variables)]` on by default
[INFO] [stdout] 
[INFO] [stdout] 
[INFO] [stdout] warning: unused variable: `id`
[INFO] [stdout]    --> core/src/mod_db.rs:132:38
[INFO] [stdout]     |
[INFO] [stdout] 132 |     pub(crate) fn get_mut(&mut self, id: &ModId) -> Option<&mut InstalledModInfo> {
[INFO] [stdout]     |                                      ^^ help: if this is intentional, prefix it with an underscore: `_id`
[INFO] [stdout] 
[INFO] [stdout] 
[INFO] [stdout] warning: unused variable: `id`
[INFO] [stdout]    --> core/src/mod_db.rs:136:37
[INFO] [stdout]     |
[INFO] [stdout] 136 |     pub(crate) fn remove(&mut self, id: &ModId) -> Option<InstalledModInfo> {
[INFO] [stdout]     |                                     ^^ help: if this is intentional, prefix it with an underscore: `_id`
[INFO] [stdout] 
[INFO] [stdout] 
[INFO] [stdout] warning: unused variable: `id`
[INFO] [stdout]    --> core/src/mod_db.rs:149:41
[INFO] [stdout]     |
[INFO] [stdout] 149 |     pub(crate) fn delete_mod(&mut self, id: ModId) {
[INFO] [stdout]     |                                         ^^ help: if this is intentional, prefix it with an underscore: `_id`
[INFO] [stdout] 
[INFO] [stdout] 
[INFO] [stdout] warning: unused variable: `info`
[INFO] [stdout]   --> core/src/mod_manager.rs:31:26
[INFO] [stdout]    |
[INFO] [stdout] 31 |     pub fn status(&self, info: StatusCmdInfo) -> ModManagerResult<()> {
[INFO] [stdout]    |                          ^^^^ help: if this is intentional, prefix it with an underscore: `_info`
[INFO] [stdout] 
[INFO] [stdout] 
[INFO] [stdout] warning: unused variable: `idents`
[INFO] [stdout]   --> core/src/mod_manager.rs:37:9
[INFO] [stdout]    |
[INFO] [stdout] 37 |         idents: I,
[INFO] [stdout]    |         ^^^^^^ help: if this is intentional, prefix it with an underscore: `_idents`
[INFO] [stdout] 
[INFO] [stdout] 
[INFO] [stdout] warning: unused variable: `idents`
[INFO] [stdout]   --> core/src/mod_manager.rs:44:9
[INFO] [stdout]    |
[INFO] [stdout] 44 |         idents: I,
[INFO] [stdout]    |         ^^^^^^ help: if this is intentional, prefix it with an underscore: `_idents`
[INFO] [stdout] 
[INFO] [stdout] 
[INFO] [stdout] warning: unused variable: `enable`
[INFO] [stdout]   --> core/src/mod_manager.rs:59:9
[INFO] [stdout]    |
[INFO] [stdout] 59 |         enable: bool,
[INFO] [stdout]    |         ^^^^^^ help: if this is intentional, prefix it with an underscore: `_enable`
[INFO] [stdout] 
[INFO] [stdout] 
[INFO] [stdout] warning: unused variable: `k`
[INFO] [stdout]   --> core/src/mod_manager.rs:70:9
[INFO] [stdout]    |
[INFO] [stdout] 70 |         k: ModWithVariantIdentifier,
[INFO] [stdout]    |         ^ help: if this is intentional, prefix it with an underscore: `_k`
[INFO] [stdout] 
[INFO] [stdout] 
[INFO] [stdout] warning: unused variable: `s1`
[INFO] [stdout]   --> core/src/mod_manager.rs:71:9
[INFO] [stdout]    |
[INFO] [stdout] 71 |         s1: SkinSlot,
[INFO] [stdout]    |         ^^ help: if this is intentional, prefix it with an underscore: `_s1`
[INFO] [stdout] 
[INFO] [stdout] 
[INFO] [stdout] warning: unused variable: `s2`
[INFO] [stdout]   --> core/src/mod_manager.rs:72:9
[INFO] [stdout]    |
[INFO] [stdout] 72 |         s2: SkinSlot,
[INFO] [stdout]    |         ^^ help: if this is intentional, prefix it with an underscore: `_s2`
[INFO] [stdout] 
[INFO] [stdout] 
[INFO] [stdout] warning: unused variable: `p`
[INFO] [stdout]   --> core/src/mod_name_resolver.rs:18:23
[INFO] [stdout]    |
[INFO] [stdout] 18 |     pub(crate) fn new(p: &Path) -> Self {
[INFO] [stdout]    |                       ^ help: if this is intentional, prefix it with an underscore: `_p`
[INFO] [stdout] 
[INFO] [stdout] 
[INFO] [stdout] warning: unused variable: `ident`
[INFO] [stdout]   --> core/src/mod_name_resolver.rs:22:48
[INFO] [stdout]    |
[INFO] [stdout] 22 |     pub(crate) fn resolve_mod_ident(&mut self, ident: ModIdentifier) -> ModId {
[INFO] [stdout]    |                                                ^^^^^ help: if this is intentional, prefix it with an underscore: `_ident`
[INFO] [stdout] 
[INFO] [stdout] 
[INFO] [stdout] warning: unused variable: `name`
[INFO] [stdout]   --> core/src/mod_name_resolver.rs:26:42
[INFO] [stdout]    |
[INFO] [stdout] 26 |     fn resolve_mod_name_to_id(&mut self, name: &str) -> ModId {
[INFO] [stdout]    |                                          ^^^^ help: if this is intentional, prefix it with an underscore: `_name`
[INFO] [stdout] 
[INFO] [stdout] 
[INFO] [stdout] warning: unused variable: `p`
[INFO] [stdout]   --> core/src/mod_name_resolver.rs:35:23
[INFO] [stdout]    |
[INFO] [stdout] 35 |     fn load_from_path(p: &Path) -> Self {
[INFO] [stdout]    |                       ^ help: if this is intentional, prefix it with an underscore: `_p`
[INFO] [stdout] 
[INFO] [stdout] 
[INFO] [stdout] warning: unused variable: `vec`
[INFO] [stdout]   --> core/src/cmds/status.rs:28:33
[INFO] [stdout]    |
[INFO] [stdout] 28 |         StatusCmdInfo::Specific(vec) => todo!(),
[INFO] [stdout]    |                                 ^^^ help: if this is intentional, prefix it with an underscore: `_vec`
[INFO] [stdout] 
[INFO] [stdout] 
[INFO] [stderr]    Compiling ultimate-mod-man-rs-core v0.1.0 (/opt/rustwide/workdir/core)
[INFO] [stdout] warning: static `DOWNLOAD_CACHE_UNPACKED_DATA_DIR` is never used
[INFO] [stdout]   --> core/src/mod_db.rs:42:8
[INFO] [stdout]    |
[INFO] [stdout] 42 | static DOWNLOAD_CACHE_UNPACKED_DATA_DIR: &str = "data";
[INFO] [stdout]    |        ^^^^^^^^^^^^^^^^^^^^^^^^^^^^^^^^
[INFO] [stdout]    |
[INFO] [stdout]    = note: `#[warn(dead_code)]` on by default
[INFO] [stdout] 
[INFO] [stdout] 
[INFO] [stderr]    Compiling ultimate-mod-man-rs-cli v0.1.0 (/opt/rustwide/workdir/cli)
[INFO] [stdout] warning: field `directory_contents` is never read
[INFO] [stdout]   --> core/src/mod_db.rs:83:5
[INFO] [stdout]    |
[INFO] [stdout] 82 | pub(crate) struct ModDb {
[INFO] [stdout]    |                   ----- field in this struct
[INFO] [stdout] 83 |     directory_contents: ModDbDirectory,
[INFO] [stdout]    |     ^^^^^^^^^^^^^^^^^^
[INFO] [stdout]    |
[INFO] [stdout]    = note: `ModDb` has a derived impl for the trait `Debug`, but this is intentionally ignored during dead code analysis
[INFO] [stdout] 
[INFO] [stdout] 
[INFO] [stdout] warning: methods `get`, `get_mut`, `remove`, `add_mod`, `delete_mod`, and `installed_mods` are never used
[INFO] [stdout]    --> core/src/mod_db.rs:128:19
[INFO] [stdout]     |
[INFO] [stdout] 89  | impl ModDb {
[INFO] [stdout]     | ---------- methods in this implementation
[INFO] [stdout] ...
[INFO] [stdout] 128 |     pub(crate) fn get(&self, id: &ModId) -> Option<&InstalledModInfo> {
[INFO] [stdout]     |                   ^^^
[INFO] [stdout] ...
[INFO] [stdout] 132 |     pub(crate) fn get_mut(&mut self, id: &ModId) -> Option<&mut InstalledModInfo> {
[INFO] [stdout]     |                   ^^^^^^^
[INFO] [stdout] ...
[INFO] [stdout] 136 |     pub(crate) fn remove(&mut self, id: &ModId) -> Option<InstalledModInfo> {
[INFO] [stdout]     |                   ^^^^^^
[INFO] [stdout] ...
[INFO] [stdout] 140 |     pub(crate) fn add_mod(&mut self, id: ModId) {
[INFO] [stdout]     |                   ^^^^^^^
[INFO] [stdout] ...
[INFO] [stdout] 149 |     pub(crate) fn delete_mod(&mut self, id: ModId) {
[INFO] [stdout]     |                   ^^^^^^^^^^
[INFO] [stdout] ...
[INFO] [stdout] 153 |     pub(crate) fn installed_mods(&self) -> impl Iterator<Item = &InstalledModInfo> {
[INFO] [stdout]     |                   ^^^^^^^^^^^^^^
[INFO] [stdout] 
[INFO] [stdout] 
[INFO] [stdout] warning: field `db` is never read
[INFO] [stdout]   --> core/src/mod_manager.rs:21:5
[INFO] [stdout]    |
[INFO] [stdout] 20 | pub struct ModManager {
[INFO] [stdout]    |            ---------- field in this struct
[INFO] [stdout] 21 |     db: ModDb,
[INFO] [stdout]    |     ^^
[INFO] [stdout]    |
[INFO] [stdout]    = note: `ModManager` has a derived impl for the trait `Debug`, but this is intentionally ignored during dead code analysis
[INFO] [stdout] 
[INFO] [stdout] 
[INFO] [stdout] warning: type alias `ModNameResolverResult` is never used
[INFO] [stdout]  --> core/src/mod_name_resolver.rs:7:10
[INFO] [stdout]   |
[INFO] [stdout] 7 | pub type ModNameResolverResult<T> = Result<T, ModNameResolverError>;
[INFO] [stdout]   |          ^^^^^^^^^^^^^^^^^^^^^
[INFO] [stdout] 
[INFO] [stdout] 
[INFO] [stdout] warning: struct `BananaModNameResolver` is never constructed
[INFO] [stdout]   --> core/src/mod_name_resolver.rs:13:19
[INFO] [stdout]    |
[INFO] [stdout] 13 | pub(crate) struct BananaModNameResolver {
[INFO] [stdout]    |                   ^^^^^^^^^^^^^^^^^^^^^
[INFO] [stdout] 
[INFO] [stdout] 
[INFO] [stdout] warning: associated items `new`, `resolve_mod_ident`, and `resolve_mod_name_to_id` are never used
[INFO] [stdout]   --> core/src/mod_name_resolver.rs:18:19
[INFO] [stdout]    |
[INFO] [stdout] 17 | impl BananaModNameResolver {
[INFO] [stdout]    | -------------------------- associated items in this implementation
[INFO] [stdout] 18 |     pub(crate) fn new(p: &Path) -> Self {
[INFO] [stdout]    |                   ^^^
[INFO] [stdout] ...
[INFO] [stdout] 22 |     pub(crate) fn resolve_mod_ident(&mut self, ident: ModIdentifier) -> ModId {
[INFO] [stdout]    |                   ^^^^^^^^^^^^^^^^^
[INFO] [stdout] ...
[INFO] [stdout] 26 |     fn resolve_mod_name_to_id(&mut self, name: &str) -> ModId {
[INFO] [stdout]    |        ^^^^^^^^^^^^^^^^^^^^^^
[INFO] [stdout] 
[INFO] [stdout] 
[INFO] [stdout] warning: struct `LocalBananaNameResolveCache` is never constructed
[INFO] [stdout]   --> core/src/mod_name_resolver.rs:32:8
[INFO] [stdout]    |
[INFO] [stdout] 32 | struct LocalBananaNameResolveCache {}
[INFO] [stdout]    |        ^^^^^^^^^^^^^^^^^^^^^^^^^^^
[INFO] [stdout] 
[INFO] [stdout] 
[INFO] [stdout] warning: associated function `load_from_path` is never used
[INFO] [stdout]   --> core/src/mod_name_resolver.rs:35:8
[INFO] [stdout]    |
[INFO] [stdout] 34 | impl LocalBananaNameResolveCache {
[INFO] [stdout]    | -------------------------------- associated function in this implementation
[INFO] [stdout] 35 |     fn load_from_path(p: &Path) -> Self {
[INFO] [stdout]    |        ^^^^^^^^^^^^^^
[INFO] [stdout] 
[INFO] [stdout] 
[INFO] [stdout] warning: function `add_mod` is never used
[INFO] [stdout]  --> core/src/cmds/add.rs:7:15
[INFO] [stdout]   |
[INFO] [stdout] 7 | pub(crate) fn add_mod(
[INFO] [stdout]   |               ^^^^^^^
[INFO] [stdout] 
[INFO] [stdout] 
[INFO] [stdout] warning: struct `InstalledModAndVariantsInfo` is never constructed
[INFO] [stdout]  --> core/src/cmds/status.rs:8:8
[INFO] [stdout]   |
[INFO] [stdout] 8 | struct InstalledModAndVariantsInfo {
[INFO] [stdout]   |        ^^^^^^^^^^^^^^^^^^^^^^^^^^^
[INFO] [stdout] 
[INFO] [stdout] 
[INFO] [stdout] warning: struct `VariantNameAndEnabled` is never constructed
[INFO] [stdout]   --> core/src/cmds/status.rs:14:8
[INFO] [stdout]    |
[INFO] [stdout] 14 | struct VariantNameAndEnabled {
[INFO] [stdout]    |        ^^^^^^^^^^^^^^^^^^^^^
[INFO] [stdout] 
[INFO] [stdout] 
[INFO] [stdout] warning: function `cmd_status` is never used
[INFO] [stdout]   --> core/src/cmds/status.rs:25:15
[INFO] [stdout]    |
[INFO] [stdout] 25 | pub(crate) fn cmd_status(args: &StatusCmdInfo, db: &ModDb) {
[INFO] [stdout]    |               ^^^^^^^^^^
[INFO] [stdout] 
[INFO] [stdout] 
[INFO] [stdout] warning: struct `GenericModStats` is never constructed
[INFO] [stdout]   --> core/src/cmds/status.rs:33:8
[INFO] [stdout]    |
[INFO] [stdout] 33 | struct GenericModStats {
[INFO] [stdout]    |        ^^^^^^^^^^^^^^^
[INFO] [stdout]    |
[INFO] [stdout]    = note: `GenericModStats` has a derived impl for the trait `Default`, but this is intentionally ignored during dead code analysis
[INFO] [stdout] 
[INFO] [stdout] 
[INFO] [stdout] warning: struct `ScalarStats` is never constructed
[INFO] [stdout]   --> core/src/cmds/status.rs:39:8
[INFO] [stdout]    |
[INFO] [stdout] 39 | struct ScalarStats {
[INFO] [stdout]    |        ^^^^^^^^^^^
[INFO] [stdout]    |
[INFO] [stdout]    = note: `ScalarStats` has a derived impl for the trait `Default`, but this is intentionally ignored during dead code analysis
[INFO] [stdout] 
[INFO] [stdout] 
[INFO] [stdout] warning: associated function `new` is never used
[INFO] [stdout]   --> core/src/cmds/status.rs:62:8
[INFO] [stdout]    |
[INFO] [stdout] 61 | impl GenericModStats {
[INFO] [stdout]    | -------------------- associated function in this implementation
[INFO] [stdout] 62 |     fn new(db: &ModDb) -> Self {
[INFO] [stdout]    |        ^^^
[INFO] [stdout] 
[INFO] [stdout] 
[INFO] [stdout] warning: unused variable: `name`
[INFO] [stdout]   --> scraper/src/banana_scraper.rs:17:28
[INFO] [stdout]    |
[INFO] [stdout] 17 | fn get_mod_page_for_mod_id(name: ModId) -> BananaScraperResult<String> {
[INFO] [stdout]    |                            ^^^^ help: if this is intentional, prefix it with an underscore: `_name`
[INFO] [stdout]    |
[INFO] [stdout]    = note: `#[warn(unused_variables)]` on by default
[INFO] [stdout] 
[INFO] [stdout] 
[INFO] [stdout] warning: unused variable: `name`
[INFO] [stdout]   --> scraper/src/banana_scraper.rs:21:25
[INFO] [stdout]    |
[INFO] [stdout] 21 | pub fn resolve_mod_name(name: &str) -> BananaScraperResult<ModId> {
[INFO] [stdout]    |                         ^^^^ help: if this is intentional, prefix it with an underscore: `_name`
[INFO] [stdout] 
[INFO] [stdout] 
[INFO] [stdout] warning: unused variable: `id`
[INFO] [stdout]   --> scraper/src/banana_scraper.rs:26:5
[INFO] [stdout]    |
[INFO] [stdout] 26 |     id: ModId,
[INFO] [stdout]    |     ^^ help: if this is intentional, prefix it with an underscore: `_id`
[INFO] [stdout] 
[INFO] [stdout] 
[INFO] [stdout] warning: unused variable: `variant_name`
[INFO] [stdout]   --> scraper/src/banana_scraper.rs:27:5
[INFO] [stdout]    |
[INFO] [stdout] 27 |     variant_name: &str,
[INFO] [stdout]    |     ^^^^^^^^^^^^ help: if this is intentional, prefix it with an underscore: `_variant_name`
[INFO] [stdout] 
[INFO] [stdout] 
[INFO] [stdout] warning: fields `name`, `version`, and `variant_download_artifact` are never read
[INFO] [stdout]   --> scraper/src/banana_scraper.rs:12:5
[INFO] [stdout]    |
[INFO] [stdout] 11 | pub struct ScrapedBananaModData {
[INFO] [stdout]    |            -------------------- fields in this struct
[INFO] [stdout] 12 |     name: String,
[INFO] [stdout]    |     ^^^^
[INFO] [stdout] 13 |     version: Option<String>,
[INFO] [stdout]    |     ^^^^^^^
[INFO] [stdout] 14 |     variant_download_artifact: Vec<u8>,
[INFO] [stdout]    |     ^^^^^^^^^^^^^^^^^^^^^^^^^
[INFO] [stdout]    |
[INFO] [stdout]    = note: `ScrapedBananaModData` has a derived impl for the trait `Debug`, but this is intentionally ignored during dead code analysis
[INFO] [stdout]    = note: `#[warn(dead_code)]` on by default
[INFO] [stdout] 
[INFO] [stdout] 
[INFO] [stdout] warning: function `get_mod_page_for_mod_id` is never used
[INFO] [stdout]   --> scraper/src/banana_scraper.rs:17:4
[INFO] [stdout]    |
[INFO] [stdout] 17 | fn get_mod_page_for_mod_id(name: ModId) -> BananaScraperResult<String> {
[INFO] [stdout]    |    ^^^^^^^^^^^^^^^^^^^^^^^
[INFO] [stdout] 
[INFO] [stdout] 
[INFO] [stdout] warning: struct `VariantSkinParseInfo` is never constructed
[INFO] [stdout]  --> scraper/src/download_artifact_parser.rs:7:19
[INFO] [stdout]   |
[INFO] [stdout] 7 | pub(crate) struct VariantSkinParseInfo {}
[INFO] [stdout]   |                   ^^^^^^^^^^^^^^^^^^^^
[INFO] [stdout] 
[INFO] [stdout] 
[INFO] [stdout] warning: struct `CharacterSlot` is never constructed
[INFO] [stdout]   --> scraper/src/download_artifact_parser.rs:11:19
[INFO] [stdout]    |
[INFO] [stdout] 11 | pub(crate) struct CharacterSlot {
[INFO] [stdout]    |                   ^^^^^^^^^^^^^
[INFO] [stdout] 
[INFO] [stdout] 
[INFO] [stdout] warning: unused variable: `add_args`
[INFO] [stdout]   --> cli/src/main.rs:14:33
[INFO] [stdout]    |
[INFO] [stdout] 14 |         prog_args::Command::Add(add_args) => todo!(),
[INFO] [stdout]    |                                 ^^^^^^^^ help: if this is intentional, prefix it with an underscore: `_add_args`
[INFO] [stdout]    |
[INFO] [stdout]    = note: `#[warn(unused_variables)]` on by default
[INFO] [stdout] 
[INFO] [stdout] 
[INFO] [stdout] warning: unused variable: `enable_disable_args`
[INFO] [stdout]   --> cli/src/main.rs:18:43
[INFO] [stdout]    |
[INFO] [stdout] 18 |         prog_args::Command::EnableDisable(enable_disable_args) => todo!(),
[INFO] [stdout]    |                                           ^^^^^^^^^^^^^^^^^^^ help: if this is intentional, prefix it with an underscore: `_enable_disable_args`
[INFO] [stdout] 
[INFO] [stdout] 
[INFO] [stdout] warning: unused variable: `id`
[INFO] [stdout]    --> core/src/mod_db.rs:128:30
[INFO] [stdout]     |
[INFO] [stdout] 128 |     pub(crate) fn get(&self, id: &ModId) -> Option<&InstalledModInfo> {
[INFO] [stdout]     |                              ^^ help: if this is intentional, prefix it with an underscore: `_id`
[INFO] [stdout]     |
[INFO] [stdout]     = note: `#[warn(unused_variables)]` on by default
[INFO] [stdout] 
[INFO] [stdout] 
[INFO] [stdout] warning: unused variable: `id`
[INFO] [stdout]    --> core/src/mod_db.rs:132:38
[INFO] [stdout]     |
[INFO] [stdout] 132 |     pub(crate) fn get_mut(&mut self, id: &ModId) -> Option<&mut InstalledModInfo> {
[INFO] [stdout]     |                                      ^^ help: if this is intentional, prefix it with an underscore: `_id`
[INFO] [stdout] 
[INFO] [stdout] 
[INFO] [stdout] warning: unused variable: `id`
[INFO] [stdout]    --> core/src/mod_db.rs:136:37
[INFO] [stdout]     |
[INFO] [stdout] 136 |     pub(crate) fn remove(&mut self, id: &ModId) -> Option<InstalledModInfo> {
[INFO] [stdout]     |                                     ^^ help: if this is intentional, prefix it with an underscore: `_id`
[INFO] [stdout] 
[INFO] [stdout] 
[INFO] [stdout] warning: unused variable: `id`
[INFO] [stdout]    --> core/src/mod_db.rs:149:41
[INFO] [stdout]     |
[INFO] [stdout] 149 |     pub(crate) fn delete_mod(&mut self, id: ModId) {
[INFO] [stdout]     |                                         ^^ help: if this is intentional, prefix it with an underscore: `_id`
[INFO] [stdout] 
[INFO] [stdout] 
[INFO] [stdout] warning: unused variable: `info`
[INFO] [stdout]   --> core/src/mod_manager.rs:31:26
[INFO] [stdout]    |
[INFO] [stdout] 31 |     pub fn status(&self, info: StatusCmdInfo) -> ModManagerResult<()> {
[INFO] [stdout]    |                          ^^^^ help: if this is intentional, prefix it with an underscore: `_info`
[INFO] [stdout] 
[INFO] [stdout] 
[INFO] [stdout] warning: unused variable: `idents`
[INFO] [stdout]   --> core/src/mod_manager.rs:37:9
[INFO] [stdout]    |
[INFO] [stdout] 37 |         idents: I,
[INFO] [stdout]    |         ^^^^^^ help: if this is intentional, prefix it with an underscore: `_idents`
[INFO] [stdout] 
[INFO] [stdout] 
[INFO] [stdout] warning: unused variable: `idents`
[INFO] [stdout]   --> core/src/mod_manager.rs:44:9
[INFO] [stdout]    |
[INFO] [stdout] 44 |         idents: I,
[INFO] [stdout]    |         ^^^^^^ help: if this is intentional, prefix it with an underscore: `_idents`
[INFO] [stdout] 
[INFO] [stdout] 
[INFO] [stdout] warning: unused variable: `enable`
[INFO] [stdout]   --> core/src/mod_manager.rs:59:9
[INFO] [stdout]    |
[INFO] [stdout] 59 |         enable: bool,
[INFO] [stdout]    |         ^^^^^^ help: if this is intentional, prefix it with an underscore: `_enable`
[INFO] [stdout] 
[INFO] [stdout] 
[INFO] [stdout] warning: unused variable: `k`
[INFO] [stdout]   --> core/src/mod_manager.rs:70:9
[INFO] [stdout]    |
[INFO] [stdout] 70 |         k: ModWithVariantIdentifier,
[INFO] [stdout]    |         ^ help: if this is intentional, prefix it with an underscore: `_k`
[INFO] [stdout] 
[INFO] [stdout] 
[INFO] [stdout] warning: unused variable: `s1`
[INFO] [stdout]   --> core/src/mod_manager.rs:71:9
[INFO] [stdout]    |
[INFO] [stdout] 71 |         s1: SkinSlot,
[INFO] [stdout]    |         ^^ help: if this is intentional, prefix it with an underscore: `_s1`
[INFO] [stdout] 
[INFO] [stdout] 
[INFO] [stdout] warning: unused variable: `s2`
[INFO] [stdout]   --> core/src/mod_manager.rs:72:9
[INFO] [stdout]    |
[INFO] [stdout] 72 |         s2: SkinSlot,
[INFO] [stdout]    |         ^^ help: if this is intentional, prefix it with an underscore: `_s2`
[INFO] [stdout] 
[INFO] [stdout] 
[INFO] [stdout] warning: unused variable: `p`
[INFO] [stdout]   --> core/src/mod_name_resolver.rs:18:23
[INFO] [stdout]    |
[INFO] [stdout] 18 |     pub(crate) fn new(p: &Path) -> Self {
[INFO] [stdout]    |                       ^ help: if this is intentional, prefix it with an underscore: `_p`
[INFO] [stdout] 
[INFO] [stdout] 
[INFO] [stdout] warning: unused variable: `ident`
[INFO] [stdout]   --> core/src/mod_name_resolver.rs:22:48
[INFO] [stdout]    |
[INFO] [stdout] 22 |     pub(crate) fn resolve_mod_ident(&mut self, ident: ModIdentifier) -> ModId {
[INFO] [stdout]    |                                                ^^^^^ help: if this is intentional, prefix it with an underscore: `_ident`
[INFO] [stdout] 
[INFO] [stdout] 
[INFO] [stdout] warning: unused variable: `name`
[INFO] [stdout]   --> core/src/mod_name_resolver.rs:26:42
[INFO] [stdout]    |
[INFO] [stdout] 26 |     fn resolve_mod_name_to_id(&mut self, name: &str) -> ModId {
[INFO] [stdout]    |                                          ^^^^ help: if this is intentional, prefix it with an underscore: `_name`
[INFO] [stdout] 
[INFO] [stdout] 
[INFO] [stdout] warning: unused variable: `p`
[INFO] [stdout]   --> core/src/mod_name_resolver.rs:35:23
[INFO] [stdout]    |
[INFO] [stdout] 35 |     fn load_from_path(p: &Path) -> Self {
[INFO] [stdout]    |                       ^ help: if this is intentional, prefix it with an underscore: `_p`
[INFO] [stdout] 
[INFO] [stdout] 
[INFO] [stdout] warning: unused variable: `vec`
[INFO] [stdout]   --> core/src/cmds/status.rs:28:33
[INFO] [stdout]    |
[INFO] [stdout] 28 |         StatusCmdInfo::Specific(vec) => todo!(),
[INFO] [stdout]    |                                 ^^^ help: if this is intentional, prefix it with an underscore: `_vec`
[INFO] [stdout] 
[INFO] [stdout] 
[INFO] [stdout] warning: static `DOWNLOAD_CACHE_UNPACKED_DATA_DIR` is never used
[INFO] [stdout]   --> core/src/mod_db.rs:42:8
[INFO] [stdout]    |
[INFO] [stdout] 42 | static DOWNLOAD_CACHE_UNPACKED_DATA_DIR: &str = "data";
[INFO] [stdout]    |        ^^^^^^^^^^^^^^^^^^^^^^^^^^^^^^^^
[INFO] [stdout]    |
[INFO] [stdout]    = note: `#[warn(dead_code)]` on by default
[INFO] [stdout] 
[INFO] [stdout] 
[INFO] [stdout] warning: field `directory_contents` is never read
[INFO] [stdout]   --> core/src/mod_db.rs:83:5
[INFO] [stdout]    |
[INFO] [stdout] 82 | pub(crate) struct ModDb {
[INFO] [stdout]    |                   ----- field in this struct
[INFO] [stdout] 83 |     directory_contents: ModDbDirectory,
[INFO] [stdout]    |     ^^^^^^^^^^^^^^^^^^
[INFO] [stdout]    |
[INFO] [stdout]    = note: `ModDb` has a derived impl for the trait `Debug`, but this is intentionally ignored during dead code analysis
[INFO] [stdout] 
[INFO] [stdout] 
[INFO] [stdout] warning: methods `get`, `get_mut`, `remove`, `add_mod`, `delete_mod`, and `installed_mods` are never used
[INFO] [stdout]    --> core/src/mod_db.rs:128:19
[INFO] [stdout]     |
[INFO] [stdout] 89  | impl ModDb {
[INFO] [stdout]     | ---------- methods in this implementation
[INFO] [stdout] ...
[INFO] [stdout] 128 |     pub(crate) fn get(&self, id: &ModId) -> Option<&InstalledModInfo> {
[INFO] [stdout]     |                   ^^^
[INFO] [stdout] ...
[INFO] [stdout] 132 |     pub(crate) fn get_mut(&mut self, id: &ModId) -> Option<&mut InstalledModInfo> {
[INFO] [stdout]     |                   ^^^^^^^
[INFO] [stdout] ...
[INFO] [stdout] 136 |     pub(crate) fn remove(&mut self, id: &ModId) -> Option<InstalledModInfo> {
[INFO] [stdout]     |                   ^^^^^^
[INFO] [stdout] ...
[INFO] [stdout] 140 |     pub(crate) fn add_mod(&mut self, id: ModId) {
[INFO] [stdout]     |                   ^^^^^^^
[INFO] [stdout] ...
[INFO] [stdout] 149 |     pub(crate) fn delete_mod(&mut self, id: ModId) {
[INFO] [stdout]     |                   ^^^^^^^^^^
[INFO] [stdout] ...
[INFO] [stdout] 153 |     pub(crate) fn installed_mods(&self) -> impl Iterator<Item = &InstalledModInfo> {
[INFO] [stdout]     |                   ^^^^^^^^^^^^^^
[INFO] [stdout] 
[INFO] [stdout] 
[INFO] [stdout] warning: field `db` is never read
[INFO] [stdout]   --> core/src/mod_manager.rs:21:5
[INFO] [stdout]    |
[INFO] [stdout] 20 | pub struct ModManager {
[INFO] [stdout]    |            ---------- field in this struct
[INFO] [stdout] 21 |     db: ModDb,
[INFO] [stdout]    |     ^^
[INFO] [stdout]    |
[INFO] [stdout]    = note: `ModManager` has a derived impl for the trait `Debug`, but this is intentionally ignored during dead code analysis
[INFO] [stdout] 
[INFO] [stdout] 
[INFO] [stdout] warning: type alias `ModNameResolverResult` is never used
[INFO] [stdout]  --> core/src/mod_name_resolver.rs:7:10
[INFO] [stdout]   |
[INFO] [stdout] 7 | pub type ModNameResolverResult<T> = Result<T, ModNameResolverError>;
[INFO] [stdout]   |          ^^^^^^^^^^^^^^^^^^^^^
[INFO] [stdout] 
[INFO] [stdout] 
[INFO] [stdout] warning: struct `BananaModNameResolver` is never constructed
[INFO] [stdout]   --> core/src/mod_name_resolver.rs:13:19
[INFO] [stdout]    |
[INFO] [stdout] 13 | pub(crate) struct BananaModNameResolver {
[INFO] [stdout]    |                   ^^^^^^^^^^^^^^^^^^^^^
[INFO] [stdout] 
[INFO] [stdout] 
[INFO] [stdout] warning: associated items `new`, `resolve_mod_ident`, and `resolve_mod_name_to_id` are never used
[INFO] [stdout]   --> core/src/mod_name_resolver.rs:18:19
[INFO] [stdout]    |
[INFO] [stdout] 17 | impl BananaModNameResolver {
[INFO] [stdout]    | -------------------------- associated items in this implementation
[INFO] [stdout] 18 |     pub(crate) fn new(p: &Path) -> Self {
[INFO] [stdout]    |                   ^^^
[INFO] [stdout] ...
[INFO] [stdout] 22 |     pub(crate) fn resolve_mod_ident(&mut self, ident: ModIdentifier) -> ModId {
[INFO] [stdout]    |                   ^^^^^^^^^^^^^^^^^
[INFO] [stdout] ...
[INFO] [stdout] 26 |     fn resolve_mod_name_to_id(&mut self, name: &str) -> ModId {
[INFO] [stdout]    |        ^^^^^^^^^^^^^^^^^^^^^^
[INFO] [stdout] 
[INFO] [stdout] 
[INFO] [stdout] warning: struct `LocalBananaNameResolveCache` is never constructed
[INFO] [stdout]   --> core/src/mod_name_resolver.rs:32:8
[INFO] [stdout]    |
[INFO] [stdout] 32 | struct LocalBananaNameResolveCache {}
[INFO] [stdout]    |        ^^^^^^^^^^^^^^^^^^^^^^^^^^^
[INFO] [stdout] 
[INFO] [stdout] 
[INFO] [stdout] warning: associated function `load_from_path` is never used
[INFO] [stdout]   --> core/src/mod_name_resolver.rs:35:8
[INFO] [stdout]    |
[INFO] [stdout] 34 | impl LocalBananaNameResolveCache {
[INFO] [stdout]    | -------------------------------- associated function in this implementation
[INFO] [stdout] 35 |     fn load_from_path(p: &Path) -> Self {
[INFO] [stdout]    |        ^^^^^^^^^^^^^^
[INFO] [stdout] 
[INFO] [stdout] 
[INFO] [stdout] warning: function `add_mod` is never used
[INFO] [stdout]  --> core/src/cmds/add.rs:7:15
[INFO] [stdout]   |
[INFO] [stdout] 7 | pub(crate) fn add_mod(
[INFO] [stdout]   |               ^^^^^^^
[INFO] [stdout] 
[INFO] [stdout] 
[INFO] [stdout] warning: struct `InstalledModAndVariantsInfo` is never constructed
[INFO] [stdout]  --> core/src/cmds/status.rs:8:8
[INFO] [stdout]   |
[INFO] [stdout] 8 | struct InstalledModAndVariantsInfo {
[INFO] [stdout]   |        ^^^^^^^^^^^^^^^^^^^^^^^^^^^
[INFO] [stdout] 
[INFO] [stdout] 
[INFO] [stdout] warning: struct `VariantNameAndEnabled` is never constructed
[INFO] [stdout]   --> core/src/cmds/status.rs:14:8
[INFO] [stdout]    |
[INFO] [stdout] 14 | struct VariantNameAndEnabled {
[INFO] [stdout]    |        ^^^^^^^^^^^^^^^^^^^^^
[INFO] [stdout] 
[INFO] [stdout] 
[INFO] [stdout] warning: function `cmd_status` is never used
[INFO] [stdout]   --> core/src/cmds/status.rs:25:15
[INFO] [stdout]    |
[INFO] [stdout] 25 | pub(crate) fn cmd_status(args: &StatusCmdInfo, db: &ModDb) {
[INFO] [stdout]    |               ^^^^^^^^^^
[INFO] [stdout] 
[INFO] [stdout] 
[INFO] [stdout] warning: struct `GenericModStats` is never constructed
[INFO] [stdout]   --> core/src/cmds/status.rs:33:8
[INFO] [stdout]    |
[INFO] [stdout] 33 | struct GenericModStats {
[INFO] [stdout]    |        ^^^^^^^^^^^^^^^
[INFO] [stdout]    |
[INFO] [stdout]    = note: `GenericModStats` has a derived impl for the trait `Default`, but this is intentionally ignored during dead code analysis
[INFO] [stdout] 
[INFO] [stdout] 
[INFO] [stdout] warning: struct `ScalarStats` is never constructed
[INFO] [stdout]   --> core/src/cmds/status.rs:39:8
[INFO] [stdout]    |
[INFO] [stdout] 39 | struct ScalarStats {
[INFO] [stdout]    |        ^^^^^^^^^^^
[INFO] [stdout]    |
[INFO] [stdout]    = note: `ScalarStats` has a derived impl for the trait `Default`, but this is intentionally ignored during dead code analysis
[INFO] [stdout] 
[INFO] [stdout] 
[INFO] [stdout] warning: associated function `new` is never used
[INFO] [stdout]   --> core/src/cmds/status.rs:62:8
[INFO] [stdout]    |
[INFO] [stdout] 61 | impl GenericModStats {
[INFO] [stdout]    | -------------------- associated function in this implementation
[INFO] [stdout] 62 |     fn new(db: &ModDb) -> Self {
[INFO] [stdout]    |        ^^^
[INFO] [stdout] 
[INFO] [stdout] 
[INFO] [stderr]     Finished `test` profile [unoptimized + debuginfo] target(s) in 2.05s
[INFO] running `Command { std: "docker" "inspect" "ce2f1faf301862761c5b80ea37941bc5b60b0ad00e86f77a49cf2534b08619c3", kill_on_drop: false }`
[INFO] running `Command { std: "docker" "rm" "-f" "ce2f1faf301862761c5b80ea37941bc5b60b0ad00e86f77a49cf2534b08619c3", kill_on_drop: false }`
[INFO] [stdout] ce2f1faf301862761c5b80ea37941bc5b60b0ad00e86f77a49cf2534b08619c3
[INFO] running `Command { std: "docker" "create" "-v" "/var/lib/crater-agent-workspace/builds/worker-1-tc2/target:/opt/rustwide/target:rw,Z" "-v" "/var/lib/crater-agent-workspace/builds/worker-1-tc2/source:/opt/rustwide/workdir:ro,Z" "-v" "/var/lib/crater-agent-workspace/cargo-home:/opt/rustwide/cargo-home:ro,Z" "-v" "/var/lib/crater-agent-workspace/rustup-home:/opt/rustwide/rustup-home:ro,Z" "-e" "SOURCE_DIR=/opt/rustwide/workdir" "-e" "CARGO_TARGET_DIR=/opt/rustwide/target" "-e" "CARGO_INCREMENTAL=0" "-e" "RUST_BACKTRACE=full" "-e" "RUSTFLAGS=--cap-lints=forbid -Zrandomize-layout" "-e" "RUSTDOCFLAGS=--cap-lints=forbid" "-e" "CARGO_HOME=/opt/rustwide/cargo-home" "-e" "RUSTUP_HOME=/opt/rustwide/rustup-home" "-w" "/opt/rustwide/workdir" "-m" "1610612736" "--user" "0:0" "--network" "none" "ghcr.io/rust-lang/crates-build-env/linux@sha256:819108c5571ea2e421544af4d832f968d213c87fbe3707a016657f43d2f853bc" "/opt/rustwide/cargo-home/bin/cargo" "+nightly-2025-01-18" "test" "--frozen", kill_on_drop: false }`
[INFO] [stdout] 8450ea9aea7876cacb12e5ca6c1f217090c15baa4a27645416dcf8a2c8510c62
[INFO] running `Command { std: "docker" "start" "-a" "8450ea9aea7876cacb12e5ca6c1f217090c15baa4a27645416dcf8a2c8510c62", kill_on_drop: false }`
[INFO] [stderr] warning: /opt/rustwide/workdir/Cargo.toml: unused manifest key: workspace.author
[INFO] [stderr] warning: unused variable: `name`
[INFO] [stderr]   --> scraper/src/banana_scraper.rs:17:28
[INFO] [stderr]    |
[INFO] [stderr] 17 | fn get_mod_page_for_mod_id(name: ModId) -> BananaScraperResult<String> {
[INFO] [stderr]    |                            ^^^^ help: if this is intentional, prefix it with an underscore: `_name`
[INFO] [stderr]    |
[INFO] [stderr]    = note: `#[warn(unused_variables)]` on by default
[INFO] [stderr] 
[INFO] [stderr] warning: unused variable: `name`
[INFO] [stderr]   --> scraper/src/banana_scraper.rs:21:25
[INFO] [stderr]    |
[INFO] [stderr] 21 | pub fn resolve_mod_name(name: &str) -> BananaScraperResult<ModId> {
[INFO] [stderr]    |                         ^^^^ help: if this is intentional, prefix it with an underscore: `_name`
[INFO] [stderr] 
[INFO] [stderr] warning: unused variable: `id`
[INFO] [stderr]   --> scraper/src/banana_scraper.rs:26:5
[INFO] [stderr]    |
[INFO] [stderr] 26 |     id: ModId,
[INFO] [stderr]    |     ^^ help: if this is intentional, prefix it with an underscore: `_id`
[INFO] [stderr] 
[INFO] [stderr] warning: unused variable: `variant_name`
[INFO] [stderr]   --> scraper/src/banana_scraper.rs:27:5
[INFO] [stderr]    |
[INFO] [stderr] 27 |     variant_name: &str,
[INFO] [stderr]    |     ^^^^^^^^^^^^ help: if this is intentional, prefix it with an underscore: `_variant_name`
[INFO] [stderr] 
[INFO] [stderr] warning: fields `name`, `version`, and `variant_download_artifact` are never read
[INFO] [stderr]   --> scraper/src/banana_scraper.rs:12:5
[INFO] [stderr]    |
[INFO] [stderr] 11 | pub struct ScrapedBananaModData {
[INFO] [stderr]    |            -------------------- fields in this struct
[INFO] [stderr] 12 |     name: String,
[INFO] [stderr]    |     ^^^^
[INFO] [stderr] 13 |     version: Option<String>,
[INFO] [stderr]    |     ^^^^^^^
[INFO] [stderr] 14 |     variant_download_artifact: Vec<u8>,
[INFO] [stderr]    |     ^^^^^^^^^^^^^^^^^^^^^^^^^
[INFO] [stderr]    |
[INFO] [stderr]    = note: `ScrapedBananaModData` has a derived impl for the trait `Debug`, but this is intentionally ignored during dead code analysis
[INFO] [stderr]    = note: `#[warn(dead_code)]` on by default
[INFO] [stderr] 
[INFO] [stderr] warning: function `get_mod_page_for_mod_id` is never used
[INFO] [stderr]   --> scraper/src/banana_scraper.rs:17:4
[INFO] [stderr]    |
[INFO] [stderr] 17 | fn get_mod_page_for_mod_id(name: ModId) -> BananaScraperResult<String> {
[INFO] [stderr]    |    ^^^^^^^^^^^^^^^^^^^^^^^
[INFO] [stderr] 
[INFO] [stderr] warning: struct `VariantSkinParseInfo` is never constructed
[INFO] [stderr]  --> scraper/src/download_artifact_parser.rs:7:19
[INFO] [stderr]   |
[INFO] [stderr] 7 | pub(crate) struct VariantSkinParseInfo {}
[INFO] [stderr]   |                   ^^^^^^^^^^^^^^^^^^^^
[INFO] [stderr] 
[INFO] [stderr] warning: struct `CharacterSlot` is never constructed
[INFO] [stderr]   --> scraper/src/download_artifact_parser.rs:11:19
[INFO] [stderr]    |
[INFO] [stderr] 11 | pub(crate) struct CharacterSlot {
[INFO] [stderr]    |                   ^^^^^^^^^^^^^
[INFO] [stderr] 
[INFO] [stderr] warning: `ultimate-mod-man-rs-scraper` (lib) generated 8 warnings
[INFO] [stderr] warning: `ultimate-mod-man-rs-scraper` (lib test) generated 8 warnings (8 duplicates)
[INFO] [stderr] warning: unused variable: `id`
[INFO] [stderr]    --> core/src/mod_db.rs:128:30
[INFO] [stderr]     |
[INFO] [stderr] 128 |     pub(crate) fn get(&self, id: &ModId) -> Option<&InstalledModInfo> {
[INFO] [stderr]     |                              ^^ help: if this is intentional, prefix it with an underscore: `_id`
[INFO] [stderr]     |
[INFO] [stderr]     = note: `#[warn(unused_variables)]` on by default
[INFO] [stderr] 
[INFO] [stderr] warning: unused variable: `id`
[INFO] [stderr]    --> core/src/mod_db.rs:132:38
[INFO] [stderr]     |
[INFO] [stderr] 132 |     pub(crate) fn get_mut(&mut self, id: &ModId) -> Option<&mut InstalledModInfo> {
[INFO] [stderr]     |                                      ^^ help: if this is intentional, prefix it with an underscore: `_id`
[INFO] [stderr] 
[INFO] [stderr] warning: unused variable: `id`
[INFO] [stderr]    --> core/src/mod_db.rs:136:37
[INFO] [stderr]     |
[INFO] [stderr] 136 |     pub(crate) fn remove(&mut self, id: &ModId) -> Option<InstalledModInfo> {
[INFO] [stderr]     |                                     ^^ help: if this is intentional, prefix it with an underscore: `_id`
[INFO] [stderr] 
[INFO] [stderr] warning: unused variable: `id`
[INFO] [stderr]    --> core/src/mod_db.rs:149:41
[INFO] [stderr]     |
[INFO] [stderr] 149 |     pub(crate) fn delete_mod(&mut self, id: ModId) {
[INFO] [stderr]     |                                         ^^ help: if this is intentional, prefix it with an underscore: `_id`
[INFO] [stderr] 
[INFO] [stderr] warning: unused variable: `info`
[INFO] [stderr]   --> core/src/mod_manager.rs:31:26
[INFO] [stderr]    |
[INFO] [stderr] 31 |     pub fn status(&self, info: StatusCmdInfo) -> ModManagerResult<()> {
[INFO] [stderr]    |                          ^^^^ help: if this is intentional, prefix it with an underscore: `_info`
[INFO] [stderr] 
[INFO] [stderr] warning: unused variable: `idents`
[INFO] [stderr]   --> core/src/mod_manager.rs:37:9
[INFO] [stderr]    |
[INFO] [stderr] 37 |         idents: I,
[INFO] [stderr]    |         ^^^^^^ help: if this is intentional, prefix it with an underscore: `_idents`
[INFO] [stderr] 
[INFO] [stderr] warning: unused variable: `idents`
[INFO] [stderr]   --> core/src/mod_manager.rs:44:9
[INFO] [stderr]    |
[INFO] [stderr] 44 |         idents: I,
[INFO] [stderr]    |         ^^^^^^ help: if this is intentional, prefix it with an underscore: `_idents`
[INFO] [stderr] 
[INFO] [stderr] warning: unused variable: `enable`
[INFO] [stderr]   --> core/src/mod_manager.rs:59:9
[INFO] [stderr]    |
[INFO] [stderr] 59 |         enable: bool,
[INFO] [stderr]    |         ^^^^^^ help: if this is intentional, prefix it with an underscore: `_enable`
[INFO] [stderr] 
[INFO] [stderr] warning: unused variable: `k`
[INFO] [stderr]   --> core/src/mod_manager.rs:70:9
[INFO] [stderr]    |
[INFO] [stderr] 70 |         k: ModWithVariantIdentifier,
[INFO] [stderr]    |         ^ help: if this is intentional, prefix it with an underscore: `_k`
[INFO] [stderr] 
[INFO] [stderr] warning: unused variable: `s1`
[INFO] [stderr]   --> core/src/mod_manager.rs:71:9
[INFO] [stderr]    |
[INFO] [stderr] 71 |         s1: SkinSlot,
[INFO] [stderr]    |         ^^ help: if this is intentional, prefix it with an underscore: `_s1`
[INFO] [stderr] 
[INFO] [stderr] warning: unused variable: `s2`
[INFO] [stderr]   --> core/src/mod_manager.rs:72:9
[INFO] [stderr]    |
[INFO] [stderr] 72 |         s2: SkinSlot,
[INFO] [stderr]    |         ^^ help: if this is intentional, prefix it with an underscore: `_s2`
[INFO] [stderr] 
[INFO] [stderr] warning: unused variable: `p`
[INFO] [stderr]   --> core/src/mod_name_resolver.rs:18:23
[INFO] [stderr]    |
[INFO] [stderr] 18 |     pub(crate) fn new(p: &Path) -> Self {
[INFO] [stderr]    |                       ^ help: if this is intentional, prefix it with an underscore: `_p`
[INFO] [stderr] 
[INFO] [stderr] warning: unused variable: `ident`
[INFO] [stderr]   --> core/src/mod_name_resolver.rs:22:48
[INFO] [stderr]    |
[INFO] [stderr] 22 |     pub(crate) fn resolve_mod_ident(&mut self, ident: ModIdentifier) -> ModId {
[INFO] [stderr]    |                                                ^^^^^ help: if this is intentional, prefix it with an underscore: `_ident`
[INFO] [stderr] 
[INFO] [stderr] warning: unused variable: `name`
[INFO] [stderr]   --> core/src/mod_name_resolver.rs:26:42
[INFO] [stderr]    |
[INFO] [stderr] 26 |     fn resolve_mod_name_to_id(&mut self, name: &str) -> ModId {
[INFO] [stderr]    |                                          ^^^^ help: if this is intentional, prefix it with an underscore: `_name`
[INFO] [stderr] 
[INFO] [stderr] warning: unused variable: `p`
[INFO] [stderr]   --> core/src/mod_name_resolver.rs:35:23
[INFO] [stderr]    |
[INFO] [stderr] 35 |     fn load_from_path(p: &Path) -> Self {
[INFO] [stderr]    |                       ^ help: if this is intentional, prefix it with an underscore: `_p`
[INFO] [stderr] 
[INFO] [stderr] warning: unused variable: `vec`
[INFO] [stderr]   --> core/src/cmds/status.rs:28:33
[INFO] [stderr]    |
[INFO] [stderr] 28 |         StatusCmdInfo::Specific(vec) => todo!(),
[INFO] [stderr]    |                                 ^^^ help: if this is intentional, prefix it with an underscore: `_vec`
[INFO] [stderr] 
[INFO] [stderr] warning: static `DOWNLOAD_CACHE_UNPACKED_DATA_DIR` is never used
[INFO] [stderr]   --> core/src/mod_db.rs:42:8
[INFO] [stderr]    |
[INFO] [stderr] 42 | static DOWNLOAD_CACHE_UNPACKED_DATA_DIR: &str = "data";
[INFO] [stderr]    |        ^^^^^^^^^^^^^^^^^^^^^^^^^^^^^^^^
[INFO] [stderr]    |
[INFO] [stderr]    = note: `#[warn(dead_code)]` on by default
[INFO] [stderr] 
[INFO] [stderr] warning: field `directory_contents` is never read
[INFO] [stderr]   --> core/src/mod_db.rs:83:5
[INFO] [stderr]    |
[INFO] [stderr] 82 | pub(crate) struct ModDb {
[INFO] [stderr]    |                   ----- field in this struct
[INFO] [stderr] 83 |     directory_contents: ModDbDirectory,
[INFO] [stderr]    |     ^^^^^^^^^^^^^^^^^^
[INFO] [stderr]    |
[INFO] [stderr]    = note: `ModDb` has a derived impl for the trait `Debug`, but this is intentionally ignored during dead code analysis
[INFO] [stderr] 
[INFO] [stderr] warning: methods `get`, `get_mut`, `remove`, `add_mod`, `delete_mod`, and `installed_mods` are never used
[INFO] [stderr]    --> core/src/mod_db.rs:128:19
[INFO] [stderr]     |
[INFO] [stderr] 89  | impl ModDb {
[INFO] [stderr]     | ---------- methods in this implementation
[INFO] [stderr] ...
[INFO] [stderr] 128 |     pub(crate) fn get(&self, id: &ModId) -> Option<&InstalledModInfo> {
[INFO] [stderr]     |                   ^^^
[INFO] [stderr] ...
[INFO] [stderr] 132 |     pub(crate) fn get_mut(&mut self, id: &ModId) -> Option<&mut InstalledModInfo> {
[INFO] [stderr]     |                   ^^^^^^^
[INFO] [stderr] ...
[INFO] [stderr] 136 |     pub(crate) fn remove(&mut self, id: &ModId) -> Option<InstalledModInfo> {
[INFO] [stderr]     |                   ^^^^^^
[INFO] [stderr] ...
[INFO] [stderr] 140 |     pub(crate) fn add_mod(&mut self, id: ModId) {
[INFO] [stderr]     |                   ^^^^^^^
[INFO] [stderr] ...
[INFO] [stderr] 149 |     pub(crate) fn delete_mod(&mut self, id: ModId) {
[INFO] [stderr]     |                   ^^^^^^^^^^
[INFO] [stderr] ...
[INFO] [stderr] 153 |     pub(crate) fn installed_mods(&self) -> impl Iterator<Item = &InstalledModInfo> {
[INFO] [stderr]     |                   ^^^^^^^^^^^^^^
[INFO] [stderr] 
[INFO] [stderr] warning: field `db` is never read
[INFO] [stderr]   --> core/src/mod_manager.rs:21:5
[INFO] [stderr]    |
[INFO] [stderr] 20 | pub struct ModManager {
[INFO] [stderr]    |            ---------- field in this struct
[INFO] [stderr] 21 |     db: ModDb,
[INFO] [stderr]    |     ^^
[INFO] [stderr]    |
[INFO] [stderr]    = note: `ModManager` has a derived impl for the trait `Debug`, but this is intentionally ignored during dead code analysis
[INFO] [stderr] 
[INFO] [stderr] warning: type alias `ModNameResolverResult` is never used
[INFO] [stderr]  --> core/src/mod_name_resolver.rs:7:10
[INFO] [stderr]   |
[INFO] [stderr] 7 | pub type ModNameResolverResult<T> = Result<T, ModNameResolverError>;
[INFO] [stderr]   |          ^^^^^^^^^^^^^^^^^^^^^
[INFO] [stderr] 
[INFO] [stderr] warning: struct `BananaModNameResolver` is never constructed
[INFO] [stderr]   --> core/src/mod_name_resolver.rs:13:19
[INFO] [stderr]    |
[INFO] [stderr] 13 | pub(crate) struct BananaModNameResolver {
[INFO] [stderr]    |                   ^^^^^^^^^^^^^^^^^^^^^
[INFO] [stderr] 
[INFO] [stderr] warning: associated items `new`, `resolve_mod_ident`, and `resolve_mod_name_to_id` are never used
[INFO] [stderr]   --> core/src/mod_name_resolver.rs:18:19
[INFO] [stderr]    |
[INFO] [stderr] 17 | impl BananaModNameResolver {
[INFO] [stderr]    | -------------------------- associated items in this implementation
[INFO] [stderr] 18 |     pub(crate) fn new(p: &Path) -> Self {
[INFO] [stderr]    |                   ^^^
[INFO] [stderr] ...
[INFO] [stderr] 22 |     pub(crate) fn resolve_mod_ident(&mut self, ident: ModIdentifier) -> ModId {
[INFO] [stderr]    |                   ^^^^^^^^^^^^^^^^^
[INFO] [stderr] ...
[INFO] [stderr] 26 |     fn resolve_mod_name_to_id(&mut self, name: &str) -> ModId {
[INFO] [stderr]    |        ^^^^^^^^^^^^^^^^^^^^^^
[INFO] [stderr] 
[INFO] [stderr] warning: struct `LocalBananaNameResolveCache` is never constructed
[INFO] [stderr]   --> core/src/mod_name_resolver.rs:32:8
[INFO] [stderr]    |
[INFO] [stderr] 32 | struct LocalBananaNameResolveCache {}
[INFO] [stderr]    |        ^^^^^^^^^^^^^^^^^^^^^^^^^^^
[INFO] [stderr] 
[INFO] [stderr] warning: associated function `load_from_path` is never used
[INFO] [stderr]   --> core/src/mod_name_resolver.rs:35:8
[INFO] [stderr]    |
[INFO] [stderr] 34 | impl LocalBananaNameResolveCache {
[INFO] [stderr]    | -------------------------------- associated function in this implementation
[INFO] [stderr] 35 |     fn load_from_path(p: &Path) -> Self {
[INFO] [stderr]    |        ^^^^^^^^^^^^^^
[INFO] [stderr] 
[INFO] [stderr] warning: function `add_mod` is never used
[INFO] [stderr]  --> core/src/cmds/add.rs:7:15
[INFO] [stderr]   |
[INFO] [stderr] 7 | pub(crate) fn add_mod(
[INFO] [stderr]   |               ^^^^^^^
[INFO] [stderr] 
[INFO] [stderr] warning: struct `InstalledModAndVariantsInfo` is never constructed
[INFO] [stderr]  --> core/src/cmds/status.rs:8:8
[INFO] [stderr]   |
[INFO] [stderr] 8 | struct InstalledModAndVariantsInfo {
[INFO] [stderr]   |        ^^^^^^^^^^^^^^^^^^^^^^^^^^^
[INFO] [stderr] 
[INFO] [stderr] warning: struct `VariantNameAndEnabled` is never constructed
[INFO] [stderr]   --> core/src/cmds/status.rs:14:8
[INFO] [stderr]    |
[INFO] [stderr] 14 | struct VariantNameAndEnabled {
[INFO] [stderr]    |        ^^^^^^^^^^^^^^^^^^^^^
[INFO] [stderr] 
[INFO] [stderr] warning: function `cmd_status` is never used
[INFO] [stderr]   --> core/src/cmds/status.rs:25:15
[INFO] [stderr]    |
[INFO] [stderr] 25 | pub(crate) fn cmd_status(args: &StatusCmdInfo, db: &ModDb) {
[INFO] [stderr]    |               ^^^^^^^^^^
[INFO] [stderr] 
[INFO] [stderr] warning: struct `GenericModStats` is never constructed
[INFO] [stderr]   --> core/src/cmds/status.rs:33:8
[INFO] [stderr]    |
[INFO] [stderr] 33 | struct GenericModStats {
[INFO] [stderr]    |        ^^^^^^^^^^^^^^^
[INFO] [stderr]    |
[INFO] [stderr]    = note: `GenericModStats` has a derived impl for the trait `Default`, but this is intentionally ignored during dead code analysis
[INFO] [stderr] 
[INFO] [stderr] warning: struct `ScalarStats` is never constructed
[INFO] [stderr]   --> core/src/cmds/status.rs:39:8
[INFO] [stderr]    |
[INFO] [stderr] 39 | struct ScalarStats {
[INFO] [stderr]    |        ^^^^^^^^^^^
[INFO] [stderr]    |
[INFO] [stderr]    = note: `ScalarStats` has a derived impl for the trait `Default`, but this is intentionally ignored during dead code analysis
[INFO] [stderr] 
[INFO] [stderr] warning: associated function `new` is never used
[INFO] [stderr]   --> core/src/cmds/status.rs:62:8
[INFO] [stderr]    |
[INFO] [stderr] 61 | impl GenericModStats {
[INFO] [stderr]    | -------------------- associated function in this implementation
[INFO] [stderr] 62 |     fn new(db: &ModDb) -> Self {
[INFO] [stderr]    |        ^^^
[INFO] [stderr] 
[INFO] [stderr] warning: `ultimate-mod-man-rs-core` (lib) generated 32 warnings
[INFO] [stderr] warning: `ultimate-mod-man-rs-core` (lib test) generated 32 warnings (32 duplicates)
[INFO] [stderr] warning: unused variable: `add_args`
[INFO] [stderr]   --> cli/src/main.rs:14:33
[INFO] [stderr]    |
[INFO] [stderr] 14 |         prog_args::Command::Add(add_args) => todo!(),
[INFO] [stderr]    |                                 ^^^^^^^^ help: if this is intentional, prefix it with an underscore: `_add_args`
[INFO] [stderr]    |
[INFO] [stderr]    = note: `#[warn(unused_variables)]` on by default
[INFO] [stderr] 
[INFO] [stderr] warning: unused variable: `enable_disable_args`
[INFO] [stderr]   --> cli/src/main.rs:18:43
[INFO] [stderr]    |
[INFO] [stderr] 18 |         prog_args::Command::EnableDisable(enable_disable_args) => todo!(),
[INFO] [stderr]    |                                           ^^^^^^^^^^^^^^^^^^^ help: if this is intentional, prefix it with an underscore: `_enable_disable_args`
[INFO] [stderr] 
[INFO] [stderr] warning: `ultimate-mod-man-rs-cli` (bin "ultimate-mod-man-rs-cli" test) generated 2 warnings
[INFO] [stderr]     Finished `test` profile [unoptimized + debuginfo] target(s) in 0.31s
[INFO] [stdout] 
[INFO] [stdout] running 0 tests
[INFO] [stdout] 
[INFO] [stdout] test result: ok. 0 passed; 0 failed; 0 ignored; 0 measured; 0 filtered out; finished in 0.00s
[INFO] [stdout] 
[INFO] [stderr]      Running unittests src/main.rs (/opt/rustwide/target/debug/deps/ultimate_mod_man_rs_cli-62bc9c35be8d556c)
[INFO] [stderr]      Running unittests src/lib.rs (/opt/rustwide/target/debug/deps/ultimate_mod_man_rs_core-34a39f93bff708ee)
[INFO] [stdout] 
[INFO] [stdout] running 4 tests
[INFO] [stdout] test mod_db::tests::mod_identifier_from_id_string_works ... ok
[INFO] [stdout] test mod_db::tests::mod_identifier_with_variant_string_works ... ok
[INFO] [stdout] test mod_db::tests::mod_identifier_from_name_string_works ... ok
[INFO] [stderr]      Running unittests src/lib.rs (/opt/rustwide/target/debug/deps/ultimate_mod_man_rs_scraper-72fd23ed5ea6841d)
[INFO] [stdout] test mod_db::tests::mod_identifier_with_variant_string_errors_on_invalid_input ... ok
[INFO] [stdout] 
[INFO] [stdout] test result: ok. 4 passed; 0 failed; 0 ignored; 0 measured; 0 filtered out; finished in 0.01s
[INFO] [stdout] 
[INFO] [stdout] 
[INFO] [stdout] running 0 tests
[INFO] [stdout] 
[INFO] [stderr]      Running tests/banana_endpoint_tests.rs (/opt/rustwide/target/debug/deps/banana_endpoint_tests-a24f27c5c4eb3748)
[INFO] [stdout] test result: ok. 0 passed; 0 failed; 0 ignored; 0 measured; 0 filtered out; finished in 0.00s
[INFO] [stdout] 
[INFO] [stdout] 
[INFO] [stdout] running 2 tests
[INFO] [stdout] test download_variant_works ... FAILED
[INFO] [stdout] test resolve_mod_name_works_works ... FAILED
[INFO] [stdout] 
[INFO] [stdout] failures:
[INFO] [stdout] 
[INFO] [stdout] ---- download_variant_works stdout ----
[INFO] [stdout] 
[INFO] [stdout] thread 'download_variant_works' panicked at scraper/src/banana_scraper.rs:29:5:
[INFO] [stdout] not yet implemented
[INFO] [stdout] stack backtrace:
[INFO] [stdout]    0:     0x626f1755580a - std::backtrace_rs::backtrace::libunwind::trace::hb059275cfc8d6126
[INFO] [stdout]                                at /rustc/6067b36314ab5eb2eb47cecc464545ba58e1ad24/library/std/src/../../backtrace/src/backtrace/libunwind.rs:116:5
[INFO] [stdout]    1:     0x626f1755580a - std::backtrace_rs::backtrace::trace_unsynchronized::h2da071e4327ce3ee
[INFO] [stdout]                                at /rustc/6067b36314ab5eb2eb47cecc464545ba58e1ad24/library/std/src/../../backtrace/src/backtrace/mod.rs:66:5
[INFO] [stdout]    2:     0x626f1755580a - std::sys::backtrace::_print_fmt::h842a1474e6f8d23f
[INFO] [stdout]                                at /rustc/6067b36314ab5eb2eb47cecc464545ba58e1ad24/library/std/src/sys/backtrace.rs:66:9
[INFO] [stdout]    3:     0x626f1755580a - <std::sys::backtrace::BacktraceLock::print::DisplayBacktrace as core::fmt::Display>::fmt::h71a62eb3b9696b12
[INFO] [stdout]                                at /rustc/6067b36314ab5eb2eb47cecc464545ba58e1ad24/library/std/src/sys/backtrace.rs:39:26
[INFO] [stdout]    4:     0x626f1757cd73 - core::fmt::rt::Argument::fmt::hdb6b616786b41dc1
[INFO] [stdout]                                at /rustc/6067b36314ab5eb2eb47cecc464545ba58e1ad24/library/core/src/fmt/rt.rs:177:76
[INFO] [stdout]    5:     0x626f1757cd73 - core::fmt::write::h2cc1698af7e2d686
[INFO] [stdout]                                at /rustc/6067b36314ab5eb2eb47cecc464545ba58e1ad24/library/core/src/fmt/mod.rs:1440:21
[INFO] [stdout]    6:     0x626f17552363 - std::io::Write::write_fmt::hab1b4cd059a79022
[INFO] [stdout]                                at /rustc/6067b36314ab5eb2eb47cecc464545ba58e1ad24/library/std/src/io/mod.rs:1887:15
[INFO] [stdout]    7:     0x626f17555652 - std::sys::backtrace::BacktraceLock::print::h147fe35b4ea13b08
[INFO] [stdout]                                at /rustc/6067b36314ab5eb2eb47cecc464545ba58e1ad24/library/std/src/sys/backtrace.rs:42:9
[INFO] [stdout]    8:     0x626f17556c2f - std::panicking::default_hook::{{closure}}::hbd44223dbdc0d208
[INFO] [stdout]                                at /rustc/6067b36314ab5eb2eb47cecc464545ba58e1ad24/library/std/src/panicking.rs:298:22
[INFO] [stdout]    9:     0x626f17556a48 - std::panicking::default_hook::h20f81eb0576efcec
[INFO] [stdout]                                at /rustc/6067b36314ab5eb2eb47cecc464545ba58e1ad24/library/std/src/panicking.rs:322:9
[INFO] [stdout]   10:     0x626f1751f083 - <alloc::boxed::Box<F,A> as core::ops::function::Fn<Args>>::call::hdb53814c496a4d34
[INFO] [stdout]                                at /rustc/6067b36314ab5eb2eb47cecc464545ba58e1ad24/library/alloc/src/boxed.rs:2027:9
[INFO] [stdout]   11:     0x626f1751f083 - test::test_main::{{closure}}::hc0a4963c59427c24
[INFO] [stdout]                                at /rustc/6067b36314ab5eb2eb47cecc464545ba58e1ad24/library/test/src/lib.rs:134:21
[INFO] [stdout]   12:     0x626f17557723 - <alloc::boxed::Box<F,A> as core::ops::function::Fn<Args>>::call::h591b2225413a77e9
[INFO] [stdout]                                at /rustc/6067b36314ab5eb2eb47cecc464545ba58e1ad24/library/alloc/src/boxed.rs:2027:9
[INFO] [stdout]   13:     0x626f17557723 - std::panicking::rust_panic_with_hook::h625eea43051b2edc
[INFO] [stdout]                                at /rustc/6067b36314ab5eb2eb47cecc464545ba58e1ad24/library/std/src/panicking.rs:839:13
[INFO] [stdout]   14:     0x626f175573a6 - std::panicking::begin_panic_handler::{{closure}}::h4f9159cfbc3f6bd3
[INFO] [stdout]                                at /rustc/6067b36314ab5eb2eb47cecc464545ba58e1ad24/library/std/src/panicking.rs:697:13
[INFO] [stdout]   15:     0x626f17555d09 - std::sys::backtrace::__rust_end_short_backtrace::h0390abce48353151
[INFO] [stdout]                                at /rustc/6067b36314ab5eb2eb47cecc464545ba58e1ad24/library/std/src/sys/backtrace.rs:168:18
[INFO] [stdout]   16:     0x626f1755706d - rust_begin_unwind
[INFO] [stdout]                                at /rustc/6067b36314ab5eb2eb47cecc464545ba58e1ad24/library/std/src/panicking.rs:695:5
[INFO] [stdout]   17:     0x626f1757b820 - core::panicking::panic_fmt::h9e7c637e9e5f29c9
[INFO] [stdout]                                at /rustc/6067b36314ab5eb2eb47cecc464545ba58e1ad24/library/core/src/panicking.rs:75:14
[INFO] [stdout]   18:     0x626f1757b8ac - core::panicking::panic::haa3255ea20181a33
[INFO] [stdout]                                at /rustc/6067b36314ab5eb2eb47cecc464545ba58e1ad24/library/core/src/panicking.rs:145:5
[INFO] [stdout]   19:     0x626f17529e7e - ultimate_mod_man_rs_scraper::banana_scraper::download_mod_variant::hecf25e2c1e506c57
[INFO] [stdout]                                at /opt/rustwide/workdir/scraper/src/banana_scraper.rs:29:5
[INFO] [stdout]   20:     0x626f174e4f09 - banana_endpoint_tests::download_variant_works::hab91b5b2a5fab79a
[INFO] [stdout]                                at /opt/rustwide/workdir/scraper/tests/banana_endpoint_tests.rs:22:15
[INFO] [stdout]   21:     0x626f174e4ec7 - banana_endpoint_tests::download_variant_works::{{closure}}::h23839d3fce728863
[INFO] [stdout]                                at /opt/rustwide/workdir/scraper/tests/banana_endpoint_tests.rs:21:28
[INFO] [stdout]   22:     0x626f174e4976 - core::ops::function::FnOnce::call_once::hd7be2ca9cbfae378
[INFO] [stdout]                                at /rustc/6067b36314ab5eb2eb47cecc464545ba58e1ad24/library/core/src/ops/function.rs:250:5
[INFO] [stdout]   23:     0x626f175247db - core::ops::function::FnOnce::call_once::he27718dfdd183f43
[INFO] [stdout]                                at /rustc/6067b36314ab5eb2eb47cecc464545ba58e1ad24/library/core/src/ops/function.rs:250:5
[INFO] [stdout]   24:     0x626f175247db - test::__rust_begin_short_backtrace::h4e84902998457a5d
[INFO] [stdout]                                at /rustc/6067b36314ab5eb2eb47cecc464545ba58e1ad24/library/test/src/lib.rs:632:18
[INFO] [stdout]   25:     0x626f17523713 - test::run_test_in_process::{{closure}}::h7176fd18fc1feca0
[INFO] [stdout]                                at /rustc/6067b36314ab5eb2eb47cecc464545ba58e1ad24/library/test/src/lib.rs:655:60
[INFO] [stdout]   26:     0x626f17523713 - <core::panic::unwind_safe::AssertUnwindSafe<F> as core::ops::function::FnOnce<()>>::call_once::hf79cff2a624d8cf7
[INFO] [stdout]                                at /rustc/6067b36314ab5eb2eb47cecc464545ba58e1ad24/library/core/src/panic/unwind_safe.rs:272:9
[INFO] [stdout]   27:     0x626f17523713 - std::panicking::try::do_call::h3da0561d9ab99c25
[INFO] [stdout]                                at /rustc/6067b36314ab5eb2eb47cecc464545ba58e1ad24/library/std/src/panicking.rs:587:40
[INFO] [stdout]   28:     0x626f17523713 - std::panicking::try::h41c9fa508bc61df6
[INFO] [stdout]                                at /rustc/6067b36314ab5eb2eb47cecc464545ba58e1ad24/library/std/src/panicking.rs:550:19
[INFO] [stdout]   29:     0x626f17523713 - std::panic::catch_unwind::h6b3ff07bb5afad93
[INFO] [stdout]                                at /rustc/6067b36314ab5eb2eb47cecc464545ba58e1ad24/library/std/src/panic.rs:358:14
[INFO] [stdout]   30:     0x626f17523713 - test::run_test_in_process::hc7253dd11b39b9f4
[INFO] [stdout]                                at /rustc/6067b36314ab5eb2eb47cecc464545ba58e1ad24/library/test/src/lib.rs:655:27
[INFO] [stdout]   31:     0x626f17523713 - test::run_test::{{closure}}::hfb2007f8649c30bb
[INFO] [stdout]                                at /rustc/6067b36314ab5eb2eb47cecc464545ba58e1ad24/library/test/src/lib.rs:576:43
[INFO] [stdout]   32:     0x626f174e67f5 - test::run_test::{{closure}}::h56a17aa7a282a9f4
[INFO] [stdout]                                at /rustc/6067b36314ab5eb2eb47cecc464545ba58e1ad24/library/test/src/lib.rs:606:41
[INFO] [stdout]   33:     0x626f174e67f5 - std::sys::backtrace::__rust_begin_short_backtrace::hd2d2d2fb8e8c6aac
[INFO] [stdout]                                at /rustc/6067b36314ab5eb2eb47cecc464545ba58e1ad24/library/std/src/sys/backtrace.rs:152:18
[INFO] [stdout]   34:     0x626f174ea0da - std::thread::Builder::spawn_unchecked_::{{closure}}::{{closure}}::h4faa3f9db6133423
[INFO] [stdout]                                at /rustc/6067b36314ab5eb2eb47cecc464545ba58e1ad24/library/std/src/thread/mod.rs:559:17
[INFO] [stdout]   35:     0x626f174ea0da - <core::panic::unwind_safe::AssertUnwindSafe<F> as core::ops::function::FnOnce<()>>::call_once::hf2e855a36a4ea846
[INFO] [stdout]                                at /rustc/6067b36314ab5eb2eb47cecc464545ba58e1ad24/library/core/src/panic/unwind_safe.rs:272:9
[INFO] [stdout]   36:     0x626f174ea0da - std::panicking::try::do_call::h2f73af3616c35465
[INFO] [stdout]                                at /rustc/6067b36314ab5eb2eb47cecc464545ba58e1ad24/library/std/src/panicking.rs:587:40
[INFO] [stdout]   37:     0x626f174ea0da - std::panicking::try::hd1660ce9efadef5a
[INFO] [stdout]                                at /rustc/6067b36314ab5eb2eb47cecc464545ba58e1ad24/library/std/src/panicking.rs:550:19
[INFO] [stdout]   38:     0x626f174ea0da - std::panic::catch_unwind::h5ee8d7823b8ca744
[INFO] [stdout]                                at /rustc/6067b36314ab5eb2eb47cecc464545ba58e1ad24/library/std/src/panic.rs:358:14
[INFO] [stdout]   39:     0x626f174ea0da - std::thread::Builder::spawn_unchecked_::{{closure}}::h53c3a1894dce8407
[INFO] [stdout]                                at /rustc/6067b36314ab5eb2eb47cecc464545ba58e1ad24/library/std/src/thread/mod.rs:557:30
[INFO] [stdout]   40:     0x626f174ea0da - core::ops::function::FnOnce::call_once{{vtable.shim}}::h048ce291ad4f62bf
[INFO] [stdout]                                at /rustc/6067b36314ab5eb2eb47cecc464545ba58e1ad24/library/core/src/ops/function.rs:250:5
[INFO] [stdout]   41:     0x626f1755b65b - <alloc::boxed::Box<F,A> as core::ops::function::FnOnce<Args>>::call_once::ha52bedf99a3b4981
[INFO] [stdout]                                at /rustc/6067b36314ab5eb2eb47cecc464545ba58e1ad24/library/alloc/src/boxed.rs:2013:9
[INFO] [stdout]   42:     0x626f1755b65b - <alloc::boxed::Box<F,A> as core::ops::function::FnOnce<Args>>::call_once::h567748934d80ccf8
[INFO] [stdout]                                at /rustc/6067b36314ab5eb2eb47cecc464545ba58e1ad24/library/alloc/src/boxed.rs:2013:9
[INFO] [stdout]   43:     0x626f1755b65b - std::sys::pal::unix::thread::Thread::new::thread_start::h2d970728ae887adc
[INFO] [stdout]                                at /rustc/6067b36314ab5eb2eb47cecc464545ba58e1ad24/library/std/src/sys/pal/unix/thread.rs:106:17
[INFO] [stdout]   44:     0x7007c662bac3 - <unknown>
[INFO] [stdout]   45:     0x7007c66bca04 - clone
[INFO] [stdout]   46:                0x0 - <unknown>
[INFO] [stdout] 
[INFO] [stdout] ---- resolve_mod_name_works_works stdout ----
[INFO] [stdout] 
[INFO] [stdout] thread 'resolve_mod_name_works_works' panicked at scraper/src/banana_scraper.rs:22:5:
[INFO] [stdout] not yet implemented
[INFO] [stdout] stack backtrace:
[INFO] [stdout]    0:     0x626f1755580a - std::backtrace_rs::backtrace::libunwind::trace::hb059275cfc8d6126
[INFO] [stdout]                                at /rustc/6067b36314ab5eb2eb47cecc464545ba58e1ad24/library/std/src/../../backtrace/src/backtrace/libunwind.rs:116:5
[INFO] [stdout]    1:     0x626f1755580a - std::backtrace_rs::backtrace::trace_unsynchronized::h2da071e4327ce3ee
[INFO] [stdout]                                at /rustc/6067b36314ab5eb2eb47cecc464545ba58e1ad24/library/std/src/../../backtrace/src/backtrace/mod.rs:66:5
[INFO] [stdout]    2:     0x626f1755580a - std::sys::backtrace::_print_fmt::h842a1474e6f8d23f
[INFO] [stdout]                                at /rustc/6067b36314ab5eb2eb47cecc464545ba58e1ad24/library/std/src/sys/backtrace.rs:66:9
[INFO] [stdout]    3:     0x626f1755580a - <std::sys::backtrace::BacktraceLock::print::DisplayBacktrace as core::fmt::Display>::fmt::h71a62eb3b9696b12
[INFO] [stdout]                                at /rustc/6067b36314ab5eb2eb47cecc464545ba58e1ad24/library/std/src/sys/backtrace.rs:39:26
[INFO] [stdout]    4:     0x626f1757cd73 - core::fmt::rt::Argument::fmt::hdb6b616786b41dc1
[INFO] [stdout]                                at /rustc/6067b36314ab5eb2eb47cecc464545ba58e1ad24/library/core/src/fmt/rt.rs:177:76
[INFO] [stdout]    5:     0x626f1757cd73 - core::fmt::write::h2cc1698af7e2d686
[INFO] [stdout]                                at /rustc/6067b36314ab5eb2eb47cecc464545ba58e1ad24/library/core/src/fmt/mod.rs:1440:21
[INFO] [stdout]    6:     0x626f17552363 - std::io::Write::write_fmt::hab1b4cd059a79022
[INFO] [stdout]                                at /rustc/6067b36314ab5eb2eb47cecc464545ba58e1ad24/library/std/src/io/mod.rs:1887:15
[INFO] [stdout]    7:     0x626f17555652 - std::sys::backtrace::BacktraceLock::print::h147fe35b4ea13b08
[INFO] [stdout]                                at /rustc/6067b36314ab5eb2eb47cecc464545ba58e1ad24/library/std/src/sys/backtrace.rs:42:9
[INFO] [stdout]    8:     0x626f17556c2f - std::panicking::default_hook::{{closure}}::hbd44223dbdc0d208
[INFO] [stdout]                                at /rustc/6067b36314ab5eb2eb47cecc464545ba58e1ad24/library/std/src/panicking.rs:298:22
[INFO] [stdout]    9:     0x626f17556a48 - std::panicking::default_hook::h20f81eb0576efcec
[INFO] [stdout]                                at /rustc/6067b36314ab5eb2eb47cecc464545ba58e1ad24/library/std/src/panicking.rs:322:9
[INFO] [stdout]   10:     0x626f1751f083 - <alloc::boxed::Box<F,A> as core::ops::function::Fn<Args>>::call::hdb53814c496a4d34
[INFO] [stdout]                                at /rustc/6067b36314ab5eb2eb47cecc464545ba58e1ad24/library/alloc/src/boxed.rs:2027:9
[INFO] [stdout]   11:     0x626f1751f083 - test::test_main::{{closure}}::hc0a4963c59427c24
[INFO] [stdout]                                at /rustc/6067b36314ab5eb2eb47cecc464545ba58e1ad24/library/test/src/lib.rs:134:21
[INFO] [stdout]   12:     0x626f17557723 - <alloc::boxed::Box<F,A> as core::ops::function::Fn<Args>>::call::h591b2225413a77e9
[INFO] [stdout]                                at /rustc/6067b36314ab5eb2eb47cecc464545ba58e1ad24/library/alloc/src/boxed.rs:2027:9
[INFO] [stdout]   13:     0x626f17557723 - std::panicking::rust_panic_with_hook::h625eea43051b2edc
[INFO] [stdout]                                at /rustc/6067b36314ab5eb2eb47cecc464545ba58e1ad24/library/std/src/panicking.rs:839:13
[INFO] [stdout]   14:     0x626f175573a6 - std::panicking::begin_panic_handler::{{closure}}::h4f9159cfbc3f6bd3
[INFO] [stdout]                                at /rustc/6067b36314ab5eb2eb47cecc464545ba58e1ad24/library/std/src/panicking.rs:697:13
[INFO] [stdout]   15:     0x626f17555d09 - std::sys::backtrace::__rust_end_short_backtrace::h0390abce48353151
[INFO] [stdout]                                at /rustc/6067b36314ab5eb2eb47cecc464545ba58e1ad24/library/std/src/sys/backtrace.rs:168:18
[INFO] [stdout]   16:     0x626f1755706d - rust_begin_unwind
[INFO] [stdout]                                at /rustc/6067b36314ab5eb2eb47cecc464545ba58e1ad24/library/std/src/panicking.rs:695:5
[INFO] [stdout]   17:     0x626f1757b820 - core::panicking::panic_fmt::h9e7c637e9e5f29c9
[INFO] [stdout]                                at /rustc/6067b36314ab5eb2eb47cecc464545ba58e1ad24/library/core/src/panicking.rs:75:14
[INFO] [stdout]   18:     0x626f1757b8ac - core::panicking::panic::haa3255ea20181a33
[INFO] [stdout]                                at /rustc/6067b36314ab5eb2eb47cecc464545ba58e1ad24/library/core/src/panicking.rs:145:5
[INFO] [stdout]   19:     0x626f17529e4a - ultimate_mod_man_rs_scraper::banana_scraper::resolve_mod_name::h9b039c59949c06d9
[INFO] [stdout]                                at /opt/rustwide/workdir/scraper/src/banana_scraper.rs:22:5
[INFO] [stdout]   20:     0x626f174e4e55 - banana_endpoint_tests::resolve_mod_name_works_works::hd7927732b9e8c1da
[INFO] [stdout]                                at /opt/rustwide/workdir/scraper/tests/banana_endpoint_tests.rs:14:15
[INFO] [stdout]   21:     0x626f174e4e27 - banana_endpoint_tests::resolve_mod_name_works_works::{{closure}}::h6caf781c3eafdfc2
[INFO] [stdout]                                at /opt/rustwide/workdir/scraper/tests/banana_endpoint_tests.rs:13:34
[INFO] [stdout]   22:     0x626f174e4906 - core::ops::function::FnOnce::call_once::h5f09d1eb41810cf6
[INFO] [stdout]                                at /rustc/6067b36314ab5eb2eb47cecc464545ba58e1ad24/library/core/src/ops/function.rs:250:5
[INFO] [stdout]   23:     0x626f175247db - core::ops::function::FnOnce::call_once::he27718dfdd183f43
[INFO] [stdout]                                at /rustc/6067b36314ab5eb2eb47cecc464545ba58e1ad24/library/core/src/ops/function.rs:250:5
[INFO] [stdout]   24:     0x626f175247db - test::__rust_begin_short_backtrace::h4e84902998457a5d
[INFO] [stdout]                                at /rustc/6067b36314ab5eb2eb47cecc464545ba58e1ad24/library/test/src/lib.rs:632:18
[INFO] [stdout]   25:     0x626f17523713 - test::run_test_in_process::{{closure}}::h7176fd18fc1feca0
[INFO] [stdout]                                at /rustc/6067b36314ab5eb2eb47cecc464545ba58e1ad24/library/test/src/lib.rs:655:60
[INFO] [stdout]   26:     0x626f17523713 - <core::panic::unwind_safe::AssertUnwindSafe<F> as core::ops::function::FnOnce<()>>::call_once::hf79cff2a624d8cf7
[INFO] [stdout]                                at /rustc/6067b36314ab5eb2eb47cecc464545ba58e1ad24/library/core/src/panic/unwind_safe.rs:272:9
[INFO] [stdout]   27:     0x626f17523713 - std::panicking::try::do_call::h3da0561d9ab99c25
[INFO] [stdout]                                at /rustc/6067b36314ab5eb2eb47cecc464545ba58e1ad24/library/std/src/panicking.rs:587:40
[INFO] [stdout]   28:     0x626f17523713 - std::panicking::try::h41c9fa508bc61df6
[INFO] [stdout]                                at /rustc/6067b36314ab5eb2eb47cecc464545ba58e1ad24/library/std/src/panicking.rs:550:19
[INFO] [stdout]   29:     0x626f17523713 - std::panic::catch_unwind::h6b3ff07bb5afad93
[INFO] [stdout]                                at /rustc/6067b36314ab5eb2eb47cecc464545ba58e1ad24/library/std/src/panic.rs:358:14
[INFO] [stdout]   30:     0x626f17523713 - test::run_test_in_process::hc7253dd11b39b9f4
[INFO] [stdout]                                at /rustc/6067b36314ab5eb2eb47cecc464545ba58e1ad24/library/test/src/lib.rs:655:27
[INFO] [stdout]   31:     0x626f17523713 - test::run_test::{{closure}}::hfb2007f8649c30bb
[INFO] [stdout]                                at /rustc/6067b36314ab5eb2eb47cecc464545ba58e1ad24/library/test/src/lib.rs:576:43
[INFO] [stdout]   32:     0x626f174e67f5 - test::run_test::{{closure}}::h56a17aa7a282a9f4
[INFO] [stdout]                                at /rustc/6067b36314ab5eb2eb47cecc464545ba58e1ad24/library/test/src/lib.rs:606:41
[INFO] [stdout]   33:     0x626f174e67f5 - std::sys::backtrace::__rust_begin_short_backtrace::hd2d2d2fb8e8c6aac
[INFO] [stdout]                                at /rustc/6067b36314ab5eb2eb47cecc464545ba58e1ad24/library/std/src/sys/backtrace.rs:152:18
[INFO] [stdout]   34:     0x626f174ea0da - std::thread::Builder::spawn_unchecked_::{{closure}}::{{closure}}::h4faa3f9db6133423
[INFO] [stdout]                                at /rustc/6067b36314ab5eb2eb47cecc464545ba58e1ad24/library/std/src/thread/mod.rs:559:17
[INFO] [stdout]   35:     0x626f174ea0da - <core::panic::unwind_safe::AssertUnwindSafe<F> as core::ops::function::FnOnce<()>>::call_once::hf2e855a36a4ea846
[INFO] [stdout]                                at /rustc/6067b36314ab5eb2eb47cecc464545ba58e1ad24/library/core/src/panic/unwind_safe.rs:272:9
[INFO] [stdout]   36:     0x626f174ea0da - std::panicking::try::do_call::h2f73af3616c35465
[INFO] [stdout]                                at /rustc/6067b36314ab5eb2eb47cecc464545ba58e1ad24/library/std/src/panicking.rs:587:40
[INFO] [stdout]   37:     0x626f174ea0da - std::panicking::try::hd1660ce9efadef5a
[INFO] [stdout]                                at /rustc/6067b36314ab5eb2eb47cecc464545ba58e1ad24/library/std/src/panicking.rs:550:19
[INFO] [stdout]   38:     0x626f174ea0da - std::panic::catch_unwind::h5ee8d7823b8ca744
[INFO] [stdout]                                at /rustc/6067b36314ab5eb2eb47cecc464545ba58e1ad24/library/std/src/panic.rs:358:14
[INFO] [stdout]   39:     0x626f174ea0da - std::thread::Builder::spawn_unchecked_::{{closure}}::h53c3a1894dce8407
[INFO] [stdout]                                at /rustc/6067b36314ab5eb2eb47cecc464545ba58e1ad24/library/std/src/thread/mod.rs:557:30
[INFO] [stdout]   40:     0x626f174ea0da - core::ops::function::FnOnce::call_once{{vtable.shim}}::h048ce291ad4f62bf
[INFO] [stdout]                                at /rustc/6067b36314ab5eb2eb47cecc464545ba58e1ad24/library/core/src/ops/function.rs:250:5
[INFO] [stdout]   41:     0x626f1755b65b - <alloc::boxed::Box<F,A> as core::ops::function::FnOnce<Args>>::call_once::ha52bedf99a3b4981
[INFO] [stdout]                                at /rustc/6067b36314ab5eb2eb47cecc464545ba58e1ad24/library/alloc/src/boxed.rs:2013:9
[INFO] [stdout]   42:     0x626f1755b65b - <alloc::boxed::Box<F,A> as core::ops::function::FnOnce<Args>>::call_once::h567748934d80ccf8
[INFO] [stdout]                                at /rustc/6067b36314ab5eb2eb47cecc464545ba58e1ad24/library/alloc/src/boxed.rs:2013:9
[INFO] [stdout]   43:     0x626f1755b65b - std::sys::pal::unix::thread::Thread::new::thread_start::h2d970728ae887adc
[INFO] [stdout]                                at /rustc/6067b36314ab5eb2eb47cecc464545ba58e1ad24/library/std/src/sys/pal/unix/thread.rs:106:17
[INFO] [stdout]   44:     0x7007c662bac3 - <unknown>
[INFO] [stdout]   45:     0x7007c66bca04 - clone
[INFO] [stdout]   46:                0x0 - <unknown>
[INFO] [stdout] 
[INFO] [stdout] 
[INFO] [stdout] failures:
[INFO] [stdout]     download_variant_works
[INFO] [stdout]     resolve_mod_name_works_works
[INFO] [stdout] 
[INFO] [stdout] test result: FAILED. 0 passed; 2 failed; 0 ignored; 0 measured; 0 filtered out; finished in 0.02s
[INFO] [stdout] 
[INFO] [stderr] error: test failed, to rerun pass `-p ultimate-mod-man-rs-scraper --test banana_endpoint_tests`
[INFO] running `Command { std: "docker" "inspect" "8450ea9aea7876cacb12e5ca6c1f217090c15baa4a27645416dcf8a2c8510c62", kill_on_drop: false }`
[INFO] running `Command { std: "docker" "rm" "-f" "8450ea9aea7876cacb12e5ca6c1f217090c15baa4a27645416dcf8a2c8510c62", kill_on_drop: false }`
[INFO] [stdout] 8450ea9aea7876cacb12e5ca6c1f217090c15baa4a27645416dcf8a2c8510c62
