[INFO] cloning repository https://github.com/BGluth/cargo-lock-reader
[INFO] running `Command { std: "git" "-c" "credential.helper=" "-c" "credential.helper=/workspace/cargo-home/bin/git-credential-null" "clone" "--bare" "https://github.com/BGluth/cargo-lock-reader" "/workspace/cache/git-repos/https%3A%2F%2Fgithub.com%2FBGluth%2Fcargo-lock-reader", kill_on_drop: false }`
[INFO] [stderr] Cloning into bare repository '/workspace/cache/git-repos/https%3A%2F%2Fgithub.com%2FBGluth%2Fcargo-lock-reader'...
[INFO] running `Command { std: "git" "rev-parse" "HEAD", kill_on_drop: false }`
[INFO] [stdout] 02a01a49a780069c1082c28ef5f76de0e059e36a
[INFO] testing BGluth/cargo-lock-reader against nightly-2025-01-18 for randomize-layout-2
[INFO] running `Command { std: "git" "clone" "/workspace/cache/git-repos/https%3A%2F%2Fgithub.com%2FBGluth%2Fcargo-lock-reader" "/workspace/builds/worker-0-tc1/source", kill_on_drop: false }`
[INFO] [stderr] Cloning into '/workspace/builds/worker-0-tc1/source'...
[INFO] [stderr] done.
[INFO] validating manifest of git repo https://github.com/BGluth/cargo-lock-reader on toolchain nightly-2025-01-18
[INFO] running `Command { std: CARGO_HOME="/workspace/cargo-home" RUSTUP_HOME="/workspace/rustup-home" "/workspace/cargo-home/bin/cargo" "+nightly-2025-01-18" "metadata" "--manifest-path" "Cargo.toml" "--no-deps", kill_on_drop: false }`
[INFO] started tweaking git repo https://github.com/BGluth/cargo-lock-reader
[INFO] finished tweaking git repo https://github.com/BGluth/cargo-lock-reader
[INFO] tweaked toml for git repo https://github.com/BGluth/cargo-lock-reader written to /workspace/builds/worker-0-tc1/source/Cargo.toml
[INFO] crate git repo https://github.com/BGluth/cargo-lock-reader already has a lockfile, it will not be regenerated
[INFO] running `Command { std: CARGO_HOME="/workspace/cargo-home" RUSTUP_HOME="/workspace/rustup-home" "/workspace/cargo-home/bin/cargo" "+nightly-2025-01-18" "fetch" "--manifest-path" "Cargo.toml", kill_on_drop: false }`
[INFO] [stderr]     Updating crates.io index
[INFO] [stderr]  Downloading crates ...
[INFO] [stderr]   Downloaded cargo-lock v9.0.0
[INFO] running `Command { std: "docker" "create" "-v" "/var/lib/crater-agent-workspace/builds/worker-0-tc1/target:/opt/rustwide/target:rw,Z" "-v" "/var/lib/crater-agent-workspace/builds/worker-0-tc1/source:/opt/rustwide/workdir:ro,Z" "-v" "/var/lib/crater-agent-workspace/cargo-home:/opt/rustwide/cargo-home:ro,Z" "-v" "/var/lib/crater-agent-workspace/rustup-home:/opt/rustwide/rustup-home:ro,Z" "-e" "SOURCE_DIR=/opt/rustwide/workdir" "-e" "CARGO_TARGET_DIR=/opt/rustwide/target" "-e" "CARGO_HOME=/opt/rustwide/cargo-home" "-e" "RUSTUP_HOME=/opt/rustwide/rustup-home" "-w" "/opt/rustwide/workdir" "-m" "1610612736" "--user" "0:0" "--network" "none" "ghcr.io/rust-lang/crates-build-env/linux@sha256:819108c5571ea2e421544af4d832f968d213c87fbe3707a016657f43d2f853bc" "/opt/rustwide/cargo-home/bin/cargo" "+nightly-2025-01-18" "metadata" "--no-deps" "--format-version=1", kill_on_drop: false }`
[INFO] [stdout] e76b8dad854935b1f875b96e7957c24829befbf6f78fef42a00fbc78b713bfa9
[INFO] running `Command { std: "docker" "start" "-a" "e76b8dad854935b1f875b96e7957c24829befbf6f78fef42a00fbc78b713bfa9", kill_on_drop: false }`
[INFO] running `Command { std: "docker" "inspect" "e76b8dad854935b1f875b96e7957c24829befbf6f78fef42a00fbc78b713bfa9", kill_on_drop: false }`
[INFO] running `Command { std: "docker" "rm" "-f" "e76b8dad854935b1f875b96e7957c24829befbf6f78fef42a00fbc78b713bfa9", kill_on_drop: false }`
[INFO] [stdout] e76b8dad854935b1f875b96e7957c24829befbf6f78fef42a00fbc78b713bfa9
[INFO] running `Command { std: "docker" "create" "-v" "/var/lib/crater-agent-workspace/builds/worker-0-tc1/target:/opt/rustwide/target:rw,Z" "-v" "/var/lib/crater-agent-workspace/builds/worker-0-tc1/source:/opt/rustwide/workdir:ro,Z" "-v" "/var/lib/crater-agent-workspace/cargo-home:/opt/rustwide/cargo-home:ro,Z" "-v" "/var/lib/crater-agent-workspace/rustup-home:/opt/rustwide/rustup-home:ro,Z" "-e" "SOURCE_DIR=/opt/rustwide/workdir" "-e" "CARGO_TARGET_DIR=/opt/rustwide/target" "-e" "CARGO_INCREMENTAL=0" "-e" "RUST_BACKTRACE=full" "-e" "RUSTFLAGS=--cap-lints=forbid" "-e" "RUSTDOCFLAGS=--cap-lints=forbid" "-e" "CARGO_HOME=/opt/rustwide/cargo-home" "-e" "RUSTUP_HOME=/opt/rustwide/rustup-home" "-w" "/opt/rustwide/workdir" "-m" "1610612736" "--user" "0:0" "--network" "none" "ghcr.io/rust-lang/crates-build-env/linux@sha256:819108c5571ea2e421544af4d832f968d213c87fbe3707a016657f43d2f853bc" "/opt/rustwide/cargo-home/bin/cargo" "+nightly-2025-01-18" "build" "--frozen" "--message-format=json", kill_on_drop: false }`
[INFO] [stdout] a3b34e679bbea52d94de48c67e6924a23e49341ecb7e36717d45d32108afa840
[INFO] running `Command { std: "docker" "start" "-a" "a3b34e679bbea52d94de48c67e6924a23e49341ecb7e36717d45d32108afa840", kill_on_drop: false }`
[INFO] [stderr]    Compiling proc-macro2 v1.0.86
[INFO] [stderr]    Compiling unicode-ident v1.0.12
[INFO] [stderr]    Compiling serde v1.0.203
[INFO] [stderr]    Compiling tinyvec_macros v0.1.1
[INFO] [stderr]    Compiling hashbrown v0.14.5
[INFO] [stderr]    Compiling equivalent v1.0.1
[INFO] [stderr]    Compiling winnow v0.5.40
[INFO] [stderr]    Compiling unicode-bidi v0.3.15
[INFO] [stderr]    Compiling thiserror v1.0.61
[INFO] [stderr]    Compiling percent-encoding v2.3.1
[INFO] [stderr]    Compiling semver v1.0.23
[INFO] [stderr]    Compiling lazy_static v1.5.0
[INFO] [stderr]    Compiling tinyvec v1.6.1
[INFO] [stderr]    Compiling form_urlencoded v1.2.1
[INFO] [stderr]    Compiling indexmap v2.2.6
[INFO] [stderr]    Compiling quote v1.0.36
[INFO] [stderr]    Compiling unicode-normalization v0.1.23
[INFO] [stderr]    Compiling syn v2.0.68
[INFO] [stderr]    Compiling idna v0.5.0
[INFO] [stderr]    Compiling url v2.5.2
[INFO] [stderr]    Compiling serde_derive v1.0.203
[INFO] [stderr]    Compiling thiserror-impl v1.0.61
[INFO] [stderr]    Compiling cargo-lock-reader-core v0.1.0 (/opt/rustwide/workdir/core)
[INFO] [stderr]    Compiling serde_spanned v0.6.6
[INFO] [stderr]    Compiling toml_datetime v0.6.6
[INFO] [stderr]    Compiling toml_edit v0.19.15
[INFO] [stderr]    Compiling toml v0.7.8
[INFO] [stderr]    Compiling cargo-lock v9.0.0
[INFO] [stderr]    Compiling cargo-lock-reader-proc_macros v0.1.0 (/opt/rustwide/workdir/proc_macros)
[INFO] [stderr]     Finished `dev` profile [unoptimized + debuginfo] target(s) in 18.60s
[INFO] running `Command { std: "docker" "inspect" "a3b34e679bbea52d94de48c67e6924a23e49341ecb7e36717d45d32108afa840", kill_on_drop: false }`
[INFO] running `Command { std: "docker" "rm" "-f" "a3b34e679bbea52d94de48c67e6924a23e49341ecb7e36717d45d32108afa840", kill_on_drop: false }`
[INFO] [stdout] a3b34e679bbea52d94de48c67e6924a23e49341ecb7e36717d45d32108afa840
[INFO] running `Command { std: "docker" "create" "-v" "/var/lib/crater-agent-workspace/builds/worker-0-tc1/target:/opt/rustwide/target:rw,Z" "-v" "/var/lib/crater-agent-workspace/builds/worker-0-tc1/source:/opt/rustwide/workdir:ro,Z" "-v" "/var/lib/crater-agent-workspace/cargo-home:/opt/rustwide/cargo-home:ro,Z" "-v" "/var/lib/crater-agent-workspace/rustup-home:/opt/rustwide/rustup-home:ro,Z" "-e" "SOURCE_DIR=/opt/rustwide/workdir" "-e" "CARGO_TARGET_DIR=/opt/rustwide/target" "-e" "CARGO_INCREMENTAL=0" "-e" "RUST_BACKTRACE=full" "-e" "RUSTFLAGS=--cap-lints=forbid" "-e" "RUSTDOCFLAGS=--cap-lints=forbid" "-e" "CARGO_HOME=/opt/rustwide/cargo-home" "-e" "RUSTUP_HOME=/opt/rustwide/rustup-home" "-w" "/opt/rustwide/workdir" "-m" "1610612736" "--user" "0:0" "--network" "none" "ghcr.io/rust-lang/crates-build-env/linux@sha256:819108c5571ea2e421544af4d832f968d213c87fbe3707a016657f43d2f853bc" "/opt/rustwide/cargo-home/bin/cargo" "+nightly-2025-01-18" "test" "--frozen" "--no-run" "--message-format=json", kill_on_drop: false }`
[INFO] [stdout] 96d36a00ba7169ca9b225aa5a981327462cd86558b82ec35552b37220632b9ca
[INFO] running `Command { std: "docker" "start" "-a" "96d36a00ba7169ca9b225aa5a981327462cd86558b82ec35552b37220632b9ca", kill_on_drop: false }`
[INFO] [stderr]    Compiling cargo-lock-reader-core v0.1.0 (/opt/rustwide/workdir/core)
[INFO] [stderr]    Compiling cargo-lock-reader-proc_macros v0.1.0 (/opt/rustwide/workdir/proc_macros)
[INFO] [stderr]     Finished `test` profile [unoptimized + debuginfo] target(s) in 0.74s
[INFO] running `Command { std: "docker" "inspect" "96d36a00ba7169ca9b225aa5a981327462cd86558b82ec35552b37220632b9ca", kill_on_drop: false }`
[INFO] running `Command { std: "docker" "rm" "-f" "96d36a00ba7169ca9b225aa5a981327462cd86558b82ec35552b37220632b9ca", kill_on_drop: false }`
[INFO] [stdout] 96d36a00ba7169ca9b225aa5a981327462cd86558b82ec35552b37220632b9ca
[INFO] running `Command { std: "docker" "create" "-v" "/var/lib/crater-agent-workspace/builds/worker-0-tc1/target:/opt/rustwide/target:rw,Z" "-v" "/var/lib/crater-agent-workspace/builds/worker-0-tc1/source:/opt/rustwide/workdir:ro,Z" "-v" "/var/lib/crater-agent-workspace/cargo-home:/opt/rustwide/cargo-home:ro,Z" "-v" "/var/lib/crater-agent-workspace/rustup-home:/opt/rustwide/rustup-home:ro,Z" "-e" "SOURCE_DIR=/opt/rustwide/workdir" "-e" "CARGO_TARGET_DIR=/opt/rustwide/target" "-e" "CARGO_INCREMENTAL=0" "-e" "RUST_BACKTRACE=full" "-e" "RUSTFLAGS=--cap-lints=forbid" "-e" "RUSTDOCFLAGS=--cap-lints=forbid" "-e" "CARGO_HOME=/opt/rustwide/cargo-home" "-e" "RUSTUP_HOME=/opt/rustwide/rustup-home" "-w" "/opt/rustwide/workdir" "-m" "1610612736" "--user" "0:0" "--network" "none" "ghcr.io/rust-lang/crates-build-env/linux@sha256:819108c5571ea2e421544af4d832f968d213c87fbe3707a016657f43d2f853bc" "/opt/rustwide/cargo-home/bin/cargo" "+nightly-2025-01-18" "test" "--frozen", kill_on_drop: false }`
[INFO] [stdout] 39b62e24a328d236625637edc1767071808da622a9a6741c77cb2e9aeb128aad
[INFO] running `Command { std: "docker" "start" "-a" "39b62e24a328d236625637edc1767071808da622a9a6741c77cb2e9aeb128aad", kill_on_drop: false }`
[INFO] [stderr]     Finished `test` profile [unoptimized + debuginfo] target(s) in 0.04s
[INFO] [stderr]      Running unittests src/lib.rs (/opt/rustwide/target/debug/deps/cargo_lock_reader_core-b8a0fe32c8540410)
[INFO] [stdout] 
[INFO] [stdout] running 1 test
[INFO] [stdout] test utils::tests::find_cargo_lock_path_works ... ok
[INFO] [stderr]      Running unittests src/lib.rs (/opt/rustwide/target/debug/deps/cargo_lock_reader_proc_macros-d1033b457ca5ac49)
[INFO] [stdout] 
[INFO] [stdout] test result: ok. 1 passed; 0 failed; 0 ignored; 0 measured; 0 filtered out; finished in 0.00s
[INFO] [stdout] 
[INFO] [stdout] 
[INFO] [stdout] running 1 test
[INFO] [stdout] test tests::read_project_lock_file ... ok
[INFO] [stdout] 
[INFO] [stdout] test result: ok. 1 passed; 0 failed; 0 ignored; 0 measured; 0 filtered out; finished in 0.01s
[INFO] [stdout] 
[INFO] [stderr]    Doc-tests cargo_lock_reader_core
[INFO] [stdout] 
[INFO] [stdout] running 0 tests
[INFO] [stdout] 
[INFO] [stdout] test result: ok. 0 passed; 0 failed; 0 ignored; 0 measured; 0 filtered out; finished in 0.00s
[INFO] [stdout] 
[INFO] [stderr]    Doc-tests cargo_lock_reader_proc_macros
[INFO] [stdout] 
[INFO] [stdout] running 2 tests
[INFO] [stdout] test proc_macros/src/lib.rs - lockfile (line 8) ... FAILED
[INFO] [stdout] test proc_macros/src/lib.rs - lockfile (line 13) ... FAILED
[INFO] [stdout] 
[INFO] [stdout] failures:
[INFO] [stdout] 
[INFO] [stdout] ---- proc_macros/src/lib.rs - lockfile (line 8) stdout ----
[INFO] [stdout] error[E0425]: cannot find value `lockfile` in this scope
[INFO] [stdout]  --> proc_macros/src/lib.rs:9:1
[INFO] [stdout]   |
[INFO] [stdout] 3 | lockfile.some.query()
[INFO] [stdout]   | ^^^^^^^^ not found in this scope
[INFO] [stdout] 
[INFO] [stdout] error: aborting due to 1 previous error
[INFO] [stdout] 
[INFO] [stdout] For more information about this error, try `rustc --explain E0425`.
[INFO] [stdout] Couldn't compile the test.
[INFO] [stdout] ---- proc_macros/src/lib.rs - lockfile (line 13) stdout ----
[INFO] [stdout] error: cannot find macro `lockfile` in this scope
[INFO] [stdout]  --> proc_macros/src/lib.rs:14:1
[INFO] [stdout]   |
[INFO] [stdout] 3 | lockfile!(some.query())
[INFO] [stdout]   | ^^^^^^^^
[INFO] [stdout]   |
[INFO] [stdout] help: consider importing this macro
[INFO] [stdout]   |
[INFO] [stdout] 2 + use cargo_lock_reader_proc_macros::lockfile;
[INFO] [stdout]   |
[INFO] [stdout] 
[INFO] [stdout] error: aborting due to 1 previous error
[INFO] [stdout] 
[INFO] [stdout] Couldn't compile the test.
[INFO] [stdout] 
[INFO] [stdout] failures:
[INFO] [stdout]     proc_macros/src/lib.rs - lockfile (line 13)
[INFO] [stdout]     proc_macros/src/lib.rs - lockfile (line 8)
[INFO] [stdout] 
[INFO] [stdout] test result: FAILED. 0 passed; 2 failed; 0 ignored; 0 measured; 0 filtered out; finished in 0.16s
[INFO] [stdout] 
[INFO] [stderr] error: doctest failed, to rerun pass `-p cargo-lock-reader-proc_macros --doc`
[INFO] running `Command { std: "docker" "inspect" "39b62e24a328d236625637edc1767071808da622a9a6741c77cb2e9aeb128aad", kill_on_drop: false }`
[INFO] running `Command { std: "docker" "rm" "-f" "39b62e24a328d236625637edc1767071808da622a9a6741c77cb2e9aeb128aad", kill_on_drop: false }`
[INFO] [stdout] 39b62e24a328d236625637edc1767071808da622a9a6741c77cb2e9aeb128aad
