[INFO] cloning repository https://github.com/BBurgarella/GBRust
[INFO] running `Command { std: "git" "-c" "credential.helper=" "-c" "credential.helper=/workspace/cargo-home/bin/git-credential-null" "clone" "--bare" "https://github.com/BBurgarella/GBRust" "/workspace/cache/git-repos/https%3A%2F%2Fgithub.com%2FBBurgarella%2FGBRust", kill_on_drop: false }`
[INFO] [stderr] Cloning into bare repository '/workspace/cache/git-repos/https%3A%2F%2Fgithub.com%2FBBurgarella%2FGBRust'...
[INFO] running `Command { std: "git" "rev-parse" "HEAD", kill_on_drop: false }`
[INFO] [stdout] c4eab8823e557371b4460b87bd6ed2624578a19c
[INFO] testing BBurgarella/GBRust against nightly-2025-01-18+rustflags=-Zrandomize-layout for randomize-layout-2
[INFO] running `Command { std: "git" "clone" "/workspace/cache/git-repos/https%3A%2F%2Fgithub.com%2FBBurgarella%2FGBRust" "/workspace/builds/worker-2-tc2/source", kill_on_drop: false }`
[INFO] [stderr] Cloning into '/workspace/builds/worker-2-tc2/source'...
[INFO] [stderr] done.
[INFO] validating manifest of git repo https://github.com/BBurgarella/GBRust on toolchain nightly-2025-01-18
[INFO] running `Command { std: CARGO_HOME="/workspace/cargo-home" RUSTUP_HOME="/workspace/rustup-home" "/workspace/cargo-home/bin/cargo" "+nightly-2025-01-18" "metadata" "--manifest-path" "Cargo.toml" "--no-deps", kill_on_drop: false }`
[INFO] started tweaking git repo https://github.com/BBurgarella/GBRust
[INFO] finished tweaking git repo https://github.com/BBurgarella/GBRust
[INFO] tweaked toml for git repo https://github.com/BBurgarella/GBRust written to /workspace/builds/worker-2-tc2/source/Cargo.toml
[INFO] crate git repo https://github.com/BBurgarella/GBRust already has a lockfile, it will not be regenerated
[INFO] running `Command { std: CARGO_HOME="/workspace/cargo-home" RUSTUP_HOME="/workspace/rustup-home" "/workspace/cargo-home/bin/cargo" "+nightly-2025-01-18" "fetch" "--manifest-path" "Cargo.toml", kill_on_drop: false }`
[INFO] running `Command { std: "docker" "create" "-v" "/var/lib/crater-agent-workspace/builds/worker-2-tc2/target:/opt/rustwide/target:rw,Z" "-v" "/var/lib/crater-agent-workspace/builds/worker-2-tc2/source:/opt/rustwide/workdir:ro,Z" "-v" "/var/lib/crater-agent-workspace/cargo-home:/opt/rustwide/cargo-home:ro,Z" "-v" "/var/lib/crater-agent-workspace/rustup-home:/opt/rustwide/rustup-home:ro,Z" "-e" "SOURCE_DIR=/opt/rustwide/workdir" "-e" "CARGO_TARGET_DIR=/opt/rustwide/target" "-e" "CARGO_HOME=/opt/rustwide/cargo-home" "-e" "RUSTUP_HOME=/opt/rustwide/rustup-home" "-w" "/opt/rustwide/workdir" "-m" "1610612736" "--user" "0:0" "--network" "none" "ghcr.io/rust-lang/crates-build-env/linux@sha256:819108c5571ea2e421544af4d832f968d213c87fbe3707a016657f43d2f853bc" "/opt/rustwide/cargo-home/bin/cargo" "+nightly-2025-01-18" "metadata" "--no-deps" "--format-version=1", kill_on_drop: false }`
[INFO] [stdout] adb0d5a4199ae08c07cf11edf6778c8c76eeb99071cb0eda6d5d3e02db76880b
[INFO] running `Command { std: "docker" "start" "-a" "adb0d5a4199ae08c07cf11edf6778c8c76eeb99071cb0eda6d5d3e02db76880b", kill_on_drop: false }`
[INFO] running `Command { std: "docker" "inspect" "adb0d5a4199ae08c07cf11edf6778c8c76eeb99071cb0eda6d5d3e02db76880b", kill_on_drop: false }`
[INFO] running `Command { std: "docker" "rm" "-f" "adb0d5a4199ae08c07cf11edf6778c8c76eeb99071cb0eda6d5d3e02db76880b", kill_on_drop: false }`
[INFO] [stdout] adb0d5a4199ae08c07cf11edf6778c8c76eeb99071cb0eda6d5d3e02db76880b
[INFO] running `Command { std: "docker" "create" "-v" "/var/lib/crater-agent-workspace/builds/worker-2-tc2/target:/opt/rustwide/target:rw,Z" "-v" "/var/lib/crater-agent-workspace/builds/worker-2-tc2/source:/opt/rustwide/workdir:ro,Z" "-v" "/var/lib/crater-agent-workspace/cargo-home:/opt/rustwide/cargo-home:ro,Z" "-v" "/var/lib/crater-agent-workspace/rustup-home:/opt/rustwide/rustup-home:ro,Z" "-e" "SOURCE_DIR=/opt/rustwide/workdir" "-e" "CARGO_TARGET_DIR=/opt/rustwide/target" "-e" "CARGO_INCREMENTAL=0" "-e" "RUST_BACKTRACE=full" "-e" "RUSTFLAGS=--cap-lints=forbid -Zrandomize-layout" "-e" "RUSTDOCFLAGS=--cap-lints=forbid" "-e" "CARGO_HOME=/opt/rustwide/cargo-home" "-e" "RUSTUP_HOME=/opt/rustwide/rustup-home" "-w" "/opt/rustwide/workdir" "-m" "1610612736" "--user" "0:0" "--network" "none" "ghcr.io/rust-lang/crates-build-env/linux@sha256:819108c5571ea2e421544af4d832f968d213c87fbe3707a016657f43d2f853bc" "/opt/rustwide/cargo-home/bin/cargo" "+nightly-2025-01-18" "build" "--frozen" "--message-format=json", kill_on_drop: false }`
[INFO] [stdout] 8123865eb95b093e857513fa66fc0bc39e274ec85f418605bb2db092ee70cba2
[INFO] running `Command { std: "docker" "start" "-a" "8123865eb95b093e857513fa66fc0bc39e274ec85f418605bb2db092ee70cba2", kill_on_drop: false }`
[INFO] [stderr]    Compiling libc v0.2.126
[INFO] [stderr]    Compiling cfg-if v1.0.0
[INFO] [stderr]    Compiling version-compare v0.1.0
[INFO] [stderr]    Compiling serde v1.0.137
[INFO] [stderr]    Compiling sdl2 v0.35.2
[INFO] [stderr]    Compiling serde_json v1.0.81
[INFO] [stderr]    Compiling itoa v1.0.2
[INFO] [stderr]    Compiling bitflags v1.3.2
[INFO] [stderr]    Compiling ryu v1.0.10
[INFO] [stderr]    Compiling sdl2-sys v0.35.2
[INFO] [stderr]    Compiling atty v0.2.14
[INFO] [stderr]    Compiling colored v2.0.0
[INFO] [stderr]    Compiling gbrust v0.1.0 (/opt/rustwide/workdir)
[INFO] [stdout] warning: fields `darkest`, `dark`, `light`, `lightest`, `nocolor`, and `video_subsystem` are never read
[INFO] [stdout]   --> src/gui.rs:10:9
[INFO] [stdout]    |
[INFO] [stdout] 7  | pub struct GUI {
[INFO] [stdout]    |            --- fields in this struct
[INFO] [stdout] ...
[INFO] [stdout] 10 |     pub darkest: Vec<u8>,
[INFO] [stdout]    |         ^^^^^^^
[INFO] [stdout] 11 |     pub dark: Vec<u8>,
[INFO] [stdout]    |         ^^^^
[INFO] [stdout] 12 |     pub light: Vec<u8>,
[INFO] [stdout]    |         ^^^^^
[INFO] [stdout] 13 |     pub lightest: Vec<u8>,
[INFO] [stdout]    |         ^^^^^^^^
[INFO] [stdout] 14 |     pub nocolor: Vec<u8>,
[INFO] [stdout]    |         ^^^^^^^
[INFO] [stdout] 15 |     pub video_subsystem: VideoSubsystem,
[INFO] [stdout]    |         ^^^^^^^^^^^^^^^
[INFO] [stdout]    |
[INFO] [stdout]    = note: `#[warn(dead_code)]` on by default
[INFO] [stdout] 
[INFO] [stdout] 
[INFO] [stdout] warning: fields `bios`, `vram`, `wram`, `oam`, `io`, and `hram` are never read
[INFO] [stdout]   --> src/gameboy.rs:18:9
[INFO] [stdout]    |
[INFO] [stdout] 16 | pub struct GameBoy {
[INFO] [stdout]    |            ------- fields in this struct
[INFO] [stdout] 17 |     // bios
[INFO] [stdout] 18 |     pub bios: Rc<RefCell<Memory>>,
[INFO] [stdout]    |         ^^^^
[INFO] [stdout] ...
[INFO] [stdout] 22 |     pub vram: Rc<RefCell<Memory>>,
[INFO] [stdout]    |         ^^^^
[INFO] [stdout] 23 |     // WRAM - C000 to DFFF
[INFO] [stdout] 24 |     pub wram: Rc<RefCell<Memory>>,
[INFO] [stdout]    |         ^^^^
[INFO] [stdout] 25 |     // Sprite attribute (OAM) FE00 - FE9F
[INFO] [stdout] 26 |     pub oam: Rc<RefCell<Memory>>,
[INFO] [stdout]    |         ^^^
[INFO] [stdout] 27 |     // I/O registers FF00 to FF7F
[INFO] [stdout] 28 |     pub io: Rc<RefCell<Memory>>,
[INFO] [stdout]    |         ^^
[INFO] [stdout] 29 |     // High ram FF80 to FFFE
[INFO] [stdout] 30 |     pub hram: Rc<RefCell<Memory>>,
[INFO] [stdout]    |         ^^^^
[INFO] [stdout] 
[INFO] [stdout] 
[INFO] [stdout] warning: field `bytes` is never read
[INFO] [stdout]   --> src/gbdisassembler.rs:18:9
[INFO] [stdout]    |
[INFO] [stdout] 16 | pub struct CPUInstruction {
[INFO] [stdout]    |            -------------- field in this struct
[INFO] [stdout] 17 |     pub mnemonic: String,
[INFO] [stdout] 18 |     pub bytes: u8,
[INFO] [stdout]    |         ^^^^^
[INFO] [stdout] 
[INFO] [stdout] 
[INFO] [stdout] warning: field `instruction_set` is never read
[INFO] [stdout]   --> src/cpu.rs:20:9
[INFO] [stdout]    |
[INFO] [stdout] 11 | pub struct CPU{
[INFO] [stdout]    |            --- field in this struct
[INFO] [stdout] ...
[INFO] [stdout] 20 |     pub instruction_set: Vec<CPUInstruction>,
[INFO] [stdout]    |         ^^^^^^^^^^^^^^^
[INFO] [stdout] 
[INFO] [stdout] 
[INFO] [stderr]     Finished `dev` profile [unoptimized + debuginfo] target(s) in 8.57s
[INFO] running `Command { std: "docker" "inspect" "8123865eb95b093e857513fa66fc0bc39e274ec85f418605bb2db092ee70cba2", kill_on_drop: false }`
[INFO] running `Command { std: "docker" "rm" "-f" "8123865eb95b093e857513fa66fc0bc39e274ec85f418605bb2db092ee70cba2", kill_on_drop: false }`
[INFO] [stdout] 8123865eb95b093e857513fa66fc0bc39e274ec85f418605bb2db092ee70cba2
[INFO] running `Command { std: "docker" "create" "-v" "/var/lib/crater-agent-workspace/builds/worker-2-tc2/target:/opt/rustwide/target:rw,Z" "-v" "/var/lib/crater-agent-workspace/builds/worker-2-tc2/source:/opt/rustwide/workdir:ro,Z" "-v" "/var/lib/crater-agent-workspace/cargo-home:/opt/rustwide/cargo-home:ro,Z" "-v" "/var/lib/crater-agent-workspace/rustup-home:/opt/rustwide/rustup-home:ro,Z" "-e" "SOURCE_DIR=/opt/rustwide/workdir" "-e" "CARGO_TARGET_DIR=/opt/rustwide/target" "-e" "CARGO_INCREMENTAL=0" "-e" "RUST_BACKTRACE=full" "-e" "RUSTFLAGS=--cap-lints=forbid -Zrandomize-layout" "-e" "RUSTDOCFLAGS=--cap-lints=forbid" "-e" "CARGO_HOME=/opt/rustwide/cargo-home" "-e" "RUSTUP_HOME=/opt/rustwide/rustup-home" "-w" "/opt/rustwide/workdir" "-m" "1610612736" "--user" "0:0" "--network" "none" "ghcr.io/rust-lang/crates-build-env/linux@sha256:819108c5571ea2e421544af4d832f968d213c87fbe3707a016657f43d2f853bc" "/opt/rustwide/cargo-home/bin/cargo" "+nightly-2025-01-18" "test" "--frozen" "--no-run" "--message-format=json", kill_on_drop: false }`
[INFO] [stdout] cb6b2ca11c10582d69260f3c3be4a8e5fbabec9fa1c800ba3bfd46bdf5c0a1fd
[INFO] running `Command { std: "docker" "start" "-a" "cb6b2ca11c10582d69260f3c3be4a8e5fbabec9fa1c800ba3bfd46bdf5c0a1fd", kill_on_drop: false }`
[INFO] [stderr]    Compiling gbrust v0.1.0 (/opt/rustwide/workdir)
[INFO] [stdout] warning: fields `darkest`, `dark`, `light`, `lightest`, `nocolor`, and `video_subsystem` are never read
[INFO] [stdout]   --> src/gui.rs:10:9
[INFO] [stdout]    |
[INFO] [stdout] 7  | pub struct GUI {
[INFO] [stdout]    |            --- fields in this struct
[INFO] [stdout] ...
[INFO] [stdout] 10 |     pub darkest: Vec<u8>,
[INFO] [stdout]    |         ^^^^^^^
[INFO] [stdout] 11 |     pub dark: Vec<u8>,
[INFO] [stdout]    |         ^^^^
[INFO] [stdout] 12 |     pub light: Vec<u8>,
[INFO] [stdout]    |         ^^^^^
[INFO] [stdout] 13 |     pub lightest: Vec<u8>,
[INFO] [stdout]    |         ^^^^^^^^
[INFO] [stdout] 14 |     pub nocolor: Vec<u8>,
[INFO] [stdout]    |         ^^^^^^^
[INFO] [stdout] 15 |     pub video_subsystem: VideoSubsystem,
[INFO] [stdout]    |         ^^^^^^^^^^^^^^^
[INFO] [stdout]    |
[INFO] [stdout]    = note: `#[warn(dead_code)]` on by default
[INFO] [stdout] 
[INFO] [stdout] 
[INFO] [stdout] warning: fields `bios`, `vram`, `wram`, `oam`, `io`, and `hram` are never read
[INFO] [stdout]   --> src/gameboy.rs:18:9
[INFO] [stdout]    |
[INFO] [stdout] 16 | pub struct GameBoy {
[INFO] [stdout]    |            ------- fields in this struct
[INFO] [stdout] 17 |     // bios
[INFO] [stdout] 18 |     pub bios: Rc<RefCell<Memory>>,
[INFO] [stdout]    |         ^^^^
[INFO] [stdout] ...
[INFO] [stdout] 22 |     pub vram: Rc<RefCell<Memory>>,
[INFO] [stdout]    |         ^^^^
[INFO] [stdout] 23 |     // WRAM - C000 to DFFF
[INFO] [stdout] 24 |     pub wram: Rc<RefCell<Memory>>,
[INFO] [stdout]    |         ^^^^
[INFO] [stdout] 25 |     // Sprite attribute (OAM) FE00 - FE9F
[INFO] [stdout] 26 |     pub oam: Rc<RefCell<Memory>>,
[INFO] [stdout]    |         ^^^
[INFO] [stdout] 27 |     // I/O registers FF00 to FF7F
[INFO] [stdout] 28 |     pub io: Rc<RefCell<Memory>>,
[INFO] [stdout]    |         ^^
[INFO] [stdout] 29 |     // High ram FF80 to FFFE
[INFO] [stdout] 30 |     pub hram: Rc<RefCell<Memory>>,
[INFO] [stdout]    |         ^^^^
[INFO] [stdout] 
[INFO] [stdout] 
[INFO] [stdout] warning: field `bytes` is never read
[INFO] [stdout]   --> src/gbdisassembler.rs:18:9
[INFO] [stdout]    |
[INFO] [stdout] 16 | pub struct CPUInstruction {
[INFO] [stdout]    |            -------------- field in this struct
[INFO] [stdout] 17 |     pub mnemonic: String,
[INFO] [stdout] 18 |     pub bytes: u8,
[INFO] [stdout]    |         ^^^^^
[INFO] [stdout] 
[INFO] [stdout] 
[INFO] [stdout] warning: field `instruction_set` is never read
[INFO] [stdout]   --> src/cpu.rs:20:9
[INFO] [stdout]    |
[INFO] [stdout] 11 | pub struct CPU{
[INFO] [stdout]    |            --- field in this struct
[INFO] [stdout] ...
[INFO] [stdout] 20 |     pub instruction_set: Vec<CPUInstruction>,
[INFO] [stdout]    |         ^^^^^^^^^^^^^^^
[INFO] [stdout] 
[INFO] [stdout] 
[INFO] [stderr]     Finished `test` profile [unoptimized + debuginfo] target(s) in 1.92s
[INFO] running `Command { std: "docker" "inspect" "cb6b2ca11c10582d69260f3c3be4a8e5fbabec9fa1c800ba3bfd46bdf5c0a1fd", kill_on_drop: false }`
[INFO] running `Command { std: "docker" "rm" "-f" "cb6b2ca11c10582d69260f3c3be4a8e5fbabec9fa1c800ba3bfd46bdf5c0a1fd", kill_on_drop: false }`
[INFO] [stdout] cb6b2ca11c10582d69260f3c3be4a8e5fbabec9fa1c800ba3bfd46bdf5c0a1fd
[INFO] running `Command { std: "docker" "create" "-v" "/var/lib/crater-agent-workspace/builds/worker-2-tc2/target:/opt/rustwide/target:rw,Z" "-v" "/var/lib/crater-agent-workspace/builds/worker-2-tc2/source:/opt/rustwide/workdir:ro,Z" "-v" "/var/lib/crater-agent-workspace/cargo-home:/opt/rustwide/cargo-home:ro,Z" "-v" "/var/lib/crater-agent-workspace/rustup-home:/opt/rustwide/rustup-home:ro,Z" "-e" "SOURCE_DIR=/opt/rustwide/workdir" "-e" "CARGO_TARGET_DIR=/opt/rustwide/target" "-e" "CARGO_INCREMENTAL=0" "-e" "RUST_BACKTRACE=full" "-e" "RUSTFLAGS=--cap-lints=forbid -Zrandomize-layout" "-e" "RUSTDOCFLAGS=--cap-lints=forbid" "-e" "CARGO_HOME=/opt/rustwide/cargo-home" "-e" "RUSTUP_HOME=/opt/rustwide/rustup-home" "-w" "/opt/rustwide/workdir" "-m" "1610612736" "--user" "0:0" "--network" "none" "ghcr.io/rust-lang/crates-build-env/linux@sha256:819108c5571ea2e421544af4d832f968d213c87fbe3707a016657f43d2f853bc" "/opt/rustwide/cargo-home/bin/cargo" "+nightly-2025-01-18" "test" "--frozen", kill_on_drop: false }`
[INFO] [stdout] 1947818c005a7731c40715cda74ff0ad2613362b43f1a25f96dfcbd632951894
[INFO] running `Command { std: "docker" "start" "-a" "1947818c005a7731c40715cda74ff0ad2613362b43f1a25f96dfcbd632951894", kill_on_drop: false }`
[INFO] [stderr] warning: fields `darkest`, `dark`, `light`, `lightest`, `nocolor`, and `video_subsystem` are never read
[INFO] [stderr]   --> src/gui.rs:10:9
[INFO] [stderr]    |
[INFO] [stderr] 7  | pub struct GUI {
[INFO] [stderr]    |            --- fields in this struct
[INFO] [stderr] ...
[INFO] [stderr] 10 |     pub darkest: Vec<u8>,
[INFO] [stderr]    |         ^^^^^^^
[INFO] [stderr] 11 |     pub dark: Vec<u8>,
[INFO] [stderr]    |         ^^^^
[INFO] [stderr] 12 |     pub light: Vec<u8>,
[INFO] [stderr]    |         ^^^^^
[INFO] [stderr] 13 |     pub lightest: Vec<u8>,
[INFO] [stderr]    |         ^^^^^^^^
[INFO] [stderr] 14 |     pub nocolor: Vec<u8>,
[INFO] [stderr]    |         ^^^^^^^
[INFO] [stderr] 15 |     pub video_subsystem: VideoSubsystem,
[INFO] [stderr]    |         ^^^^^^^^^^^^^^^
[INFO] [stderr]    |
[INFO] [stderr]    = note: `#[warn(dead_code)]` on by default
[INFO] [stderr] 
[INFO] [stderr] warning: fields `bios`, `vram`, `wram`, `oam`, `io`, and `hram` are never read
[INFO] [stderr]   --> src/gameboy.rs:18:9
[INFO] [stderr]    |
[INFO] [stderr] 16 | pub struct GameBoy {
[INFO] [stderr]    |            ------- fields in this struct
[INFO] [stderr] 17 |     // bios
[INFO] [stderr] 18 |     pub bios: Rc<RefCell<Memory>>,
[INFO] [stderr]    |         ^^^^
[INFO] [stderr] ...
[INFO] [stderr] 22 |     pub vram: Rc<RefCell<Memory>>,
[INFO] [stderr]    |         ^^^^
[INFO] [stderr] 23 |     // WRAM - C000 to DFFF
[INFO] [stderr] 24 |     pub wram: Rc<RefCell<Memory>>,
[INFO] [stderr]    |         ^^^^
[INFO] [stderr] 25 |     // Sprite attribute (OAM) FE00 - FE9F
[INFO] [stderr] 26 |     pub oam: Rc<RefCell<Memory>>,
[INFO] [stderr]    |         ^^^
[INFO] [stderr] 27 |     // I/O registers FF00 to FF7F
[INFO] [stderr] 28 |     pub io: Rc<RefCell<Memory>>,
[INFO] [stderr]    |         ^^
[INFO] [stderr] 29 |     // High ram FF80 to FFFE
[INFO] [stderr] 30 |     pub hram: Rc<RefCell<Memory>>,
[INFO] [stderr]    |         ^^^^
[INFO] [stderr] 
[INFO] [stderr] warning: field `bytes` is never read
[INFO] [stderr]   --> src/gbdisassembler.rs:18:9
[INFO] [stderr]    |
[INFO] [stderr] 16 | pub struct CPUInstruction {
[INFO] [stderr]    |            -------------- field in this struct
[INFO] [stderr] 17 |     pub mnemonic: String,
[INFO] [stderr] 18 |     pub bytes: u8,
[INFO] [stderr]    |         ^^^^^
[INFO] [stderr] 
[INFO] [stderr] warning: field `instruction_set` is never read
[INFO] [stderr]   --> src/cpu.rs:20:9
[INFO] [stderr]    |
[INFO] [stderr] 11 | pub struct CPU{
[INFO] [stderr]    |            --- field in this struct
[INFO] [stderr] ...
[INFO] [stderr] 20 |     pub instruction_set: Vec<CPUInstruction>,
[INFO] [stderr]    |         ^^^^^^^^^^^^^^^
[INFO] [stderr] 
[INFO] [stderr] warning: `gbrust` (bin "gbrust" test) generated 4 warnings
[INFO] [stderr]     Finished `test` profile [unoptimized + debuginfo] target(s) in 0.03s
[INFO] [stderr]      Running unittests src/main.rs (/opt/rustwide/target/debug/deps/gbrust-c2033bb13d9a9b9a)
[INFO] [stdout] 
[INFO] [stdout] running 285 tests
[INFO] [stdout] test cpu::instructions_0::_02_ld_pbc_a ... ok
[INFO] [stdout] test cpu::instructions_0::_03_inc_bc ... ok
[INFO] [stdout] test cpu::instructions_0::_07_rcla ... ok
[INFO] [stdout] test cpu::instructions_0::_08_ld_pu_16_sp ... ok
[INFO] [stdout] test cpu::instructions_0::_04_inc_b_carries ... ok
[INFO] [stdout] test cpu::instructions_0::_05_dec_b_carries ... ok
[INFO] [stdout] test cpu::instructions_0::_0e_ld_c_u8 ... ok
[INFO] [stdout] test cpu::instructions_0::_06_ld_b_u8 ... ok
[INFO] [stdout] test cpu::instructions_0::_0c_inc_c_carries ... ok
[INFO] [stdout] test cpu::instructions_0::_0f_rrla ... ok
[INFO] [stdout] test cpu::instructions_0::_0d_dec_c ... ok
[INFO] [stdout] test cpu::instructions_0::_10_stop ... ok
[INFO] [stdout] test cpu::instructions_0::_0c_inc_c ... ok
[INFO] [stdout] test cpu::instructions_0::_14_inc_d_carries ... ok
[INFO] [stdout] test cpu::instructions_0::_15_dec_d ... ok
[INFO] [stdout] test cpu::instructions_0::_0d_dec_c_carries ... ok
[INFO] [stdout] test cpu::instructions_0::_13_inc_de ... ok
[INFO] [stdout] test cpu::instructions_0::_11_ld_de_u16 ... ok
[INFO] [stdout] test cpu::instructions_0::_01_ld_bc_u16 ... ok
[INFO] [stdout] test cpu::instructions_0::_14_inc_d ... ok
[INFO] [stdout] test cpu::instructions_0::_04_inc_b ... ok
[INFO] [stdout] test cpu::instructions_0::_09_add_hl_bc ... ok
[INFO] [stdout] test cpu::instructions_0::_12_ld_pde_a ... ok
[INFO] [stdout] test cpu::instructions_0::_15_dec_d_carries ... ok
[INFO] [stdout] test cpu::instructions_0::_0b_dec_bc ... ok
[INFO] [stdout] test cpu::instructions_0::_0a_ld_a_bc ... ok
[INFO] [stdout] test cpu::instructions_0::_18_jr_i8 ... ok
[INFO] [stdout] test cpu::instructions_0::_1b_dec_de ... ok
[INFO] [stdout] test cpu::instructions_0::_09_add_hl_bc_carries ... ok
[INFO] [stdout] test cpu::instructions_0::_1a_ld_a_de ... ok
[INFO] [stdout] test cpu::instructions_0::_19_add_hl_bde ... ok
[INFO] [stdout] test cpu::instructions_0::_17_rla ... ok
[INFO] [stdout] test cpu::instructions_0::_40_ld_b_b ... ok
[INFO] [stdout] test cpu::instructions_0::_00_nop0 ... ok
[INFO] [stdout] test cpu::instructions_0::_05_dec_b ... ok
[INFO] [stdout] test cpu::instructions_0::_16_ld_d_u8 ... ok
[INFO] [stdout] test cpu::instructions_0::_1c_inc_e ... ok
[INFO] [stdout] test cpu::instructions_0::_19_add_hl_de_carries ... ok
[INFO] [stdout] test cpu::instructions_0::_1c_inc_e_carries ... ok
[INFO] [stdout] test cpu::instructions_0::_1d_dec_e ... ok
[INFO] [stdout] test cpu::instructions_0::_41_ld_b_d ... ok
[INFO] [stdout] test cpu::instructions_0::_1e_ld_e_u8 ... ok
[INFO] [stdout] test cpu::instructions_0::_43_ld_b_e ... ok
[INFO] [stdout] test cpu::instructions_1::_15_dec_d_carries ... ok
[INFO] [stdout] test cpu::instructions_0::_1d_dec_e_carries ... ok
[INFO] [stdout] test cpu::instructions_1::_11_ld_de_u16 ... ok
[INFO] [stdout] test cpu::instructions_1::_14_inc_d_carries ... ok
[INFO] [stdout] test cpu::instructions_1::_10_stop ... ok
[INFO] [stdout] test cpu::instructions_0::_44_ld_b_h ... ok
[INFO] [stdout] test cpu::instructions_0::_42_ld_b_d ... ok
[INFO] [stdout] test cpu::instructions_0::_41_ld_b_c ... ok
[INFO] [stdout] test cpu::instructions_0::_45_ld_b_l ... ok
[INFO] [stdout] test cpu::instructions_1::_15_dec_d ... ok
[INFO] [stdout] test cpu::instructions_1::_19_add_hl_de_carries ... ok
[INFO] [stdout] test cpu::instructions_1::_17_rla ... ok
[INFO] [stdout] test cpu::instructions_1::_13_inc_de ... ok
[INFO] [stdout] test cpu::instructions_1::_19_add_hl_de ... ok
[INFO] [stdout] test cpu::instructions_0::test_write_program ... ok
[INFO] [stdout] test cpu::instructions_1::_12_ld_pde_a ... ok
[INFO] [stdout] test cpu::instructions_1::_1a_ld_a_de ... ok
[INFO] [stdout] test cpu::instructions_1::_1c_inc_e ... ok
[INFO] [stdout] test cpu::instructions_1::_1d_dec_e_carries ... ok
[INFO] [stdout] test cpu::instructions_1::_14_inc_d ... ok
[INFO] [stdout] test cpu::instructions_1::_16_ld_d_u8 ... ok
[INFO] [stdout] test cpu::instructions_1::_18_jr_i8 ... ok
[INFO] [stdout] test cpu::instructions_1::_1d_dec_e ... ok
[INFO] [stdout] test cpu::instructions_1::_1c_inc_e_carries ... ok
[INFO] [stdout] test cpu::instructions_1::_1e_ld_e_u8 ... ok
[INFO] [stdout] test cpu::instructions_2::_1d_dec_l ... ok
[INFO] [stdout] test cpu::instructions_2::_26_ld_h_u8 ... ok
[INFO] [stdout] test cpu::instructions_2::_25_dec_h_carries ... ok
[INFO] [stdout] test cpu::instructions_2::_23_inc_hl ... ok
[INFO] [stdout] test cpu::instructions_1::_1f_rra ... ok
[INFO] [stdout] test cpu::instructions_2::_27_daa ... ok
[INFO] [stdout] test cpu::instructions_2::_27_daa_carry ... ok
[INFO] [stdout] test cpu::instructions_2::_27_daa_halfcarry ... ok
[INFO] [stdout] test cpu::instructions_2::_20_jr_nz_i8 ... ok
[INFO] [stdout] test cpu::instructions_2::_29_add_hl_hl ... ok
[INFO] [stdout] test cpu::instructions_2::_2c_inc_l ... ok
[INFO] [stdout] test cpu::instructions_1::_1b_dec_de ... ok
[INFO] [stdout] test cpu::instructions_2::_24_inc_h_carries ... ok
[INFO] [stdout] test cpu::instructions_2::_25_dec_h ... ok
[INFO] [stdout] test cpu::instructions_2::_29_add_hl_hl_carries ... ok
[INFO] [stdout] test cpu::instructions_2::_22_ldi_hl_a ... ok
[INFO] [stdout] test cpu::instructions_2::_2f_cpl ... ok
[INFO] [stdout] test cpu::instructions_2::_21_ld_hl_u16 ... ok
[INFO] [stdout] test cpu::instructions_2::_24_inc_h ... ok
[INFO] [stdout] test cpu::instructions_2::_2c_inc_l_carries ... ok
[INFO] [stdout] test cpu::instructions_3::_33_inc_sp ... ok
[INFO] [stdout] test cpu::instructions_2::_2d_dec_l_carries ... ok
[INFO] [stdout] test cpu::instructions_2::_2b_dec_hl ... ok
[INFO] [stdout] test cpu::instructions_2::_2a_ldi_a_hl ... ok
[INFO] [stdout] test cpu::instructions_2::_28_jr_z_i8 ... ok
[INFO] [stdout] test cpu::instructions_3::_30_jr_nc_i8 ... ok
[INFO] [stdout] test cpu::instructions_3::_34_inc_phl_carries ... ok
[INFO] [stdout] test cpu::instructions_3::_34_inc_phl ... ok
[INFO] [stdout] test cpu::instructions_2::_2e_ld_l_u8 ... ok
[INFO] [stdout] test cpu::instructions_3::_32_ldd_hl_a ... ok
[INFO] [stdout] test cpu::instructions_3::_35_dec_phl ... ok
[INFO] [stdout] test cpu::instructions_3::_35_dec_phl_carries ... ok
[INFO] [stdout] test cpu::instructions_4::_42_ld_b_d ... ok
[INFO] [stdout] test cpu::instructions_3::_3c_inc_a ... ok
[INFO] [stdout] test cpu::instructions_4::_41_ld_b_c ... ok
[INFO] [stdout] test cpu::instructions_3::_3c_inc_a_carries ... ok
[INFO] [stdout] test cpu::instructions_3::_37_scf ... ok
[INFO] [stdout] test cpu::instructions_3::_39_add_hl_de ... ok
[INFO] [stdout] test cpu::instructions_3::_3e_ld_a_u8 ... ok
[INFO] [stdout] test cpu::instructions_3::_3a_ldd_a_hl ... ok
[INFO] [stdout] test cpu::instructions_3::_39_add_hl_de_carries ... ok
[INFO] [stdout] test cpu::instructions_4::_43_ld_b_e ... ok
[INFO] [stdout] test cpu::instructions_3::_36_ld_phl_u8 ... ok
[INFO] [stdout] test cpu::instructions_3::_3b_dec_sp ... ok
[INFO] [stdout] test cpu::instructions_3::_38_jr_c_i8 ... ok
[INFO] [stdout] test cpu::instructions_4::_4b_ld_c_e ... ok
[INFO] [stdout] test cpu::instructions_3::_3f_ccf ... ok
[INFO] [stdout] test cpu::instructions_4::_4a_ld_c_d ... ok
[INFO] [stdout] test cpu::instructions_4::_45_ld_b_l ... ok
[INFO] [stdout] test cpu::instructions_4::_4d_ld_c_l ... ok
[INFO] [stdout] test cpu::instructions_4::_40_ld_b_b ... ok
[INFO] [stdout] test cpu::instructions_4::_48_ld_c_b ... ok
[INFO] [stdout] test cpu::instructions_5::_50_ld_d_b ... ok
[INFO] [stdout] test cpu::instructions_5::_53_ld_d_e ... ok
[INFO] [stdout] test cpu::instructions_4::_44_ld_b_h ... ok
[INFO] [stdout] test cpu::instructions_4::_46_ld_b_phl ... ok
[INFO] [stdout] test cpu::instructions_4::_47_ld_b_a ... ok
[INFO] [stdout] test cpu::instructions_4::_4c_ld_c_h ... ok
[INFO] [stdout] test cpu::instructions_4::_49_ld_c_c ... ok
[INFO] [stdout] test cpu::instructions_5::_54_ld_d_h ... ok
[INFO] [stdout] test cpu::instructions_5::_52_ld_d_d ... ok
[INFO] [stdout] test cpu::instructions_5::_51_ld_d_c ... ok
[INFO] [stdout] test cpu::instructions_6::_60_ld_h_b ... ok
[INFO] [stdout] test cpu::instructions_4::_4f_ld_c_a ... ok
[INFO] [stdout] test cpu::instructions_6::_62_ld_h_d ... ok
[INFO] [stdout] test cpu::instructions_4::_4e_ld_c_phl ... ok
[INFO] [stdout] test cpu::instructions_5::_56_ld_d_phl ... ok
[INFO] [stdout] test cpu::instructions_5::_55_ld_d_l ... ok
[INFO] [stdout] test cpu::instructions_5::_5a_ld_e_d ... ok
[INFO] [stdout] test cpu::instructions_6::_63_ld_h_e ... ok
[INFO] [stdout] test cpu::instructions_6::_64_ld_h_h ... ok
[INFO] [stdout] test cpu::instructions_5::_58_ld_e_b ... ok
[INFO] [stdout] test cpu::instructions_6::_61_ld_h_c ... ok
[INFO] [stdout] test cpu::instructions_5::_5d_ld_e_l ... ok
[INFO] [stdout] test cpu::instructions_5::_59_ld_e_c ... ok
[INFO] [stdout] test cpu::instructions_5::_57_ld_d_a ... ok
[INFO] [stdout] test cpu::instructions_6::_69_ld_e_c ... ok
[INFO] [stdout] test cpu::instructions_6::_6b_ld_l_e ... ok
[INFO] [stdout] test cpu::instructions_5::_5f_ld_c_a ... ok
[INFO] [stdout] test cpu::instructions_5::_5b_ld_e_e ... ok
[INFO] [stdout] test cpu::instructions_6::_66_ld_d_phl ... ok
[INFO] [stdout] test cpu::instructions_5::_5c_ld_e_h ... ok
[INFO] [stdout] test cpu::instructions_7::_72_ld_phl_d ... ok
[INFO] [stdout] test cpu::instructions_6::_65_ld_h_l ... ok
[INFO] [stdout] test cpu::instructions_7::_75_ld_phl_l ... ok
[INFO] [stdout] test cpu::instructions_5::_5e_ld_e_phl ... ok
[INFO] [stdout] test cpu::instructions_7::_74_ld_phl_e ... ok
[INFO] [stdout] test cpu::instructions_7::_73_ld_phl_e ... ok
[INFO] [stdout] test cpu::instructions_6::_6f_ld_l_a ... ok
[INFO] [stdout] test cpu::instructions_6::_6c_ld_l_h ... ok
[INFO] [stdout] test cpu::instructions_6::_6d_ld_l_l ... ok
[INFO] [stdout] test cpu::instructions_6::_67_ld_h_a ... ok
[INFO] [stdout] test cpu::instructions_6::_6a_ld_l_d ... ok
[INFO] [stdout] test cpu::instructions_7::_70_ld_phl_b ... ok
[INFO] [stdout] test cpu::instructions_7::_71_ld_phl_c ... ok
[INFO] [stdout] test cpu::instructions_6::_68_ld_l_b ... ok
[INFO] [stdout] test cpu::instructions_7::_76_halt ... ok
[INFO] [stdout] test cpu::instructions_7::_7b_ld_a_e ... ok
[INFO] [stdout] test cpu::instructions_7::_7e_ld_a_phl ... ok
[INFO] [stdout] test cpu::instructions_6::_6e_ld_l_phl ... ok
[INFO] [stdout] test cpu::instructions_7::_78_ld_a_b ... ok
[INFO] [stdout] test cpu::instructions_7::_77_ld_phl_a ... ok
[INFO] [stdout] test cpu::instructions_7::_7d_ld_a_l ... ok
[INFO] [stdout] test cpu::instructions_7::_7c_ld_a_h ... ok
[INFO] [stdout] test cpu::instructions_8::_83_add_a_e ... ok
[INFO] [stdout] test cpu::instructions_8::_82_add_a_d_carry ... ok
[INFO] [stdout] test cpu::instructions_7::_7a_ld_a_d ... ok
[INFO] [stdout] test cpu::instructions_8::_81_add_a_c ... ok
[INFO] [stdout] test cpu::instructions_7::_79_ld_a_c ... ok
[INFO] [stdout] test cpu::instructions_7::_7f_ld_a_a ... ok
[INFO] [stdout] test cpu::instructions_8::_82_add_a_d ... ok
[INFO] [stdout] test cpu::instructions_8::_80_add_a_b ... ok
[INFO] [stdout] test cpu::instructions_8::_80_add_a_b_carry ... ok
[INFO] [stdout] test cpu::instructions_8::_84_add_a_h ... ok
[INFO] [stdout] test cpu::instructions_8::_89_adc_a_c ... ok
[INFO] [stdout] test cpu::instructions_8::_81_add_a_c_carry ... ok
[INFO] [stdout] test cpu::instructions_8::_86_add_a_phl ... ok
[INFO] [stdout] test cpu::instructions_8::_85_add_a_l_carry ... ok
[INFO] [stdout] test cpu::instructions_8::_85_add_a_phl_carry ... ok
[INFO] [stdout] test cpu::instructions_8::_85_add_a_l ... ok
[INFO] [stdout] test cpu::instructions_8::_8a_adc_a_d ... ok
[INFO] [stdout] test cpu::instructions_8::_87_add_a_a ... ok
[INFO] [stdout] test cpu::instructions_8::_87_add_a_a_carry ... ok
[INFO] [stdout] test cpu::instructions_8::_83_add_a_e_carry ... ok
[INFO] [stdout] test cpu::instructions_8::_88_adc_a_b ... ok
[INFO] [stdout] test cpu::instructions_8::_84_add_a_h_carry ... ok
[INFO] [stdout] test cpu::instructions_8::_8b_adc_a_e ... ok
[INFO] [stdout] test cpu::instructions_8::_8c_adc_a_h ... ok
[INFO] [stdout] test cpu::instructions_9::_92_sub_a_d ... ok
[INFO] [stdout] test cpu::instructions_8::_8d_adc_a_l ... ok
[INFO] [stdout] test cpu::instructions_9::_93_sub_a_e_hcarry ... ok
[INFO] [stdout] test cpu::instructions_8::_8f_adc_a_a ... ok
[INFO] [stdout] test cpu::instructions_8::_8e_adc_a_phl ... ok
[INFO] [stdout] test cpu::instructions_9::_95_sub_a_l_carry ... ok
[INFO] [stdout] test cpu::instructions_9::_90_sub_a_b_carry ... ok
[INFO] [stdout] test cpu::instructions_9::_93_sub_a_e ... ok
[INFO] [stdout] test cpu::instructions_9::_92_sub_a_d_hcarry ... ok
[INFO] [stdout] test cpu::instructions_9::_91_sub_a_c_hcarry ... ok
[INFO] [stdout] test cpu::instructions_9::_91_sub_a_c_carry ... ok
[INFO] [stdout] test cpu::instructions_9::_90_sub_a_b_hcarry ... ok
[INFO] [stdout] test cpu::instructions_9::_91_sub_a_c ... ok
[INFO] [stdout] test cpu::instructions_9::_92_sub_a_c_carry ... ok
[INFO] [stdout] test cpu::instructions_9::_90_sub_a_b ... ok
[INFO] [stdout] test cpu::instructions_9::_94_sub_a_h_carry ... ok
[INFO] [stdout] test cpu::instructions_9::_93_sub_a_e_carry ... ok
[INFO] [stdout] test cpu::instructions_9::_95_sub_a_l ... ok
[INFO] [stdout] test cpu::instructions_9::_94_sub_a_h ... ok
[INFO] [stdout] test cpu::instructions_9::_94_sub_a_h_hcarry ... ok
[INFO] [stdout] test cpu::instructions_9::_96_sub_a_phl_carry ... ok
[INFO] [stdout] test cpu::instructions_9::_9a_sbc_a_d_hcarry ... ok
[INFO] [stdout] test cpu::instructions_9::_95_sub_a_l_hcarry ... ok
[INFO] [stdout] test cpu::instructions_9::_96_sub_a_phl ... ok
[INFO] [stdout] test cpu::instructions_9::_99_sbc_a_c ... ok
[INFO] [stdout] test cpu::instructions_9::_9a_sbc_a_d ... ok
[INFO] [stdout] test cpu::instructions_9::_99_sbc_a_c_carry ... ok
[INFO] [stdout] test cpu::instructions_9::_96_sub_a_phl_hcarry ... ok
[INFO] [stdout] test cpu::instructions_9::_98_sbc_a_b_carry ... ok
[INFO] [stdout] test cpu::instructions_9::_97_sub_a_a ... ok
[INFO] [stdout] test cpu::instructions_9::_9d_sub_a_l ... ok
[INFO] [stdout] test cpu::instructions_9::_98_sbc_a_b ... ok
[INFO] [stdout] test cpu::instructions_9::_98_sbc_a_b_hcarry ... ok
[INFO] [stdout] test cpu::instructions_9::_9a_sbc_a_c_carry ... ok
[INFO] [stdout] test cpu::instructions_9::_9b_sbc_a_e_hcarry ... ok
[INFO] [stdout] test cpu::instructions_9::_99_sbc_a_c_hcarry ... ok
[INFO] [stdout] test cpu::instructions_9::_9b_sbc_a_e ... ok
[INFO] [stdout] test cpu::instructions_9::_9b_sbc_a_e_carry ... ok
[INFO] [stdout] test cpu::instructions_9::_9c_sub_a_h ... ok
[INFO] [stdout] test cpu::instructions_9::_9d_sub_a_l_hcarry ... ok
[INFO] [stdout] test cpu::instructions_9::_9c_sub_a_h_carry ... ok
[INFO] [stdout] test cpu::instructions_9::_9c_sub_a_h_hcarry ... ok
[INFO] [stdout] test cpu::instructions_9::_9e_sub_a_phl_hcarry ... ok
[INFO] [stdout] test cpu::instructions_9::_9e_sub_a_phl ... ok
[INFO] [stdout] test cpu::instructions_a::_a0_and_a_b ... ok
[INFO] [stdout] test cpu::instructions_a::_a3_and_a_b ... ok
[INFO] [stdout] test cpu::instructions_a::_a4_and_a_h ... ok
[INFO] [stdout] test cpu::instructions_a::_a9_xor_a_c ... ok
[INFO] [stdout] test cpu::instructions_9::_9d_sub_a_l_carry ... ok
[INFO] [stdout] test cpu::instructions_a::_a5_and_a_b ... ok
[INFO] [stdout] test cpu::instructions_a::_a8_xor_a_b ... ok
[INFO] [stdout] test cpu::instructions_a::_a6_and_a_phl ... ok
[INFO] [stdout] test cpu::instructions_a::_a2_and_a_d ... ok
[INFO] [stdout] test cpu::instructions_9::_9e_sub_a_phl_carry ... ok
[INFO] [stdout] test cpu::instructions_a::_a1_and_a_c ... ok
[INFO] [stdout] test cpu::instructions_9::_9f_sbc_a_a ... ok
[INFO] [stdout] test cpu::instructions_a::_ae_xor_a_phl ... ok
[INFO] [stdout] test cpu::instructions_a::_ad_xor_a_l ... ok
[INFO] [stdout] test cpu::instructions_a::_aa_xor_a_b ... ok
[INFO] [stdout] test cpu::instructions_a::_ad_xor_a_a ... ok
[INFO] [stdout] test cpu::instructions_a::_ab_xor_a_e ... ok
[INFO] [stdout] test cpu::instructions_b::_b4_or_a_h ... ok
[INFO] [stdout] test cpu::instructions_a::_a7_and_a_a ... ok
[INFO] [stdout] test cpu::instructions_b::_b5_or_a_l ... ok
[INFO] [stdout] test cpu::instructions_b::_b3_or_a_e ... ok
[INFO] [stdout] test cpu::instructions_a::_ac_xor_a_b ... ok
[INFO] [stdout] test cpu::instructions_b::_b1_or_a_c ... ok
[INFO] [stdout] test cpu::instructions_b::_ba_cp_a_d ... ok
[INFO] [stdout] test cpu::instructions_b::_b6_or_a_phl ... ok
[INFO] [stdout] test cpu::instructions_b::_b9_cp_a_c ... ok
[INFO] [stderr] error: XDG_RUNTIME_DIR not set in the environment.
[INFO] [stdout] test cpu::instructions_b::_b0_or_a_b ... ok
[INFO] [stdout] test cpu::instructions_b::_bb_cp_a_e ... ok
[INFO] [stdout] test cpu::instructions_b::_b7_or_a_a ... ok
[INFO] [stdout] test cpu::instructions_b::_bf_cp_a_a ... ok
[INFO] [stdout] test cpu::instructions_b::_b2_or_a_d ... ok
[INFO] [stdout] test cpu::registers::b_setter_getter ... ok
[INFO] [stdout] test cpu::instructions_b::_b8_cp_a_b ... ok
[INFO] [stdout] test cpu::registers::c_setter_getter ... ok
[INFO] [stdout] test cpu::instructions_b::_be_cp_a_phl ... ok
[INFO] [stdout] test cpu::instructions_b::_bd_cp_a_l ... ok
[INFO] [stdout] test cpu::instructions_b::_bc_cp_a_h ... ok
[INFO] [stdout] test cpu::registers::l_setter_getter ... ok
[INFO] [stdout] test cpu::registers::a_setter_getter ... ok
[INFO] [stdout] test cpu::instructions_c::_c0_ret_nz ... ok
[INFO] [stdout] test cpu::registers::h_setter_getter ... ok
[INFO] [stdout] test gameboy::test::test_memory_smart_pointers ... FAILED
[INFO] [stdout] test cpu::registers::e_setter_getter ... ok
[INFO] [stdout] test cpu::registers::d_setter_getter ... ok
[INFO] [stdout] test cpu::registers::f_setter_getter ... ok
[INFO] [stdout] 
[INFO] [stdout] failures:
[INFO] [stdout] 
[INFO] [stdout] ---- gameboy::test::test_memory_smart_pointers stdout ----
[INFO] [stdout] 
[INFO] [stdout] thread 'gameboy::test::test_memory_smart_pointers' panicked at src/gui.rs:31:51:
[INFO] [stdout] called `Result::unwrap()` on an `Err` value: "No available video device"
[INFO] [stdout] stack backtrace:
[INFO] [stdout]    0:     0x6471dba18f5a - std::backtrace_rs::backtrace::libunwind::trace::hb059275cfc8d6126
[INFO] [stdout]                                at /rustc/6067b36314ab5eb2eb47cecc464545ba58e1ad24/library/std/src/../../backtrace/src/backtrace/libunwind.rs:116:5
[INFO] [stdout]    1:     0x6471dba18f5a - std::backtrace_rs::backtrace::trace_unsynchronized::h2da071e4327ce3ee
[INFO] [stdout]                                at /rustc/6067b36314ab5eb2eb47cecc464545ba58e1ad24/library/std/src/../../backtrace/src/backtrace/mod.rs:66:5
[INFO] [stdout]    2:     0x6471dba18f5a - std::sys::backtrace::_print_fmt::h842a1474e6f8d23f
[INFO] [stdout]                                at /rustc/6067b36314ab5eb2eb47cecc464545ba58e1ad24/library/std/src/sys/backtrace.rs:66:9
[INFO] [stdout]    3:     0x6471dba18f5a - <std::sys::backtrace::BacktraceLock::print::DisplayBacktrace as core::fmt::Display>::fmt::h71a62eb3b9696b12
[INFO] [stdout]                                at /rustc/6067b36314ab5eb2eb47cecc464545ba58e1ad24/library/std/src/sys/backtrace.rs:39:26
[INFO] [stdout]    4:     0x6471dba407b3 - core::fmt::rt::Argument::fmt::hdb6b616786b41dc1
[INFO] [stdout]                                at /rustc/6067b36314ab5eb2eb47cecc464545ba58e1ad24/library/core/src/fmt/rt.rs:177:76
[INFO] [stdout]    5:     0x6471dba407b3 - core::fmt::write::h2cc1698af7e2d686
[INFO] [stdout]                                at /rustc/6067b36314ab5eb2eb47cecc464545ba58e1ad24/library/core/src/fmt/mod.rs:1440:21
[INFO] [stdout]    6:     0x6471dba15ab3 - std::io::Write::write_fmt::hab1b4cd059a79022
[INFO] [stdout]                                at /rustc/6067b36314ab5eb2eb47cecc464545ba58e1ad24/library/std/src/io/mod.rs:1887:15
[INFO] [stdout]    7:     0x6471dba18da2 - std::sys::backtrace::BacktraceLock::print::h147fe35b4ea13b08
[INFO] [stdout]                                at /rustc/6067b36314ab5eb2eb47cecc464545ba58e1ad24/library/std/src/sys/backtrace.rs:42:9
[INFO] [stdout]    8:     0x6471dba1a37f - std::panicking::default_hook::{{closure}}::hbd44223dbdc0d208
[INFO] [stdout]                                at /rustc/6067b36314ab5eb2eb47cecc464545ba58e1ad24/library/std/src/panicking.rs:298:22
[INFO] [stdout]    9:     0x6471dba1a198 - std::panicking::default_hook::h20f81eb0576efcec
[INFO] [stdout]                                at /rustc/6067b36314ab5eb2eb47cecc464545ba58e1ad24/library/std/src/panicking.rs:322:9
[INFO] [stdout]   10:     0x6471db9bbc53 - <alloc::boxed::Box<F,A> as core::ops::function::Fn<Args>>::call::hdb53814c496a4d34
[INFO] [stdout]                                at /rustc/6067b36314ab5eb2eb47cecc464545ba58e1ad24/library/alloc/src/boxed.rs:2027:9
[INFO] [stdout]   11:     0x6471db9bbc53 - test::test_main::{{closure}}::hc0a4963c59427c24
[INFO] [stdout]                                at /rustc/6067b36314ab5eb2eb47cecc464545ba58e1ad24/library/test/src/lib.rs:134:21
[INFO] [stdout]   12:     0x6471dba1ae73 - <alloc::boxed::Box<F,A> as core::ops::function::Fn<Args>>::call::h591b2225413a77e9
[INFO] [stdout]                                at /rustc/6067b36314ab5eb2eb47cecc464545ba58e1ad24/library/alloc/src/boxed.rs:2027:9
[INFO] [stdout]   13:     0x6471dba1ae73 - std::panicking::rust_panic_with_hook::h625eea43051b2edc
[INFO] [stdout]                                at /rustc/6067b36314ab5eb2eb47cecc464545ba58e1ad24/library/std/src/panicking.rs:839:13
[INFO] [stdout]   14:     0x6471dba1ab2a - std::panicking::begin_panic_handler::{{closure}}::h4f9159cfbc3f6bd3
[INFO] [stdout]                                at /rustc/6067b36314ab5eb2eb47cecc464545ba58e1ad24/library/std/src/panicking.rs:704:13
[INFO] [stdout]   15:     0x6471dba19459 - std::sys::backtrace::__rust_end_short_backtrace::h0390abce48353151
[INFO] [stdout]                                at /rustc/6067b36314ab5eb2eb47cecc464545ba58e1ad24/library/std/src/sys/backtrace.rs:168:18
[INFO] [stdout]   16:     0x6471dba1a7bd - rust_begin_unwind
[INFO] [stdout]                                at /rustc/6067b36314ab5eb2eb47cecc464545ba58e1ad24/library/std/src/panicking.rs:695:5
[INFO] [stdout]   17:     0x6471dba3f1c0 - core::panicking::panic_fmt::h9e7c637e9e5f29c9
[INFO] [stdout]                                at /rustc/6067b36314ab5eb2eb47cecc464545ba58e1ad24/library/core/src/panicking.rs:75:14
[INFO] [stdout]   18:     0x6471dba3f606 - core::result::unwrap_failed::h7979f09313fe1849
[INFO] [stdout]                                at /rustc/6067b36314ab5eb2eb47cecc464545ba58e1ad24/library/core/src/result.rs:1704:5
[INFO] [stdout]   19:     0x6471db971f39 - core::result::Result<T,E>::unwrap::h2284d7b2647f3c77
[INFO] [stdout]                                at /rustc/6067b36314ab5eb2eb47cecc464545ba58e1ad24/library/core/src/result.rs:1109:23
[INFO] [stdout]   20:     0x6471db971f39 - <gbrust::gui::GUI as core::default::Default>::default::h67e2bd107c897773
[INFO] [stdout]                                at /opt/rustwide/workdir/src/gui.rs:31:31
[INFO] [stdout]   21:     0x6471db968baa - <gbrust::gameboy::GameBoy as core::default::Default>::default::ha92f8ae59c1e27c1
[INFO] [stdout]                                at /opt/rustwide/workdir/src/gameboy.rs:153:22
[INFO] [stdout]   22:     0x6471db976ce6 - gbrust::gameboy::test::test_memory_smart_pointers::h91a2ada151cdd16a
[INFO] [stdout]                                at /opt/rustwide/workdir/src/gameboy/test.rs:4:35
[INFO] [stdout]   23:     0x6471db976cb7 - gbrust::gameboy::test::test_memory_smart_pointers::{{closure}}::h80af1ae7a23a459f
[INFO] [stdout]                                at /opt/rustwide/workdir/src/gameboy/test.rs:3:32
[INFO] [stdout]   24:     0x6471db96cfb6 - core::ops::function::FnOnce::call_once::h4c29a77a373363c0
[INFO] [stdout]                                at /rustc/6067b36314ab5eb2eb47cecc464545ba58e1ad24/library/core/src/ops/function.rs:250:5
[INFO] [stdout]   25:     0x6471db9c13ab - core::ops::function::FnOnce::call_once::he27718dfdd183f43
[INFO] [stdout]                                at /rustc/6067b36314ab5eb2eb47cecc464545ba58e1ad24/library/core/src/ops/function.rs:250:5
[INFO] [stdout]   26:     0x6471db9c13ab - test::__rust_begin_short_backtrace::h4e84902998457a5d
[INFO] [stdout]                                at /rustc/6067b36314ab5eb2eb47cecc464545ba58e1ad24/library/test/src/lib.rs:632:18
[INFO] [stdout]   27:     0x6471db9c02e3 - test::run_test_in_process::{{closure}}::h7176fd18fc1feca0
[INFO] [stdout]                                at /rustc/6067b36314ab5eb2eb47cecc464545ba58e1ad24/library/test/src/lib.rs:655:60
[INFO] [stdout]   28:     0x6471db9c02e3 - <core::panic::unwind_safe::AssertUnwindSafe<F> as core::ops::function::FnOnce<()>>::call_once::hf79cff2a624d8cf7
[INFO] [stdout]                                at /rustc/6067b36314ab5eb2eb47cecc464545ba58e1ad24/library/core/src/panic/unwind_safe.rs:272:9
[INFO] [stdout]   29:     0x6471db9c02e3 - std::panicking::try::do_call::h3da0561d9ab99c25
[INFO] [stdout]                                at /rustc/6067b36314ab5eb2eb47cecc464545ba58e1ad24/library/std/src/panicking.rs:587:40
[INFO] [stdout]   30:     0x6471db9c02e3 - std::panicking::try::h41c9fa508bc61df6
[INFO] [stdout]                                at /rustc/6067b36314ab5eb2eb47cecc464545ba58e1ad24/library/std/src/panicking.rs:550:19
[INFO] [stdout]   31:     0x6471db9c02e3 - std::panic::catch_unwind::h6b3ff07bb5afad93
[INFO] [stdout]                                at /rustc/6067b36314ab5eb2eb47cecc464545ba58e1ad24/library/std/src/panic.rs:358:14
[INFO] [stdout]   32:     0x6471db9c02e3 - test::run_test_in_process::hc7253dd11b39b9f4
[INFO] [stdout]                                at /rustc/6067b36314ab5eb2eb47cecc464545ba58e1ad24/library/test/src/lib.rs:655:27
[INFO] [stdout]   33:     0x6471db9c02e3 - test::run_test::{{closure}}::hfb2007f8649c30bb
[INFO] [stdout]                                at /rustc/6067b36314ab5eb2eb47cecc464545ba58e1ad24/library/test/src/lib.rs:576:43
[INFO] [stdout]   34:     0x6471db9833c5 - test::run_test::{{closure}}::h56a17aa7a282a9f4
[INFO] [stdout]                                at /rustc/6067b36314ab5eb2eb47cecc464545ba58e1ad24/library/test/src/lib.rs:606:41
[INFO] [stdout]   35:     0x6471db9833c5 - std::sys::backtrace::__rust_begin_short_backtrace::hd2d2d2fb8e8c6aac
[INFO] [stdout]                                at /rustc/6067b36314ab5eb2eb47cecc464545ba58e1ad24/library/std/src/sys/backtrace.rs:152:18
[INFO] [stdout]   36:     0x6471db986caa - std::thread::Builder::spawn_unchecked_::{{closure}}::{{closure}}::h4faa3f9db6133423
[INFO] [stdout]                                at /rustc/6067b36314ab5eb2eb47cecc464545ba58e1ad24/library/std/src/thread/mod.rs:559:17
[INFO] [stdout]   37:     0x6471db986caa - <core::panic::unwind_safe::AssertUnwindSafe<F> as core::ops::function::FnOnce<()>>::call_once::hf2e855a36a4ea846
[INFO] [stdout]                                at /rustc/6067b36314ab5eb2eb47cecc464545ba58e1ad24/library/core/src/panic/unwind_safe.rs:272:9
[INFO] [stdout]   38:     0x6471db986caa - std::panicking::try::do_call::h2f73af3616c35465
[INFO] [stdout]                                at /rustc/6067b36314ab5eb2eb47cecc464545ba58e1ad24/library/std/src/panicking.rs:587:40
[INFO] [stdout]   39:     0x6471db986caa - std::panicking::try::hd1660ce9efadef5a
[INFO] [stdout]                                at /rustc/6067b36314ab5eb2eb47cecc464545ba58e1ad24/library/std/src/panicking.rs:550:19
[INFO] [stdout]   40:     0x6471db986caa - std::panic::catch_unwind::h5ee8d7823b8ca744
[INFO] [stdout]                                at /rustc/6067b36314ab5eb2eb47cecc464545ba58e1ad24/library/std/src/panic.rs:358:14
[INFO] [stdout]   41:     0x6471db986caa - std::thread::Builder::spawn_unchecked_::{{closure}}::h53c3a1894dce8407
[INFO] [stdout]                                at /rustc/6067b36314ab5eb2eb47cecc464545ba58e1ad24/library/std/src/thread/mod.rs:557:30
[INFO] [stdout]   42:     0x6471db986caa - core::ops::function::FnOnce::call_once{{vtable.shim}}::h048ce291ad4f62bf
[INFO] [stdout]                                at /rustc/6067b36314ab5eb2eb47cecc464545ba58e1ad24/library/core/src/ops/function.rs:250:5
[INFO] [stdout]   43:     0x6471dba1edab - <alloc::boxed::Box<F,A> as core::ops::function::FnOnce<Args>>::call_once::ha52bedf99a3b4981
[INFO] [stdout]                                at /rustc/6067b36314ab5eb2eb47cecc464545ba58e1ad24/library/alloc/src/boxed.rs:2013:9
[INFO] [stdout]   44:     0x6471dba1edab - <alloc::boxed::Box<F,A> as core::ops::function::FnOnce<Args>>::call_once::h567748934d80ccf8
[INFO] [stdout]                                at /rustc/6067b36314ab5eb2eb47cecc464545ba58e1ad24/library/alloc/src/boxed.rs:2013:9
[INFO] [stdout]   45:     0x6471dba1edab - std::sys::pal::unix::thread::Thread::new::thread_start::h2d970728ae887adc
[INFO] [stdout]                                at /rustc/6067b36314ab5eb2eb47cecc464545ba58e1ad24/library/std/src/sys/pal/unix/thread.rs:106:17
[INFO] [stdout]   46:     0x7ae9bf454ac3 - <unknown>
[INFO] [stdout]   47:     0x7ae9bf4e5a04 - clone
[INFO] [stdout]   48:                0x0 - <unknown>
[INFO] [stdout] 
[INFO] [stdout] 
[INFO] [stdout] failures:
[INFO] [stdout]     gameboy::test::test_memory_smart_pointers
[INFO] [stdout] 
[INFO] [stdout] test result: FAILED. 284 passed; 1 failed; 0 ignored; 0 measured; 0 filtered out; finished in 2.26s
[INFO] [stdout] 
[INFO] [stderr] error: test failed, to rerun pass `--bin gbrust`
[INFO] running `Command { std: "docker" "inspect" "1947818c005a7731c40715cda74ff0ad2613362b43f1a25f96dfcbd632951894", kill_on_drop: false }`
[INFO] running `Command { std: "docker" "rm" "-f" "1947818c005a7731c40715cda74ff0ad2613362b43f1a25f96dfcbd632951894", kill_on_drop: false }`
[INFO] [stdout] 1947818c005a7731c40715cda74ff0ad2613362b43f1a25f96dfcbd632951894
