[INFO] cloning repository https://github.com/B3Pay/b3_utils
[INFO] running `Command { std: "git" "-c" "credential.helper=" "-c" "credential.helper=/workspace/cargo-home/bin/git-credential-null" "clone" "--bare" "https://github.com/B3Pay/b3_utils" "/workspace/cache/git-repos/https%3A%2F%2Fgithub.com%2FB3Pay%2Fb3_utils", kill_on_drop: false }`
[INFO] [stderr] Cloning into bare repository '/workspace/cache/git-repos/https%3A%2F%2Fgithub.com%2FB3Pay%2Fb3_utils'...
[INFO] running `Command { std: "git" "rev-parse" "HEAD", kill_on_drop: false }`
[INFO] [stdout] 6d275a70eb4189b5c901296479a677b896c5f777
[INFO] testing B3Pay/b3_utils against nightly-2025-01-18+rustflags=-Zrandomize-layout for randomize-layout-2
[INFO] running `Command { std: "git" "clone" "/workspace/cache/git-repos/https%3A%2F%2Fgithub.com%2FB3Pay%2Fb3_utils" "/workspace/builds/worker-6-tc2/source", kill_on_drop: false }`
[INFO] [stderr] Cloning into '/workspace/builds/worker-6-tc2/source'...
[INFO] [stderr] done.
[INFO] validating manifest of git repo https://github.com/B3Pay/b3_utils on toolchain nightly-2025-01-18
[INFO] running `Command { std: CARGO_HOME="/workspace/cargo-home" RUSTUP_HOME="/workspace/rustup-home" "/workspace/cargo-home/bin/cargo" "+nightly-2025-01-18" "metadata" "--manifest-path" "Cargo.toml" "--no-deps", kill_on_drop: false }`
[INFO] started tweaking git repo https://github.com/B3Pay/b3_utils
[INFO] finished tweaking git repo https://github.com/B3Pay/b3_utils
[INFO] tweaked toml for git repo https://github.com/B3Pay/b3_utils written to /workspace/builds/worker-6-tc2/source/Cargo.toml
[INFO] running `Command { std: CARGO_HOME="/workspace/cargo-home" RUSTUP_HOME="/workspace/rustup-home" "/workspace/cargo-home/bin/cargo" "+nightly-2025-01-18" "generate-lockfile" "--manifest-path" "Cargo.toml", kill_on_drop: false }`
[INFO] [stderr]     Blocking waiting for file lock on package cache
[INFO] [stderr]     Updating crates.io index
[INFO] [stderr]      Locking 257 packages to latest compatible versions
[INFO] [stderr]       Adding ic-cdk v0.16.0 (available: v0.17.1)
[INFO] [stderr]       Adding ic_bls12_381 v0.8.0 (available: v0.10.0)
[INFO] running `Command { std: CARGO_HOME="/workspace/cargo-home" RUSTUP_HOME="/workspace/rustup-home" "/workspace/cargo-home/bin/cargo" "+nightly-2025-01-18" "fetch" "--manifest-path" "Cargo.toml", kill_on_drop: false }`
[INFO] running `Command { std: "docker" "create" "-v" "/var/lib/crater-agent-workspace/builds/worker-6-tc2/target:/opt/rustwide/target:rw,Z" "-v" "/var/lib/crater-agent-workspace/builds/worker-6-tc2/source:/opt/rustwide/workdir:ro,Z" "-v" "/var/lib/crater-agent-workspace/cargo-home:/opt/rustwide/cargo-home:ro,Z" "-v" "/var/lib/crater-agent-workspace/rustup-home:/opt/rustwide/rustup-home:ro,Z" "-e" "SOURCE_DIR=/opt/rustwide/workdir" "-e" "CARGO_TARGET_DIR=/opt/rustwide/target" "-e" "CARGO_HOME=/opt/rustwide/cargo-home" "-e" "RUSTUP_HOME=/opt/rustwide/rustup-home" "-w" "/opt/rustwide/workdir" "-m" "1610612736" "--user" "0:0" "--network" "none" "ghcr.io/rust-lang/crates-build-env/linux@sha256:819108c5571ea2e421544af4d832f968d213c87fbe3707a016657f43d2f853bc" "/opt/rustwide/cargo-home/bin/cargo" "+nightly-2025-01-18" "metadata" "--no-deps" "--format-version=1", kill_on_drop: false }`
[INFO] [stdout] c28195ce9ddb4e5f2481ecbbc06a7cf9d480ebac745376381356829bf2bc1614
[INFO] running `Command { std: "docker" "start" "-a" "c28195ce9ddb4e5f2481ecbbc06a7cf9d480ebac745376381356829bf2bc1614", kill_on_drop: false }`
[INFO] running `Command { std: "docker" "inspect" "c28195ce9ddb4e5f2481ecbbc06a7cf9d480ebac745376381356829bf2bc1614", kill_on_drop: false }`
[INFO] running `Command { std: "docker" "rm" "-f" "c28195ce9ddb4e5f2481ecbbc06a7cf9d480ebac745376381356829bf2bc1614", kill_on_drop: false }`
[INFO] [stdout] c28195ce9ddb4e5f2481ecbbc06a7cf9d480ebac745376381356829bf2bc1614
[INFO] running `Command { std: "docker" "create" "-v" "/var/lib/crater-agent-workspace/builds/worker-6-tc2/target:/opt/rustwide/target:rw,Z" "-v" "/var/lib/crater-agent-workspace/builds/worker-6-tc2/source:/opt/rustwide/workdir:ro,Z" "-v" "/var/lib/crater-agent-workspace/cargo-home:/opt/rustwide/cargo-home:ro,Z" "-v" "/var/lib/crater-agent-workspace/rustup-home:/opt/rustwide/rustup-home:ro,Z" "-e" "SOURCE_DIR=/opt/rustwide/workdir" "-e" "CARGO_TARGET_DIR=/opt/rustwide/target" "-e" "CARGO_INCREMENTAL=0" "-e" "RUST_BACKTRACE=full" "-e" "RUSTFLAGS=--cap-lints=forbid -Zrandomize-layout" "-e" "RUSTDOCFLAGS=--cap-lints=forbid" "-e" "CARGO_HOME=/opt/rustwide/cargo-home" "-e" "RUSTUP_HOME=/opt/rustwide/rustup-home" "-w" "/opt/rustwide/workdir" "-m" "1610612736" "--user" "0:0" "--network" "none" "ghcr.io/rust-lang/crates-build-env/linux@sha256:819108c5571ea2e421544af4d832f968d213c87fbe3707a016657f43d2f853bc" "/opt/rustwide/cargo-home/bin/cargo" "+nightly-2025-01-18" "build" "--frozen" "--message-format=json", kill_on_drop: false }`
[INFO] [stdout] ef82915f41d679892cf01762b3f0edfba0ad37c949eedcb88c890f21d03f9360
[INFO] running `Command { std: "docker" "start" "-a" "ef82915f41d679892cf01762b3f0edfba0ad37c949eedcb88c890f21d03f9360", kill_on_drop: false }`
[INFO] [stderr]    Compiling proc-macro2 v1.0.93
[INFO] [stderr]    Compiling unicode-ident v1.0.14
[INFO] [stderr]    Compiling version_check v0.9.5
[INFO] [stderr]    Compiling typenum v1.17.0
[INFO] [stderr]    Compiling serde v1.0.217
[INFO] [stderr]    Compiling shlex v1.3.0
[INFO] [stderr]    Compiling cfg-if v1.0.0
[INFO] [stderr]    Compiling autocfg v1.4.0
[INFO] [stderr]    Compiling thiserror v1.0.69
[INFO] [stderr]    Compiling syn v1.0.109
[INFO] [stderr]    Compiling cpufeatures v0.2.16
[INFO] [stderr]    Compiling libc v0.2.169
[INFO] [stderr]    Compiling rustversion v1.0.19
[INFO] [stderr]    Compiling anyhow v1.0.95
[INFO] [stderr]    Compiling lazy_static v1.5.0
[INFO] [stderr]    Compiling data-encoding v2.7.0
[INFO] [stderr]    Compiling crc32fast v1.4.2
[INFO] [stderr]    Compiling paste v1.0.15
[INFO] [stderr]    Compiling either v1.13.0
[INFO] [stderr]    Compiling typed-arena v2.0.2
[INFO] [stderr]    Compiling cc v1.2.10
[INFO] [stderr]    Compiling unicode-width v0.1.14
[INFO] [stderr]    Compiling arrayvec v0.5.2
[INFO] [stderr]    Compiling leb128 v0.2.5
[INFO] [stderr]    Compiling byteorder v1.5.0
[INFO] [stderr]    Compiling hex v0.4.3
[INFO] [stderr]    Compiling ic0 v0.23.0
[INFO] [stderr]    Compiling once_cell v1.20.2
[INFO] [stderr]    Compiling generic-array v0.14.7
[INFO] [stderr]    Compiling slotmap v1.0.7
[INFO] [stderr]    Compiling ic-metrics-encoder v1.1.1
[INFO] [stderr]    Compiling num-traits v0.2.19
[INFO] [stderr]    Compiling pretty v0.12.3
[INFO] [stderr]    Compiling quote v1.0.38
[INFO] [stderr]    Compiling syn v2.0.96
[INFO] [stderr]    Compiling psm v0.1.24
[INFO] [stderr]    Compiling stacker v0.1.17
[INFO] [stderr]    Compiling num-integer v0.1.46
[INFO] [stderr]    Compiling block-buffer v0.10.4
[INFO] [stderr]    Compiling crypto-common v0.1.6
[INFO] [stderr]    Compiling digest v0.10.7
[INFO] [stderr]    Compiling sha2 v0.10.8
[INFO] [stderr]    Compiling binread_derive v2.1.0
[INFO] [stderr]    Compiling serde_derive v1.0.217
[INFO] [stderr]    Compiling thiserror-impl v1.0.69
[INFO] [stderr]    Compiling candid_derive v0.6.6
[INFO] [stderr]    Compiling enum_dispatch v0.3.13
[INFO] [stderr]    Compiling binread v2.2.0
[INFO] [stderr]    Compiling ic_principal v0.1.1
[INFO] [stderr]    Compiling num-bigint v0.4.6
[INFO] [stderr]    Compiling serde_bytes v0.11.15
[INFO] [stderr]    Compiling serde_tokenstream v0.2.2
[INFO] [stderr]    Compiling ic-stable-structures v0.6.7
[INFO] [stderr]    Compiling candid v0.10.12
[INFO] [stderr]    Compiling ic-cdk-macros v0.16.0
[INFO] [stderr]    Compiling ic-cdk v0.16.0
[INFO] [stderr]    Compiling b3_utils v0.13.1 (/opt/rustwide/workdir)
[INFO] [stderr]     Finished `dev` profile [unoptimized + debuginfo] target(s) in 29.88s
[INFO] running `Command { std: "docker" "inspect" "ef82915f41d679892cf01762b3f0edfba0ad37c949eedcb88c890f21d03f9360", kill_on_drop: false }`
[INFO] running `Command { std: "docker" "rm" "-f" "ef82915f41d679892cf01762b3f0edfba0ad37c949eedcb88c890f21d03f9360", kill_on_drop: false }`
[INFO] [stdout] ef82915f41d679892cf01762b3f0edfba0ad37c949eedcb88c890f21d03f9360
[INFO] running `Command { std: "docker" "create" "-v" "/var/lib/crater-agent-workspace/builds/worker-6-tc2/target:/opt/rustwide/target:rw,Z" "-v" "/var/lib/crater-agent-workspace/builds/worker-6-tc2/source:/opt/rustwide/workdir:ro,Z" "-v" "/var/lib/crater-agent-workspace/cargo-home:/opt/rustwide/cargo-home:ro,Z" "-v" "/var/lib/crater-agent-workspace/rustup-home:/opt/rustwide/rustup-home:ro,Z" "-e" "SOURCE_DIR=/opt/rustwide/workdir" "-e" "CARGO_TARGET_DIR=/opt/rustwide/target" "-e" "CARGO_INCREMENTAL=0" "-e" "RUST_BACKTRACE=full" "-e" "RUSTFLAGS=--cap-lints=forbid -Zrandomize-layout" "-e" "RUSTDOCFLAGS=--cap-lints=forbid" "-e" "CARGO_HOME=/opt/rustwide/cargo-home" "-e" "RUSTUP_HOME=/opt/rustwide/rustup-home" "-w" "/opt/rustwide/workdir" "-m" "1610612736" "--user" "0:0" "--network" "none" "ghcr.io/rust-lang/crates-build-env/linux@sha256:819108c5571ea2e421544af4d832f968d213c87fbe3707a016657f43d2f853bc" "/opt/rustwide/cargo-home/bin/cargo" "+nightly-2025-01-18" "test" "--frozen" "--no-run" "--message-format=json", kill_on_drop: false }`
[INFO] [stdout] cb7ef9d3c96f9bb7f940fa57ed35f40edc8f9d937f830c666f70a4cbc87e79ad
[INFO] running `Command { std: "docker" "start" "-a" "cb7ef9d3c96f9bb7f940fa57ed35f40edc8f9d937f830c666f70a4cbc87e79ad", kill_on_drop: false }`
[INFO] [stderr]    Compiling b3_utils v0.13.1 (/opt/rustwide/workdir)
[INFO] [stderr]     Finished `test` profile [unoptimized + debuginfo] target(s) in 1.83s
[INFO] running `Command { std: "docker" "inspect" "cb7ef9d3c96f9bb7f940fa57ed35f40edc8f9d937f830c666f70a4cbc87e79ad", kill_on_drop: false }`
[INFO] running `Command { std: "docker" "rm" "-f" "cb7ef9d3c96f9bb7f940fa57ed35f40edc8f9d937f830c666f70a4cbc87e79ad", kill_on_drop: false }`
[INFO] [stdout] cb7ef9d3c96f9bb7f940fa57ed35f40edc8f9d937f830c666f70a4cbc87e79ad
[INFO] running `Command { std: "docker" "create" "-v" "/var/lib/crater-agent-workspace/builds/worker-6-tc2/target:/opt/rustwide/target:rw,Z" "-v" "/var/lib/crater-agent-workspace/builds/worker-6-tc2/source:/opt/rustwide/workdir:ro,Z" "-v" "/var/lib/crater-agent-workspace/cargo-home:/opt/rustwide/cargo-home:ro,Z" "-v" "/var/lib/crater-agent-workspace/rustup-home:/opt/rustwide/rustup-home:ro,Z" "-e" "SOURCE_DIR=/opt/rustwide/workdir" "-e" "CARGO_TARGET_DIR=/opt/rustwide/target" "-e" "CARGO_INCREMENTAL=0" "-e" "RUST_BACKTRACE=full" "-e" "RUSTFLAGS=--cap-lints=forbid -Zrandomize-layout" "-e" "RUSTDOCFLAGS=--cap-lints=forbid" "-e" "CARGO_HOME=/opt/rustwide/cargo-home" "-e" "RUSTUP_HOME=/opt/rustwide/rustup-home" "-w" "/opt/rustwide/workdir" "-m" "1610612736" "--user" "0:0" "--network" "none" "ghcr.io/rust-lang/crates-build-env/linux@sha256:819108c5571ea2e421544af4d832f968d213c87fbe3707a016657f43d2f853bc" "/opt/rustwide/cargo-home/bin/cargo" "+nightly-2025-01-18" "test" "--frozen", kill_on_drop: false }`
[INFO] [stdout] 3fef6f20713b272d79433f11dd190e54eb18c658f3ea00d7d7420c7a05e37f47
[INFO] running `Command { std: "docker" "start" "-a" "3fef6f20713b272d79433f11dd190e54eb18c658f3ea00d7d7420c7a05e37f47", kill_on_drop: false }`
[INFO] [stderr]     Finished `test` profile [unoptimized + debuginfo] target(s) in 0.14s
[INFO] [stderr]      Running unittests src/lib.rs (/opt/rustwide/target/debug/deps/b3_utils-bfb035338bbd4a0b)
[INFO] [stdout] 
[INFO] [stdout] running 61 tests
[INFO] [stdout] test constants::test::tests::test_management ... ok
[INFO] [stdout] test constants::test::tests::test_ledger ... ok
[INFO] [stdout] test constants::test::tests::test_ledger_ckbtc ... ok
[INFO] [stdout] test constants::test::tests::test_minter ... ok
[INFO] [stdout] test api::types::tests::test_request_join_args_decoding ... ok
[INFO] [stdout] test constants::test::tests::test_cmc ... ok
[INFO] [stdout] test constants::test::tests::test_testnet_ledger ... ok
[INFO] [stdout] test constants::test::tests::test_testnet_vetkd ... ok
[INFO] [stdout] test environment::test::tests::test_environment_display ... ok
[INFO] [stdout] test environment::test::tests::test_environment_from_identifier ... ok
[INFO] [stdout] test constants::test::tests::test_testnet_minter ... ok
[INFO] [stdout] test environment::test::tests::test_environment_identifier ... ok
[INFO] [stdout] test http::test::test_raw_query_param ... ok
[INFO] [stdout] test nonce::test::tests::test_nonce ... ok
[INFO] [stdout] test outcall::test::test_add_query_params ... ok
[INFO] [stdout] test memory::timer::test::tests::test_timer_entry_to_and_from_bytes ... ok
[INFO] [stdout] test outcall::test::test_default_content_type_for_post ... ok
[INFO] [stdout] test outcall::test::test_calculate_cycle_cost ... ok
[INFO] [stdout] test outcall::test::test_http_request_post ... ok
[INFO] [stdout] test outcall::test::test_https_outcall_cost_total ... ok
[INFO] [stdout] test outcall::test::test_http_request_get ... ok
[INFO] [stdout] test outcall::test::test_new_http_request ... ok
[INFO] [stdout] test outcall::test::test_overwrite_content_type ... ok
[INFO] [stdout] test status::tests::test_status ... ok
[INFO] [stdout] test subaccount::test::test::test_development_subaccount ... ok
[INFO] [stdout] test subaccount::test::test::test_production_subaccount ... ok
[INFO] [stdout] test subaccount::test::test::test_staging_subaccount ... ok
[INFO] [stdout] test subaccount::test::test::test_subaccount_from_bytes ... ok
[INFO] [stdout] test subaccount::test::test::test_subaccount_from_hex ... ok
[INFO] [stdout] test subaccount::test::test::test_subaccount_from_principal ... ok
[INFO] [stdout] test subaccount::test::test::test_subaccount_from_hex_string ... ok
[INFO] [stdout] test subaccount::test::test::test_subaccount_from_u64 ... ok
[INFO] [stdout] test timestamp::test::tests::test_add_functions ... ok
[INFO] [stdout] test timestamp::test::tests::test_time_until_and_since ... ok
[INFO] [stdout] test utils::encoder::test::test_eth_address_to_vec ... ok
[INFO] [stdout] test utils::encoder::test::test_hex_string_to_vec ... ok
[INFO] [stdout] test utils::encoder::test::test_hex_string_with_0x_to_nat ... ok
[INFO] [stdout] test utils::encoder::test::test_hex_string_with_0x_to_nat2 ... ok
[INFO] [stdout] test utils::encoder::test::test_hex_string_with_0x_to_u128 ... ok
[INFO] [stdout] test utils::encoder::test::test_hex_string_with_0x_to_u64 ... ok
[INFO] [stdout] test timestamp::test::tests::test_time_conversions ... ok
[INFO] [stdout] test utils::encoder::test::test_name_to_slug ... ok
[INFO] [stdout] test utils::encoder::test::test_u128_to_hex_string_with_0x ... ok
[INFO] [stdout] test utils::encoder::test::test_u64_to_hex_string_with_0x ... ok
[INFO] [stdout] test utils::encoder::test::test_vec_to_hex_string ... ok
[INFO] [stdout] test utils::encoder::test::test_hex_string_with_0x_to_vec ... ok
[INFO] [stdout] test utils::encoder::test::test_vec_to_hex_string_with_0x ... ok
[INFO] [stdout] test memory::test::tests::test_init ... ok
[INFO] [stdout] test memory::test::tests::test_get_or_create ... ok
[INFO] [stdout] test memory::backup::test::test::test_init_main_partition ... ok
[INFO] [stdout] test memory::test::tests::test_memory ... ok
[INFO] [stdout] test memory::test::tests::test_partition ... ok
[INFO] [stdout] test memory::test::tests::test_create_partition ... ok
[INFO] [stdout] test memory::backup::test::test::test_core_backup_partition ... ok
[INFO] [stdout] test memory::test::tests::test_stable_vec ... ok
[INFO] [stdout] test memory::test::tests::test_init_memory ... ok
[INFO] [stdout] test memory::test::tests::test_stable_map ... ok
[INFO] [stdout] test memory::test::tests::test_stable_heap ... ok
[INFO] [stdout] test memory::test::tests::test_partition_loop ... ok
[INFO] [stdout] test memory::test::tests::test_stable_log ... ok
[INFO] [stdout] test memory::test::tests::test_stable_heap_with_stable_vec ... ok
[INFO] [stdout] 
[INFO] [stdout] test result: ok. 61 passed; 0 failed; 0 ignored; 0 measured; 0 filtered out; finished in 0.54s
[INFO] [stdout] 
[INFO] [stderr]    Doc-tests b3_utils
[INFO] [stdout] 
[INFO] [stdout] running 17 tests
[INFO] [stdout] test src/lib.rs - (line 26) ... FAILED
[INFO] [stdout] test src/subaccount.rs - subaccount::Subaccount::to_hex (line 397) ... ok
[INFO] [stdout] test src/utils.rs - utils::report (line 35) ... ok
[INFO] [stdout] test src/subaccount.rs - subaccount::Subaccount::to_principal (line 360) ... ok
[INFO] [stdout] test src/subaccount.rs - subaccount::Subaccount::environment (line 83) ... ok
[INFO] [stdout] test src/subaccount.rs - subaccount::Subaccount::name (line 172) ... ok
[INFO] [stdout] test src/subaccount.rs - subaccount::Subaccount::is_default (line 232) ... ok
[INFO] [stdout] test src/subaccount.rs - subaccount::Subaccount::new (line 22) ... ok
[INFO] [stdout] test src/subaccount.rs - subaccount::Subaccount::from_hex (line 421) ... ok
[INFO] [stdout] test src/subaccount.rs - subaccount::Subaccount::from_slice (line 287) ... ok
[INFO] [stdout] test src/subaccount.rs - subaccount::Subaccount::id (line 112) ... ok
[INFO] [stdout] test src/subaccount.rs - subaccount::Subaccount::nonce (line 206) ... ok
[INFO] [stdout] test src/subaccount.rs - subaccount::Subaccount::nonce_id (line 155) ... ok
[INFO] [stdout] test src/subaccount.rs - subaccount::Subaccount::from_principal (line 54) ... ok
[INFO] [stdout] test src/subaccount.rs - subaccount::Subaccount::to_bytes32 (line 331) ... ok
[INFO] [stdout] test src/subaccount.rs - subaccount::Subaccount::is_principal (line 260) ... ok
[INFO] [stdout] test src/utils.rs - utils::require (line 12) ... ok
[INFO] [stdout] 
[INFO] [stdout] failures:
[INFO] [stdout] 
[INFO] [stdout] ---- src/lib.rs - (line 26) stdout ----
[INFO] [stdout] error[E0432]: unresolved import `b3_utils::ledger`
[INFO] [stdout]   --> src/lib.rs:28:15
[INFO] [stdout]    |
[INFO] [stdout] 5  | use b3_utils::ledger::ICRCAccount;
[INFO] [stdout]    |               ^^^^^^ could not find `ledger` in `b3_utils`
[INFO] [stdout]    |
[INFO] [stdout] note: found an item that was configured out
[INFO] [stdout]   --> /opt/rustwide/workdir/src/lib.rs:88:9
[INFO] [stdout]    |
[INFO] [stdout] 88 | pub mod ledger;
[INFO] [stdout]    |         ^^^^^^
[INFO] [stdout] note: the item is gated behind the `ledger` feature
[INFO] [stdout]   --> /opt/rustwide/workdir/src/lib.rs:87:7
[INFO] [stdout]    |
[INFO] [stdout] 87 | #[cfg(feature = "ledger")]
[INFO] [stdout]    |       ^^^^^^^^^^^^^^^^^^
[INFO] [stdout] 
[INFO] [stdout] error: aborting due to 1 previous error
[INFO] [stdout] 
[INFO] [stdout] For more information about this error, try `rustc --explain E0432`.
[INFO] [stdout] Couldn't compile the test.
[INFO] [stdout] 
[INFO] [stdout] failures:
[INFO] [stdout]     src/lib.rs - (line 26)
[INFO] [stdout] 
[INFO] [stdout] test result: FAILED. 16 passed; 1 failed; 0 ignored; 0 measured; 0 filtered out; finished in 0.60s
[INFO] [stdout] 
[INFO] [stderr] error: doctest failed, to rerun pass `--doc`
[INFO] running `Command { std: "docker" "inspect" "3fef6f20713b272d79433f11dd190e54eb18c658f3ea00d7d7420c7a05e37f47", kill_on_drop: false }`
[INFO] running `Command { std: "docker" "rm" "-f" "3fef6f20713b272d79433f11dd190e54eb18c658f3ea00d7d7420c7a05e37f47", kill_on_drop: false }`
[INFO] [stdout] 3fef6f20713b272d79433f11dd190e54eb18c658f3ea00d7d7420c7a05e37f47
