[INFO] cloning repository https://github.com/Aurel300/jfxr-rs
[INFO] running `Command { std: "git" "-c" "credential.helper=" "-c" "credential.helper=/workspace/cargo-home/bin/git-credential-null" "clone" "--bare" "https://github.com/Aurel300/jfxr-rs" "/workspace/cache/git-repos/https%3A%2F%2Fgithub.com%2FAurel300%2Fjfxr-rs", kill_on_drop: false }`
[INFO] [stderr] Cloning into bare repository '/workspace/cache/git-repos/https%3A%2F%2Fgithub.com%2FAurel300%2Fjfxr-rs'...
[INFO] running `Command { std: "git" "rev-parse" "HEAD", kill_on_drop: false }`
[INFO] [stdout] 2fbb0138e21ede7978e00d2304db8f7309b4afa8
[INFO] testing Aurel300/jfxr-rs against nightly-2025-01-18 for randomize-layout-2
[INFO] running `Command { std: "git" "clone" "/workspace/cache/git-repos/https%3A%2F%2Fgithub.com%2FAurel300%2Fjfxr-rs" "/workspace/builds/worker-0-tc1/source", kill_on_drop: false }`
[INFO] [stderr] Cloning into '/workspace/builds/worker-0-tc1/source'...
[INFO] [stderr] done.
[INFO] validating manifest of git repo https://github.com/Aurel300/jfxr-rs on toolchain nightly-2025-01-18
[INFO] running `Command { std: CARGO_HOME="/workspace/cargo-home" RUSTUP_HOME="/workspace/rustup-home" "/workspace/cargo-home/bin/cargo" "+nightly-2025-01-18" "metadata" "--manifest-path" "Cargo.toml" "--no-deps", kill_on_drop: false }`
[INFO] started tweaking git repo https://github.com/Aurel300/jfxr-rs
[INFO] finished tweaking git repo https://github.com/Aurel300/jfxr-rs
[INFO] tweaked toml for git repo https://github.com/Aurel300/jfxr-rs written to /workspace/builds/worker-0-tc1/source/Cargo.toml
[INFO] crate git repo https://github.com/Aurel300/jfxr-rs already has a lockfile, it will not be regenerated
[INFO] running `Command { std: CARGO_HOME="/workspace/cargo-home" RUSTUP_HOME="/workspace/rustup-home" "/workspace/cargo-home/bin/cargo" "+nightly-2025-01-18" "fetch" "--manifest-path" "Cargo.toml", kill_on_drop: false }`
[INFO] running `Command { std: "docker" "create" "-v" "/var/lib/crater-agent-workspace/builds/worker-0-tc1/target:/opt/rustwide/target:rw,Z" "-v" "/var/lib/crater-agent-workspace/builds/worker-0-tc1/source:/opt/rustwide/workdir:ro,Z" "-v" "/var/lib/crater-agent-workspace/cargo-home:/opt/rustwide/cargo-home:ro,Z" "-v" "/var/lib/crater-agent-workspace/rustup-home:/opt/rustwide/rustup-home:ro,Z" "-e" "SOURCE_DIR=/opt/rustwide/workdir" "-e" "CARGO_TARGET_DIR=/opt/rustwide/target" "-e" "CARGO_HOME=/opt/rustwide/cargo-home" "-e" "RUSTUP_HOME=/opt/rustwide/rustup-home" "-w" "/opt/rustwide/workdir" "-m" "1610612736" "--user" "0:0" "--network" "none" "ghcr.io/rust-lang/crates-build-env/linux@sha256:819108c5571ea2e421544af4d832f968d213c87fbe3707a016657f43d2f853bc" "/opt/rustwide/cargo-home/bin/cargo" "+nightly-2025-01-18" "metadata" "--no-deps" "--format-version=1", kill_on_drop: false }`
[INFO] [stdout] bb50ef14969fe692e18c459229048d45fdf1e9b8bc37a0dd52213b69137f392b
[INFO] running `Command { std: "docker" "start" "-a" "bb50ef14969fe692e18c459229048d45fdf1e9b8bc37a0dd52213b69137f392b", kill_on_drop: false }`
[INFO] running `Command { std: "docker" "inspect" "bb50ef14969fe692e18c459229048d45fdf1e9b8bc37a0dd52213b69137f392b", kill_on_drop: false }`
[INFO] running `Command { std: "docker" "rm" "-f" "bb50ef14969fe692e18c459229048d45fdf1e9b8bc37a0dd52213b69137f392b", kill_on_drop: false }`
[INFO] [stdout] bb50ef14969fe692e18c459229048d45fdf1e9b8bc37a0dd52213b69137f392b
[INFO] running `Command { std: "docker" "create" "-v" "/var/lib/crater-agent-workspace/builds/worker-0-tc1/target:/opt/rustwide/target:rw,Z" "-v" "/var/lib/crater-agent-workspace/builds/worker-0-tc1/source:/opt/rustwide/workdir:ro,Z" "-v" "/var/lib/crater-agent-workspace/cargo-home:/opt/rustwide/cargo-home:ro,Z" "-v" "/var/lib/crater-agent-workspace/rustup-home:/opt/rustwide/rustup-home:ro,Z" "-e" "SOURCE_DIR=/opt/rustwide/workdir" "-e" "CARGO_TARGET_DIR=/opt/rustwide/target" "-e" "CARGO_INCREMENTAL=0" "-e" "RUST_BACKTRACE=full" "-e" "RUSTFLAGS=--cap-lints=forbid" "-e" "RUSTDOCFLAGS=--cap-lints=forbid" "-e" "CARGO_HOME=/opt/rustwide/cargo-home" "-e" "RUSTUP_HOME=/opt/rustwide/rustup-home" "-w" "/opt/rustwide/workdir" "-m" "1610612736" "--user" "0:0" "--network" "none" "ghcr.io/rust-lang/crates-build-env/linux@sha256:819108c5571ea2e421544af4d832f968d213c87fbe3707a016657f43d2f853bc" "/opt/rustwide/cargo-home/bin/cargo" "+nightly-2025-01-18" "build" "--frozen" "--message-format=json", kill_on_drop: false }`
[INFO] [stdout] 907d7971de6880448eb1ad5cdbfa8a0a699934cda501afec518424114b2e0a63
[INFO] running `Command { std: "docker" "start" "-a" "907d7971de6880448eb1ad5cdbfa8a0a699934cda501afec518424114b2e0a63", kill_on_drop: false }`
[INFO] [stderr]    Compiling json v0.12.4
[INFO] [stderr]    Compiling jfxr v0.1.0 (/opt/rustwide/workdir)
[INFO] [stderr]     Finished `dev` profile [unoptimized + debuginfo] target(s) in 1.09s
[INFO] running `Command { std: "docker" "inspect" "907d7971de6880448eb1ad5cdbfa8a0a699934cda501afec518424114b2e0a63", kill_on_drop: false }`
[INFO] running `Command { std: "docker" "rm" "-f" "907d7971de6880448eb1ad5cdbfa8a0a699934cda501afec518424114b2e0a63", kill_on_drop: false }`
[INFO] [stdout] 907d7971de6880448eb1ad5cdbfa8a0a699934cda501afec518424114b2e0a63
[INFO] running `Command { std: "docker" "create" "-v" "/var/lib/crater-agent-workspace/builds/worker-0-tc1/target:/opt/rustwide/target:rw,Z" "-v" "/var/lib/crater-agent-workspace/builds/worker-0-tc1/source:/opt/rustwide/workdir:ro,Z" "-v" "/var/lib/crater-agent-workspace/cargo-home:/opt/rustwide/cargo-home:ro,Z" "-v" "/var/lib/crater-agent-workspace/rustup-home:/opt/rustwide/rustup-home:ro,Z" "-e" "SOURCE_DIR=/opt/rustwide/workdir" "-e" "CARGO_TARGET_DIR=/opt/rustwide/target" "-e" "CARGO_INCREMENTAL=0" "-e" "RUST_BACKTRACE=full" "-e" "RUSTFLAGS=--cap-lints=forbid" "-e" "RUSTDOCFLAGS=--cap-lints=forbid" "-e" "CARGO_HOME=/opt/rustwide/cargo-home" "-e" "RUSTUP_HOME=/opt/rustwide/rustup-home" "-w" "/opt/rustwide/workdir" "-m" "1610612736" "--user" "0:0" "--network" "none" "ghcr.io/rust-lang/crates-build-env/linux@sha256:819108c5571ea2e421544af4d832f968d213c87fbe3707a016657f43d2f853bc" "/opt/rustwide/cargo-home/bin/cargo" "+nightly-2025-01-18" "test" "--frozen" "--no-run" "--message-format=json", kill_on_drop: false }`
[INFO] [stdout] 1bc93bff887c006ca59cbe7c8142b23eaa6c0e5fe3fad88f382e712696a6d4d0
[INFO] running `Command { std: "docker" "start" "-a" "1bc93bff887c006ca59cbe7c8142b23eaa6c0e5fe3fad88f382e712696a6d4d0", kill_on_drop: false }`
[INFO] [stderr]    Compiling jfxr v0.1.0 (/opt/rustwide/workdir)
[INFO] [stderr]     Finished `test` profile [unoptimized + debuginfo] target(s) in 0.49s
[INFO] running `Command { std: "docker" "inspect" "1bc93bff887c006ca59cbe7c8142b23eaa6c0e5fe3fad88f382e712696a6d4d0", kill_on_drop: false }`
[INFO] running `Command { std: "docker" "rm" "-f" "1bc93bff887c006ca59cbe7c8142b23eaa6c0e5fe3fad88f382e712696a6d4d0", kill_on_drop: false }`
[INFO] [stdout] 1bc93bff887c006ca59cbe7c8142b23eaa6c0e5fe3fad88f382e712696a6d4d0
[INFO] running `Command { std: "docker" "create" "-v" "/var/lib/crater-agent-workspace/builds/worker-0-tc1/target:/opt/rustwide/target:rw,Z" "-v" "/var/lib/crater-agent-workspace/builds/worker-0-tc1/source:/opt/rustwide/workdir:ro,Z" "-v" "/var/lib/crater-agent-workspace/cargo-home:/opt/rustwide/cargo-home:ro,Z" "-v" "/var/lib/crater-agent-workspace/rustup-home:/opt/rustwide/rustup-home:ro,Z" "-e" "SOURCE_DIR=/opt/rustwide/workdir" "-e" "CARGO_TARGET_DIR=/opt/rustwide/target" "-e" "CARGO_INCREMENTAL=0" "-e" "RUST_BACKTRACE=full" "-e" "RUSTFLAGS=--cap-lints=forbid" "-e" "RUSTDOCFLAGS=--cap-lints=forbid" "-e" "CARGO_HOME=/opt/rustwide/cargo-home" "-e" "RUSTUP_HOME=/opt/rustwide/rustup-home" "-w" "/opt/rustwide/workdir" "-m" "1610612736" "--user" "0:0" "--network" "none" "ghcr.io/rust-lang/crates-build-env/linux@sha256:819108c5571ea2e421544af4d832f968d213c87fbe3707a016657f43d2f853bc" "/opt/rustwide/cargo-home/bin/cargo" "+nightly-2025-01-18" "test" "--frozen", kill_on_drop: false }`
[INFO] [stdout] e45c75a025294926c21d122db57a6a5db3be26588295ddfee446c6617ace877f
[INFO] running `Command { std: "docker" "start" "-a" "e45c75a025294926c21d122db57a6a5db3be26588295ddfee446c6617ace877f", kill_on_drop: false }`
[INFO] [stderr]     Finished `test` profile [unoptimized + debuginfo] target(s) in 0.01s
[INFO] [stderr]      Running unittests src/lib.rs (/opt/rustwide/target/debug/deps/jfxr-f03203b5d3a176d3)
[INFO] [stdout] 
[INFO] [stdout] running 0 tests
[INFO] [stderr]    Doc-tests jfxr
[INFO] [stdout] 
[INFO] [stdout] test result: ok. 0 passed; 0 failed; 0 ignored; 0 measured; 0 filtered out; finished in 0.00s
[INFO] [stdout] 
[INFO] [stdout] 
[INFO] [stdout] running 2 tests
[INFO] [stdout] test src/lib.rs - (line 23) ... FAILED
[INFO] [stderr] error: doctest failed, to rerun pass `--doc`
[INFO] [stdout] test src/lib.rs - (line 10) ... FAILED
[INFO] [stdout] 
[INFO] [stdout] failures:
[INFO] [stdout] 
[INFO] [stdout] ---- src/lib.rs - (line 23) stdout ----
[INFO] [stdout] error[E0425]: cannot find value `sound` in this scope
[INFO] [stdout]  --> src/lib.rs:25:30
[INFO] [stdout]   |
[INFO] [stdout] 5 | let samples = jfxr::generate(sound);
[INFO] [stdout]   |                              ^^^^^ not found in this scope
[INFO] [stdout] 
[INFO] [stdout] error: aborting due to 1 previous error
[INFO] [stdout] 
[INFO] [stdout] For more information about this error, try `rustc --explain E0425`.
[INFO] [stdout] Couldn't compile the test.
[INFO] [stdout] ---- src/lib.rs - (line 10) stdout ----
[INFO] [stdout] error[E0308]: mismatched types
[INFO] [stdout]   --> src/lib.rs:13:33
[INFO] [stdout]    |
[INFO] [stdout] 6  | let mut sound = jfxr::read_jfxr(sound_data).unwrap();
[INFO] [stdout]    |                 --------------- ^^^^^^^^^^ expected `&str`, found `String`
[INFO] [stdout]    |                 |
[INFO] [stdout]    |                 arguments to this function are incorrect
[INFO] [stdout]    |
[INFO] [stdout] note: function defined here
[INFO] [stdout]   --> /opt/rustwide/workdir/src/jfxr.rs:37:8
[INFO] [stdout]    |
[INFO] [stdout] 37 | pub fn read_jfxr(jfxr: &str) -> Result<Sound, JfxrFormatError> {
[INFO] [stdout]    |        ^^^^^^^^^
[INFO] [stdout] help: consider borrowing here
[INFO] [stdout]    |
[INFO] [stdout] 6  | let mut sound = jfxr::read_jfxr(&sound_data).unwrap();
[INFO] [stdout]    |                                 +
[INFO] [stdout] 
[INFO] [stdout] error: aborting due to 1 previous error
[INFO] [stdout] 
[INFO] [stdout] For more information about this error, try `rustc --explain E0308`.
[INFO] [stdout] Couldn't compile the test.
[INFO] [stdout] 
[INFO] [stdout] failures:
[INFO] [stdout]     src/lib.rs - (line 10)
[INFO] [stdout]     src/lib.rs - (line 23)
[INFO] [stdout] 
[INFO] [stdout] test result: FAILED. 0 passed; 2 failed; 0 ignored; 0 measured; 0 filtered out; finished in 0.12s
[INFO] [stdout] 
[INFO] running `Command { std: "docker" "inspect" "e45c75a025294926c21d122db57a6a5db3be26588295ddfee446c6617ace877f", kill_on_drop: false }`
[INFO] running `Command { std: "docker" "rm" "-f" "e45c75a025294926c21d122db57a6a5db3be26588295ddfee446c6617ace877f", kill_on_drop: false }`
[INFO] [stdout] e45c75a025294926c21d122db57a6a5db3be26588295ddfee446c6617ace877f
