[INFO] cloning repository https://github.com/Asarua/leetcode-rs
[INFO] running `Command { std: "git" "-c" "credential.helper=" "-c" "credential.helper=/workspace/cargo-home/bin/git-credential-null" "clone" "--bare" "https://github.com/Asarua/leetcode-rs" "/workspace/cache/git-repos/https%3A%2F%2Fgithub.com%2FAsarua%2Fleetcode-rs", kill_on_drop: false }`
[INFO] [stderr] Cloning into bare repository '/workspace/cache/git-repos/https%3A%2F%2Fgithub.com%2FAsarua%2Fleetcode-rs'...
[INFO] running `Command { std: "git" "rev-parse" "HEAD", kill_on_drop: false }`
[INFO] [stdout] 766bbeef2d3f9364abdf7e955b138a0e4c65fc71
[INFO] testing Asarua/leetcode-rs against nightly-2025-01-18 for randomize-layout-2
[INFO] running `Command { std: "git" "clone" "/workspace/cache/git-repos/https%3A%2F%2Fgithub.com%2FAsarua%2Fleetcode-rs" "/workspace/builds/worker-6-tc1/source", kill_on_drop: false }`
[INFO] [stderr] Cloning into '/workspace/builds/worker-6-tc1/source'...
[INFO] [stderr] done.
[INFO] validating manifest of git repo https://github.com/Asarua/leetcode-rs on toolchain nightly-2025-01-18
[INFO] running `Command { std: CARGO_HOME="/workspace/cargo-home" RUSTUP_HOME="/workspace/rustup-home" "/workspace/cargo-home/bin/cargo" "+nightly-2025-01-18" "metadata" "--manifest-path" "Cargo.toml" "--no-deps", kill_on_drop: false }`
[INFO] started tweaking git repo https://github.com/Asarua/leetcode-rs
[INFO] finished tweaking git repo https://github.com/Asarua/leetcode-rs
[INFO] tweaked toml for git repo https://github.com/Asarua/leetcode-rs written to /workspace/builds/worker-6-tc1/source/Cargo.toml
[INFO] crate git repo https://github.com/Asarua/leetcode-rs already has a lockfile, it will not be regenerated
[INFO] running `Command { std: CARGO_HOME="/workspace/cargo-home" RUSTUP_HOME="/workspace/rustup-home" "/workspace/cargo-home/bin/cargo" "+nightly-2025-01-18" "fetch" "--manifest-path" "Cargo.toml", kill_on_drop: false }`
[INFO] running `Command { std: "docker" "create" "-v" "/var/lib/crater-agent-workspace/builds/worker-6-tc1/target:/opt/rustwide/target:rw,Z" "-v" "/var/lib/crater-agent-workspace/builds/worker-6-tc1/source:/opt/rustwide/workdir:ro,Z" "-v" "/var/lib/crater-agent-workspace/cargo-home:/opt/rustwide/cargo-home:ro,Z" "-v" "/var/lib/crater-agent-workspace/rustup-home:/opt/rustwide/rustup-home:ro,Z" "-e" "SOURCE_DIR=/opt/rustwide/workdir" "-e" "CARGO_TARGET_DIR=/opt/rustwide/target" "-e" "CARGO_HOME=/opt/rustwide/cargo-home" "-e" "RUSTUP_HOME=/opt/rustwide/rustup-home" "-w" "/opt/rustwide/workdir" "-m" "1610612736" "--user" "0:0" "--network" "none" "ghcr.io/rust-lang/crates-build-env/linux@sha256:819108c5571ea2e421544af4d832f968d213c87fbe3707a016657f43d2f853bc" "/opt/rustwide/cargo-home/bin/cargo" "+nightly-2025-01-18" "metadata" "--no-deps" "--format-version=1", kill_on_drop: false }`
[INFO] [stdout] 17c7830de4fc0ea2daec43e74440189b1adf98d7c36d897e6a1c55f2e413fe8b
[INFO] running `Command { std: "docker" "start" "-a" "17c7830de4fc0ea2daec43e74440189b1adf98d7c36d897e6a1c55f2e413fe8b", kill_on_drop: false }`
[INFO] running `Command { std: "docker" "inspect" "17c7830de4fc0ea2daec43e74440189b1adf98d7c36d897e6a1c55f2e413fe8b", kill_on_drop: false }`
[INFO] running `Command { std: "docker" "rm" "-f" "17c7830de4fc0ea2daec43e74440189b1adf98d7c36d897e6a1c55f2e413fe8b", kill_on_drop: false }`
[INFO] [stdout] 17c7830de4fc0ea2daec43e74440189b1adf98d7c36d897e6a1c55f2e413fe8b
[INFO] running `Command { std: "docker" "create" "-v" "/var/lib/crater-agent-workspace/builds/worker-6-tc1/target:/opt/rustwide/target:rw,Z" "-v" "/var/lib/crater-agent-workspace/builds/worker-6-tc1/source:/opt/rustwide/workdir:ro,Z" "-v" "/var/lib/crater-agent-workspace/cargo-home:/opt/rustwide/cargo-home:ro,Z" "-v" "/var/lib/crater-agent-workspace/rustup-home:/opt/rustwide/rustup-home:ro,Z" "-e" "SOURCE_DIR=/opt/rustwide/workdir" "-e" "CARGO_TARGET_DIR=/opt/rustwide/target" "-e" "CARGO_INCREMENTAL=0" "-e" "RUST_BACKTRACE=full" "-e" "RUSTFLAGS=--cap-lints=forbid" "-e" "RUSTDOCFLAGS=--cap-lints=forbid" "-e" "CARGO_HOME=/opt/rustwide/cargo-home" "-e" "RUSTUP_HOME=/opt/rustwide/rustup-home" "-w" "/opt/rustwide/workdir" "-m" "1610612736" "--user" "0:0" "--network" "none" "ghcr.io/rust-lang/crates-build-env/linux@sha256:819108c5571ea2e421544af4d832f968d213c87fbe3707a016657f43d2f853bc" "/opt/rustwide/cargo-home/bin/cargo" "+nightly-2025-01-18" "build" "--frozen" "--message-format=json", kill_on_drop: false }`
[INFO] [stdout] ec7431442d291ba01179729174e7b38450d5dff3124418dc894b4fe8480527a7
[INFO] running `Command { std: "docker" "start" "-a" "ec7431442d291ba01179729174e7b38450d5dff3124418dc894b4fe8480527a7", kill_on_drop: false }`
[INFO] [stderr]    Compiling leetcode-rs v0.1.0 (/opt/rustwide/workdir)
[INFO] [stdout] warning: unused variable: `k`
[INFO] [stdout]   --> src/_1701_1800/_1741_1750/maximum_number_of_balls_in_a_box.rs:17:28
[INFO] [stdout]    |
[INFO] [stdout] 17 |     container.iter().map(|(k, v)| *v).max().unwrap_or_default()
[INFO] [stdout]    |                            ^ help: if this is intentional, prefix it with an underscore: `_k`
[INFO] [stdout]    |
[INFO] [stdout]    = note: `#[warn(unused_variables)]` on by default
[INFO] [stdout] 
[INFO] [stdout] 
[INFO] [stdout] warning: unreachable pattern
[INFO] [stdout]   --> src/_1_100/_11_20/roman_to_integer.rs:66:7
[INFO] [stdout]    |
[INFO] [stdout] 66 |       _ => panic!(),
[INFO] [stdout]    |       ^ no value can reach this
[INFO] [stdout]    |
[INFO] [stdout] note: multiple earlier patterns match some of the same values
[INFO] [stdout]   --> src/_1_100/_11_20/roman_to_integer.rs:66:7
[INFO] [stdout]    |
[INFO] [stdout] 53 |       Self::I => 1,
[INFO] [stdout]    |       ------- matches some of the same values
[INFO] [stdout] 54 |       Self::IV => 4,
[INFO] [stdout]    |       -------- matches some of the same values
[INFO] [stdout] 55 |       Self::V => 5,
[INFO] [stdout]    |       ------- matches some of the same values
[INFO] [stdout] 56 |       Self::IX => 9,
[INFO] [stdout]    |       -------- matches some of the same values
[INFO] [stdout] ...
[INFO] [stdout] 66 |       _ => panic!(),
[INFO] [stdout]    |       ^ ...and 9 other patterns collectively make this unreachable
[INFO] [stdout]    = note: `#[warn(unreachable_patterns)]` on by default
[INFO] [stdout] 
[INFO] [stdout] 
[INFO] [stdout] warning: unused variable: `list1`
[INFO] [stdout]   --> src/_1_100/_21_30/merge_two_sorted_lists.rs:17:5
[INFO] [stdout]    |
[INFO] [stdout] 17 |     list1: Option<Box<ListNode>>,
[INFO] [stdout]    |     ^^^^^ help: if this is intentional, prefix it with an underscore: `_list1`
[INFO] [stdout] 
[INFO] [stdout] 
[INFO] [stdout] warning: unused variable: `list2`
[INFO] [stdout]   --> src/_1_100/_21_30/merge_two_sorted_lists.rs:18:5
[INFO] [stdout]    |
[INFO] [stdout] 18 |     list2: Option<Box<ListNode>>,
[INFO] [stdout]    |     ^^^^^ help: if this is intentional, prefix it with an underscore: `_list2`
[INFO] [stdout] 
[INFO] [stdout] 
[INFO] [stdout] warning: struct `Solution` is never constructed
[INFO] [stdout]  --> src/_101_200/_111_120/pascals_triangle.rs:1:8
[INFO] [stdout]   |
[INFO] [stdout] 1 | struct Solution;
[INFO] [stdout]   |        ^^^^^^^^
[INFO] [stdout]   |
[INFO] [stdout]   = note: `#[warn(dead_code)]` on by default
[INFO] [stdout] 
[INFO] [stdout] 
[INFO] [stdout] warning: associated function `generate` is never used
[INFO] [stdout]  --> src/_101_200/_111_120/pascals_triangle.rs:3:10
[INFO] [stdout]   |
[INFO] [stdout] 2 | impl Solution {
[INFO] [stdout]   | ------------- associated function in this implementation
[INFO] [stdout] 3 |   pub fn generate(num_rows: i32) -> Vec<Vec<i32>> {
[INFO] [stdout]   |          ^^^^^^^^
[INFO] [stdout] 
[INFO] [stdout] 
[INFO] [stdout] warning: struct `Solution` is never constructed
[INFO] [stdout]  --> src/_1701_1800/_1741_1750/maximum_number_of_balls_in_a_box.rs:3:8
[INFO] [stdout]   |
[INFO] [stdout] 3 | struct Solution;
[INFO] [stdout]   |        ^^^^^^^^
[INFO] [stdout] 
[INFO] [stdout] 
[INFO] [stdout] warning: associated function `count_balls` is never used
[INFO] [stdout]  --> src/_1701_1800/_1741_1750/maximum_number_of_balls_in_a_box.rs:6:10
[INFO] [stdout]   |
[INFO] [stdout] 5 | impl Solution {
[INFO] [stdout]   | ------------- associated function in this implementation
[INFO] [stdout] 6 |   pub fn count_balls(low_limit: i32, high_limit: i32) -> i32 {
[INFO] [stdout]   |          ^^^^^^^^^^^
[INFO] [stdout] 
[INFO] [stdout] 
[INFO] [stdout] warning: struct `Solution` is never constructed
[INFO] [stdout]  --> src/_1_100/_11_20/longest_common_prefix.rs:1:8
[INFO] [stdout]   |
[INFO] [stdout] 1 | struct Solution;
[INFO] [stdout]   |        ^^^^^^^^
[INFO] [stdout] 
[INFO] [stdout] 
[INFO] [stdout] warning: associated function `longest_common_prefix` is never used
[INFO] [stdout]  --> src/_1_100/_11_20/longest_common_prefix.rs:3:10
[INFO] [stdout]   |
[INFO] [stdout] 2 | impl Solution {
[INFO] [stdout]   | ------------- associated function in this implementation
[INFO] [stdout] 3 |   pub fn longest_common_prefix(strs: Vec<String>) -> String {
[INFO] [stdout]   |          ^^^^^^^^^^^^^^^^^^^^^
[INFO] [stdout] 
[INFO] [stdout] 
[INFO] [stdout] warning: struct `Solution` is never constructed
[INFO] [stdout]  --> src/_1_100/_11_20/roman_to_integer.rs:3:8
[INFO] [stdout]   |
[INFO] [stdout] 3 | struct Solution;
[INFO] [stdout]   |        ^^^^^^^^
[INFO] [stdout] 
[INFO] [stdout] 
[INFO] [stdout] warning: constant `SHOULD_CHECK_AFTER_ROMANS` is never used
[INFO] [stdout]   --> src/_1_100/_11_20/roman_to_integer.rs:22:7
[INFO] [stdout]    |
[INFO] [stdout] 22 | const SHOULD_CHECK_AFTER_ROMANS: [Roman; 3] = [Roman::I, Roman::X, Roman::C];
[INFO] [stdout]    |       ^^^^^^^^^^^^^^^^^^^^^^^^^
[INFO] [stdout] 
[INFO] [stdout] 
[INFO] [stdout] warning: function `should_check_after` is never used
[INFO] [stdout]   --> src/_1_100/_11_20/roman_to_integer.rs:24:4
[INFO] [stdout]    |
[INFO] [stdout] 24 | fn should_check_after(char: &str) -> bool {
[INFO] [stdout]    |    ^^^^^^^^^^^^^^^^^^
[INFO] [stdout] 
[INFO] [stdout] 
[INFO] [stdout] warning: method `to_i32` is never used
[INFO] [stdout]   --> src/_1_100/_11_20/roman_to_integer.rs:51:6
[INFO] [stdout]    |
[INFO] [stdout] 50 | impl Roman {
[INFO] [stdout]    | ---------- method in this implementation
[INFO] [stdout] 51 |   fn to_i32(self) -> i32 {
[INFO] [stdout]    |      ^^^^^^
[INFO] [stdout] 
[INFO] [stdout] 
[INFO] [stdout] warning: associated function `roman_to_int` is never used
[INFO] [stdout]   --> src/_1_100/_11_20/roman_to_integer.rs:72:10
[INFO] [stdout]    |
[INFO] [stdout] 71 | impl Solution {
[INFO] [stdout]    | ------------- associated function in this implementation
[INFO] [stdout] 72 |   pub fn roman_to_int(s: String) -> i32 {
[INFO] [stdout]    |          ^^^^^^^^^^^^
[INFO] [stdout] 
[INFO] [stdout] 
[INFO] [stdout] warning: struct `Solution` is never constructed
[INFO] [stdout]  --> src/_1_100/_1_10/palindrome_number.rs:2:8
[INFO] [stdout]   |
[INFO] [stdout] 2 | struct Solution;
[INFO] [stdout]   |        ^^^^^^^^
[INFO] [stdout] 
[INFO] [stdout] 
[INFO] [stdout] warning: associated function `is_palindrome` is never used
[INFO] [stdout]  --> src/_1_100/_1_10/palindrome_number.rs:5:10
[INFO] [stdout]   |
[INFO] [stdout] 3 | impl Solution {
[INFO] [stdout]   | ------------- associated function in this implementation
[INFO] [stdout] 4 |   /// 思路：将数字变成字符串，拆分后反转合并再转为数字，进行比较
[INFO] [stdout] 5 |   pub fn is_palindrome(x: i32) -> bool {
[INFO] [stdout]   |          ^^^^^^^^^^^^^
[INFO] [stdout] 
[INFO] [stdout] 
[INFO] [stdout] warning: struct `Solution` is never constructed
[INFO] [stdout]  --> src/_1_100/_1_10/two_num_sum.rs:3:8
[INFO] [stdout]   |
[INFO] [stdout] 3 | struct Solution;
[INFO] [stdout]   |        ^^^^^^^^
[INFO] [stdout] 
[INFO] [stdout] 
[INFO] [stdout] warning: associated function `two_sum` is never used
[INFO] [stdout]  --> src/_1_100/_1_10/two_num_sum.rs:5:10
[INFO] [stdout]   |
[INFO] [stdout] 4 | impl Solution {
[INFO] [stdout]   | ------------- associated function in this implementation
[INFO] [stdout] 5 |   pub fn two_sum(nums: Vec<i32>, target: i32) -> Vec<i32> {
[INFO] [stdout]   |          ^^^^^^^
[INFO] [stdout] 
[INFO] [stdout] 
[INFO] [stdout] warning: associated function `new` is never used
[INFO] [stdout]  --> src/_1_100/_21_30/merge_two_sorted_lists.rs:9:6
[INFO] [stdout]   |
[INFO] [stdout] 7 | impl ListNode {
[INFO] [stdout]   | ------------- associated function in this implementation
[INFO] [stdout] 8 |   #[inline]
[INFO] [stdout] 9 |   fn new(val: i32) -> Self {
[INFO] [stdout]   |      ^^^
[INFO] [stdout] 
[INFO] [stdout] 
[INFO] [stdout] warning: struct `Solution` is never constructed
[INFO] [stdout]   --> src/_1_100/_21_30/merge_two_sorted_lists.rs:14:8
[INFO] [stdout]    |
[INFO] [stdout] 14 | struct Solution;
[INFO] [stdout]    |        ^^^^^^^^
[INFO] [stdout] 
[INFO] [stdout] 
[INFO] [stdout] warning: associated function `merge_two_lists` is never used
[INFO] [stdout]   --> src/_1_100/_21_30/merge_two_sorted_lists.rs:16:10
[INFO] [stdout]    |
[INFO] [stdout] 15 | impl Solution {
[INFO] [stdout]    | ------------- associated function in this implementation
[INFO] [stdout] 16 |   pub fn merge_two_lists(
[INFO] [stdout]    |          ^^^^^^^^^^^^^^^
[INFO] [stdout] 
[INFO] [stdout] 
[INFO] [stdout] warning: struct `Solution` is never constructed
[INFO] [stdout]  --> src/_301_400/_321_330/coin_change.rs:1:8
[INFO] [stdout]   |
[INFO] [stdout] 1 | struct Solution;
[INFO] [stdout]   |        ^^^^^^^^
[INFO] [stdout] 
[INFO] [stdout] 
[INFO] [stdout] warning: associated function `coin_change` is never used
[INFO] [stdout]  --> src/_301_400/_321_330/coin_change.rs:3:10
[INFO] [stdout]   |
[INFO] [stdout] 2 | impl Solution {
[INFO] [stdout]   | ------------- associated function in this implementation
[INFO] [stdout] 3 |   pub fn coin_change(coins: Vec<i32>, amount: i32) -> i32 {
[INFO] [stdout]   |          ^^^^^^^^^^^
[INFO] [stdout] 
[INFO] [stdout] 
[INFO] [stdout] warning: function `fib_1` is never used
[INFO] [stdout]  --> src/_501_600/_501_510/fibonacci_number.rs:4:4
[INFO] [stdout]   |
[INFO] [stdout] 4 | fn fib_1(num: i32) -> i32 {
[INFO] [stdout]   |    ^^^^^
[INFO] [stdout] 
[INFO] [stdout] 
[INFO] [stdout] warning: function `fib_2` is never used
[INFO] [stdout]   --> src/_501_600/_501_510/fibonacci_number.rs:13:4
[INFO] [stdout]    |
[INFO] [stdout] 13 | fn fib_2(num: i32) -> i32 {
[INFO] [stdout]    |    ^^^^^
[INFO] [stdout] 
[INFO] [stdout] 
[INFO] [stdout] warning: function `fib_3` is never used
[INFO] [stdout]   --> src/_501_600/_501_510/fibonacci_number.rs:33:4
[INFO] [stdout]    |
[INFO] [stdout] 33 | fn fib_3(num: i32) -> i32 {
[INFO] [stdout]    |    ^^^^^
[INFO] [stdout] 
[INFO] [stdout] 
[INFO] [stdout] warning: function `fib_4` is never used
[INFO] [stdout]   --> src/_501_600/_501_510/fibonacci_number.rs:47:4
[INFO] [stdout]    |
[INFO] [stdout] 47 | fn fib_4(num: i32) -> i32 {
[INFO] [stdout]    |    ^^^^^
[INFO] [stdout] 
[INFO] [stdout] 
[INFO] [stderr]     Finished `dev` profile [unoptimized + debuginfo] target(s) in 0.56s
[INFO] running `Command { std: "docker" "inspect" "ec7431442d291ba01179729174e7b38450d5dff3124418dc894b4fe8480527a7", kill_on_drop: false }`
[INFO] running `Command { std: "docker" "rm" "-f" "ec7431442d291ba01179729174e7b38450d5dff3124418dc894b4fe8480527a7", kill_on_drop: false }`
[INFO] [stdout] ec7431442d291ba01179729174e7b38450d5dff3124418dc894b4fe8480527a7
[INFO] running `Command { std: "docker" "create" "-v" "/var/lib/crater-agent-workspace/builds/worker-6-tc1/target:/opt/rustwide/target:rw,Z" "-v" "/var/lib/crater-agent-workspace/builds/worker-6-tc1/source:/opt/rustwide/workdir:ro,Z" "-v" "/var/lib/crater-agent-workspace/cargo-home:/opt/rustwide/cargo-home:ro,Z" "-v" "/var/lib/crater-agent-workspace/rustup-home:/opt/rustwide/rustup-home:ro,Z" "-e" "SOURCE_DIR=/opt/rustwide/workdir" "-e" "CARGO_TARGET_DIR=/opt/rustwide/target" "-e" "CARGO_INCREMENTAL=0" "-e" "RUST_BACKTRACE=full" "-e" "RUSTFLAGS=--cap-lints=forbid" "-e" "RUSTDOCFLAGS=--cap-lints=forbid" "-e" "CARGO_HOME=/opt/rustwide/cargo-home" "-e" "RUSTUP_HOME=/opt/rustwide/rustup-home" "-w" "/opt/rustwide/workdir" "-m" "1610612736" "--user" "0:0" "--network" "none" "ghcr.io/rust-lang/crates-build-env/linux@sha256:819108c5571ea2e421544af4d832f968d213c87fbe3707a016657f43d2f853bc" "/opt/rustwide/cargo-home/bin/cargo" "+nightly-2025-01-18" "test" "--frozen" "--no-run" "--message-format=json", kill_on_drop: false }`
[INFO] [stdout] 79ab230b4078c804f56bba840ae39b980d85fbca658191ffb4641d3798cd971c
[INFO] running `Command { std: "docker" "start" "-a" "79ab230b4078c804f56bba840ae39b980d85fbca658191ffb4641d3798cd971c", kill_on_drop: false }`
[INFO] [stderr]    Compiling leetcode-rs v0.1.0 (/opt/rustwide/workdir)
[INFO] [stdout] warning: unused variable: `k`
[INFO] [stdout]   --> src/_1701_1800/_1741_1750/maximum_number_of_balls_in_a_box.rs:17:28
[INFO] [stdout]    |
[INFO] [stdout] 17 |     container.iter().map(|(k, v)| *v).max().unwrap_or_default()
[INFO] [stdout]    |                            ^ help: if this is intentional, prefix it with an underscore: `_k`
[INFO] [stdout]    |
[INFO] [stdout]    = note: `#[warn(unused_variables)]` on by default
[INFO] [stdout] 
[INFO] [stdout] 
[INFO] [stdout] warning: unreachable pattern
[INFO] [stdout]   --> src/_1_100/_11_20/roman_to_integer.rs:66:7
[INFO] [stdout]    |
[INFO] [stdout] 66 |       _ => panic!(),
[INFO] [stdout]    |       ^ no value can reach this
[INFO] [stdout]    |
[INFO] [stdout] note: multiple earlier patterns match some of the same values
[INFO] [stdout]   --> src/_1_100/_11_20/roman_to_integer.rs:66:7
[INFO] [stdout]    |
[INFO] [stdout] 53 |       Self::I => 1,
[INFO] [stdout]    |       ------- matches some of the same values
[INFO] [stdout] 54 |       Self::IV => 4,
[INFO] [stdout]    |       -------- matches some of the same values
[INFO] [stdout] 55 |       Self::V => 5,
[INFO] [stdout]    |       ------- matches some of the same values
[INFO] [stdout] 56 |       Self::IX => 9,
[INFO] [stdout]    |       -------- matches some of the same values
[INFO] [stdout] ...
[INFO] [stdout] 66 |       _ => panic!(),
[INFO] [stdout]    |       ^ ...and 9 other patterns collectively make this unreachable
[INFO] [stdout]    = note: `#[warn(unreachable_patterns)]` on by default
[INFO] [stdout] 
[INFO] [stdout] 
[INFO] [stdout] warning: unused variable: `list1`
[INFO] [stdout]   --> src/_1_100/_21_30/merge_two_sorted_lists.rs:17:5
[INFO] [stdout]    |
[INFO] [stdout] 17 |     list1: Option<Box<ListNode>>,
[INFO] [stdout]    |     ^^^^^ help: if this is intentional, prefix it with an underscore: `_list1`
[INFO] [stdout] 
[INFO] [stdout] 
[INFO] [stdout] warning: unused variable: `list2`
[INFO] [stdout]   --> src/_1_100/_21_30/merge_two_sorted_lists.rs:18:5
[INFO] [stdout]    |
[INFO] [stdout] 18 |     list2: Option<Box<ListNode>>,
[INFO] [stdout]    |     ^^^^^ help: if this is intentional, prefix it with an underscore: `_list2`
[INFO] [stdout] 
[INFO] [stdout] 
[INFO] [stdout] warning: associated function `new` is never used
[INFO] [stdout]  --> src/_1_100/_21_30/merge_two_sorted_lists.rs:9:6
[INFO] [stdout]   |
[INFO] [stdout] 7 | impl ListNode {
[INFO] [stdout]   | ------------- associated function in this implementation
[INFO] [stdout] 8 |   #[inline]
[INFO] [stdout] 9 |   fn new(val: i32) -> Self {
[INFO] [stdout]   |      ^^^
[INFO] [stdout]   |
[INFO] [stdout]   = note: `#[warn(dead_code)]` on by default
[INFO] [stdout] 
[INFO] [stdout] 
[INFO] [stdout] warning: struct `Solution` is never constructed
[INFO] [stdout]   --> src/_1_100/_21_30/merge_two_sorted_lists.rs:14:8
[INFO] [stdout]    |
[INFO] [stdout] 14 | struct Solution;
[INFO] [stdout]    |        ^^^^^^^^
[INFO] [stdout] 
[INFO] [stdout] 
[INFO] [stdout] warning: associated function `merge_two_lists` is never used
[INFO] [stdout]   --> src/_1_100/_21_30/merge_two_sorted_lists.rs:16:10
[INFO] [stdout]    |
[INFO] [stdout] 15 | impl Solution {
[INFO] [stdout]    | ------------- associated function in this implementation
[INFO] [stdout] 16 |   pub fn merge_two_lists(
[INFO] [stdout]    |          ^^^^^^^^^^^^^^^
[INFO] [stdout] 
[INFO] [stdout] 
[INFO] [stdout] warning: constant `tests` should have an upper case name
[INFO] [stdout]   --> src/_1701_1800/_1741_1750/maximum_number_of_balls_in_a_box.rs:25:9
[INFO] [stdout]    |
[INFO] [stdout] 25 |   const tests: [(i32, i32, i32); 3] = [(1, 10, 2), (5, 15, 2), (19, 28, 2)];
[INFO] [stdout]    |         ^^^^^ help: convert the identifier to upper case: `TESTS`
[INFO] [stdout]    |
[INFO] [stdout]    = note: `#[warn(non_upper_case_globals)]` on by default
[INFO] [stdout] 
[INFO] [stdout] 
[INFO] [stdout] warning: constant `tests` should have an upper case name
[INFO] [stdout]   --> src/_1_100/_11_20/longest_common_prefix.rs:28:9
[INFO] [stdout]    |
[INFO] [stdout] 28 |   const tests: [([&str; 3], &'static str); 2] = [
[INFO] [stdout]    |         ^^^^^ help: convert the identifier to upper case: `TESTS`
[INFO] [stdout] 
[INFO] [stdout] 
[INFO] [stdout] warning: constant `tests` should have an upper case name
[INFO] [stdout]    --> src/_1_100/_11_20/roman_to_integer.rs:109:9
[INFO] [stdout]     |
[INFO] [stdout] 109 |   const tests: [(&str, i32); 3] = [("III", 3), ("LVIII", 58), ("MCMXCIV", 1994)];
[INFO] [stdout]     |         ^^^^^ help: convert the identifier to upper case: `TESTS`
[INFO] [stdout] 
[INFO] [stdout] 
[INFO] [stdout] warning: constant `tests` should have an upper case name
[INFO] [stdout]   --> src/_1_100/_1_10/palindrome_number.rs:23:9
[INFO] [stdout]    |
[INFO] [stdout] 23 |   const tests: [(i32, bool); 3] = [(121, true), (-121, false), (10, false)];
[INFO] [stdout]    |         ^^^^^ help: convert the identifier to upper case: `TESTS`
[INFO] [stdout] 
[INFO] [stdout] 
[INFO] [stderr]     Finished `test` profile [unoptimized + debuginfo] target(s) in 0.98s
[INFO] running `Command { std: "docker" "inspect" "79ab230b4078c804f56bba840ae39b980d85fbca658191ffb4641d3798cd971c", kill_on_drop: false }`
[INFO] running `Command { std: "docker" "rm" "-f" "79ab230b4078c804f56bba840ae39b980d85fbca658191ffb4641d3798cd971c", kill_on_drop: false }`
[INFO] [stdout] 79ab230b4078c804f56bba840ae39b980d85fbca658191ffb4641d3798cd971c
[INFO] running `Command { std: "docker" "create" "-v" "/var/lib/crater-agent-workspace/builds/worker-6-tc1/target:/opt/rustwide/target:rw,Z" "-v" "/var/lib/crater-agent-workspace/builds/worker-6-tc1/source:/opt/rustwide/workdir:ro,Z" "-v" "/var/lib/crater-agent-workspace/cargo-home:/opt/rustwide/cargo-home:ro,Z" "-v" "/var/lib/crater-agent-workspace/rustup-home:/opt/rustwide/rustup-home:ro,Z" "-e" "SOURCE_DIR=/opt/rustwide/workdir" "-e" "CARGO_TARGET_DIR=/opt/rustwide/target" "-e" "CARGO_INCREMENTAL=0" "-e" "RUST_BACKTRACE=full" "-e" "RUSTFLAGS=--cap-lints=forbid" "-e" "RUSTDOCFLAGS=--cap-lints=forbid" "-e" "CARGO_HOME=/opt/rustwide/cargo-home" "-e" "RUSTUP_HOME=/opt/rustwide/rustup-home" "-w" "/opt/rustwide/workdir" "-m" "1610612736" "--user" "0:0" "--network" "none" "ghcr.io/rust-lang/crates-build-env/linux@sha256:819108c5571ea2e421544af4d832f968d213c87fbe3707a016657f43d2f853bc" "/opt/rustwide/cargo-home/bin/cargo" "+nightly-2025-01-18" "test" "--frozen", kill_on_drop: false }`
[INFO] [stdout] 7661828e6f1843634f6a511538d57dfbd8ffa0d04e06a860d2cd4ae49bf2b13f
[INFO] running `Command { std: "docker" "start" "-a" "7661828e6f1843634f6a511538d57dfbd8ffa0d04e06a860d2cd4ae49bf2b13f", kill_on_drop: false }`
[INFO] [stderr] warning: unused variable: `k`
[INFO] [stderr]   --> src/_1701_1800/_1741_1750/maximum_number_of_balls_in_a_box.rs:17:28
[INFO] [stderr]    |
[INFO] [stderr] 17 |     container.iter().map(|(k, v)| *v).max().unwrap_or_default()
[INFO] [stderr]    |                            ^ help: if this is intentional, prefix it with an underscore: `_k`
[INFO] [stderr]    |
[INFO] [stderr]    = note: `#[warn(unused_variables)]` on by default
[INFO] [stderr] 
[INFO] [stderr] warning: unreachable pattern
[INFO] [stderr]   --> src/_1_100/_11_20/roman_to_integer.rs:66:7
[INFO] [stderr]    |
[INFO] [stderr] 66 |       _ => panic!(),
[INFO] [stderr]    |       ^ no value can reach this
[INFO] [stderr]    |
[INFO] [stderr] note: multiple earlier patterns match some of the same values
[INFO] [stderr]   --> src/_1_100/_11_20/roman_to_integer.rs:66:7
[INFO] [stderr]    |
[INFO] [stderr] 53 |       Self::I => 1,
[INFO] [stderr]    |       ------- matches some of the same values
[INFO] [stderr] 54 |       Self::IV => 4,
[INFO] [stderr]    |       -------- matches some of the same values
[INFO] [stderr] 55 |       Self::V => 5,
[INFO] [stderr]    |       ------- matches some of the same values
[INFO] [stderr] 56 |       Self::IX => 9,
[INFO] [stderr]    |       -------- matches some of the same values
[INFO] [stderr] ...
[INFO] [stderr] 66 |       _ => panic!(),
[INFO] [stderr]    |       ^ ...and 9 other patterns collectively make this unreachable
[INFO] [stderr]    = note: `#[warn(unreachable_patterns)]` on by default
[INFO] [stderr] 
[INFO] [stderr] warning: unused variable: `list1`
[INFO] [stderr]   --> src/_1_100/_21_30/merge_two_sorted_lists.rs:17:5
[INFO] [stderr]    |
[INFO] [stderr] 17 |     list1: Option<Box<ListNode>>,
[INFO] [stderr]    |     ^^^^^ help: if this is intentional, prefix it with an underscore: `_list1`
[INFO] [stderr] 
[INFO] [stderr] warning: unused variable: `list2`
[INFO] [stderr]   --> src/_1_100/_21_30/merge_two_sorted_lists.rs:18:5
[INFO] [stderr]    |
[INFO] [stderr] 18 |     list2: Option<Box<ListNode>>,
[INFO] [stderr]    |     ^^^^^ help: if this is intentional, prefix it with an underscore: `_list2`
[INFO] [stderr] 
[INFO] [stderr] warning: associated function `new` is never used
[INFO] [stderr]  --> src/_1_100/_21_30/merge_two_sorted_lists.rs:9:6
[INFO] [stderr]   |
[INFO] [stderr] 7 | impl ListNode {
[INFO] [stderr]   | ------------- associated function in this implementation
[INFO] [stderr] 8 |   #[inline]
[INFO] [stderr] 9 |   fn new(val: i32) -> Self {
[INFO] [stderr]   |      ^^^
[INFO] [stderr]   |
[INFO] [stderr]   = note: `#[warn(dead_code)]` on by default
[INFO] [stderr] 
[INFO] [stderr] warning: struct `Solution` is never constructed
[INFO] [stderr]   --> src/_1_100/_21_30/merge_two_sorted_lists.rs:14:8
[INFO] [stderr]    |
[INFO] [stderr] 14 | struct Solution;
[INFO] [stderr]    |        ^^^^^^^^
[INFO] [stderr] 
[INFO] [stderr] warning: associated function `merge_two_lists` is never used
[INFO] [stderr]   --> src/_1_100/_21_30/merge_two_sorted_lists.rs:16:10
[INFO] [stderr]    |
[INFO] [stderr] 15 | impl Solution {
[INFO] [stderr]    | ------------- associated function in this implementation
[INFO] [stderr] 16 |   pub fn merge_two_lists(
[INFO] [stderr]    |          ^^^^^^^^^^^^^^^
[INFO] [stderr] 
[INFO] [stderr] warning: constant `tests` should have an upper case name
[INFO] [stderr]   --> src/_1701_1800/_1741_1750/maximum_number_of_balls_in_a_box.rs:25:9
[INFO] [stderr]    |
[INFO] [stderr] 25 |   const tests: [(i32, i32, i32); 3] = [(1, 10, 2), (5, 15, 2), (19, 28, 2)];
[INFO] [stderr]    |         ^^^^^ help: convert the identifier to upper case: `TESTS`
[INFO] [stderr]    |
[INFO] [stderr]    = note: `#[warn(non_upper_case_globals)]` on by default
[INFO] [stderr] 
[INFO] [stderr] warning: constant `tests` should have an upper case name
[INFO] [stderr]   --> src/_1_100/_11_20/longest_common_prefix.rs:28:9
[INFO] [stderr]    |
[INFO] [stderr] 28 |   const tests: [([&str; 3], &'static str); 2] = [
[INFO] [stderr]    |         ^^^^^ help: convert the identifier to upper case: `TESTS`
[INFO] [stderr] 
[INFO] [stderr] warning: constant `tests` should have an upper case name
[INFO] [stderr]    --> src/_1_100/_11_20/roman_to_integer.rs:109:9
[INFO] [stderr]     |
[INFO] [stderr] 109 |   const tests: [(&str, i32); 3] = [("III", 3), ("LVIII", 58), ("MCMXCIV", 1994)];
[INFO] [stderr]     |         ^^^^^ help: convert the identifier to upper case: `TESTS`
[INFO] [stderr] 
[INFO] [stderr] warning: constant `tests` should have an upper case name
[INFO] [stderr]   --> src/_1_100/_1_10/palindrome_number.rs:23:9
[INFO] [stderr]    |
[INFO] [stderr] 23 |   const tests: [(i32, bool); 3] = [(121, true), (-121, false), (10, false)];
[INFO] [stderr]    |         ^^^^^ help: convert the identifier to upper case: `TESTS`
[INFO] [stderr] 
[INFO] [stderr] warning: `leetcode-rs` (bin "leetcode-rs" test) generated 11 warnings
[INFO] [stderr]     Finished `test` profile [unoptimized + debuginfo] target(s) in 0.02s
[INFO] [stderr]      Running unittests src/main.rs (/opt/rustwide/target/debug/deps/leetcode_rs-2f7f22b958054730)
[INFO] [stdout] 
[INFO] [stdout] running 11 tests
[INFO] [stdout] test _301_400::_321_330::coin_change::test::test ... ok
[INFO] [stdout] test _1_100::_11_20::longest_common_prefix::test::test ... ok
[INFO] [stdout] test _1_100::_1_10::two_num_sum::test::test ... ok
[INFO] [stdout] test _1_100::_11_20::roman_to_integer::test::test ... ok
[INFO] [stdout] test _1701_1800::_1741_1750::maximum_number_of_balls_in_a_box::test::test ... ok
[INFO] [stdout] test _501_600::_501_510::fibonacci_number::test::test_fib_2 ... ok
[INFO] [stdout] test _501_600::_501_510::fibonacci_number::test::test_fib_3 ... ok
[INFO] [stdout] test _501_600::_501_510::fibonacci_number::test::test_fib_4 ... ok
[INFO] [stdout] test _1_100::_1_10::palindrome_number::test::test ... ok
[INFO] [stdout] test _101_200::_111_120::pascals_triangle::test::test ... FAILED
[INFO] [stdout] test _501_600::_501_510::fibonacci_number::test::test_fib_1 ... ok
[INFO] [stdout] 
[INFO] [stdout] failures:
[INFO] [stderr] error: test failed, to rerun pass `--bin leetcode-rs`
[INFO] [stdout] 
[INFO] [stdout] ---- _101_200::_111_120::pascals_triangle::test::test stdout ----
[INFO] [stdout] 
[INFO] [stdout] thread '_101_200::_111_120::pascals_triangle::test::test' panicked at src/_101_200/_111_120/pascals_triangle.rs:14:56:
[INFO] [stdout] attempt to subtract with overflow
[INFO] [stdout] stack backtrace:
[INFO] [stdout]    0:     0x63eaf271d0ba - std::backtrace_rs::backtrace::libunwind::trace::hb059275cfc8d6126
[INFO] [stdout]                                at /rustc/6067b36314ab5eb2eb47cecc464545ba58e1ad24/library/std/src/../../backtrace/src/backtrace/libunwind.rs:116:5
[INFO] [stdout]    1:     0x63eaf271d0ba - std::backtrace_rs::backtrace::trace_unsynchronized::h2da071e4327ce3ee
[INFO] [stdout]                                at /rustc/6067b36314ab5eb2eb47cecc464545ba58e1ad24/library/std/src/../../backtrace/src/backtrace/mod.rs:66:5
[INFO] [stdout]    2:     0x63eaf271d0ba - std::sys::backtrace::_print_fmt::h842a1474e6f8d23f
[INFO] [stdout]                                at /rustc/6067b36314ab5eb2eb47cecc464545ba58e1ad24/library/std/src/sys/backtrace.rs:66:9
[INFO] [stdout]    3:     0x63eaf271d0ba - <std::sys::backtrace::BacktraceLock::print::DisplayBacktrace as core::fmt::Display>::fmt::h71a62eb3b9696b12
[INFO] [stdout]                                at /rustc/6067b36314ab5eb2eb47cecc464545ba58e1ad24/library/std/src/sys/backtrace.rs:39:26
[INFO] [stdout]    4:     0x63eaf2744813 - core::fmt::rt::Argument::fmt::hdb6b616786b41dc1
[INFO] [stdout]                                at /rustc/6067b36314ab5eb2eb47cecc464545ba58e1ad24/library/core/src/fmt/rt.rs:177:76
[INFO] [stdout]    5:     0x63eaf2744813 - core::fmt::write::h2cc1698af7e2d686
[INFO] [stdout]                                at /rustc/6067b36314ab5eb2eb47cecc464545ba58e1ad24/library/core/src/fmt/mod.rs:1440:21
[INFO] [stdout]    6:     0x63eaf2719c13 - std::io::Write::write_fmt::hab1b4cd059a79022
[INFO] [stdout]                                at /rustc/6067b36314ab5eb2eb47cecc464545ba58e1ad24/library/std/src/io/mod.rs:1887:15
[INFO] [stdout]    7:     0x63eaf271cf02 - std::sys::backtrace::BacktraceLock::print::h147fe35b4ea13b08
[INFO] [stdout]                                at /rustc/6067b36314ab5eb2eb47cecc464545ba58e1ad24/library/std/src/sys/backtrace.rs:42:9
[INFO] [stdout]    8:     0x63eaf271e4df - std::panicking::default_hook::{{closure}}::hbd44223dbdc0d208
[INFO] [stdout]                                at /rustc/6067b36314ab5eb2eb47cecc464545ba58e1ad24/library/std/src/panicking.rs:298:22
[INFO] [stdout]    9:     0x63eaf271e2f8 - std::panicking::default_hook::h20f81eb0576efcec
[INFO] [stdout]                                at /rustc/6067b36314ab5eb2eb47cecc464545ba58e1ad24/library/std/src/panicking.rs:322:9
[INFO] [stdout]   10:     0x63eaf26e7113 - <alloc::boxed::Box<F,A> as core::ops::function::Fn<Args>>::call::hdb53814c496a4d34
[INFO] [stdout]                                at /rustc/6067b36314ab5eb2eb47cecc464545ba58e1ad24/library/alloc/src/boxed.rs:2027:9
[INFO] [stdout]   11:     0x63eaf26e7113 - test::test_main::{{closure}}::hc0a4963c59427c24
[INFO] [stdout]                                at /rustc/6067b36314ab5eb2eb47cecc464545ba58e1ad24/library/test/src/lib.rs:134:21
[INFO] [stdout]   12:     0x63eaf271efd3 - <alloc::boxed::Box<F,A> as core::ops::function::Fn<Args>>::call::h591b2225413a77e9
[INFO] [stdout]                                at /rustc/6067b36314ab5eb2eb47cecc464545ba58e1ad24/library/alloc/src/boxed.rs:2027:9
[INFO] [stdout]   13:     0x63eaf271efd3 - std::panicking::rust_panic_with_hook::h625eea43051b2edc
[INFO] [stdout]                                at /rustc/6067b36314ab5eb2eb47cecc464545ba58e1ad24/library/std/src/panicking.rs:839:13
[INFO] [stdout]   14:     0x63eaf271ec56 - std::panicking::begin_panic_handler::{{closure}}::h4f9159cfbc3f6bd3
[INFO] [stdout]                                at /rustc/6067b36314ab5eb2eb47cecc464545ba58e1ad24/library/std/src/panicking.rs:697:13
[INFO] [stdout]   15:     0x63eaf271d5b9 - std::sys::backtrace::__rust_end_short_backtrace::h0390abce48353151
[INFO] [stdout]                                at /rustc/6067b36314ab5eb2eb47cecc464545ba58e1ad24/library/std/src/sys/backtrace.rs:168:18
[INFO] [stdout]   16:     0x63eaf271e91d - rust_begin_unwind
[INFO] [stdout]                                at /rustc/6067b36314ab5eb2eb47cecc464545ba58e1ad24/library/std/src/panicking.rs:695:5
[INFO] [stdout]   17:     0x63eaf2743220 - core::panicking::panic_fmt::h9e7c637e9e5f29c9
[INFO] [stdout]                                at /rustc/6067b36314ab5eb2eb47cecc464545ba58e1ad24/library/core/src/panicking.rs:75:14
[INFO] [stdout]   18:     0x63eaf2749567 - core::panicking::panic_const::panic_const_sub_overflow::hc936e676af9fcd5b
[INFO] [stdout]                                at /rustc/6067b36314ab5eb2eb47cecc464545ba58e1ad24/library/core/src/panicking.rs:178:21
[INFO] [stdout]   19:     0x63eaf26a6f29 - leetcode_rs::_101_200::_111_120::pascals_triangle::Solution::generate::he8d73bfb390e9172
[INFO] [stdout]                                at /opt/rustwide/workdir/src/_101_200/_111_120/pascals_triangle.rs:14:56
[INFO] [stdout]   20:     0x63eaf26a8b3f - leetcode_rs::_101_200::_111_120::pascals_triangle::test::test::hb8b88d4946346582
[INFO] [stdout]                                at /opt/rustwide/workdir/src/_101_200/_111_120/pascals_triangle.rs:40:9
[INFO] [stdout]   21:     0x63eaf26a8a27 - leetcode_rs::_101_200::_111_120::pascals_triangle::test::test::{{closure}}::h5c9b18ceb2b240fa
[INFO] [stdout]                                at /opt/rustwide/workdir/src/_101_200/_111_120/pascals_triangle.rs:37:12
[INFO] [stdout]   22:     0x63eaf26a0056 - core::ops::function::FnOnce::call_once::h75fc3ab9e679fc54
[INFO] [stdout]                                at /rustc/6067b36314ab5eb2eb47cecc464545ba58e1ad24/library/core/src/ops/function.rs:250:5
[INFO] [stdout]   23:     0x63eaf26ec86b - core::ops::function::FnOnce::call_once::he27718dfdd183f43
[INFO] [stdout]                                at /rustc/6067b36314ab5eb2eb47cecc464545ba58e1ad24/library/core/src/ops/function.rs:250:5
[INFO] [stdout]   24:     0x63eaf26ec86b - test::__rust_begin_short_backtrace::h4e84902998457a5d
[INFO] [stdout]                                at /rustc/6067b36314ab5eb2eb47cecc464545ba58e1ad24/library/test/src/lib.rs:632:18
[INFO] [stdout]   25:     0x63eaf26eb7a3 - test::run_test_in_process::{{closure}}::h7176fd18fc1feca0
[INFO] [stdout]                                at /rustc/6067b36314ab5eb2eb47cecc464545ba58e1ad24/library/test/src/lib.rs:655:60
[INFO] [stdout]   26:     0x63eaf26eb7a3 - <core::panic::unwind_safe::AssertUnwindSafe<F> as core::ops::function::FnOnce<()>>::call_once::hf79cff2a624d8cf7
[INFO] [stdout]                                at /rustc/6067b36314ab5eb2eb47cecc464545ba58e1ad24/library/core/src/panic/unwind_safe.rs:272:9
[INFO] [stdout]   27:     0x63eaf26eb7a3 - std::panicking::try::do_call::h3da0561d9ab99c25
[INFO] [stdout]                                at /rustc/6067b36314ab5eb2eb47cecc464545ba58e1ad24/library/std/src/panicking.rs:587:40
[INFO] [stdout]   28:     0x63eaf26eb7a3 - std::panicking::try::h41c9fa508bc61df6
[INFO] [stdout]                                at /rustc/6067b36314ab5eb2eb47cecc464545ba58e1ad24/library/std/src/panicking.rs:550:19
[INFO] [stdout]   29:     0x63eaf26eb7a3 - std::panic::catch_unwind::h6b3ff07bb5afad93
[INFO] [stdout]                                at /rustc/6067b36314ab5eb2eb47cecc464545ba58e1ad24/library/std/src/panic.rs:358:14
[INFO] [stdout]   30:     0x63eaf26eb7a3 - test::run_test_in_process::hc7253dd11b39b9f4
[INFO] [stdout]                                at /rustc/6067b36314ab5eb2eb47cecc464545ba58e1ad24/library/test/src/lib.rs:655:27
[INFO] [stdout]   31:     0x63eaf26eb7a3 - test::run_test::{{closure}}::hfb2007f8649c30bb
[INFO] [stdout]                                at /rustc/6067b36314ab5eb2eb47cecc464545ba58e1ad24/library/test/src/lib.rs:576:43
[INFO] [stdout]   32:     0x63eaf26ae885 - test::run_test::{{closure}}::h56a17aa7a282a9f4
[INFO] [stdout]                                at /rustc/6067b36314ab5eb2eb47cecc464545ba58e1ad24/library/test/src/lib.rs:606:41
[INFO] [stdout]   33:     0x63eaf26ae885 - std::sys::backtrace::__rust_begin_short_backtrace::hd2d2d2fb8e8c6aac
[INFO] [stdout]                                at /rustc/6067b36314ab5eb2eb47cecc464545ba58e1ad24/library/std/src/sys/backtrace.rs:152:18
[INFO] [stdout]   34:     0x63eaf26b216a - std::thread::Builder::spawn_unchecked_::{{closure}}::{{closure}}::h4faa3f9db6133423
[INFO] [stdout]                                at /rustc/6067b36314ab5eb2eb47cecc464545ba58e1ad24/library/std/src/thread/mod.rs:559:17
[INFO] [stdout]   35:     0x63eaf26b216a - <core::panic::unwind_safe::AssertUnwindSafe<F> as core::ops::function::FnOnce<()>>::call_once::hf2e855a36a4ea846
[INFO] [stdout]                                at /rustc/6067b36314ab5eb2eb47cecc464545ba58e1ad24/library/core/src/panic/unwind_safe.rs:272:9
[INFO] [stdout]   36:     0x63eaf26b216a - std::panicking::try::do_call::h2f73af3616c35465
[INFO] [stdout]                                at /rustc/6067b36314ab5eb2eb47cecc464545ba58e1ad24/library/std/src/panicking.rs:587:40
[INFO] [stdout]   37:     0x63eaf26b216a - std::panicking::try::hd1660ce9efadef5a
[INFO] [stdout]                                at /rustc/6067b36314ab5eb2eb47cecc464545ba58e1ad24/library/std/src/panicking.rs:550:19
[INFO] [stdout]   38:     0x63eaf26b216a - std::panic::catch_unwind::h5ee8d7823b8ca744
[INFO] [stdout]                                at /rustc/6067b36314ab5eb2eb47cecc464545ba58e1ad24/library/std/src/panic.rs:358:14
[INFO] [stdout]   39:     0x63eaf26b216a - std::thread::Builder::spawn_unchecked_::{{closure}}::h53c3a1894dce8407
[INFO] [stdout]                                at /rustc/6067b36314ab5eb2eb47cecc464545ba58e1ad24/library/std/src/thread/mod.rs:557:30
[INFO] [stdout]   40:     0x63eaf26b216a - core::ops::function::FnOnce::call_once{{vtable.shim}}::h048ce291ad4f62bf
[INFO] [stdout]                                at /rustc/6067b36314ab5eb2eb47cecc464545ba58e1ad24/library/core/src/ops/function.rs:250:5
[INFO] [stdout]   41:     0x63eaf2722f0b - <alloc::boxed::Box<F,A> as core::ops::function::FnOnce<Args>>::call_once::ha52bedf99a3b4981
[INFO] [stdout]                                at /rustc/6067b36314ab5eb2eb47cecc464545ba58e1ad24/library/alloc/src/boxed.rs:2013:9
[INFO] [stdout]   42:     0x63eaf2722f0b - <alloc::boxed::Box<F,A> as core::ops::function::FnOnce<Args>>::call_once::h567748934d80ccf8
[INFO] [stdout]                                at /rustc/6067b36314ab5eb2eb47cecc464545ba58e1ad24/library/alloc/src/boxed.rs:2013:9
[INFO] [stdout]   43:     0x63eaf2722f0b - std::sys::pal::unix::thread::Thread::new::thread_start::h2d970728ae887adc
[INFO] [stdout]                                at /rustc/6067b36314ab5eb2eb47cecc464545ba58e1ad24/library/std/src/sys/pal/unix/thread.rs:106:17
[INFO] [stdout]   44:     0x7344f58d1ac3 - <unknown>
[INFO] [stdout]   45:     0x7344f5962a04 - clone
[INFO] [stdout]   46:                0x0 - <unknown>
[INFO] [stdout] 
[INFO] [stdout] 
[INFO] [stdout] failures:
[INFO] [stdout]     _101_200::_111_120::pascals_triangle::test::test
[INFO] [stdout] 
[INFO] [stdout] test result: FAILED. 10 passed; 1 failed; 0 ignored; 0 measured; 0 filtered out; finished in 1.17s
[INFO] [stdout] 
[INFO] running `Command { std: "docker" "inspect" "7661828e6f1843634f6a511538d57dfbd8ffa0d04e06a860d2cd4ae49bf2b13f", kill_on_drop: false }`
[INFO] running `Command { std: "docker" "rm" "-f" "7661828e6f1843634f6a511538d57dfbd8ffa0d04e06a860d2cd4ae49bf2b13f", kill_on_drop: false }`
[INFO] [stdout] 7661828e6f1843634f6a511538d57dfbd8ffa0d04e06a860d2cd4ae49bf2b13f
