[INFO] cloning repository https://github.com/Artisan-Hosting/Artisan_Platform
[INFO] running `Command { std: "git" "-c" "credential.helper=" "-c" "credential.helper=/workspace/cargo-home/bin/git-credential-null" "clone" "--bare" "https://github.com/Artisan-Hosting/Artisan_Platform" "/workspace/cache/git-repos/https%3A%2F%2Fgithub.com%2FArtisan-Hosting%2FArtisan_Platform", kill_on_drop: false }`
[INFO] [stderr] Cloning into bare repository '/workspace/cache/git-repos/https%3A%2F%2Fgithub.com%2FArtisan-Hosting%2FArtisan_Platform'...
[INFO] running `Command { std: "git" "rev-parse" "HEAD", kill_on_drop: false }`
[INFO] [stdout] b66599825448c4e1ea40a260d0e5034ef95611e4
[INFO] testing Artisan-Hosting/Artisan_Platform against nightly-2025-01-18 for randomize-layout-2
[INFO] running `Command { std: "git" "clone" "/workspace/cache/git-repos/https%3A%2F%2Fgithub.com%2FArtisan-Hosting%2FArtisan_Platform" "/workspace/builds/worker-2-tc1/source", kill_on_drop: false }`
[INFO] [stderr] Cloning into '/workspace/builds/worker-2-tc1/source'...
[INFO] [stderr] done.
[INFO] validating manifest of git repo https://github.com/Artisan-Hosting/Artisan_Platform on toolchain nightly-2025-01-18
[INFO] running `Command { std: CARGO_HOME="/workspace/cargo-home" RUSTUP_HOME="/workspace/rustup-home" "/workspace/cargo-home/bin/cargo" "+nightly-2025-01-18" "metadata" "--manifest-path" "Cargo.toml" "--no-deps", kill_on_drop: false }`
[INFO] started tweaking git repo https://github.com/Artisan-Hosting/Artisan_Platform
[INFO] finished tweaking git repo https://github.com/Artisan-Hosting/Artisan_Platform
[INFO] tweaked toml for git repo https://github.com/Artisan-Hosting/Artisan_Platform written to /workspace/builds/worker-2-tc1/source/Cargo.toml
[INFO] crate git repo https://github.com/Artisan-Hosting/Artisan_Platform already has a lockfile, it will not be regenerated
[INFO] running `Command { std: CARGO_HOME="/workspace/cargo-home" RUSTUP_HOME="/workspace/rustup-home" "/workspace/cargo-home/bin/cargo" "+nightly-2025-01-18" "fetch" "--manifest-path" "Cargo.toml", kill_on_drop: false }`
[INFO] [stderr]     Blocking waiting for file lock on package cache
[INFO] [stderr]     Updating crates.io index
[INFO] [stderr]  Downloading crates ...
[INFO] [stderr]   Downloaded tokio-uds v0.2.7
[INFO] [stderr]   Downloaded redox_termios v0.1.3
[INFO] [stderr]   Downloaded crossterm v0.20.0
[INFO] [stderr]   Downloaded hostname v0.4.0
[INFO] [stderr]   Downloaded random-string v1.1.0
[INFO] [stderr]   Downloaded anstyle-query v1.1.0
[INFO] [stderr]   Downloaded email_address v0.2.7
[INFO] [stderr]   Downloaded clap_lex v0.7.1
[INFO] [stderr]   Downloaded terminal_size v0.3.0
[INFO] [stderr]   Downloaded clap_complete v4.5.9
[INFO] [stderr]   Downloaded clap v4.5.10
[INFO] [stderr]   Downloaded dusa_collection_utils v2.6.3
[INFO] [stderr]   Downloaded sysinfo v0.30.13
[INFO] [stderr]   Downloaded crossterm v0.24.0
[INFO] [stderr]   Downloaded clap_builder v4.5.10
[INFO] [stderr]   Downloaded futures v0.1.31
[INFO] [stderr]   Downloaded sysinfo v0.28.4
[INFO] [stderr]   Downloaded git2 v0.18.3
[INFO] [stderr]   Downloaded tokio-sync v0.1.8
[INFO] [stderr]   Downloaded lettre v0.11.7
[INFO] [stderr]   Downloaded recs_lib v2.5.2
[INFO] [stderr]   Downloaded tokio-codec v0.1.2
[INFO] [stderr]   Downloaded libssh2-sys v0.3.0
[INFO] [stderr]   Downloaded rpassword v0.0.4
[INFO] [stderr]   Downloaded block-modes v0.8.1
[INFO] [stderr]   Downloaded tar v0.4.41
[INFO] [stderr]   Downloaded parking_lot_core v0.6.3
[INFO] [stderr]   Downloaded tokio-io v0.1.13
[INFO] [stderr]   Downloaded dusa v1.2.2
[INFO] [stderr]   Downloaded email-encoding v0.3.0
[INFO] [stderr]   Downloaded quoted_printable v0.5.1
[INFO] [stderr]   Downloaded pnet_sys v0.30.0
[INFO] [stderr]   Downloaded substring v1.4.5
[INFO] [stderr]   Downloaded cfg_rust_features v0.1.2
[INFO] [stderr]   Downloaded systemctl v0.3.1
[INFO] [stderr]   Downloaded tokio-executor v0.1.10
[INFO] [stderr]   Downloaded lsb_release v0.1.0
[INFO] [stderr]   Downloaded pnet_transport v0.30.0
[INFO] [stderr]   Downloaded cc v1.1.6
[INFO] [stderr]   Downloaded mio-uds v0.6.8
[INFO] [stderr]   Downloaded tokio-reactor v0.1.12
[INFO] [stderr]   Downloaded roff v0.2.1
[INFO] [stderr]   Downloaded clap_mangen v0.2.22
[INFO] [stderr]   Downloaded pnet_datalink v0.30.0
[INFO] [stderr]   Downloaded pnet_base v0.30.0
[INFO] [stderr]   Downloaded pnet_macros_support v0.30.0
[INFO] [stderr]   Downloaded pnet_packet v0.30.0
[INFO] [stderr]   Downloaded pnet v0.30.0
[INFO] [stderr]   Downloaded simple_pretty v0.1.0
[INFO] [stderr]   Downloaded const_fn v0.4.10
[INFO] [stderr]   Downloaded libz-sys v1.1.18
[INFO] [stderr]   Downloaded tokio v1.39.1
[INFO] [stderr]   Downloaded sha1_smol v1.0.1
[INFO] [stderr]   Downloaded termios v0.0.5
[INFO] [stderr]   Downloaded simple_tmp_logger v1.2.2
[INFO] [stderr]   Downloaded mio v1.0.1
[INFO] [stderr]   Downloaded tui v0.16.0
[INFO] [stderr]   Downloaded uuid-macro-internal v1.10.0
[INFO] [stderr]   Downloaded ipnetwork v0.19.0
[INFO] [stderr]   Downloaded ipnetwork v0.18.0
[INFO] [stderr]   Downloaded pnet_macros v0.30.0
[INFO] [stderr]   Downloaded crossterm_winapi v0.8.0
[INFO] [stderr]   Downloaded termion v1.5.6
[INFO] [stderr]   Downloaded users v0.9.1
[INFO] [stderr]   Downloaded libgit2-sys v0.16.2+1.7.2
[INFO] running `Command { std: "docker" "create" "-v" "/var/lib/crater-agent-workspace/builds/worker-2-tc1/target:/opt/rustwide/target:rw,Z" "-v" "/var/lib/crater-agent-workspace/builds/worker-2-tc1/source:/opt/rustwide/workdir:ro,Z" "-v" "/var/lib/crater-agent-workspace/cargo-home:/opt/rustwide/cargo-home:ro,Z" "-v" "/var/lib/crater-agent-workspace/rustup-home:/opt/rustwide/rustup-home:ro,Z" "-e" "SOURCE_DIR=/opt/rustwide/workdir" "-e" "CARGO_TARGET_DIR=/opt/rustwide/target" "-e" "CARGO_HOME=/opt/rustwide/cargo-home" "-e" "RUSTUP_HOME=/opt/rustwide/rustup-home" "-w" "/opt/rustwide/workdir" "-m" "1610612736" "--user" "0:0" "--network" "none" "ghcr.io/rust-lang/crates-build-env/linux@sha256:819108c5571ea2e421544af4d832f968d213c87fbe3707a016657f43d2f853bc" "/opt/rustwide/cargo-home/bin/cargo" "+nightly-2025-01-18" "metadata" "--no-deps" "--format-version=1", kill_on_drop: false }`
[INFO] [stdout] 61d6592fa5d19901d3809f0e1cfc6ac094050f3fc91f8eeb848f7e4ff0f44950
[INFO] running `Command { std: "docker" "start" "-a" "61d6592fa5d19901d3809f0e1cfc6ac094050f3fc91f8eeb848f7e4ff0f44950", kill_on_drop: false }`
[INFO] running `Command { std: "docker" "inspect" "61d6592fa5d19901d3809f0e1cfc6ac094050f3fc91f8eeb848f7e4ff0f44950", kill_on_drop: false }`
[INFO] running `Command { std: "docker" "rm" "-f" "61d6592fa5d19901d3809f0e1cfc6ac094050f3fc91f8eeb848f7e4ff0f44950", kill_on_drop: false }`
[INFO] [stdout] 61d6592fa5d19901d3809f0e1cfc6ac094050f3fc91f8eeb848f7e4ff0f44950
[INFO] running `Command { std: "docker" "create" "-v" "/var/lib/crater-agent-workspace/builds/worker-2-tc1/target:/opt/rustwide/target:rw,Z" "-v" "/var/lib/crater-agent-workspace/builds/worker-2-tc1/source:/opt/rustwide/workdir:ro,Z" "-v" "/var/lib/crater-agent-workspace/cargo-home:/opt/rustwide/cargo-home:ro,Z" "-v" "/var/lib/crater-agent-workspace/rustup-home:/opt/rustwide/rustup-home:ro,Z" "-e" "SOURCE_DIR=/opt/rustwide/workdir" "-e" "CARGO_TARGET_DIR=/opt/rustwide/target" "-e" "CARGO_INCREMENTAL=0" "-e" "RUST_BACKTRACE=full" "-e" "RUSTFLAGS=--cap-lints=forbid" "-e" "RUSTDOCFLAGS=--cap-lints=forbid" "-e" "CARGO_HOME=/opt/rustwide/cargo-home" "-e" "RUSTUP_HOME=/opt/rustwide/rustup-home" "-w" "/opt/rustwide/workdir" "-m" "1610612736" "--user" "0:0" "--network" "none" "ghcr.io/rust-lang/crates-build-env/linux@sha256:819108c5571ea2e421544af4d832f968d213c87fbe3707a016657f43d2f853bc" "/opt/rustwide/cargo-home/bin/cargo" "+nightly-2025-01-18" "build" "--frozen" "--message-format=json", kill_on_drop: false }`
[INFO] [stdout] eb7e0c87b473d35558f481be3558c56a9b1bfac448831c4ad7172603d6c8cd12
[INFO] running `Command { std: "docker" "start" "-a" "eb7e0c87b473d35558f481be3558c56a9b1bfac448831c4ad7172603d6c8cd12", kill_on_drop: false }`
[INFO] [stderr]    Compiling libc v0.2.155
[INFO] [stderr]    Compiling proc-macro2 v1.0.86
[INFO] [stderr]    Compiling unicode-ident v1.0.12
[INFO] [stderr]    Compiling autocfg v1.3.0
[INFO] [stderr]    Compiling version_check v0.9.4
[INFO] [stderr]    Compiling once_cell v1.19.0
[INFO] [stderr]    Compiling pkg-config v0.3.30
[INFO] [stderr]    Compiling smallvec v1.13.2
[INFO] [stderr]    Compiling pin-project-lite v0.2.14
[INFO] [stderr]    Compiling bytes v1.6.1
[INFO] [stderr]    Compiling bitflags v2.6.0
[INFO] [stderr]    Compiling itoa v1.0.11
[INFO] [stderr]    Compiling futures-core v0.3.30
[INFO] [stderr]    Compiling zerocopy v0.7.35
[INFO] [stderr]    Compiling allocator-api2 v0.2.18
[INFO] [stderr]    Compiling futures-task v0.3.30
[INFO] [stderr]    Compiling futures-io v0.3.30
[INFO] [stderr]    Compiling serde v1.0.204
[INFO] [stderr]    Compiling futures-sink v0.3.30
[INFO] [stderr]    Compiling rustix v0.38.34
[INFO] [stderr]    Compiling httparse v1.9.4
[INFO] [stderr]    Compiling tracing-core v0.1.32
[INFO] [stderr]    Compiling openssl v0.10.66
[INFO] [stderr]    Compiling regex-syntax v0.8.4
[INFO] [stderr]    Compiling try-lock v0.2.5
[INFO] [stderr]    Compiling syn v1.0.109
[INFO] [stderr]    Compiling linux-raw-sys v0.4.14
[INFO] [stderr]    Compiling want v0.3.1
[INFO] [stderr]    Compiling futures-channel v0.3.30
[INFO] [stderr]    Compiling http v1.1.0
[INFO] [stderr]    Compiling tracing v0.1.40
[INFO] [stderr]    Compiling ahash v0.8.11
[INFO] [stderr]    Compiling generic-array v0.14.7
[INFO] [stderr]    Compiling lock_api v0.4.12
[INFO] [stderr]    Compiling slab v0.4.9
[INFO] [stderr]    Compiling tower-service v0.3.2
[INFO] [stderr]    Compiling unicode-normalization v0.1.23
[INFO] [stderr]    Compiling unicode-bidi v0.3.15
[INFO] [stderr]    Compiling crossbeam-utils v0.8.20
[INFO] [stderr]    Compiling semver-parser v0.7.0
[INFO] [stderr]    Compiling quote v1.0.36
[INFO] [stderr]    Compiling jobserver v0.1.32
[INFO] [stderr]    Compiling hashbrown v0.14.5
[INFO] [stderr]    Compiling syn v2.0.72
[INFO] [stderr]    Compiling semver v0.9.0
[INFO] [stderr]    Compiling futures-util v0.3.30
[INFO] [stderr]    Compiling http-body v1.0.1
[INFO] [stderr]    Compiling atomic-waker v1.1.2
[INFO] [stderr]    Compiling cfg-if v0.1.10
[INFO] [stderr]    Compiling standback v0.2.17
[INFO] [stderr]    Compiling signal-hook-registry v1.4.2
[INFO] [stderr]    Compiling cc v1.1.6
[INFO] [stderr]    Compiling parking_lot_core v0.9.10
[INFO] [stderr]    Compiling socket2 v0.5.7
[INFO] [stderr]    Compiling mio v1.0.1
[INFO] [stderr]    Compiling rustc_version v0.2.3
[INFO] [stderr]    Compiling parking_lot v0.12.3
[INFO] [stderr]    Compiling idna v0.5.0
[INFO] [stderr]    Compiling indexmap v2.2.6
[INFO] [stderr]    Compiling getrandom v0.2.15
[INFO] [stderr]    Compiling proc-macro-hack v0.5.20+deprecated
[INFO] [stderr]    Compiling rustversion v1.0.17
[INFO] [stderr]    Compiling bitflags v1.3.2
[INFO] [stderr]    Compiling tower-layer v0.3.2
[INFO] [stderr]    Compiling rand_core v0.6.4
[INFO] [stderr]    Compiling crossbeam-epoch v0.9.18
[INFO] [stderr]    Compiling block-buffer v0.10.4
[INFO] [stderr]    Compiling url v2.5.2
[INFO] [stderr]    Compiling crypto-common v0.1.6
[INFO] [stderr]    Compiling iovec v0.1.4
[INFO] [stderr]    Compiling utf8parse v0.2.2
[INFO] [stderr]    Compiling serde_json v1.0.120
[INFO] [stderr]    Compiling ppv-lite86 v0.2.17
[INFO] [stderr]    Compiling maybe-uninit v2.0.0
[INFO] [stderr]    Compiling rayon-core v1.12.1
[INFO] [stderr]    Compiling memchr v2.7.4
[INFO] [stderr]    Compiling digest v0.10.7
[INFO] [stderr]    Compiling anstyle-parse v0.2.4
[INFO] [stderr]    Compiling rand_chacha v0.3.1
[INFO] [stderr]    Compiling crossbeam-deque v0.8.5
[INFO] [stderr]    Compiling cipher v0.3.0
[INFO] [stderr]    Compiling num-traits v0.2.19
[INFO] [stderr]    Compiling encoding_rs v0.8.34
[INFO] [stderr]    Compiling rustls-pki-types v1.7.0
[INFO] [stderr]    Compiling colorchoice v1.0.1
[INFO] [stderr]    Compiling cpufeatures v0.2.12
[INFO] [stderr]    Compiling ipnet v2.9.0
[INFO] [stderr]    Compiling signal-hook v0.3.17
[INFO] [stderr]    Compiling lazy_static v1.5.0
[INFO] [stderr]    Compiling adler v1.0.2
[INFO] [stderr]    Compiling anstyle-query v1.1.0
[INFO] [stderr]    Compiling futures v0.1.31
[INFO] [stderr]    Compiling no-std-net v0.6.0
[INFO] [stderr]    Compiling aho-corasick v1.1.3
[INFO] [stderr]    Compiling anstyle v1.0.7
[INFO] [stderr]    Compiling is_terminal_polyfill v1.70.0
[INFO] [stderr]    Compiling const_fn v0.4.10
[INFO] [stderr]    Compiling anstream v0.6.14
[INFO] [stderr]    Compiling xattr v1.3.1
[INFO] [stderr]    Compiling terminal_size v0.3.0
[INFO] [stderr]    Compiling pnet_base v0.30.0
[INFO] [stderr]    Compiling rustls-pemfile v2.1.2
[INFO] [stderr]    Compiling miniz_oxide v0.7.4
[INFO] [stderr]    Compiling rand v0.8.5
[INFO] [stderr]    Compiling regex-automata v0.4.7
[INFO] [stderr]    Compiling parking_lot_core v0.6.3
[INFO] [stderr]    Compiling filetime v0.2.23
[INFO] [stderr]    Compiling openssl-sys v0.9.103
[INFO] [stderr]    Compiling libz-sys v1.1.18
[INFO] [stderr]    Compiling http-body-util v0.1.2
[INFO] [stderr]    Compiling psm v0.1.21
[INFO] [stderr]    Compiling libssh2-sys v0.3.0
[INFO] [stderr]    Compiling native-tls v0.2.12
[INFO] [stderr]    Compiling crossbeam-utils v0.7.2
[INFO] [stderr]    Compiling time v0.2.27
[INFO] [stderr]    Compiling http v0.2.12
[INFO] [stderr]    Compiling sync_wrapper v1.0.1
[INFO] [stderr]    Compiling parking_lot_core v0.8.6
[INFO] [stderr]    Compiling clap_lex v0.7.1
[INFO] [stderr]    Compiling unsafe-libyaml v0.2.11
[INFO] [stderr]    Compiling block-padding v0.2.1
[INFO] [stderr]    Compiling strsim v0.11.1
[INFO] [stderr]    Compiling byteorder v1.5.0
[INFO] [stderr]    Compiling block-modes v0.8.1
[INFO] [stderr]    Compiling bytes v0.4.12
[INFO] [stderr]    Compiling clap_builder v4.5.10
[INFO] [stderr]    Compiling flate2 v1.0.30
[INFO] [stderr]    Compiling rayon v1.10.0
[INFO] [stderr]    Compiling ring v0.16.20
[INFO] [stderr]    Compiling stacker v0.1.15
[INFO] [stderr]    Compiling tar v0.4.41
[INFO] [stderr]    Compiling smallvec v0.6.14
[INFO] [stderr]    Compiling sha2 v0.10.8
[INFO] [stderr]    Compiling nix v0.20.0
[INFO] [stderr]    Compiling parking_lot v0.9.0
[INFO] [stderr]    Compiling net2 v0.2.39
[INFO] [stderr]    Compiling mio v0.7.14
[INFO] [stderr]    Compiling mio v0.8.11
[INFO] [stderr]    Compiling substring v1.4.5
[INFO] [stderr]    Compiling cfg_rust_features v0.1.2
[INFO] [stderr]    Compiling regex v1.10.5
[INFO] [stderr]    Compiling instant v0.1.13
[INFO] [stderr]    Compiling libc v0.1.12
[INFO] [stderr]    Compiling simple_pretty v0.1.0
[INFO] [stderr]    Compiling base64 v0.21.7
[INFO] [stderr]    Compiling iana-time-zone v0.1.60
[INFO] [stderr]    Compiling termios v0.0.5
[INFO] [stderr]    Compiling signal-hook-mio v0.2.3
[INFO] [stderr]    Compiling time-macros-impl v0.1.2
[INFO] [stderr]    Compiling chrono v0.4.38
[INFO] [stderr]    Compiling mio v0.6.23
[INFO] [stderr]    Compiling http-body v0.4.6
[INFO] [stderr]    Compiling time-macros v0.1.1
[INFO] [stderr]    Compiling tokio-io v0.1.13
[INFO] [stderr]    Compiling libgit2-sys v0.16.2+1.7.2
[INFO] [stderr]    Compiling pnet_macros_support v0.30.0
[INFO] [stderr]    Compiling pnet_sys v0.30.0
[INFO] [stderr]    Compiling lock_api v0.3.4
[INFO] [stderr]    Compiling spin v0.5.2
[INFO] [stderr]    Compiling opaque-debug v0.3.1
[INFO] [stderr]    Compiling fastrand v1.9.0
[INFO] [stderr]    Compiling aes v0.7.5
[INFO] [stderr]    Compiling clap v4.5.10
[INFO] [stderr]    Compiling random-string v1.1.0
[INFO] [stderr]    Compiling sysinfo v0.28.4
[INFO] [stderr]    Compiling tokio-executor v0.1.10
[INFO] [stderr]    Compiling parking_lot v0.11.2
[INFO] [stderr]    Compiling rpassword v0.0.4
[INFO] [stderr]    Compiling tokio-sync v0.1.8
[INFO] [stderr]    Compiling hmac v0.12.1
[INFO] [stderr]    Compiling num_cpus v1.16.0
[INFO] [stderr]    Compiling heck v0.4.1
[INFO] [stderr]    Compiling tokio-macros v2.4.0
[INFO] [stderr]    Compiling serde_derive v1.0.204
[INFO] [stderr]    Compiling openssl-macros v0.1.1
[INFO] [stderr]    Compiling pin-project-internal v1.1.5
[INFO] [stderr]    Compiling pnet v0.30.0
[INFO] [stderr]    Compiling numtoa v0.1.0
[INFO] [stderr]    Compiling roff v0.2.1
[INFO] [stderr]    Compiling tokio-reactor v0.1.12
[INFO] [stderr]    Compiling clap_mangen v0.2.22
[INFO] [stderr]    Compiling termion v1.5.6
[INFO] [stderr]    Compiling strum_macros v0.25.3
[INFO] [stderr]    Compiling tokio v1.39.1
[INFO] [stderr]    Compiling uuid-macro-internal v1.10.0
[INFO] [stderr]    Compiling crossterm v0.20.0
[INFO] [stderr]    Compiling chumsky v0.9.3
[INFO] [stderr]    Compiling clap_complete v4.5.9
[INFO] [stderr]    Compiling tokio-codec v0.1.2
[INFO] [stderr]    Compiling mio-uds v0.6.8
[INFO] [stderr]    Compiling rustls-pemfile v1.0.4
[INFO] [stderr]    Compiling itertools v0.11.0
[INFO] [stderr]    Compiling email-encoding v0.3.0
[INFO] [stderr]    Compiling pin-project v1.1.5
[INFO] [stderr]    Compiling hostname v0.4.0
[INFO] [stderr]    Compiling users v0.9.1
[INFO] [stderr]    Compiling quoted_printable v0.5.1
[INFO] [stderr]    Compiling fastrand v2.1.0
[INFO] [stderr]    Compiling sync_wrapper v0.1.2
[INFO] [stderr]    Compiling pnet_macros v0.30.0
[INFO] [stderr]    Compiling unicode-width v0.1.13
[INFO] [stderr]    Compiling email_address v0.2.7
[INFO] [stderr]    Compiling unicode-segmentation v1.11.0
[INFO] [stderr]    Compiling strum v0.25.0
[INFO] [stderr]    Compiling cassowary v0.3.0
[INFO] [stderr]    Compiling tokio-uds v0.2.7
[INFO] [stderr]    Compiling uuid v1.10.0
[INFO] [stderr]    Compiling sysinfo v0.30.13
[INFO] [stderr]    Compiling crossterm v0.24.0
[INFO] [stderr]    Compiling gethostname v0.4.3
[INFO] [stderr]    Compiling base64 v0.13.1
[INFO] [stderr]    Compiling lsb_release v0.1.0
[INFO] [stderr]    Compiling tui v0.16.0
[INFO] [stderr]    Compiling pnet_packet v0.30.0
[INFO] [stderr]    Compiling systemctl v0.3.1
[INFO] [stderr]    Compiling lettre v0.11.7
[INFO] [stderr]    Compiling tokio-util v0.7.11
[INFO] [stderr]    Compiling tokio-native-tls v0.3.1
[INFO] [stderr]    Compiling tower v0.4.13
[INFO] [stderr]    Compiling h2 v0.4.5
[INFO] [stderr]    Compiling h2 v0.3.26
[INFO] [stderr]    Compiling pnet_transport v0.30.0
[INFO] [stderr]    Compiling serde_urlencoded v0.7.1
[INFO] [stderr]    Compiling serde_yaml v0.9.34+deprecated
[INFO] [stderr]    Compiling ipnetwork v0.18.0
[INFO] [stderr]    Compiling ipnetwork v0.19.0
[INFO] [stderr]    Compiling pnet_datalink v0.30.0
[INFO] [stderr]    Compiling git2 v0.18.3
[INFO] [stderr]    Compiling hyper v1.4.1
[INFO] [stderr]    Compiling hyper v0.14.30
[INFO] [stderr]    Compiling hyper-util v0.1.6
[INFO] [stderr]    Compiling hyper-tls v0.6.0
[INFO] [stderr]    Compiling reqwest v0.12.5
[INFO] [stderr]    Compiling hyper-tls v0.5.0
[INFO] [stderr]    Compiling reqwest v0.11.27
[INFO] [stderr]    Compiling dusa_collection_utils v2.6.3
[INFO] [stderr]    Compiling simple_tmp_logger v1.2.2
[INFO] [stderr]    Compiling recs_lib v2.5.2
[INFO] [stderr]    Compiling dusa v1.2.2
[INFO] [stderr]    Compiling artisan_platform v1.4.6 (/opt/rustwide/workdir)
[INFO] [stdout] warning: unexpected `cfg` condition value: `git`
[INFO] [stdout]    --> src/common/lib/git.rs:321:7
[INFO] [stdout]     |
[INFO] [stdout] 321 | #[cfg(feature = "git")]
[INFO] [stdout]     |       ^^^^^^^^^^^^^^^ help: remove the condition
[INFO] [stdout]     |
[INFO] [stdout]     = note: no expected values for `feature`
[INFO] [stdout]     = help: consider adding `git` as a feature in `Cargo.toml`
[INFO] [stdout]     = note: see <https://doc.rust-lang.org/nightly/rustc/check-cfg/cargo-specifics.html> for more information about checking conditional configuration
[INFO] [stdout]     = note: `#[warn(unexpected_cfgs)]` on by default
[INFO] [stdout] 
[INFO] [stdout] 
[INFO] [stderr]     Finished `dev` profile [unoptimized + debuginfo] target(s) in 3m 08s
[INFO] running `Command { std: "docker" "inspect" "eb7e0c87b473d35558f481be3558c56a9b1bfac448831c4ad7172603d6c8cd12", kill_on_drop: false }`
[INFO] running `Command { std: "docker" "rm" "-f" "eb7e0c87b473d35558f481be3558c56a9b1bfac448831c4ad7172603d6c8cd12", kill_on_drop: false }`
[INFO] [stdout] eb7e0c87b473d35558f481be3558c56a9b1bfac448831c4ad7172603d6c8cd12
[INFO] running `Command { std: "docker" "create" "-v" "/var/lib/crater-agent-workspace/builds/worker-2-tc1/target:/opt/rustwide/target:rw,Z" "-v" "/var/lib/crater-agent-workspace/builds/worker-2-tc1/source:/opt/rustwide/workdir:ro,Z" "-v" "/var/lib/crater-agent-workspace/cargo-home:/opt/rustwide/cargo-home:ro,Z" "-v" "/var/lib/crater-agent-workspace/rustup-home:/opt/rustwide/rustup-home:ro,Z" "-e" "SOURCE_DIR=/opt/rustwide/workdir" "-e" "CARGO_TARGET_DIR=/opt/rustwide/target" "-e" "CARGO_INCREMENTAL=0" "-e" "RUST_BACKTRACE=full" "-e" "RUSTFLAGS=--cap-lints=forbid" "-e" "RUSTDOCFLAGS=--cap-lints=forbid" "-e" "CARGO_HOME=/opt/rustwide/cargo-home" "-e" "RUSTUP_HOME=/opt/rustwide/rustup-home" "-w" "/opt/rustwide/workdir" "-m" "1610612736" "--user" "0:0" "--network" "none" "ghcr.io/rust-lang/crates-build-env/linux@sha256:819108c5571ea2e421544af4d832f968d213c87fbe3707a016657f43d2f853bc" "/opt/rustwide/cargo-home/bin/cargo" "+nightly-2025-01-18" "test" "--frozen" "--no-run" "--message-format=json", kill_on_drop: false }`
[INFO] [stdout] 86981baf6548759675035d5f4decc659e6ec96c22c23fa0f3fffa1b596518f5a
[INFO] running `Command { std: "docker" "start" "-a" "86981baf6548759675035d5f4decc659e6ec96c22c23fa0f3fffa1b596518f5a", kill_on_drop: false }`
[INFO] [stderr]    Compiling tempfile v3.10.1
[INFO] [stdout] warning: unexpected `cfg` condition value: `git`
[INFO] [stdout]    --> src/common/lib/git.rs:321:7
[INFO] [stdout]     |
[INFO] [stdout] 321 | #[cfg(feature = "git")]
[INFO] [stdout]     |       ^^^^^^^^^^^^^^^ help: remove the condition
[INFO] [stdout]     |
[INFO] [stdout]     = note: no expected values for `feature`
[INFO] [stdout]     = help: consider adding `git` as a feature in `Cargo.toml`
[INFO] [stdout]     = note: see <https://doc.rust-lang.org/nightly/rustc/check-cfg/cargo-specifics.html> for more information about checking conditional configuration
[INFO] [stdout]     = note: `#[warn(unexpected_cfgs)]` on by default
[INFO] [stdout] 
[INFO] [stdout] 
[INFO] [stderr]    Compiling artisan_platform v1.4.6 (/opt/rustwide/workdir)
[INFO] [stderr]     Finished `test` profile [unoptimized + debuginfo] target(s) in 5.64s
[INFO] running `Command { std: "docker" "inspect" "86981baf6548759675035d5f4decc659e6ec96c22c23fa0f3fffa1b596518f5a", kill_on_drop: false }`
[INFO] running `Command { std: "docker" "rm" "-f" "86981baf6548759675035d5f4decc659e6ec96c22c23fa0f3fffa1b596518f5a", kill_on_drop: false }`
[INFO] [stdout] 86981baf6548759675035d5f4decc659e6ec96c22c23fa0f3fffa1b596518f5a
[INFO] running `Command { std: "docker" "create" "-v" "/var/lib/crater-agent-workspace/builds/worker-2-tc1/target:/opt/rustwide/target:rw,Z" "-v" "/var/lib/crater-agent-workspace/builds/worker-2-tc1/source:/opt/rustwide/workdir:ro,Z" "-v" "/var/lib/crater-agent-workspace/cargo-home:/opt/rustwide/cargo-home:ro,Z" "-v" "/var/lib/crater-agent-workspace/rustup-home:/opt/rustwide/rustup-home:ro,Z" "-e" "SOURCE_DIR=/opt/rustwide/workdir" "-e" "CARGO_TARGET_DIR=/opt/rustwide/target" "-e" "CARGO_INCREMENTAL=0" "-e" "RUST_BACKTRACE=full" "-e" "RUSTFLAGS=--cap-lints=forbid" "-e" "RUSTDOCFLAGS=--cap-lints=forbid" "-e" "CARGO_HOME=/opt/rustwide/cargo-home" "-e" "RUSTUP_HOME=/opt/rustwide/rustup-home" "-w" "/opt/rustwide/workdir" "-m" "1610612736" "--user" "0:0" "--network" "none" "ghcr.io/rust-lang/crates-build-env/linux@sha256:819108c5571ea2e421544af4d832f968d213c87fbe3707a016657f43d2f853bc" "/opt/rustwide/cargo-home/bin/cargo" "+nightly-2025-01-18" "test" "--frozen", kill_on_drop: false }`
[INFO] [stdout] 165d07a78cd53c58b8280329951413aae90e4f808016b0ec9988f18ae805ee92
[INFO] running `Command { std: "docker" "start" "-a" "165d07a78cd53c58b8280329951413aae90e4f808016b0ec9988f18ae805ee92", kill_on_drop: false }`
[INFO] [stderr] warning: unexpected `cfg` condition value: `git`
[INFO] [stderr]    --> src/common/lib/git.rs:321:7
[INFO] [stderr]     |
[INFO] [stderr] 321 | #[cfg(feature = "git")]
[INFO] [stderr]     |       ^^^^^^^^^^^^^^^ help: remove the condition
[INFO] [stderr]     |
[INFO] [stderr]     = note: no expected values for `feature`
[INFO] [stderr]     = help: consider adding `git` as a feature in `Cargo.toml`
[INFO] [stderr]     = note: see <https://doc.rust-lang.org/nightly/rustc/check-cfg/cargo-specifics.html> for more information about checking conditional configuration
[INFO] [stderr]     = note: `#[warn(unexpected_cfgs)]` on by default
[INFO] [stderr] 
[INFO] [stderr] warning: `artisan_platform` (lib) generated 1 warning
[INFO] [stderr]     Finished `test` profile [unoptimized + debuginfo] target(s) in 0.73s
[INFO] [stderr]      Running unittests src/aggregator/client.rs (/opt/rustwide/target/debug/deps/aggregator_client_test-5a5a18e220a763bf)
[INFO] [stdout] 
[INFO] [stdout] running 0 tests
[INFO] [stdout] 
[INFO] [stdout] test result: ok. 0 passed; 0 failed; 0 ignored; 0 measured; 0 filtered out; finished in 0.00s
[INFO] [stdout] 
[INFO] [stderr]      Running unittests src/aggregator/aggregator.rs (/opt/rustwide/target/debug/deps/ais_aggregator-b2a90f677d159055)
[INFO] [stdout] 
[INFO] [stdout] running 2 tests
[INFO] [stdout] test tests::test_handle_status_update ... ok
[INFO] [stdout] test tests::test_check_for_timeouts ... FAILED
[INFO] [stdout] 
[INFO] [stdout] failures:
[INFO] [stdout] 
[INFO] [stdout] ---- tests::test_check_for_timeouts stdout ----
[INFO] [stdout] 
[INFO] [stdout] thread 'tests::test_check_for_timeouts' panicked at src/aggregator/aggregator.rs:328:9:
[INFO] [stdout] assertion `left == right` failed
[INFO] [stdout]   left: Some(Status { app_name: Apache, app_status: Running, timestamp: 1737343429, version: Immutable("1.4.6RC") })
[INFO] [stdout]  right: Some(Status { app_name: Apache, app_status: TimedOut, timestamp: 1737343429, version: Immutable("1.4.6RC") })
[INFO] [stdout] stack backtrace:
[INFO] [stdout]    0:     0x5e13e97997ca - std::backtrace_rs::backtrace::libunwind::trace::hb059275cfc8d6126
[INFO] [stdout]                                at /rustc/6067b36314ab5eb2eb47cecc464545ba58e1ad24/library/std/src/../../backtrace/src/backtrace/libunwind.rs:116:5
[INFO] [stdout]    1:     0x5e13e97997ca - std::backtrace_rs::backtrace::trace_unsynchronized::h2da071e4327ce3ee
[INFO] [stdout]                                at /rustc/6067b36314ab5eb2eb47cecc464545ba58e1ad24/library/std/src/../../backtrace/src/backtrace/mod.rs:66:5
[INFO] [stdout]    2:     0x5e13e97997ca - std::sys::backtrace::_print_fmt::h842a1474e6f8d23f
[INFO] [stdout]                                at /rustc/6067b36314ab5eb2eb47cecc464545ba58e1ad24/library/std/src/sys/backtrace.rs:66:9
[INFO] [stdout]    3:     0x5e13e97997ca - <std::sys::backtrace::BacktraceLock::print::DisplayBacktrace as core::fmt::Display>::fmt::h71a62eb3b9696b12
[INFO] [stdout]                                at /rustc/6067b36314ab5eb2eb47cecc464545ba58e1ad24/library/std/src/sys/backtrace.rs:39:26
[INFO] [stdout]    4:     0x5e13e97c3ca3 - core::fmt::rt::Argument::fmt::hdb6b616786b41dc1
[INFO] [stdout]                                at /rustc/6067b36314ab5eb2eb47cecc464545ba58e1ad24/library/core/src/fmt/rt.rs:177:76
[INFO] [stdout]    5:     0x5e13e97c3ca3 - core::fmt::write::h2cc1698af7e2d686
[INFO] [stdout]                                at /rustc/6067b36314ab5eb2eb47cecc464545ba58e1ad24/library/core/src/fmt/mod.rs:1440:21
[INFO] [stdout]    6:     0x5e13e97956d3 - std::io::Write::write_fmt::hab1b4cd059a79022
[INFO] [stdout]                                at /rustc/6067b36314ab5eb2eb47cecc464545ba58e1ad24/library/std/src/io/mod.rs:1887:15
[INFO] [stdout]    7:     0x5e13e9799612 - std::sys::backtrace::BacktraceLock::print::h147fe35b4ea13b08
[INFO] [stdout]                                at /rustc/6067b36314ab5eb2eb47cecc464545ba58e1ad24/library/std/src/sys/backtrace.rs:42:9
[INFO] [stdout]    8:     0x5e13e979abef - std::panicking::default_hook::{{closure}}::hbd44223dbdc0d208
[INFO] [stdout]                                at /rustc/6067b36314ab5eb2eb47cecc464545ba58e1ad24/library/std/src/panicking.rs:298:22
[INFO] [stdout]    9:     0x5e13e979aa08 - std::panicking::default_hook::h20f81eb0576efcec
[INFO] [stdout]                                at /rustc/6067b36314ab5eb2eb47cecc464545ba58e1ad24/library/std/src/panicking.rs:322:9
[INFO] [stdout]   10:     0x5e13e95ea7b3 - <alloc::boxed::Box<F,A> as core::ops::function::Fn<Args>>::call::hdb53814c496a4d34
[INFO] [stdout]                                at /rustc/6067b36314ab5eb2eb47cecc464545ba58e1ad24/library/alloc/src/boxed.rs:2027:9
[INFO] [stdout]   11:     0x5e13e95ea7b3 - test::test_main::{{closure}}::hc0a4963c59427c24
[INFO] [stdout]                                at /rustc/6067b36314ab5eb2eb47cecc464545ba58e1ad24/library/test/src/lib.rs:134:21
[INFO] [stdout]   12:     0x5e13e979b6e3 - <alloc::boxed::Box<F,A> as core::ops::function::Fn<Args>>::call::h591b2225413a77e9
[INFO] [stdout]                                at /rustc/6067b36314ab5eb2eb47cecc464545ba58e1ad24/library/alloc/src/boxed.rs:2027:9
[INFO] [stdout]   13:     0x5e13e979b6e3 - std::panicking::rust_panic_with_hook::h625eea43051b2edc
[INFO] [stdout]                                at /rustc/6067b36314ab5eb2eb47cecc464545ba58e1ad24/library/std/src/panicking.rs:839:13
[INFO] [stdout]   14:     0x5e13e979b39a - std::panicking::begin_panic_handler::{{closure}}::h4f9159cfbc3f6bd3
[INFO] [stdout]                                at /rustc/6067b36314ab5eb2eb47cecc464545ba58e1ad24/library/std/src/panicking.rs:704:13
[INFO] [stdout]   15:     0x5e13e9799cc9 - std::sys::backtrace::__rust_end_short_backtrace::h0390abce48353151
[INFO] [stdout]                                at /rustc/6067b36314ab5eb2eb47cecc464545ba58e1ad24/library/std/src/sys/backtrace.rs:168:18
[INFO] [stdout]   16:     0x5e13e979b02d - rust_begin_unwind
[INFO] [stdout]                                at /rustc/6067b36314ab5eb2eb47cecc464545ba58e1ad24/library/std/src/panicking.rs:695:5
[INFO] [stdout]   17:     0x5e13e97c2620 - core::panicking::panic_fmt::h9e7c637e9e5f29c9
[INFO] [stdout]                                at /rustc/6067b36314ab5eb2eb47cecc464545ba58e1ad24/library/core/src/panicking.rs:75:14
[INFO] [stdout]   18:     0x5e13e97c2a73 - core::panicking::assert_failed_inner::h538bec7c1374cd9c
[INFO] [stdout]   19:     0x5e13e95a5e5b - core::panicking::assert_failed::h2be9efc3e1d36ef5
[INFO] [stdout]                                at /rustc/6067b36314ab5eb2eb47cecc464545ba58e1ad24/library/core/src/panicking.rs:364:5
[INFO] [stdout]   20:     0x5e13e95a19b3 - ais_aggregator::tests::test_check_for_timeouts::{{closure}}::ha1e54d9d4d08b1b9
[INFO] [stdout]                                at /opt/rustwide/workdir/src/aggregator/aggregator.rs:328:9
[INFO] [stdout]   21:     0x5e13e959f152 - <core::pin::Pin<P> as core::future::future::Future>::poll::h7ac84bb1e9d195fc
[INFO] [stdout]                                at /rustc/6067b36314ab5eb2eb47cecc464545ba58e1ad24/library/core/src/future/future.rs:124:9
[INFO] [stdout]   22:     0x5e13e959f0cd - <core::pin::Pin<P> as core::future::future::Future>::poll::h2f1afcb346eb07f7
[INFO] [stdout]                                at /rustc/6067b36314ab5eb2eb47cecc464545ba58e1ad24/library/core/src/future/future.rs:124:9
[INFO] [stdout]   23:     0x5e13e95aad5f - tokio::runtime::scheduler::current_thread::CoreGuard::block_on::{{closure}}::{{closure}}::{{closure}}::haa7380e17e44542f
[INFO] [stdout]                                at /opt/rustwide/cargo-home/registry/src/index.crates.io-1949cf8c6b5b557f/tokio-1.39.1/src/runtime/scheduler/current_thread/mod.rs:673:57
[INFO] [stdout]   24:     0x5e13e95aaaf5 - tokio::runtime::coop::with_budget::h00305429f8a04c34
[INFO] [stdout]                                at /opt/rustwide/cargo-home/registry/src/index.crates.io-1949cf8c6b5b557f/tokio-1.39.1/src/runtime/coop.rs:107:5
[INFO] [stdout]   25:     0x5e13e95aaaf5 - tokio::runtime::coop::budget::hb53be71fb3c3d84b
[INFO] [stdout]                                at /opt/rustwide/cargo-home/registry/src/index.crates.io-1949cf8c6b5b557f/tokio-1.39.1/src/runtime/coop.rs:73:5
[INFO] [stdout]   26:     0x5e13e95aaaf5 - tokio::runtime::scheduler::current_thread::CoreGuard::block_on::{{closure}}::{{closure}}::h3ea3ad9750bf5775
[INFO] [stdout]                                at /opt/rustwide/cargo-home/registry/src/index.crates.io-1949cf8c6b5b557f/tokio-1.39.1/src/runtime/scheduler/current_thread/mod.rs:673:25
[INFO] [stdout]   27:     0x5e13e95a82c0 - tokio::runtime::scheduler::current_thread::Context::enter::h1bb878f285e22acb
[INFO] [stdout]                                at /opt/rustwide/cargo-home/registry/src/index.crates.io-1949cf8c6b5b557f/tokio-1.39.1/src/runtime/scheduler/current_thread/mod.rs:412:19
[INFO] [stdout]   28:     0x5e13e95a9aae - tokio::runtime::scheduler::current_thread::CoreGuard::block_on::{{closure}}::h13f5ee04236d1374
[INFO] [stdout]                                at /opt/rustwide/cargo-home/registry/src/index.crates.io-1949cf8c6b5b557f/tokio-1.39.1/src/runtime/scheduler/current_thread/mod.rs:672:36
[INFO] [stdout]   29:     0x5e13e95a97c4 - tokio::runtime::scheduler::current_thread::CoreGuard::enter::{{closure}}::h6466714c50dfaa1f
[INFO] [stdout]                                at /opt/rustwide/cargo-home/registry/src/index.crates.io-1949cf8c6b5b557f/tokio-1.39.1/src/runtime/scheduler/current_thread/mod.rs:751:68
[INFO] [stdout]   30:     0x5e13e959de6b - tokio::runtime::context::scoped::Scoped<T>::set::h7f1719e91e716c9c
[INFO] [stdout]                                at /opt/rustwide/cargo-home/registry/src/index.crates.io-1949cf8c6b5b557f/tokio-1.39.1/src/runtime/context/scoped.rs:40:9
[INFO] [stdout]   31:     0x5e13e95a6149 - tokio::runtime::context::set_scheduler::{{closure}}::ha82ef78130f16b0d
[INFO] [stdout]                                at /opt/rustwide/cargo-home/registry/src/index.crates.io-1949cf8c6b5b557f/tokio-1.39.1/src/runtime/context.rs:180:26
[INFO] [stdout]   32:     0x5e13e95ada02 - std::thread::local::LocalKey<T>::try_with::h64a56715ae739248
[INFO] [stdout]                                at /rustc/6067b36314ab5eb2eb47cecc464545ba58e1ad24/library/std/src/thread/local.rs:308:12
[INFO] [stdout]   33:     0x5e13e95ace7a - std::thread::local::LocalKey<T>::with::h6e354e12d32d509c
[INFO] [stdout]                                at /rustc/6067b36314ab5eb2eb47cecc464545ba58e1ad24/library/std/src/thread/local.rs:272:9
[INFO] [stdout]   34:     0x5e13e95a60fd - tokio::runtime::context::set_scheduler::hac0aaa4e6ababe54
[INFO] [stdout]                                at /opt/rustwide/cargo-home/registry/src/index.crates.io-1949cf8c6b5b557f/tokio-1.39.1/src/runtime/context.rs:180:9
[INFO] [stdout]   35:     0x5e13e95a9130 - tokio::runtime::scheduler::current_thread::CoreGuard::enter::h3b4d15af7a20ee85
[INFO] [stdout]                                at /opt/rustwide/cargo-home/registry/src/index.crates.io-1949cf8c6b5b557f/tokio-1.39.1/src/runtime/scheduler/current_thread/mod.rs:751:27
[INFO] [stdout]   36:     0x5e13e95a97e3 - tokio::runtime::scheduler::current_thread::CoreGuard::block_on::h0bf704a0e91b56d3
[INFO] [stdout]                                at /opt/rustwide/cargo-home/registry/src/index.crates.io-1949cf8c6b5b557f/tokio-1.39.1/src/runtime/scheduler/current_thread/mod.rs:660:19
[INFO] [stdout]   37:     0x5e13e95a7a5a - tokio::runtime::scheduler::current_thread::CurrentThread::block_on::{{closure}}::hf9ee2a8c15a42ed6
[INFO] [stdout]                                at /opt/rustwide/cargo-home/registry/src/index.crates.io-1949cf8c6b5b557f/tokio-1.39.1/src/runtime/scheduler/current_thread/mod.rs:180:28
[INFO] [stdout]   38:     0x5e13e95a6a56 - tokio::runtime::context::runtime::enter_runtime::h85049ee494ac045c
[INFO] [stdout]                                at /opt/rustwide/cargo-home/registry/src/index.crates.io-1949cf8c6b5b557f/tokio-1.39.1/src/runtime/context/runtime.rs:65:16
[INFO] [stdout]   39:     0x5e13e95a7381 - tokio::runtime::scheduler::current_thread::CurrentThread::block_on::hf5686026b5bb658e
[INFO] [stdout]                                at /opt/rustwide/cargo-home/registry/src/index.crates.io-1949cf8c6b5b557f/tokio-1.39.1/src/runtime/scheduler/current_thread/mod.rs:168:9
[INFO] [stdout]   40:     0x5e13e959e2fd - tokio::runtime::runtime::Runtime::block_on_inner::h965414c7002a111e
[INFO] [stdout]                                at /opt/rustwide/cargo-home/registry/src/index.crates.io-1949cf8c6b5b557f/tokio-1.39.1/src/runtime/runtime.rs:361:47
[INFO] [stdout]   41:     0x5e13e959e525 - tokio::runtime::runtime::Runtime::block_on::hb80b9bc8b0714dd5
[INFO] [stdout]                                at /opt/rustwide/cargo-home/registry/src/index.crates.io-1949cf8c6b5b557f/tokio-1.39.1/src/runtime/runtime.rs:335:13
[INFO] [stdout]   42:     0x5e13e95a0e6e - ais_aggregator::tests::test_check_for_timeouts::h35db283d78b4e75e
[INFO] [stdout]                                at /opt/rustwide/workdir/src/aggregator/aggregator.rs:328:9
[INFO] [stdout]   43:     0x5e13e95a0d17 - ais_aggregator::tests::test_check_for_timeouts::{{closure}}::h9b39cbfa5360e890
[INFO] [stdout]                                at /opt/rustwide/workdir/src/aggregator/aggregator.rs:311:39
[INFO] [stdout]   44:     0x5e13e95a4e86 - core::ops::function::FnOnce::call_once::h2735491794ae4a69
[INFO] [stdout]                                at /rustc/6067b36314ab5eb2eb47cecc464545ba58e1ad24/library/core/src/ops/function.rs:250:5
[INFO] [stdout]   45:     0x5e13e95eff0b - core::ops::function::FnOnce::call_once::he27718dfdd183f43
[INFO] [stdout]                                at /rustc/6067b36314ab5eb2eb47cecc464545ba58e1ad24/library/core/src/ops/function.rs:250:5
[INFO] [stdout]   46:     0x5e13e95eff0b - test::__rust_begin_short_backtrace::h4e84902998457a5d
[INFO] [stdout]                                at /rustc/6067b36314ab5eb2eb47cecc464545ba58e1ad24/library/test/src/lib.rs:632:18
[INFO] [stdout]   47:     0x5e13e95eee43 - test::run_test_in_process::{{closure}}::h7176fd18fc1feca0
[INFO] [stdout]                                at /rustc/6067b36314ab5eb2eb47cecc464545ba58e1ad24/library/test/src/lib.rs:655:60
[INFO] [stdout]   48:     0x5e13e95eee43 - <core::panic::unwind_safe::AssertUnwindSafe<F> as core::ops::function::FnOnce<()>>::call_once::hf79cff2a624d8cf7
[INFO] [stdout]                                at /rustc/6067b36314ab5eb2eb47cecc464545ba58e1ad24/library/core/src/panic/unwind_safe.rs:272:9
[INFO] [stdout]   49:     0x5e13e95eee43 - std::panicking::try::do_call::h3da0561d9ab99c25
[INFO] [stdout]                                at /rustc/6067b36314ab5eb2eb47cecc464545ba58e1ad24/library/std/src/panicking.rs:587:40
[INFO] [stdout]   50:     0x5e13e95eee43 - std::panicking::try::h41c9fa508bc61df6
[INFO] [stdout]                                at /rustc/6067b36314ab5eb2eb47cecc464545ba58e1ad24/library/std/src/panicking.rs:550:19
[INFO] [stdout]   51:     0x5e13e95eee43 - std::panic::catch_unwind::h6b3ff07bb5afad93
[INFO] [stdout]                                at /rustc/6067b36314ab5eb2eb47cecc464545ba58e1ad24/library/std/src/panic.rs:358:14
[INFO] [stdout]   52:     0x5e13e95eee43 - test::run_test_in_process::hc7253dd11b39b9f4
[INFO] [stdout]                                at /rustc/6067b36314ab5eb2eb47cecc464545ba58e1ad24/library/test/src/lib.rs:655:27
[INFO] [stdout]   53:     0x5e13e95eee43 - test::run_test::{{closure}}::hfb2007f8649c30bb
[INFO] [stdout]                                at /rustc/6067b36314ab5eb2eb47cecc464545ba58e1ad24/library/test/src/lib.rs:576:43
[INFO] [stdout]   54:     0x5e13e95b1f25 - test::run_test::{{closure}}::h56a17aa7a282a9f4
[INFO] [stdout]                                at /rustc/6067b36314ab5eb2eb47cecc464545ba58e1ad24/library/test/src/lib.rs:606:41
[INFO] [stdout]   55:     0x5e13e95b1f25 - std::sys::backtrace::__rust_begin_short_backtrace::hd2d2d2fb8e8c6aac
[INFO] [stdout]                                at /rustc/6067b36314ab5eb2eb47cecc464545ba58e1ad24/library/std/src/sys/backtrace.rs:152:18
[INFO] [stdout]   56:     0x5e13e95b580a - std::thread::Builder::spawn_unchecked_::{{closure}}::{{closure}}::h4faa3f9db6133423
[INFO] [stdout]                                at /rustc/6067b36314ab5eb2eb47cecc464545ba58e1ad24/library/std/src/thread/mod.rs:559:17
[INFO] [stdout]   57:     0x5e13e95b580a - <core::panic::unwind_safe::AssertUnwindSafe<F> as core::ops::function::FnOnce<()>>::call_once::hf2e855a36a4ea846
[INFO] [stdout]                                at /rustc/6067b36314ab5eb2eb47cecc464545ba58e1ad24/library/core/src/panic/unwind_safe.rs:272:9
[INFO] [stdout]   58:     0x5e13e95b580a - std::panicking::try::do_call::h2f73af3616c35465
[INFO] [stdout]                                at /rustc/6067b36314ab5eb2eb47cecc464545ba58e1ad24/library/std/src/panicking.rs:587:40
[INFO] [stdout]   59:     0x5e13e95b580a - std::panicking::try::hd1660ce9efadef5a
[INFO] [stdout]                                at /rustc/6067b36314ab5eb2eb47cecc464545ba58e1ad24/library/std/src/panicking.rs:550:19
[INFO] [stdout]   60:     0x5e13e95b580a - std::panic::catch_unwind::h5ee8d7823b8ca744
[INFO] [stdout]                                at /rustc/6067b36314ab5eb2eb47cecc464545ba58e1ad24/library/std/src/panic.rs:358:14
[INFO] [stdout]   61:     0x5e13e95b580a - std::thread::Builder::spawn_unchecked_::{{closure}}::h53c3a1894dce8407
[INFO] [stdout]                                at /rustc/6067b36314ab5eb2eb47cecc464545ba58e1ad24/library/std/src/thread/mod.rs:557:30
[INFO] [stdout]   62:     0x5e13e95b580a - core::ops::function::FnOnce::call_once{{vtable.shim}}::h048ce291ad4f62bf
[INFO] [stdout]                                at /rustc/6067b36314ab5eb2eb47cecc464545ba58e1ad24/library/core/src/ops/function.rs:250:5
[INFO] [stdout]   63:     0x5e13e97a07db - <alloc::boxed::Box<F,A> as core::ops::function::FnOnce<Args>>::call_once::ha52bedf99a3b4981
[INFO] [stdout]                                at /rustc/6067b36314ab5eb2eb47cecc464545ba58e1ad24/library/alloc/src/boxed.rs:2013:9
[INFO] [stdout]   64:     0x5e13e97a07db - <alloc::boxed::Box<F,A> as core::ops::function::FnOnce<Args>>::call_once::h567748934d80ccf8
[INFO] [stdout]                                at /rustc/6067b36314ab5eb2eb47cecc464545ba58e1ad24/library/alloc/src/boxed.rs:2013:9
[INFO] [stdout]   65:     0x5e13e97a07db - std::sys::pal::unix::thread::Thread::new::thread_start::h2d970728ae887adc
[INFO] [stdout]                                at /rustc/6067b36314ab5eb2eb47cecc464545ba58e1ad24/library/std/src/sys/pal/unix/thread.rs:106:17
[INFO] [stdout]   66:     0x79d71cf38ac3 - <unknown>
[INFO] [stdout]   67:     0x79d71cfc9a04 - clone
[INFO] [stdout]   68:                0x0 - <unknown>
[INFO] [stdout] 
[INFO] [stdout] 
[INFO] [stdout] failures:
[INFO] [stdout]     tests::test_check_for_timeouts
[INFO] [stdout] 
[INFO] [stdout] test result: FAILED. 1 passed; 1 failed; 0 ignored; 0 measured; 0 filtered out; finished in 0.14s
[INFO] [stdout] 
[INFO] [stderr] error: test failed, to rerun pass `--bin ais_aggregator`
[INFO] running `Command { std: "docker" "inspect" "165d07a78cd53c58b8280329951413aae90e4f808016b0ec9988f18ae805ee92", kill_on_drop: false }`
[INFO] running `Command { std: "docker" "rm" "-f" "165d07a78cd53c58b8280329951413aae90e4f808016b0ec9988f18ae805ee92", kill_on_drop: false }`
[INFO] [stdout] 165d07a78cd53c58b8280329951413aae90e4f808016b0ec9988f18ae805ee92
