[INFO] cloning repository https://github.com/Arteiii/elevator
[INFO] running `Command { std: "git" "-c" "credential.helper=" "-c" "credential.helper=/workspace/cargo-home/bin/git-credential-null" "clone" "--bare" "https://github.com/Arteiii/elevator" "/workspace/cache/git-repos/https%3A%2F%2Fgithub.com%2FArteiii%2Felevator", kill_on_drop: false }`
[INFO] [stderr] Cloning into bare repository '/workspace/cache/git-repos/https%3A%2F%2Fgithub.com%2FArteiii%2Felevator'...
[INFO] running `Command { std: "git" "rev-parse" "HEAD", kill_on_drop: false }`
[INFO] [stdout] 5a8b2f4693e78c129de366106ef888ba9161fa85
[INFO] testing Arteiii/elevator against nightly-2025-01-18 for randomize-layout-2
[INFO] running `Command { std: "git" "clone" "/workspace/cache/git-repos/https%3A%2F%2Fgithub.com%2FArteiii%2Felevator" "/workspace/builds/worker-1-tc1/source", kill_on_drop: false }`
[INFO] [stderr] Cloning into '/workspace/builds/worker-1-tc1/source'...
[INFO] [stderr] done.
[INFO] validating manifest of git repo https://github.com/Arteiii/elevator on toolchain nightly-2025-01-18
[INFO] running `Command { std: CARGO_HOME="/workspace/cargo-home" RUSTUP_HOME="/workspace/rustup-home" "/workspace/cargo-home/bin/cargo" "+nightly-2025-01-18" "metadata" "--manifest-path" "Cargo.toml" "--no-deps", kill_on_drop: false }`
[INFO] started tweaking git repo https://github.com/Arteiii/elevator
[INFO] finished tweaking git repo https://github.com/Arteiii/elevator
[INFO] tweaked toml for git repo https://github.com/Arteiii/elevator written to /workspace/builds/worker-1-tc1/source/Cargo.toml
[INFO] crate git repo https://github.com/Arteiii/elevator already has a lockfile, it will not be regenerated
[INFO] running `Command { std: CARGO_HOME="/workspace/cargo-home" RUSTUP_HOME="/workspace/rustup-home" "/workspace/cargo-home/bin/cargo" "+nightly-2025-01-18" "fetch" "--manifest-path" "Cargo.toml", kill_on_drop: false }`
[INFO] [stderr] warning: unused manifest key: target.cfg(windows).package
[INFO] [stderr]     Blocking waiting for file lock on package cache
[INFO] [stderr]  Downloading crates ...
[INFO] [stderr]   Downloaded proc-macro2 v1.0.82
[INFO] [stderr]   Downloaded windows-result v0.1.1
[INFO] [stderr]   Downloaded windows-interface v0.56.0
[INFO] [stderr]   Downloaded windows-core v0.56.0
[INFO] [stderr]   Downloaded windows-implement v0.56.0
[INFO] [stderr]   Downloaded serde v1.0.201
[INFO] [stderr]   Downloaded serde_derive v1.0.201
[INFO] [stderr]   Downloaded syn v2.0.61
[INFO] [stderr]   Downloaded windows v0.56.0
[INFO] running `Command { std: "docker" "create" "-v" "/var/lib/crater-agent-workspace/builds/worker-1-tc1/target:/opt/rustwide/target:rw,Z" "-v" "/var/lib/crater-agent-workspace/builds/worker-1-tc1/source:/opt/rustwide/workdir:ro,Z" "-v" "/var/lib/crater-agent-workspace/cargo-home:/opt/rustwide/cargo-home:ro,Z" "-v" "/var/lib/crater-agent-workspace/rustup-home:/opt/rustwide/rustup-home:ro,Z" "-e" "SOURCE_DIR=/opt/rustwide/workdir" "-e" "CARGO_TARGET_DIR=/opt/rustwide/target" "-e" "CARGO_HOME=/opt/rustwide/cargo-home" "-e" "RUSTUP_HOME=/opt/rustwide/rustup-home" "-w" "/opt/rustwide/workdir" "-m" "1610612736" "--user" "0:0" "--network" "none" "ghcr.io/rust-lang/crates-build-env/linux@sha256:819108c5571ea2e421544af4d832f968d213c87fbe3707a016657f43d2f853bc" "/opt/rustwide/cargo-home/bin/cargo" "+nightly-2025-01-18" "metadata" "--no-deps" "--format-version=1", kill_on_drop: false }`
[INFO] [stdout] e3b3ae728a59359e7a20ac42ad99e31040d6879bfe934d5337052b9481dd17ae
[INFO] running `Command { std: "docker" "start" "-a" "e3b3ae728a59359e7a20ac42ad99e31040d6879bfe934d5337052b9481dd17ae", kill_on_drop: false }`
[INFO] running `Command { std: "docker" "inspect" "e3b3ae728a59359e7a20ac42ad99e31040d6879bfe934d5337052b9481dd17ae", kill_on_drop: false }`
[INFO] running `Command { std: "docker" "rm" "-f" "e3b3ae728a59359e7a20ac42ad99e31040d6879bfe934d5337052b9481dd17ae", kill_on_drop: false }`
[INFO] [stdout] e3b3ae728a59359e7a20ac42ad99e31040d6879bfe934d5337052b9481dd17ae
[INFO] running `Command { std: "docker" "create" "-v" "/var/lib/crater-agent-workspace/builds/worker-1-tc1/target:/opt/rustwide/target:rw,Z" "-v" "/var/lib/crater-agent-workspace/builds/worker-1-tc1/source:/opt/rustwide/workdir:ro,Z" "-v" "/var/lib/crater-agent-workspace/cargo-home:/opt/rustwide/cargo-home:ro,Z" "-v" "/var/lib/crater-agent-workspace/rustup-home:/opt/rustwide/rustup-home:ro,Z" "-e" "SOURCE_DIR=/opt/rustwide/workdir" "-e" "CARGO_TARGET_DIR=/opt/rustwide/target" "-e" "CARGO_INCREMENTAL=0" "-e" "RUST_BACKTRACE=full" "-e" "RUSTFLAGS=--cap-lints=forbid" "-e" "RUSTDOCFLAGS=--cap-lints=forbid" "-e" "CARGO_HOME=/opt/rustwide/cargo-home" "-e" "RUSTUP_HOME=/opt/rustwide/rustup-home" "-w" "/opt/rustwide/workdir" "-m" "1610612736" "--user" "0:0" "--network" "none" "ghcr.io/rust-lang/crates-build-env/linux@sha256:819108c5571ea2e421544af4d832f968d213c87fbe3707a016657f43d2f853bc" "/opt/rustwide/cargo-home/bin/cargo" "+nightly-2025-01-18" "build" "--frozen" "--message-format=json", kill_on_drop: false }`
[INFO] [stdout] 90c23db6735b10fe5db2cc2d4e735d75a78df3c5ad809bd8912126d0cd2ad0da
[INFO] running `Command { std: "docker" "start" "-a" "90c23db6735b10fe5db2cc2d4e735d75a78df3c5ad809bd8912126d0cd2ad0da", kill_on_drop: false }`
[INFO] [stderr] warning: unused manifest key: target.cfg(windows).package
[INFO] [stderr]    Compiling libc v0.2.154
[INFO] [stderr]    Compiling elevator v2.0.0 (/opt/rustwide/workdir)
[INFO] [stderr]     Finished `dev` profile [unoptimized + debuginfo] target(s) in 1.49s
[INFO] running `Command { std: "docker" "inspect" "90c23db6735b10fe5db2cc2d4e735d75a78df3c5ad809bd8912126d0cd2ad0da", kill_on_drop: false }`
[INFO] running `Command { std: "docker" "rm" "-f" "90c23db6735b10fe5db2cc2d4e735d75a78df3c5ad809bd8912126d0cd2ad0da", kill_on_drop: false }`
[INFO] [stdout] 90c23db6735b10fe5db2cc2d4e735d75a78df3c5ad809bd8912126d0cd2ad0da
[INFO] running `Command { std: "docker" "create" "-v" "/var/lib/crater-agent-workspace/builds/worker-1-tc1/target:/opt/rustwide/target:rw,Z" "-v" "/var/lib/crater-agent-workspace/builds/worker-1-tc1/source:/opt/rustwide/workdir:ro,Z" "-v" "/var/lib/crater-agent-workspace/cargo-home:/opt/rustwide/cargo-home:ro,Z" "-v" "/var/lib/crater-agent-workspace/rustup-home:/opt/rustwide/rustup-home:ro,Z" "-e" "SOURCE_DIR=/opt/rustwide/workdir" "-e" "CARGO_TARGET_DIR=/opt/rustwide/target" "-e" "CARGO_INCREMENTAL=0" "-e" "RUST_BACKTRACE=full" "-e" "RUSTFLAGS=--cap-lints=forbid" "-e" "RUSTDOCFLAGS=--cap-lints=forbid" "-e" "CARGO_HOME=/opt/rustwide/cargo-home" "-e" "RUSTUP_HOME=/opt/rustwide/rustup-home" "-w" "/opt/rustwide/workdir" "-m" "1610612736" "--user" "0:0" "--network" "none" "ghcr.io/rust-lang/crates-build-env/linux@sha256:819108c5571ea2e421544af4d832f968d213c87fbe3707a016657f43d2f853bc" "/opt/rustwide/cargo-home/bin/cargo" "+nightly-2025-01-18" "test" "--frozen" "--no-run" "--message-format=json", kill_on_drop: false }`
[INFO] [stdout] 20e0e847ac668549023809bfd360622a04ea65de24dd8e98c65ebe8b0528b560
[INFO] running `Command { std: "docker" "start" "-a" "20e0e847ac668549023809bfd360622a04ea65de24dd8e98c65ebe8b0528b560", kill_on_drop: false }`
[INFO] [stderr] warning: unused manifest key: target.cfg(windows).package
[INFO] [stderr]    Compiling elevator v2.0.0 (/opt/rustwide/workdir)
[INFO] [stderr]     Finished `test` profile [unoptimized + debuginfo] target(s) in 0.40s
[INFO] running `Command { std: "docker" "inspect" "20e0e847ac668549023809bfd360622a04ea65de24dd8e98c65ebe8b0528b560", kill_on_drop: false }`
[INFO] running `Command { std: "docker" "rm" "-f" "20e0e847ac668549023809bfd360622a04ea65de24dd8e98c65ebe8b0528b560", kill_on_drop: false }`
[INFO] [stdout] 20e0e847ac668549023809bfd360622a04ea65de24dd8e98c65ebe8b0528b560
[INFO] running `Command { std: "docker" "create" "-v" "/var/lib/crater-agent-workspace/builds/worker-1-tc1/target:/opt/rustwide/target:rw,Z" "-v" "/var/lib/crater-agent-workspace/builds/worker-1-tc1/source:/opt/rustwide/workdir:ro,Z" "-v" "/var/lib/crater-agent-workspace/cargo-home:/opt/rustwide/cargo-home:ro,Z" "-v" "/var/lib/crater-agent-workspace/rustup-home:/opt/rustwide/rustup-home:ro,Z" "-e" "SOURCE_DIR=/opt/rustwide/workdir" "-e" "CARGO_TARGET_DIR=/opt/rustwide/target" "-e" "CARGO_INCREMENTAL=0" "-e" "RUST_BACKTRACE=full" "-e" "RUSTFLAGS=--cap-lints=forbid" "-e" "RUSTDOCFLAGS=--cap-lints=forbid" "-e" "CARGO_HOME=/opt/rustwide/cargo-home" "-e" "RUSTUP_HOME=/opt/rustwide/rustup-home" "-w" "/opt/rustwide/workdir" "-m" "1610612736" "--user" "0:0" "--network" "none" "ghcr.io/rust-lang/crates-build-env/linux@sha256:819108c5571ea2e421544af4d832f968d213c87fbe3707a016657f43d2f853bc" "/opt/rustwide/cargo-home/bin/cargo" "+nightly-2025-01-18" "test" "--frozen", kill_on_drop: false }`
[INFO] [stdout] ff566a52c887fdd358eadbccf972821be4884c5da2a99e839ed8602b799b2bbe
[INFO] running `Command { std: "docker" "start" "-a" "ff566a52c887fdd358eadbccf972821be4884c5da2a99e839ed8602b799b2bbe", kill_on_drop: false }`
[INFO] [stderr] warning: unused manifest key: target.cfg(windows).package
[INFO] [stderr]     Finished `test` profile [unoptimized + debuginfo] target(s) in 0.07s
[INFO] [stderr]      Running unittests src/lib.rs (/opt/rustwide/target/debug/deps/elevator_lib-d5dfd280b57ff080)
[INFO] [stdout] 
[INFO] [stdout] running 0 tests
[INFO] [stdout] 
[INFO] [stderr]      Running unittests bin/main.rs (/opt/rustwide/target/debug/deps/elevator-c4381f660f1a9a8e)
[INFO] [stdout] test result: ok. 0 passed; 0 failed; 0 ignored; 0 measured; 0 filtered out; finished in 0.00s
[INFO] [stdout] 
[INFO] [stdout] 
[INFO] [stdout] running 0 tests
[INFO] [stderr]    Doc-tests elevator_lib
[INFO] [stdout] 
[INFO] [stdout] test result: ok. 0 passed; 0 failed; 0 ignored; 0 measured; 0 filtered out; finished in 0.00s
[INFO] [stdout] 
[INFO] [stdout] 
[INFO] [stdout] running 3 tests
[INFO] [stdout] test src/lib.rs - (line 9) ... FAILED
[INFO] [stdout] test src/unix.rs - unix (line 5) ... FAILED
[INFO] [stdout] test src/unix.rs - unix::run_elevated (line 34) ... ok
[INFO] [stdout] 
[INFO] [stdout] failures:
[INFO] [stdout] 
[INFO] [stdout] ---- src/lib.rs - (line 9) stdout ----
[INFO] [stdout] error[E0308]: mismatched types
[INFO] [stdout]   --> src/lib.rs:14:70
[INFO] [stdout]    |
[INFO] [stdout] 8  | if let Err(err) = run_elevated("C:\\Windows\\System32\\notepad.exe", &["C:\\example.txt"]) {
[INFO] [stdout]    |                   ------------                                       ^^^^^^^^^^^^^^^^^^^^ expected `&str`, found `&[&str; 1]`
[INFO] [stdout]    |                   |
[INFO] [stdout]    |                   arguments to this function are incorrect
[INFO] [stdout]    |
[INFO] [stdout]    = note: expected reference `&str`
[INFO] [stdout]               found reference `&[&str; 1]`
[INFO] [stdout] note: function defined here
[INFO] [stdout]   --> /opt/rustwide/workdir/src/unix.rs:43:8
[INFO] [stdout]    |
[INFO] [stdout] 43 | pub fn run_elevated<S: AsRef<OsStr>>(program_path: S, args: &str) -> std::io::Result<ExitStatus> {
[INFO] [stdout]    |        ^^^^^^^^^^^^
[INFO] [stdout] 
[INFO] [stdout] error: aborting due to 1 previous error
[INFO] [stdout] 
[INFO] [stdout] For more information about this error, try `rustc --explain E0308`.
[INFO] [stdout] Couldn't compile the test.
[INFO] [stdout] ---- src/unix.rs - unix (line 5) stdout ----
[INFO] [stdout] error[E0308]: mismatched types
[INFO] [stdout]   --> src/unix.rs:10:57
[INFO] [stdout]    |
[INFO] [stdout] 8  | if let Err(err) = run_elevated("/usr/bin/some_program", &["arg1", "arg2"]) {
[INFO] [stdout]    |                   ------------                          ^^^^^^^^^^^^^^^^^ expected `&str`, found `&[&str; 2]`
[INFO] [stdout]    |                   |
[INFO] [stdout]    |                   arguments to this function are incorrect
[INFO] [stdout]    |
[INFO] [stdout]    = note: expected reference `&str`
[INFO] [stdout]               found reference `&[&str; 2]`
[INFO] [stdout] note: function defined here
[INFO] [stdout]   --> /opt/rustwide/workdir/src/unix.rs:43:8
[INFO] [stdout]    |
[INFO] [stdout] 43 | pub fn run_elevated<S: AsRef<OsStr>>(program_path: S, args: &str) -> std::io::Result<ExitStatus> {
[INFO] [stdout]    |        ^^^^^^^^^^^^
[INFO] [stdout] 
[INFO] [stdout] error: aborting due to 1 previous error
[INFO] [stdout] 
[INFO] [stdout] For more information about this error, try `rustc --explain E0308`.
[INFO] [stdout] Couldn't compile the test.
[INFO] [stdout] 
[INFO] [stdout] failures:
[INFO] [stdout]     src/lib.rs - (line 9)
[INFO] [stdout]     src/unix.rs - unix (line 5)
[INFO] [stdout] 
[INFO] [stdout] test result: FAILED. 1 passed; 2 failed; 0 ignored; 0 measured; 0 filtered out; finished in 0.31s
[INFO] [stdout] 
[INFO] [stderr] error: doctest failed, to rerun pass `--doc`
[INFO] running `Command { std: "docker" "inspect" "ff566a52c887fdd358eadbccf972821be4884c5da2a99e839ed8602b799b2bbe", kill_on_drop: false }`
[INFO] running `Command { std: "docker" "rm" "-f" "ff566a52c887fdd358eadbccf972821be4884c5da2a99e839ed8602b799b2bbe", kill_on_drop: false }`
[INFO] [stdout] ff566a52c887fdd358eadbccf972821be4884c5da2a99e839ed8602b799b2bbe
