[INFO] cloning repository https://github.com/AntonStrand/advent-of-code-2021
[INFO] running `Command { std: "git" "-c" "credential.helper=" "-c" "credential.helper=/workspace/cargo-home/bin/git-credential-null" "clone" "--bare" "https://github.com/AntonStrand/advent-of-code-2021" "/workspace/cache/git-repos/https%3A%2F%2Fgithub.com%2FAntonStrand%2Fadvent-of-code-2021", kill_on_drop: false }`
[INFO] [stderr] Cloning into bare repository '/workspace/cache/git-repos/https%3A%2F%2Fgithub.com%2FAntonStrand%2Fadvent-of-code-2021'...
[INFO] running `Command { std: "git" "rev-parse" "HEAD", kill_on_drop: false }`
[INFO] [stdout] 0b01e6ba28b1eaad130a91484603d56570aebdcb
[INFO] testing AntonStrand/advent-of-code-2021 against nightly-2025-01-18+rustflags=-Zrandomize-layout for randomize-layout-2
[INFO] running `Command { std: "git" "clone" "/workspace/cache/git-repos/https%3A%2F%2Fgithub.com%2FAntonStrand%2Fadvent-of-code-2021" "/workspace/builds/worker-7-tc2/source", kill_on_drop: false }`
[INFO] [stderr] Cloning into '/workspace/builds/worker-7-tc2/source'...
[INFO] [stderr] done.
[INFO] validating manifest of git repo https://github.com/AntonStrand/advent-of-code-2021 on toolchain nightly-2025-01-18
[INFO] running `Command { std: CARGO_HOME="/workspace/cargo-home" RUSTUP_HOME="/workspace/rustup-home" "/workspace/cargo-home/bin/cargo" "+nightly-2025-01-18" "metadata" "--manifest-path" "Cargo.toml" "--no-deps", kill_on_drop: false }`
[INFO] started tweaking git repo https://github.com/AntonStrand/advent-of-code-2021
[INFO] finished tweaking git repo https://github.com/AntonStrand/advent-of-code-2021
[INFO] tweaked toml for git repo https://github.com/AntonStrand/advent-of-code-2021 written to /workspace/builds/worker-7-tc2/source/Cargo.toml
[INFO] crate git repo https://github.com/AntonStrand/advent-of-code-2021 already has a lockfile, it will not be regenerated
[INFO] running `Command { std: CARGO_HOME="/workspace/cargo-home" RUSTUP_HOME="/workspace/rustup-home" "/workspace/cargo-home/bin/cargo" "+nightly-2025-01-18" "fetch" "--manifest-path" "Cargo.toml", kill_on_drop: false }`
[INFO] running `Command { std: "docker" "create" "-v" "/var/lib/crater-agent-workspace/builds/worker-7-tc2/target:/opt/rustwide/target:rw,Z" "-v" "/var/lib/crater-agent-workspace/builds/worker-7-tc2/source:/opt/rustwide/workdir:ro,Z" "-v" "/var/lib/crater-agent-workspace/cargo-home:/opt/rustwide/cargo-home:ro,Z" "-v" "/var/lib/crater-agent-workspace/rustup-home:/opt/rustwide/rustup-home:ro,Z" "-e" "SOURCE_DIR=/opt/rustwide/workdir" "-e" "CARGO_TARGET_DIR=/opt/rustwide/target" "-e" "CARGO_HOME=/opt/rustwide/cargo-home" "-e" "RUSTUP_HOME=/opt/rustwide/rustup-home" "-w" "/opt/rustwide/workdir" "-m" "1610612736" "--user" "0:0" "--network" "none" "ghcr.io/rust-lang/crates-build-env/linux@sha256:819108c5571ea2e421544af4d832f968d213c87fbe3707a016657f43d2f853bc" "/opt/rustwide/cargo-home/bin/cargo" "+nightly-2025-01-18" "metadata" "--no-deps" "--format-version=1", kill_on_drop: false }`
[INFO] [stdout] 544d3bc3bd6b597e7e2ff80ec3e7caed9ff615cbf127e6340b356c6837226ff4
[INFO] running `Command { std: "docker" "start" "-a" "544d3bc3bd6b597e7e2ff80ec3e7caed9ff615cbf127e6340b356c6837226ff4", kill_on_drop: false }`
[INFO] running `Command { std: "docker" "inspect" "544d3bc3bd6b597e7e2ff80ec3e7caed9ff615cbf127e6340b356c6837226ff4", kill_on_drop: false }`
[INFO] running `Command { std: "docker" "rm" "-f" "544d3bc3bd6b597e7e2ff80ec3e7caed9ff615cbf127e6340b356c6837226ff4", kill_on_drop: false }`
[INFO] [stdout] 544d3bc3bd6b597e7e2ff80ec3e7caed9ff615cbf127e6340b356c6837226ff4
[INFO] running `Command { std: "docker" "create" "-v" "/var/lib/crater-agent-workspace/builds/worker-7-tc2/target:/opt/rustwide/target:rw,Z" "-v" "/var/lib/crater-agent-workspace/builds/worker-7-tc2/source:/opt/rustwide/workdir:ro,Z" "-v" "/var/lib/crater-agent-workspace/cargo-home:/opt/rustwide/cargo-home:ro,Z" "-v" "/var/lib/crater-agent-workspace/rustup-home:/opt/rustwide/rustup-home:ro,Z" "-e" "SOURCE_DIR=/opt/rustwide/workdir" "-e" "CARGO_TARGET_DIR=/opt/rustwide/target" "-e" "CARGO_INCREMENTAL=0" "-e" "RUST_BACKTRACE=full" "-e" "RUSTFLAGS=--cap-lints=forbid -Zrandomize-layout" "-e" "RUSTDOCFLAGS=--cap-lints=forbid" "-e" "CARGO_HOME=/opt/rustwide/cargo-home" "-e" "RUSTUP_HOME=/opt/rustwide/rustup-home" "-w" "/opt/rustwide/workdir" "-m" "1610612736" "--user" "0:0" "--network" "none" "ghcr.io/rust-lang/crates-build-env/linux@sha256:819108c5571ea2e421544af4d832f968d213c87fbe3707a016657f43d2f853bc" "/opt/rustwide/cargo-home/bin/cargo" "+nightly-2025-01-18" "build" "--frozen" "--message-format=json", kill_on_drop: false }`
[INFO] [stdout] fcdb94853572be73543f10663f5530d9948049242f698c1ec9b6fc91c72ce219
[INFO] running `Command { std: "docker" "start" "-a" "fcdb94853572be73543f10663f5530d9948049242f698c1ec9b6fc91c72ce219", kill_on_drop: false }`
[INFO] [stderr]    Compiling advent-of-code v0.1.0 (/opt/rustwide/workdir)
[INFO] [stderr]     Finished `dev` profile [unoptimized + debuginfo] target(s) in 1.96s
[INFO] running `Command { std: "docker" "inspect" "fcdb94853572be73543f10663f5530d9948049242f698c1ec9b6fc91c72ce219", kill_on_drop: false }`
[INFO] running `Command { std: "docker" "rm" "-f" "fcdb94853572be73543f10663f5530d9948049242f698c1ec9b6fc91c72ce219", kill_on_drop: false }`
[INFO] [stdout] fcdb94853572be73543f10663f5530d9948049242f698c1ec9b6fc91c72ce219
[INFO] running `Command { std: "docker" "create" "-v" "/var/lib/crater-agent-workspace/builds/worker-7-tc2/target:/opt/rustwide/target:rw,Z" "-v" "/var/lib/crater-agent-workspace/builds/worker-7-tc2/source:/opt/rustwide/workdir:ro,Z" "-v" "/var/lib/crater-agent-workspace/cargo-home:/opt/rustwide/cargo-home:ro,Z" "-v" "/var/lib/crater-agent-workspace/rustup-home:/opt/rustwide/rustup-home:ro,Z" "-e" "SOURCE_DIR=/opt/rustwide/workdir" "-e" "CARGO_TARGET_DIR=/opt/rustwide/target" "-e" "CARGO_INCREMENTAL=0" "-e" "RUST_BACKTRACE=full" "-e" "RUSTFLAGS=--cap-lints=forbid -Zrandomize-layout" "-e" "RUSTDOCFLAGS=--cap-lints=forbid" "-e" "CARGO_HOME=/opt/rustwide/cargo-home" "-e" "RUSTUP_HOME=/opt/rustwide/rustup-home" "-w" "/opt/rustwide/workdir" "-m" "1610612736" "--user" "0:0" "--network" "none" "ghcr.io/rust-lang/crates-build-env/linux@sha256:819108c5571ea2e421544af4d832f968d213c87fbe3707a016657f43d2f853bc" "/opt/rustwide/cargo-home/bin/cargo" "+nightly-2025-01-18" "test" "--frozen" "--no-run" "--message-format=json", kill_on_drop: false }`
[INFO] [stdout] f393b952e1eddc7dd622f2a461d77244b58d53edf6db3fc35a3a8ca073cb54d4
[INFO] running `Command { std: "docker" "start" "-a" "f393b952e1eddc7dd622f2a461d77244b58d53edf6db3fc35a3a8ca073cb54d4", kill_on_drop: false }`
[INFO] [stderr]    Compiling advent-of-code v0.1.0 (/opt/rustwide/workdir)
[INFO] [stderr]     Finished `test` profile [unoptimized + debuginfo] target(s) in 1.95s
[INFO] running `Command { std: "docker" "inspect" "f393b952e1eddc7dd622f2a461d77244b58d53edf6db3fc35a3a8ca073cb54d4", kill_on_drop: false }`
[INFO] running `Command { std: "docker" "rm" "-f" "f393b952e1eddc7dd622f2a461d77244b58d53edf6db3fc35a3a8ca073cb54d4", kill_on_drop: false }`
[INFO] [stdout] f393b952e1eddc7dd622f2a461d77244b58d53edf6db3fc35a3a8ca073cb54d4
[INFO] running `Command { std: "docker" "create" "-v" "/var/lib/crater-agent-workspace/builds/worker-7-tc2/target:/opt/rustwide/target:rw,Z" "-v" "/var/lib/crater-agent-workspace/builds/worker-7-tc2/source:/opt/rustwide/workdir:ro,Z" "-v" "/var/lib/crater-agent-workspace/cargo-home:/opt/rustwide/cargo-home:ro,Z" "-v" "/var/lib/crater-agent-workspace/rustup-home:/opt/rustwide/rustup-home:ro,Z" "-e" "SOURCE_DIR=/opt/rustwide/workdir" "-e" "CARGO_TARGET_DIR=/opt/rustwide/target" "-e" "CARGO_INCREMENTAL=0" "-e" "RUST_BACKTRACE=full" "-e" "RUSTFLAGS=--cap-lints=forbid -Zrandomize-layout" "-e" "RUSTDOCFLAGS=--cap-lints=forbid" "-e" "CARGO_HOME=/opt/rustwide/cargo-home" "-e" "RUSTUP_HOME=/opt/rustwide/rustup-home" "-w" "/opt/rustwide/workdir" "-m" "1610612736" "--user" "0:0" "--network" "none" "ghcr.io/rust-lang/crates-build-env/linux@sha256:819108c5571ea2e421544af4d832f968d213c87fbe3707a016657f43d2f853bc" "/opt/rustwide/cargo-home/bin/cargo" "+nightly-2025-01-18" "test" "--frozen", kill_on_drop: false }`
[INFO] [stdout] 3870e92ed852222f605877ab86106c839f738cdaedb828a6eb3abbe30afa9f5f
[INFO] running `Command { std: "docker" "start" "-a" "3870e92ed852222f605877ab86106c839f738cdaedb828a6eb3abbe30afa9f5f", kill_on_drop: false }`
[INFO] [stderr]     Finished `test` profile [unoptimized + debuginfo] target(s) in 0.01s
[INFO] [stderr]      Running unittests src/lib.rs (/opt/rustwide/target/debug/deps/advent_of_code-c9c43c84b24d8ad1)
[INFO] [stdout] 
[INFO] [stdout] running 119 tests
[INFO] [stdout] test day_03::tests::test_get_columns ... ok
[INFO] [stdout] test day_03::tests::test_part02 ... ok
[INFO] [stdout] test day_01::tests::test_part02 ... ok
[INFO] [stdout] test day_05::tests::test_negative_horizontal_line ... ok
[INFO] [stdout] test day_01::tests::test_part01 ... ok
[INFO] [stdout] test day_05::tests::test_number_of_overlapping_coordinates ... ok
[INFO] [stdout] test day_04::tests::test_play_should_return_none_if_no_winner ... ok
[INFO] [stdout] test day_05::tests::test_diagonal_line_2 ... ok
[INFO] [stdout] test day_05::tests::test_negative_vertical_line ... ok
[INFO] [stdout] test day_05::tests::test_positive_vertical_line ... ok
[INFO] [stdout] test day_04::tests::test_play_should_find_winner ... ok
[INFO] [stdout] test day_07::tests::test_calc_trip_0 ... ok
[INFO] [stdout] test day_07::tests::test_calc_trip_1 ... ok
[INFO] [stdout] test day_07::tests::test_mean_empty ... ok
[INFO] [stdout] test day_07::tests::test_median ... ok
[INFO] [stdout] test day_05::tests::test_positive_horizontal_line ... ok
[INFO] [stdout] test day_03::tests::test_part01 ... ok
[INFO] [stdout] test day_07::tests::test_part01 ... ok
[INFO] [stdout] test day_07::tests::test_part02 ... ok
[INFO] [stdout] test day_07::tests::test_part01_final ... ok
[INFO] [stdout] test day_07::tests::test_part02_final ... ok
[INFO] [stdout] test day_07::tests::test_mean_uneven ... ok
[INFO] [stdout] test day_05::tests::test_diagonal_line_1 ... ok
[INFO] [stdout] test day_05::tests::test_lines ... ok
[INFO] [stdout] test day_08::tests::test_parse_digit_input_8 ... ok
[INFO] [stdout] test day_08::tests::test_parse_digit_input_cefabd ... ok
[INFO] [stdout] test day_08::tests::test_parse_digit_input_cdfeb ... ok
[INFO] [stdout] test day_08::tests::test_parse_segment_1 ... ok
[INFO] [stdout] test day_08::tests::test_parse_digit_input_cdfgeb ... ok
[INFO] [stdout] test day_08::tests::test_parse_digit_input_fcadb ... ok
[INFO] [stdout] test day_08::tests::test_parse_segment_3 ... ok
[INFO] [stdout] test day_08::tests::test_parse_segment_4 ... ok
[INFO] [stdout] test day_08::tests::test_parse_segment_2 ... ok
[INFO] [stdout] test day_08::tests::test_parse_segment_6 ... ok
[INFO] [stdout] test day_08::tests::test_parse_segment_9 ... ok
[INFO] [stdout] test day_09::tests::test_find_adjacent ... ok
[INFO] [stdout] test day_08::tests::test_parse_segment_5 ... ok
[INFO] [stdout] test day_08::tests::test_parse_segment_7 ... ok
[INFO] [stdout] test day_07::tests::test_brute_02 ... ok
[INFO] [stdout] test day_08::tests::test_parse_segment_10 ... ok
[INFO] [stdout] test day_08::tests::test_parse_segment_8 ... ok
[INFO] [stdout] test day_10::tests::test_parse_line_corrupt_angle ... ok
[INFO] [stdout] test day_10::tests::test_parse_line_corrupt_bracket ... ok
[INFO] [stdout] test day_10::tests::test_parse_line_corrupt_chevron ... ok
[INFO] [stdout] test day_10::tests::test_parse_line_corrupt_curly ... ok
[INFO] [stdout] test day_10::tests::test_parse_line_incomplete ... ok
[INFO] [stdout] test day_10::tests::test_parse_line_corrupt_parens ... ok
[INFO] [stdout] test day_11::tests::test_new_grid ... ok
[INFO] [stdout] test day_11::tests::test_step_2 ... ok
[INFO] [stdout] test day_10::tests::test_part01 ... ok
[INFO] [stdout] test day_10::tests::test_parse_line_ok ... ok
[INFO] [stdout] test day_10::tests::test_part02 ... ok
[INFO] [stdout] test day_08::tests::test_part02_final ... ok
[INFO] [stdout] test day_11::tests::test_step_10 ... ok
[INFO] [stdout] test day_07::tests::test_mean_even ... ok
[INFO] [stdout] test day_12::tests::test_part02 ... ignored
[INFO] [stdout] test day_13::tests::test_fold_twice ... ok
[INFO] [stdout] test day_13::tests::test_fold_y ... ok
[INFO] [stdout] test day_14::tests::test_part01 ... ok
[INFO] [stdout] test day_13::tests::test_part01 ... ok
[INFO] [stdout] test day_11::tests::test_part01 ... ok
[INFO] [stdout] test day_16::tests::test_part01 ... ok
[INFO] [stdout] test day_16::tests::test_hex_to_binary_d2fe28 ... ok
[INFO] [stdout] test day_14::tests::test_part02 ... ok
[INFO] [stdout] test day_16::tests::test_hex_to_binary_38006f45291200 ... ok
[INFO] [stdout] test day_16::tests::test_part02 ... ok
[INFO] [stdout] test day_16::tests::test_part_1_8a004a801a8002f478 ... ok
[INFO] [stdout] test day_16::tests::test_part_1_a0016c880162017c3686b18a3d4780 ... ok
[INFO] [stdout] test day_16::tests::test_part_1_c0015000016115a2e0802f182340 ... ok
[INFO] [stdout] test day_13::tests::test_part02 ... ok
[INFO] [stdout] test day_16::tests::test_part_2_gt ... ok
[INFO] [stdout] test day_16::tests::test_part_2_lt ... ok
[INFO] [stdout] test day_08::tests::test_part01 ... ok
[INFO] [stdout] test day_16::tests::test_part_2_eq ... ok
[INFO] [stdout] test day_16::tests::test_part_2_max ... ok
[INFO] [stdout] test day_16::tests::test_part_2_product ... ok
[INFO] [stdout] test day_16::tests::test_part_2_min ... ok
[INFO] [stdout] test day_16::tests::test_part_2_sum ... ok
[INFO] [stdout] test day_16::tests::test_part_2_sum_prod_eq ... ok
[INFO] [stdout] test day_17::tests::test_is_in ... ok
[INFO] [stdout] test day_16::tests::test_part_1_620080001611562c8802118e34 ... ok
[INFO] [stdout] test day_17::tests::test_part01 ... ok
[INFO] [stdout] test day_08::tests::test_part02 ... ok
[INFO] [stdout] test day_17::tests::test_simulate_7_2 ... ok
[INFO] [stdout] test day_17::tests::test_simulate_9_0 ... ok
[INFO] [stdout] test day_17::tests::test_simulate_6_3 ... ok
[INFO] [stdout] test day_08::tests::test_part01_final ... ok
[INFO] [stdout] test day_15::tests::test_part01 ... ok
[INFO] [stdout] test day_18::tests::test_explode_nested ... ok
[INFO] [stdout] test day_11::tests::test_step_1 ... ok
[INFO] [stdout] test day_17::tests::test_simulate_miss ... ok
[INFO] [stdout] test day_18::tests::test_add ... ok
[INFO] [stdout] test day_17::tests::test_to_target_area_example ... ok
[INFO] [stdout] test day_18::tests::test_explode_left ... ok
[INFO] [stdout] test day_17::tests::test_to_target_area ... ok
[INFO] [stdout] test day_18::tests::test_not_explode ... ok
[INFO] [stdout] test day_18::tests::test_not_explode_nested ... ok
[INFO] [stdout] test day_18::tests::test_parse_pair ... ok
[INFO] [stdout] test day_18::tests::test_explode_right ... ok
[INFO] [stdout] test day_18::tests::test_parse_nested_pair ... ok
[INFO] [stdout] test day_21::tests::test_part01 ... ok
[INFO] [stdout] test day_20::tests::test_get_algorithm_index ... ok
[INFO] [stdout] test day_19::tests::test_part01 ... ok
[INFO] [stdout] test day_19::tests::test_part02 ... ok
[INFO] [stdout] test day_22::tests::test_parse_on_instruction ... ok
[INFO] [stdout] test day_22::tests::test_part02 ... ok
[INFO] [stdout] test day_17::tests::test_part02 ... ok
[INFO] [stdout] test day_09::tests::test_part01 ... ok
[INFO] [stdout] test day_18::tests::test_part01 ... ok
[INFO] [stdout] test day_20::tests::test_part01 ... FAILED
[INFO] [stdout] test day_20::tests::test_part02 ... FAILED
[INFO] [stdout] test day_07::tests::test_brute_01 ... ok
[INFO] [stdout] test day_12::tests::test_part01 ... ok
[INFO] [stdout] test day_18::tests::test_part02 ... ok
[INFO] [stdout] test day_11::tests::test_part02 ... ok
[INFO] [stdout] test day_09::tests::test_part02 ... ok
[INFO] [stdout] test day_21::tests::test_part02 ... ok
[INFO] [stdout] test day_15::tests::test_part02 ... ok
[INFO] [stdout] test day_22::tests::test_part01 ... ok
[INFO] [stdout] 
[INFO] [stdout] failures:
[INFO] [stdout] 
[INFO] [stdout] ---- day_20::tests::test_part01 stdout ----
[INFO] [stdout] 
[INFO] [stdout] thread 'day_20::tests::test_part01' panicked at src/day_20.rs:75:50:
[INFO] [stdout] attempt to subtract with overflow
[INFO] [stdout] stack backtrace:
[INFO] [stdout]    0:     0x5599a2997e2a - std::backtrace_rs::backtrace::libunwind::trace::hb059275cfc8d6126
[INFO] [stdout]                                at /rustc/6067b36314ab5eb2eb47cecc464545ba58e1ad24/library/std/src/../../backtrace/src/backtrace/libunwind.rs:116:5
[INFO] [stdout]    1:     0x5599a2997e2a - std::backtrace_rs::backtrace::trace_unsynchronized::h2da071e4327ce3ee
[INFO] [stdout]                                at /rustc/6067b36314ab5eb2eb47cecc464545ba58e1ad24/library/std/src/../../backtrace/src/backtrace/mod.rs:66:5
[INFO] [stdout]    2:     0x5599a2997e2a - std::sys::backtrace::_print_fmt::h842a1474e6f8d23f
[INFO] [stdout]                                at /rustc/6067b36314ab5eb2eb47cecc464545ba58e1ad24/library/std/src/sys/backtrace.rs:66:9
[INFO] [stdout]    3:     0x5599a2997e2a - <std::sys::backtrace::BacktraceLock::print::DisplayBacktrace as core::fmt::Display>::fmt::h71a62eb3b9696b12
[INFO] [stdout]                                at /rustc/6067b36314ab5eb2eb47cecc464545ba58e1ad24/library/std/src/sys/backtrace.rs:39:26
[INFO] [stdout]    4:     0x5599a29bffd3 - core::fmt::rt::Argument::fmt::hdb6b616786b41dc1
[INFO] [stdout]                                at /rustc/6067b36314ab5eb2eb47cecc464545ba58e1ad24/library/core/src/fmt/rt.rs:177:76
[INFO] [stdout]    5:     0x5599a29bffd3 - core::fmt::write::h2cc1698af7e2d686
[INFO] [stdout]                                at /rustc/6067b36314ab5eb2eb47cecc464545ba58e1ad24/library/core/src/fmt/mod.rs:1440:21
[INFO] [stdout]    6:     0x5599a2994983 - std::io::Write::write_fmt::hab1b4cd059a79022
[INFO] [stdout]                                at /rustc/6067b36314ab5eb2eb47cecc464545ba58e1ad24/library/std/src/io/mod.rs:1887:15
[INFO] [stdout]    7:     0x5599a2997c72 - std::sys::backtrace::BacktraceLock::print::h147fe35b4ea13b08
[INFO] [stdout]                                at /rustc/6067b36314ab5eb2eb47cecc464545ba58e1ad24/library/std/src/sys/backtrace.rs:42:9
[INFO] [stdout]    8:     0x5599a299924f - std::panicking::default_hook::{{closure}}::hbd44223dbdc0d208
[INFO] [stdout]                                at /rustc/6067b36314ab5eb2eb47cecc464545ba58e1ad24/library/std/src/panicking.rs:298:22
[INFO] [stdout]    9:     0x5599a2999068 - std::panicking::default_hook::h20f81eb0576efcec
[INFO] [stdout]                                at /rustc/6067b36314ab5eb2eb47cecc464545ba58e1ad24/library/std/src/panicking.rs:322:9
[INFO] [stdout]   10:     0x5599a2961733 - <alloc::boxed::Box<F,A> as core::ops::function::Fn<Args>>::call::hdb53814c496a4d34
[INFO] [stdout]                                at /rustc/6067b36314ab5eb2eb47cecc464545ba58e1ad24/library/alloc/src/boxed.rs:2027:9
[INFO] [stdout]   11:     0x5599a2961733 - test::test_main::{{closure}}::hc0a4963c59427c24
[INFO] [stdout]                                at /rustc/6067b36314ab5eb2eb47cecc464545ba58e1ad24/library/test/src/lib.rs:134:21
[INFO] [stdout]   12:     0x5599a2999d43 - <alloc::boxed::Box<F,A> as core::ops::function::Fn<Args>>::call::h591b2225413a77e9
[INFO] [stdout]                                at /rustc/6067b36314ab5eb2eb47cecc464545ba58e1ad24/library/alloc/src/boxed.rs:2027:9
[INFO] [stdout]   13:     0x5599a2999d43 - std::panicking::rust_panic_with_hook::h625eea43051b2edc
[INFO] [stdout]                                at /rustc/6067b36314ab5eb2eb47cecc464545ba58e1ad24/library/std/src/panicking.rs:839:13
[INFO] [stdout]   14:     0x5599a29999c6 - std::panicking::begin_panic_handler::{{closure}}::h4f9159cfbc3f6bd3
[INFO] [stdout]                                at /rustc/6067b36314ab5eb2eb47cecc464545ba58e1ad24/library/std/src/panicking.rs:697:13
[INFO] [stdout]   15:     0x5599a2998329 - std::sys::backtrace::__rust_end_short_backtrace::h0390abce48353151
[INFO] [stdout]                                at /rustc/6067b36314ab5eb2eb47cecc464545ba58e1ad24/library/std/src/sys/backtrace.rs:168:18
[INFO] [stdout]   16:     0x5599a299968d - rust_begin_unwind
[INFO] [stdout]                                at /rustc/6067b36314ab5eb2eb47cecc464545ba58e1ad24/library/std/src/panicking.rs:695:5
[INFO] [stdout]   17:     0x5599a29be970 - core::panicking::panic_fmt::h9e7c637e9e5f29c9
[INFO] [stdout]                                at /rustc/6067b36314ab5eb2eb47cecc464545ba58e1ad24/library/core/src/panicking.rs:75:14
[INFO] [stdout]   18:     0x5599a29c4e47 - core::panicking::panic_const::panic_const_sub_overflow::hc936e676af9fcd5b
[INFO] [stdout]                                at /rustc/6067b36314ab5eb2eb47cecc464545ba58e1ad24/library/core/src/panicking.rs:178:21
[INFO] [stdout]   19:     0x5599a28e5e8e - advent_of_code::day_20::Image::enhance::h3924ed6892a5809b
[INFO] [stdout]                                at /opt/rustwide/workdir/src/day_20.rs:75:50
[INFO] [stdout]   20:     0x5599a28e60d4 - advent_of_code::day_20::part01::h45c35c186394a27c
[INFO] [stdout]                                at /opt/rustwide/workdir/src/day_20.rs:101:5
[INFO] [stdout]   21:     0x5599a28e84c7 - advent_of_code::day_20::tests::test_part01::he05471c887fd673a
[INFO] [stdout]                                at /opt/rustwide/workdir/src/day_20.rs:141:20
[INFO] [stdout]   22:     0x5599a28e83f7 - advent_of_code::day_20::tests::test_part01::{{closure}}::he969928b5c109a80
[INFO] [stdout]                                at /opt/rustwide/workdir/src/day_20.rs:139:21
[INFO] [stdout]   23:     0x5599a28bea66 - core::ops::function::FnOnce::call_once::h16f86fbf6f9a9b6b
[INFO] [stdout]                                at /rustc/6067b36314ab5eb2eb47cecc464545ba58e1ad24/library/core/src/ops/function.rs:250:5
[INFO] [stdout]   24:     0x5599a2966e8b - core::ops::function::FnOnce::call_once::he27718dfdd183f43
[INFO] [stdout]                                at /rustc/6067b36314ab5eb2eb47cecc464545ba58e1ad24/library/core/src/ops/function.rs:250:5
[INFO] [stdout]   25:     0x5599a2966e8b - test::__rust_begin_short_backtrace::h4e84902998457a5d
[INFO] [stdout]                                at /rustc/6067b36314ab5eb2eb47cecc464545ba58e1ad24/library/test/src/lib.rs:632:18
[INFO] [stdout]   26:     0x5599a2965dc3 - test::run_test_in_process::{{closure}}::h7176fd18fc1feca0
[INFO] [stdout]                                at /rustc/6067b36314ab5eb2eb47cecc464545ba58e1ad24/library/test/src/lib.rs:655:60
[INFO] [stdout]   27:     0x5599a2965dc3 - <core::panic::unwind_safe::AssertUnwindSafe<F> as core::ops::function::FnOnce<()>>::call_once::hf79cff2a624d8cf7
[INFO] [stdout]                                at /rustc/6067b36314ab5eb2eb47cecc464545ba58e1ad24/library/core/src/panic/unwind_safe.rs:272:9
[INFO] [stdout]   28:     0x5599a2965dc3 - std::panicking::try::do_call::h3da0561d9ab99c25
[INFO] [stdout]                                at /rustc/6067b36314ab5eb2eb47cecc464545ba58e1ad24/library/std/src/panicking.rs:587:40
[INFO] [stdout]   29:     0x5599a2965dc3 - std::panicking::try::h41c9fa508bc61df6
[INFO] [stdout]                                at /rustc/6067b36314ab5eb2eb47cecc464545ba58e1ad24/library/std/src/panicking.rs:550:19
[INFO] [stdout]   30:     0x5599a2965dc3 - std::panic::catch_unwind::h6b3ff07bb5afad93
[INFO] [stdout]                                at /rustc/6067b36314ab5eb2eb47cecc464545ba58e1ad24/library/std/src/panic.rs:358:14
[INFO] [stdout]   31:     0x5599a2965dc3 - test::run_test_in_process::hc7253dd11b39b9f4
[INFO] [stdout]                                at /rustc/6067b36314ab5eb2eb47cecc464545ba58e1ad24/library/test/src/lib.rs:655:27
[INFO] [stdout]   32:     0x5599a2965dc3 - test::run_test::{{closure}}::hfb2007f8649c30bb
[INFO] [stdout]                                at /rustc/6067b36314ab5eb2eb47cecc464545ba58e1ad24/library/test/src/lib.rs:576:43
[INFO] [stdout]   33:     0x5599a2928ea5 - test::run_test::{{closure}}::h56a17aa7a282a9f4
[INFO] [stdout]                                at /rustc/6067b36314ab5eb2eb47cecc464545ba58e1ad24/library/test/src/lib.rs:606:41
[INFO] [stdout]   34:     0x5599a2928ea5 - std::sys::backtrace::__rust_begin_short_backtrace::hd2d2d2fb8e8c6aac
[INFO] [stdout]                                at /rustc/6067b36314ab5eb2eb47cecc464545ba58e1ad24/library/std/src/sys/backtrace.rs:152:18
[INFO] [stdout]   35:     0x5599a292c78a - std::thread::Builder::spawn_unchecked_::{{closure}}::{{closure}}::h4faa3f9db6133423
[INFO] [stdout]                                at /rustc/6067b36314ab5eb2eb47cecc464545ba58e1ad24/library/std/src/thread/mod.rs:559:17
[INFO] [stdout]   36:     0x5599a292c78a - <core::panic::unwind_safe::AssertUnwindSafe<F> as core::ops::function::FnOnce<()>>::call_once::hf2e855a36a4ea846
[INFO] [stdout]                                at /rustc/6067b36314ab5eb2eb47cecc464545ba58e1ad24/library/core/src/panic/unwind_safe.rs:272:9
[INFO] [stdout]   37:     0x5599a292c78a - std::panicking::try::do_call::h2f73af3616c35465
[INFO] [stdout]                                at /rustc/6067b36314ab5eb2eb47cecc464545ba58e1ad24/library/std/src/panicking.rs:587:40
[INFO] [stdout]   38:     0x5599a292c78a - std::panicking::try::hd1660ce9efadef5a
[INFO] [stdout]                                at /rustc/6067b36314ab5eb2eb47cecc464545ba58e1ad24/library/std/src/panicking.rs:550:19
[INFO] [stdout]   39:     0x5599a292c78a - std::panic::catch_unwind::h5ee8d7823b8ca744
[INFO] [stdout]                                at /rustc/6067b36314ab5eb2eb47cecc464545ba58e1ad24/library/std/src/panic.rs:358:14
[INFO] [stdout]   40:     0x5599a292c78a - std::thread::Builder::spawn_unchecked_::{{closure}}::h53c3a1894dce8407
[INFO] [stdout]                                at /rustc/6067b36314ab5eb2eb47cecc464545ba58e1ad24/library/std/src/thread/mod.rs:557:30
[INFO] [stdout]   41:     0x5599a292c78a - core::ops::function::FnOnce::call_once{{vtable.shim}}::h048ce291ad4f62bf
[INFO] [stdout]                                at /rustc/6067b36314ab5eb2eb47cecc464545ba58e1ad24/library/core/src/ops/function.rs:250:5
[INFO] [stdout]   42:     0x5599a299dc7b - <alloc::boxed::Box<F,A> as core::ops::function::FnOnce<Args>>::call_once::ha52bedf99a3b4981
[INFO] [stdout]                                at /rustc/6067b36314ab5eb2eb47cecc464545ba58e1ad24/library/alloc/src/boxed.rs:2013:9
[INFO] [stdout]   43:     0x5599a299dc7b - <alloc::boxed::Box<F,A> as core::ops::function::FnOnce<Args>>::call_once::h567748934d80ccf8
[INFO] [stdout]                                at /rustc/6067b36314ab5eb2eb47cecc464545ba58e1ad24/library/alloc/src/boxed.rs:2013:9
[INFO] [stdout]   44:     0x5599a299dc7b - std::sys::pal::unix::thread::Thread::new::thread_start::h2d970728ae887adc
[INFO] [stdout]                                at /rustc/6067b36314ab5eb2eb47cecc464545ba58e1ad24/library/std/src/sys/pal/unix/thread.rs:106:17
[INFO] [stdout]   45:     0x77bfa09b7ac3 - <unknown>
[INFO] [stdout]   46:     0x77bfa0a48a04 - clone
[INFO] [stdout]   47:                0x0 - <unknown>
[INFO] [stdout] 
[INFO] [stdout] ---- day_20::tests::test_part02 stdout ----
[INFO] [stdout] 
[INFO] [stdout] thread 'day_20::tests::test_part02' panicked at src/day_20.rs:75:50:
[INFO] [stdout] attempt to subtract with overflow
[INFO] [stdout] stack backtrace:
[INFO] [stdout]    0:     0x5599a2997e2a - std::backtrace_rs::backtrace::libunwind::trace::hb059275cfc8d6126
[INFO] [stdout]                                at /rustc/6067b36314ab5eb2eb47cecc464545ba58e1ad24/library/std/src/../../backtrace/src/backtrace/libunwind.rs:116:5
[INFO] [stdout]    1:     0x5599a2997e2a - std::backtrace_rs::backtrace::trace_unsynchronized::h2da071e4327ce3ee
[INFO] [stdout]                                at /rustc/6067b36314ab5eb2eb47cecc464545ba58e1ad24/library/std/src/../../backtrace/src/backtrace/mod.rs:66:5
[INFO] [stdout]    2:     0x5599a2997e2a - std::sys::backtrace::_print_fmt::h842a1474e6f8d23f
[INFO] [stdout]                                at /rustc/6067b36314ab5eb2eb47cecc464545ba58e1ad24/library/std/src/sys/backtrace.rs:66:9
[INFO] [stdout]    3:     0x5599a2997e2a - <std::sys::backtrace::BacktraceLock::print::DisplayBacktrace as core::fmt::Display>::fmt::h71a62eb3b9696b12
[INFO] [stdout]                                at /rustc/6067b36314ab5eb2eb47cecc464545ba58e1ad24/library/std/src/sys/backtrace.rs:39:26
[INFO] [stdout]    4:     0x5599a29bffd3 - core::fmt::rt::Argument::fmt::hdb6b616786b41dc1
[INFO] [stdout]                                at /rustc/6067b36314ab5eb2eb47cecc464545ba58e1ad24/library/core/src/fmt/rt.rs:177:76
[INFO] [stdout]    5:     0x5599a29bffd3 - core::fmt::write::h2cc1698af7e2d686
[INFO] [stdout]                                at /rustc/6067b36314ab5eb2eb47cecc464545ba58e1ad24/library/core/src/fmt/mod.rs:1440:21
[INFO] [stdout]    6:     0x5599a2994983 - std::io::Write::write_fmt::hab1b4cd059a79022
[INFO] [stdout]                                at /rustc/6067b36314ab5eb2eb47cecc464545ba58e1ad24/library/std/src/io/mod.rs:1887:15
[INFO] [stdout]    7:     0x5599a2997c72 - std::sys::backtrace::BacktraceLock::print::h147fe35b4ea13b08
[INFO] [stdout]                                at /rustc/6067b36314ab5eb2eb47cecc464545ba58e1ad24/library/std/src/sys/backtrace.rs:42:9
[INFO] [stdout]    8:     0x5599a299924f - std::panicking::default_hook::{{closure}}::hbd44223dbdc0d208
[INFO] [stdout]                                at /rustc/6067b36314ab5eb2eb47cecc464545ba58e1ad24/library/std/src/panicking.rs:298:22
[INFO] [stdout]    9:     0x5599a2999068 - std::panicking::default_hook::h20f81eb0576efcec
[INFO] [stdout]                                at /rustc/6067b36314ab5eb2eb47cecc464545ba58e1ad24/library/std/src/panicking.rs:322:9
[INFO] [stdout]   10:     0x5599a2961733 - <alloc::boxed::Box<F,A> as core::ops::function::Fn<Args>>::call::hdb53814c496a4d34
[INFO] [stdout]                                at /rustc/6067b36314ab5eb2eb47cecc464545ba58e1ad24/library/alloc/src/boxed.rs:2027:9
[INFO] [stdout]   11:     0x5599a2961733 - test::test_main::{{closure}}::hc0a4963c59427c24
[INFO] [stdout]                                at /rustc/6067b36314ab5eb2eb47cecc464545ba58e1ad24/library/test/src/lib.rs:134:21
[INFO] [stdout]   12:     0x5599a2999d43 - <alloc::boxed::Box<F,A> as core::ops::function::Fn<Args>>::call::h591b2225413a77e9
[INFO] [stdout]                                at /rustc/6067b36314ab5eb2eb47cecc464545ba58e1ad24/library/alloc/src/boxed.rs:2027:9
[INFO] [stdout]   13:     0x5599a2999d43 - std::panicking::rust_panic_with_hook::h625eea43051b2edc
[INFO] [stdout]                                at /rustc/6067b36314ab5eb2eb47cecc464545ba58e1ad24/library/std/src/panicking.rs:839:13
[INFO] [stdout]   14:     0x5599a29999c6 - std::panicking::begin_panic_handler::{{closure}}::h4f9159cfbc3f6bd3
[INFO] [stdout]                                at /rustc/6067b36314ab5eb2eb47cecc464545ba58e1ad24/library/std/src/panicking.rs:697:13
[INFO] [stdout]   15:     0x5599a2998329 - std::sys::backtrace::__rust_end_short_backtrace::h0390abce48353151
[INFO] [stdout]                                at /rustc/6067b36314ab5eb2eb47cecc464545ba58e1ad24/library/std/src/sys/backtrace.rs:168:18
[INFO] [stdout]   16:     0x5599a299968d - rust_begin_unwind
[INFO] [stdout]                                at /rustc/6067b36314ab5eb2eb47cecc464545ba58e1ad24/library/std/src/panicking.rs:695:5
[INFO] [stdout]   17:     0x5599a29be970 - core::panicking::panic_fmt::h9e7c637e9e5f29c9
[INFO] [stdout]                                at /rustc/6067b36314ab5eb2eb47cecc464545ba58e1ad24/library/core/src/panicking.rs:75:14
[INFO] [stdout]   18:     0x5599a29c4e47 - core::panicking::panic_const::panic_const_sub_overflow::hc936e676af9fcd5b
[INFO] [stdout]                                at /rustc/6067b36314ab5eb2eb47cecc464545ba58e1ad24/library/core/src/panicking.rs:178:21
[INFO] [stdout]   19:     0x5599a28e5e8e - advent_of_code::day_20::Image::enhance::h3924ed6892a5809b
[INFO] [stdout]                                at /opt/rustwide/workdir/src/day_20.rs:75:50
[INFO] [stdout]   20:     0x5599a28e6257 - advent_of_code::day_20::part02::{{closure}}::h2774f9bb4a7f1913
[INFO] [stdout]                                at /opt/rustwide/workdir/src/day_20.rs:107:33
[INFO] [stdout]   21:     0x5599a28c4a89 - core::iter::traits::iterator::Iterator::fold::h6bb0d639fdb7f860
[INFO] [stdout]                                at /rustc/6067b36314ab5eb2eb47cecc464545ba58e1ad24/library/core/src/iter/traits/iterator.rs:2546:21
[INFO] [stdout]   22:     0x5599a28e61e7 - advent_of_code::day_20::part02::hbc33b53f7ac42407
[INFO] [stdout]                                at /opt/rustwide/workdir/src/day_20.rs:105:5
[INFO] [stdout]   23:     0x5599a28e86a1 - advent_of_code::day_20::tests::test_part02::h653610ae052c3461
[INFO] [stdout]                                at /opt/rustwide/workdir/src/day_20.rs:147:20
[INFO] [stdout]   24:     0x5599a28e8597 - advent_of_code::day_20::tests::test_part02::{{closure}}::he5fe72ad25647e6b
[INFO] [stdout]                                at /opt/rustwide/workdir/src/day_20.rs:145:21
[INFO] [stdout]   25:     0x5599a28c05b6 - core::ops::function::FnOnce::call_once::hb147d8e51bfef01d
[INFO] [stdout]                                at /rustc/6067b36314ab5eb2eb47cecc464545ba58e1ad24/library/core/src/ops/function.rs:250:5
[INFO] [stdout]   26:     0x5599a2966e8b - core::ops::function::FnOnce::call_once::he27718dfdd183f43
[INFO] [stdout]                                at /rustc/6067b36314ab5eb2eb47cecc464545ba58e1ad24/library/core/src/ops/function.rs:250:5
[INFO] [stdout]   27:     0x5599a2966e8b - test::__rust_begin_short_backtrace::h4e84902998457a5d
[INFO] [stdout]                                at /rustc/6067b36314ab5eb2eb47cecc464545ba58e1ad24/library/test/src/lib.rs:632:18
[INFO] [stdout]   28:     0x5599a2965dc3 - test::run_test_in_process::{{closure}}::h7176fd18fc1feca0
[INFO] [stdout]                                at /rustc/6067b36314ab5eb2eb47cecc464545ba58e1ad24/library/test/src/lib.rs:655:60
[INFO] [stdout]   29:     0x5599a2965dc3 - <core::panic::unwind_safe::AssertUnwindSafe<F> as core::ops::function::FnOnce<()>>::call_once::hf79cff2a624d8cf7
[INFO] [stdout]                                at /rustc/6067b36314ab5eb2eb47cecc464545ba58e1ad24/library/core/src/panic/unwind_safe.rs:272:9
[INFO] [stdout]   30:     0x5599a2965dc3 - std::panicking::try::do_call::h3da0561d9ab99c25
[INFO] [stdout]                                at /rustc/6067b36314ab5eb2eb47cecc464545ba58e1ad24/library/std/src/panicking.rs:587:40
[INFO] [stdout]   31:     0x5599a2965dc3 - std::panicking::try::h41c9fa508bc61df6
[INFO] [stdout]                                at /rustc/6067b36314ab5eb2eb47cecc464545ba58e1ad24/library/std/src/panicking.rs:550:19
[INFO] [stdout]   32:     0x5599a2965dc3 - std::panic::catch_unwind::h6b3ff07bb5afad93
[INFO] [stdout]                                at /rustc/6067b36314ab5eb2eb47cecc464545ba58e1ad24/library/std/src/panic.rs:358:14
[INFO] [stdout]   33:     0x5599a2965dc3 - test::run_test_in_process::hc7253dd11b39b9f4
[INFO] [stdout]                                at /rustc/6067b36314ab5eb2eb47cecc464545ba58e1ad24/library/test/src/lib.rs:655:27
[INFO] [stdout]   34:     0x5599a2965dc3 - test::run_test::{{closure}}::hfb2007f8649c30bb
[INFO] [stdout]                                at /rustc/6067b36314ab5eb2eb47cecc464545ba58e1ad24/library/test/src/lib.rs:576:43
[INFO] [stdout]   35:     0x5599a2928ea5 - test::run_test::{{closure}}::h56a17aa7a282a9f4
[INFO] [stdout]                                at /rustc/6067b36314ab5eb2eb47cecc464545ba58e1ad24/library/test/src/lib.rs:606:41
[INFO] [stdout]   36:     0x5599a2928ea5 - std::sys::backtrace::__rust_begin_short_backtrace::hd2d2d2fb8e8c6aac
[INFO] [stdout]                                at /rustc/6067b36314ab5eb2eb47cecc464545ba58e1ad24/library/std/src/sys/backtrace.rs:152:18
[INFO] [stdout]   37:     0x5599a292c78a - std::thread::Builder::spawn_unchecked_::{{closure}}::{{closure}}::h4faa3f9db6133423
[INFO] [stdout]                                at /rustc/6067b36314ab5eb2eb47cecc464545ba58e1ad24/library/std/src/thread/mod.rs:559:17
[INFO] [stdout]   38:     0x5599a292c78a - <core::panic::unwind_safe::AssertUnwindSafe<F> as core::ops::function::FnOnce<()>>::call_once::hf2e855a36a4ea846
[INFO] [stdout]                                at /rustc/6067b36314ab5eb2eb47cecc464545ba58e1ad24/library/core/src/panic/unwind_safe.rs:272:9
[INFO] [stdout]   39:     0x5599a292c78a - std::panicking::try::do_call::h2f73af3616c35465
[INFO] [stdout]                                at /rustc/6067b36314ab5eb2eb47cecc464545ba58e1ad24/library/std/src/panicking.rs:587:40
[INFO] [stdout]   40:     0x5599a292c78a - std::panicking::try::hd1660ce9efadef5a
[INFO] [stdout]                                at /rustc/6067b36314ab5eb2eb47cecc464545ba58e1ad24/library/std/src/panicking.rs:550:19
[INFO] [stdout]   41:     0x5599a292c78a - std::panic::catch_unwind::h5ee8d7823b8ca744
[INFO] [stdout]                                at /rustc/6067b36314ab5eb2eb47cecc464545ba58e1ad24/library/std/src/panic.rs:358:14
[INFO] [stdout]   42:     0x5599a292c78a - std::thread::Builder::spawn_unchecked_::{{closure}}::h53c3a1894dce8407
[INFO] [stdout]                                at /rustc/6067b36314ab5eb2eb47cecc464545ba58e1ad24/library/std/src/thread/mod.rs:557:30
[INFO] [stdout]   43:     0x5599a292c78a - core::ops::function::FnOnce::call_once{{vtable.shim}}::h048ce291ad4f62bf
[INFO] [stdout]                                at /rustc/6067b36314ab5eb2eb47cecc464545ba58e1ad24/library/core/src/ops/function.rs:250:5
[INFO] [stdout]   44:     0x5599a299dc7b - <alloc::boxed::Box<F,A> as core::ops::function::FnOnce<Args>>::call_once::ha52bedf99a3b4981
[INFO] [stdout]                                at /rustc/6067b36314ab5eb2eb47cecc464545ba58e1ad24/library/alloc/src/boxed.rs:2013:9
[INFO] [stdout]   45:     0x5599a299dc7b - <alloc::boxed::Box<F,A> as core::ops::function::FnOnce<Args>>::call_once::h567748934d80ccf8
[INFO] [stdout]                                at /rustc/6067b36314ab5eb2eb47cecc464545ba58e1ad24/library/alloc/src/boxed.rs:2013:9
[INFO] [stdout]   46:     0x5599a299dc7b - std::sys::pal::unix::thread::Thread::new::thread_start::h2d970728ae887adc
[INFO] [stdout]                                at /rustc/6067b36314ab5eb2eb47cecc464545ba58e1ad24/library/std/src/sys/pal/unix/thread.rs:106:17
[INFO] [stdout]   47:     0x77bfa09b7ac3 - <unknown>
[INFO] [stdout]   48:     0x77bfa0a48a04 - clone
[INFO] [stdout]   49:                0x0 - <unknown>
[INFO] [stdout] 
[INFO] [stdout] 
[INFO] [stdout] failures:
[INFO] [stdout]     day_20::tests::test_part01
[INFO] [stdout]     day_20::tests::test_part02
[INFO] [stdout] 
[INFO] [stdout] test result: FAILED. 116 passed; 2 failed; 1 ignored; 0 measured; 0 filtered out; finished in 12.14s
[INFO] [stdout] 
[INFO] [stderr] error: test failed, to rerun pass `--lib`
[INFO] running `Command { std: "docker" "inspect" "3870e92ed852222f605877ab86106c839f738cdaedb828a6eb3abbe30afa9f5f", kill_on_drop: false }`
[INFO] running `Command { std: "docker" "rm" "-f" "3870e92ed852222f605877ab86106c839f738cdaedb828a6eb3abbe30afa9f5f", kill_on_drop: false }`
[INFO] [stdout] 3870e92ed852222f605877ab86106c839f738cdaedb828a6eb3abbe30afa9f5f
