[INFO] cloning repository https://github.com/AnteT/rippy
[INFO] running `Command { std: "git" "-c" "credential.helper=" "-c" "credential.helper=/workspace/cargo-home/bin/git-credential-null" "clone" "--bare" "https://github.com/AnteT/rippy" "/workspace/cache/git-repos/https%3A%2F%2Fgithub.com%2FAnteT%2Frippy", kill_on_drop: false }`
[INFO] [stderr] Cloning into bare repository '/workspace/cache/git-repos/https%3A%2F%2Fgithub.com%2FAnteT%2Frippy'...
[INFO] running `Command { std: "git" "rev-parse" "HEAD", kill_on_drop: false }`
[INFO] [stdout] db7a50b3ef99f84bee852094493f78f20761f314
[INFO] testing AnteT/rippy against nightly-2025-01-18+rustflags=-Zrandomize-layout for randomize-layout-2
[INFO] running `Command { std: "git" "clone" "/workspace/cache/git-repos/https%3A%2F%2Fgithub.com%2FAnteT%2Frippy" "/workspace/builds/worker-1-tc2/source", kill_on_drop: false }`
[INFO] [stderr] Cloning into '/workspace/builds/worker-1-tc2/source'...
[INFO] [stderr] done.
[INFO] validating manifest of git repo https://github.com/AnteT/rippy on toolchain nightly-2025-01-18
[INFO] running `Command { std: CARGO_HOME="/workspace/cargo-home" RUSTUP_HOME="/workspace/rustup-home" "/workspace/cargo-home/bin/cargo" "+nightly-2025-01-18" "metadata" "--manifest-path" "Cargo.toml" "--no-deps", kill_on_drop: false }`
[INFO] started tweaking git repo https://github.com/AnteT/rippy
[INFO] finished tweaking git repo https://github.com/AnteT/rippy
[INFO] tweaked toml for git repo https://github.com/AnteT/rippy written to /workspace/builds/worker-1-tc2/source/Cargo.toml
[INFO] crate git repo https://github.com/AnteT/rippy already has a lockfile, it will not be regenerated
[INFO] running `Command { std: CARGO_HOME="/workspace/cargo-home" RUSTUP_HOME="/workspace/rustup-home" "/workspace/cargo-home/bin/cargo" "+nightly-2025-01-18" "fetch" "--manifest-path" "Cargo.toml", kill_on_drop: false }`
[INFO] running `Command { std: "docker" "create" "-v" "/var/lib/crater-agent-workspace/builds/worker-1-tc2/target:/opt/rustwide/target:rw,Z" "-v" "/var/lib/crater-agent-workspace/builds/worker-1-tc2/source:/opt/rustwide/workdir:ro,Z" "-v" "/var/lib/crater-agent-workspace/cargo-home:/opt/rustwide/cargo-home:ro,Z" "-v" "/var/lib/crater-agent-workspace/rustup-home:/opt/rustwide/rustup-home:ro,Z" "-e" "SOURCE_DIR=/opt/rustwide/workdir" "-e" "CARGO_TARGET_DIR=/opt/rustwide/target" "-e" "CARGO_HOME=/opt/rustwide/cargo-home" "-e" "RUSTUP_HOME=/opt/rustwide/rustup-home" "-w" "/opt/rustwide/workdir" "-m" "1610612736" "--user" "0:0" "--network" "none" "ghcr.io/rust-lang/crates-build-env/linux@sha256:819108c5571ea2e421544af4d832f968d213c87fbe3707a016657f43d2f853bc" "/opt/rustwide/cargo-home/bin/cargo" "+nightly-2025-01-18" "metadata" "--no-deps" "--format-version=1", kill_on_drop: false }`
[INFO] [stdout] ebe1e88d2e22e7a5dd152552497977b62675b812742748cd63cde3ead72443ed
[INFO] running `Command { std: "docker" "start" "-a" "ebe1e88d2e22e7a5dd152552497977b62675b812742748cd63cde3ead72443ed", kill_on_drop: false }`
[INFO] running `Command { std: "docker" "inspect" "ebe1e88d2e22e7a5dd152552497977b62675b812742748cd63cde3ead72443ed", kill_on_drop: false }`
[INFO] running `Command { std: "docker" "rm" "-f" "ebe1e88d2e22e7a5dd152552497977b62675b812742748cd63cde3ead72443ed", kill_on_drop: false }`
[INFO] [stdout] ebe1e88d2e22e7a5dd152552497977b62675b812742748cd63cde3ead72443ed
[INFO] running `Command { std: "docker" "create" "-v" "/var/lib/crater-agent-workspace/builds/worker-1-tc2/target:/opt/rustwide/target:rw,Z" "-v" "/var/lib/crater-agent-workspace/builds/worker-1-tc2/source:/opt/rustwide/workdir:ro,Z" "-v" "/var/lib/crater-agent-workspace/cargo-home:/opt/rustwide/cargo-home:ro,Z" "-v" "/var/lib/crater-agent-workspace/rustup-home:/opt/rustwide/rustup-home:ro,Z" "-e" "SOURCE_DIR=/opt/rustwide/workdir" "-e" "CARGO_TARGET_DIR=/opt/rustwide/target" "-e" "CARGO_INCREMENTAL=0" "-e" "RUST_BACKTRACE=full" "-e" "RUSTFLAGS=--cap-lints=forbid -Zrandomize-layout" "-e" "RUSTDOCFLAGS=--cap-lints=forbid" "-e" "CARGO_HOME=/opt/rustwide/cargo-home" "-e" "RUSTUP_HOME=/opt/rustwide/rustup-home" "-w" "/opt/rustwide/workdir" "-m" "1610612736" "--user" "0:0" "--network" "none" "ghcr.io/rust-lang/crates-build-env/linux@sha256:819108c5571ea2e421544af4d832f968d213c87fbe3707a016657f43d2f853bc" "/opt/rustwide/cargo-home/bin/cargo" "+nightly-2025-01-18" "build" "--frozen" "--message-format=json", kill_on_drop: false }`
[INFO] [stdout] 12dd3f62d372b2575f889508f3e41f73f61a6f4c69d1f883fdbe2a8f8fc50de1
[INFO] running `Command { std: "docker" "start" "-a" "12dd3f62d372b2575f889508f3e41f73f61a6f4c69d1f883fdbe2a8f8fc50de1", kill_on_drop: false }`
[INFO] [stderr]    Compiling proc-macro2 v1.0.86
[INFO] [stderr]    Compiling unicode-ident v1.0.13
[INFO] [stderr]    Compiling memchr v2.7.4
[INFO] [stderr]    Compiling autocfg v1.4.0
[INFO] [stderr]    Compiling regex-syntax v0.8.5
[INFO] [stderr]    Compiling serde v1.0.210
[INFO] [stderr]    Compiling utf8parse v0.2.2
[INFO] [stderr]    Compiling libc v0.2.159
[INFO] [stderr]    Compiling iana-time-zone v0.1.61
[INFO] [stderr]    Compiling anstyle-parse v0.2.5
[INFO] [stderr]    Compiling colorchoice v1.0.2
[INFO] [stderr]    Compiling anstyle-query v1.1.1
[INFO] [stderr]    Compiling anstyle v1.0.8
[INFO] [stderr]    Compiling is_terminal_polyfill v1.70.1
[INFO] [stderr]    Compiling ahash v0.8.11
[INFO] [stderr]    Compiling crossbeam-channel v0.5.13
[INFO] [stderr]    Compiling anstream v0.6.15
[INFO] [stderr]    Compiling quote v1.0.37
[INFO] [stderr]    Compiling num-traits v0.2.19
[INFO] [stderr]    Compiling aho-corasick v1.1.3
[INFO] [stderr]    Compiling syn v2.0.79
[INFO] [stderr]    Compiling bstr v1.10.0
[INFO] [stderr]    Compiling crossbeam-queue v0.3.11
[INFO] [stderr]    Compiling clap_lex v0.7.2
[INFO] [stderr]    Compiling strsim v0.11.1
[INFO] [stderr]    Compiling serde_json v1.0.128
[INFO] [stderr]    Compiling either v1.13.0
[INFO] [stderr]    Compiling clap_builder v4.5.18
[INFO] [stderr]    Compiling rayon v1.10.0
[INFO] [stderr]    Compiling getrandom v0.2.15
[INFO] [stderr]    Compiling crossbeam v0.8.4
[INFO] [stderr]    Compiling walkdir v2.5.0
[INFO] [stderr]    Compiling once_cell v1.20.1
[INFO] [stderr]    Compiling zerocopy v0.7.35
[INFO] [stderr]    Compiling chrono v0.4.38
[INFO] [stderr]    Compiling is_executable v1.0.3
[INFO] [stderr]    Compiling regex-automata v0.4.8
[INFO] [stderr]    Compiling clap v4.5.18
[INFO] [stderr]    Compiling serde_derive v1.0.210
[INFO] [stderr]    Compiling rippy v0.4.2 (/opt/rustwide/workdir)
[INFO] [stderr]    Compiling jwalk v0.8.1
[INFO] [stderr]    Compiling globset v0.4.15
[INFO] [stderr]    Compiling regex v1.11.0
[INFO] [stderr]    Compiling ignore v0.4.23
[INFO] [stderr]    Compiling indexmap v2.5.0
[INFO] [stderr]     Finished `dev` profile [unoptimized + debuginfo] target(s) in 46.37s
[INFO] running `Command { std: "docker" "inspect" "12dd3f62d372b2575f889508f3e41f73f61a6f4c69d1f883fdbe2a8f8fc50de1", kill_on_drop: false }`
[INFO] running `Command { std: "docker" "rm" "-f" "12dd3f62d372b2575f889508f3e41f73f61a6f4c69d1f883fdbe2a8f8fc50de1", kill_on_drop: false }`
[INFO] [stdout] 12dd3f62d372b2575f889508f3e41f73f61a6f4c69d1f883fdbe2a8f8fc50de1
[INFO] running `Command { std: "docker" "create" "-v" "/var/lib/crater-agent-workspace/builds/worker-1-tc2/target:/opt/rustwide/target:rw,Z" "-v" "/var/lib/crater-agent-workspace/builds/worker-1-tc2/source:/opt/rustwide/workdir:ro,Z" "-v" "/var/lib/crater-agent-workspace/cargo-home:/opt/rustwide/cargo-home:ro,Z" "-v" "/var/lib/crater-agent-workspace/rustup-home:/opt/rustwide/rustup-home:ro,Z" "-e" "SOURCE_DIR=/opt/rustwide/workdir" "-e" "CARGO_TARGET_DIR=/opt/rustwide/target" "-e" "CARGO_INCREMENTAL=0" "-e" "RUST_BACKTRACE=full" "-e" "RUSTFLAGS=--cap-lints=forbid -Zrandomize-layout" "-e" "RUSTDOCFLAGS=--cap-lints=forbid" "-e" "CARGO_HOME=/opt/rustwide/cargo-home" "-e" "RUSTUP_HOME=/opt/rustwide/rustup-home" "-w" "/opt/rustwide/workdir" "-m" "1610612736" "--user" "0:0" "--network" "none" "ghcr.io/rust-lang/crates-build-env/linux@sha256:819108c5571ea2e421544af4d832f968d213c87fbe3707a016657f43d2f853bc" "/opt/rustwide/cargo-home/bin/cargo" "+nightly-2025-01-18" "test" "--frozen" "--no-run" "--message-format=json", kill_on_drop: false }`
[INFO] [stdout] 842770266ec228ac0764c5ea6a2caf2c909c0edf18d952f849407147bd83e1f4
[INFO] running `Command { std: "docker" "start" "-a" "842770266ec228ac0764c5ea6a2caf2c909c0edf18d952f849407147bd83e1f4", kill_on_drop: false }`
[INFO] [stderr]    Compiling rippy v0.4.2 (/opt/rustwide/workdir)
[INFO] [stderr]     Finished `test` profile [unoptimized + debuginfo] target(s) in 3.24s
[INFO] running `Command { std: "docker" "inspect" "842770266ec228ac0764c5ea6a2caf2c909c0edf18d952f849407147bd83e1f4", kill_on_drop: false }`
[INFO] running `Command { std: "docker" "rm" "-f" "842770266ec228ac0764c5ea6a2caf2c909c0edf18d952f849407147bd83e1f4", kill_on_drop: false }`
[INFO] [stdout] 842770266ec228ac0764c5ea6a2caf2c909c0edf18d952f849407147bd83e1f4
[INFO] running `Command { std: "docker" "create" "-v" "/var/lib/crater-agent-workspace/builds/worker-1-tc2/target:/opt/rustwide/target:rw,Z" "-v" "/var/lib/crater-agent-workspace/builds/worker-1-tc2/source:/opt/rustwide/workdir:ro,Z" "-v" "/var/lib/crater-agent-workspace/cargo-home:/opt/rustwide/cargo-home:ro,Z" "-v" "/var/lib/crater-agent-workspace/rustup-home:/opt/rustwide/rustup-home:ro,Z" "-e" "SOURCE_DIR=/opt/rustwide/workdir" "-e" "CARGO_TARGET_DIR=/opt/rustwide/target" "-e" "CARGO_INCREMENTAL=0" "-e" "RUST_BACKTRACE=full" "-e" "RUSTFLAGS=--cap-lints=forbid -Zrandomize-layout" "-e" "RUSTDOCFLAGS=--cap-lints=forbid" "-e" "CARGO_HOME=/opt/rustwide/cargo-home" "-e" "RUSTUP_HOME=/opt/rustwide/rustup-home" "-w" "/opt/rustwide/workdir" "-m" "1610612736" "--user" "0:0" "--network" "none" "ghcr.io/rust-lang/crates-build-env/linux@sha256:819108c5571ea2e421544af4d832f968d213c87fbe3707a016657f43d2f853bc" "/opt/rustwide/cargo-home/bin/cargo" "+nightly-2025-01-18" "test" "--frozen", kill_on_drop: false }`
[INFO] [stdout] 40e81841d172b954abbdbcf4f5f6ff1070a9b38c9ba9c3d820bff9fcdaa3900f
[INFO] running `Command { std: "docker" "start" "-a" "40e81841d172b954abbdbcf4f5f6ff1070a9b38c9ba9c3d820bff9fcdaa3900f", kill_on_drop: false }`
[INFO] [stderr]     Finished `test` profile [unoptimized + debuginfo] target(s) in 0.12s
[INFO] [stderr]      Running unittests src/lib.rs (/opt/rustwide/target/debug/deps/rippy-c5b57cf08f48d158)
[INFO] [stderr]      Running unittests src/bin/rippy.rs (/opt/rustwide/target/debug/deps/rippy-7fd1ed48c460bc7b)
[INFO] [stdout] 
[INFO] [stdout] running 0 tests
[INFO] [stdout] 
[INFO] [stdout] test result: ok. 0 passed; 0 failed; 0 ignored; 0 measured; 0 filtered out; finished in 0.00s
[INFO] [stdout] 
[INFO] [stdout] 
[INFO] [stdout] running 0 tests
[INFO] [stdout] 
[INFO] [stdout] test result: ok. 0 passed; 0 failed; 0 ignored; 0 measured; 0 filtered out; finished in 0.00s
[INFO] [stdout] 
[INFO] [stderr]      Running tests/integration_test.rs (/opt/rustwide/target/debug/deps/integration_test-ea54f52c1935925a)
[INFO] [stdout] 
[INFO] [stdout] running 17 tests
[INFO] [stdout] test tests::test_count_tree ... FAILED
[INFO] [stdout] test tests::test_crawl_directory_gitignore ... FAILED
[INFO] [stdout] test tests::test_crawl_directory_search_contents ... FAILED
[INFO] [stdout] test tests::test_crawl_directory_hidden ... FAILED
[INFO] [stdout] test tests::test_tree_building ... FAILED
[INFO] [stdout] test tests::test_tree_display_pathing ... FAILED
[INFO] [stdout] test tests::test_tree_sort_by_size ... FAILED
[INFO] [stdout] test tests::test_tree_sort_by_type ... FAILED
[INFO] [stdout] test tests::test_window_and_fmt_width ... FAILED
[INFO] [stdout] test tests::test_write_tree_to_buf ... FAILED
[INFO] [stdout] test tests::test_write_tree_to_json ... FAILED
[INFO] [stdout] test tests::test_crawl_directory_wide ... FAILED
[INFO] [stdout] test tests::test_tree_sort_by_date ... FAILED
[INFO] [stdout] test tests::test_tree_sort_by_name ... FAILED
[INFO] [stdout] test tests::test_crawl_directory_tall ... FAILED
[INFO] [stdout] test tests::test_crawl_directory_max_depth ... FAILED
[INFO] [stdout] test tests::test_rippy_arguments ... FAILED
[INFO] [stdout] 
[INFO] [stdout] failures:
[INFO] [stdout] 
[INFO] [stdout] ---- tests::test_count_tree stdout ----
[INFO] [stdout] Error: IO error: Read-only file system (os error 30)
[INFO] [stdout] 
[INFO] [stdout] ---- tests::test_crawl_directory_gitignore stdout ----
[INFO] [stdout] Error: IO error: Read-only file system (os error 30)
[INFO] [stdout] 
[INFO] [stdout] ---- tests::test_crawl_directory_search_contents stdout ----
[INFO] [stdout] Error: IO error: Read-only file system (os error 30)
[INFO] [stdout] 
[INFO] [stdout] ---- tests::test_crawl_directory_hidden stdout ----
[INFO] [stdout] Error: IO error: Read-only file system (os error 30)
[INFO] [stdout] 
[INFO] [stdout] ---- tests::test_tree_building stdout ----
[INFO] [stdout] Error: IO error: Read-only file system (os error 30)
[INFO] [stdout] 
[INFO] [stdout] ---- tests::test_tree_display_pathing stdout ----
[INFO] [stdout] Error: IO error: Read-only file system (os error 30)
[INFO] [stdout] 
[INFO] [stdout] ---- tests::test_tree_sort_by_size stdout ----
[INFO] [stdout] Error: IO error: Read-only file system (os error 30)
[INFO] [stdout] 
[INFO] [stdout] ---- tests::test_tree_sort_by_type stdout ----
[INFO] [stdout] Error: IO error: Read-only file system (os error 30)
[INFO] [stdout] 
[INFO] [stdout] ---- tests::test_window_and_fmt_width stdout ----
[INFO] [stdout] Error: IO error: Read-only file system (os error 30)
[INFO] [stdout] 
[INFO] [stdout] ---- tests::test_write_tree_to_buf stdout ----
[INFO] [stdout] Error: IO error: Read-only file system (os error 30)
[INFO] [stdout] 
[INFO] [stdout] ---- tests::test_write_tree_to_json stdout ----
[INFO] [stdout] Error: IO error: Read-only file system (os error 30)
[INFO] [stdout] 
[INFO] [stdout] ---- tests::test_crawl_directory_wide stdout ----
[INFO] [stdout] Error: IO error: Read-only file system (os error 30)
[INFO] [stdout] 
[INFO] [stdout] ---- tests::test_tree_sort_by_date stdout ----
[INFO] [stdout] Error: IO error: Read-only file system (os error 30)
[INFO] [stdout] 
[INFO] [stdout] ---- tests::test_tree_sort_by_name stdout ----
[INFO] [stdout] Error: IO error: Read-only file system (os error 30)
[INFO] [stdout] 
[INFO] [stdout] ---- tests::test_crawl_directory_tall stdout ----
[INFO] [stdout] Error: IO error: Read-only file system (os error 30)
[INFO] [stdout] 
[INFO] [stdout] ---- tests::test_crawl_directory_max_depth stdout ----
[INFO] [stdout] Error: IO error: Read-only file system (os error 30)
[INFO] [stdout] 
[INFO] [stdout] ---- tests::test_rippy_arguments stdout ----
[INFO] [stdout] 
[INFO] [stdout] thread 'tests::test_rippy_arguments' panicked at tests/integration_test.rs:41:9:
[INFO] [stdout] assertion `left == right` failed
[INFO] [stdout]   left: RippySchema { root: None, dir: None, exec: None, file: None, sym: None, detail: None, search: None, window: None, muted: None, zero: None }
[INFO] [stdout]  right: RippySchema { root: Some("\u{1b}[38;5;220m"), dir: Some("\u{1b}[38;5;80m"), exec: Some("\u{1b}[38;5;211m"), file: None, sym: Some("\u{1b}[38;5;147m"), detail: Some("\u{1b}[38;5;248m"), search: Some("\u{1b}[38;5;220m"), window: Some("\u{1b}[38;5;42m"), muted: Some("\u{1b}[38;5;248m"), zero: Some("\u{1b}[38;5;220m") }
[INFO] [stdout] stack backtrace:
[INFO] [stdout]    0:     0x6367e733a00a - std::backtrace_rs::backtrace::libunwind::trace::hb059275cfc8d6126
[INFO] [stdout]                                at /rustc/6067b36314ab5eb2eb47cecc464545ba58e1ad24/library/std/src/../../backtrace/src/backtrace/libunwind.rs:116:5
[INFO] [stdout]    1:     0x6367e733a00a - std::backtrace_rs::backtrace::trace_unsynchronized::h2da071e4327ce3ee
[INFO] [stdout]                                at /rustc/6067b36314ab5eb2eb47cecc464545ba58e1ad24/library/std/src/../../backtrace/src/backtrace/mod.rs:66:5
[INFO] [stdout]    2:     0x6367e733a00a - std::sys::backtrace::_print_fmt::h842a1474e6f8d23f
[INFO] [stdout]                                at /rustc/6067b36314ab5eb2eb47cecc464545ba58e1ad24/library/std/src/sys/backtrace.rs:66:9
[INFO] [stdout]    3:     0x6367e733a00a - <std::sys::backtrace::BacktraceLock::print::DisplayBacktrace as core::fmt::Display>::fmt::h71a62eb3b9696b12
[INFO] [stdout]                                at /rustc/6067b36314ab5eb2eb47cecc464545ba58e1ad24/library/std/src/sys/backtrace.rs:39:26
[INFO] [stdout]    4:     0x6367e7364a93 - core::fmt::rt::Argument::fmt::hdb6b616786b41dc1
[INFO] [stdout]                                at /rustc/6067b36314ab5eb2eb47cecc464545ba58e1ad24/library/core/src/fmt/rt.rs:177:76
[INFO] [stdout]    5:     0x6367e7364a93 - core::fmt::write::h2cc1698af7e2d686
[INFO] [stdout]                                at /rustc/6067b36314ab5eb2eb47cecc464545ba58e1ad24/library/core/src/fmt/mod.rs:1440:21
[INFO] [stdout]    6:     0x6367e7336493 - std::io::Write::write_fmt::hab1b4cd059a79022
[INFO] [stdout]                                at /rustc/6067b36314ab5eb2eb47cecc464545ba58e1ad24/library/std/src/io/mod.rs:1887:15
[INFO] [stdout]    7:     0x6367e7339e52 - std::sys::backtrace::BacktraceLock::print::h147fe35b4ea13b08
[INFO] [stdout]                                at /rustc/6067b36314ab5eb2eb47cecc464545ba58e1ad24/library/std/src/sys/backtrace.rs:42:9
[INFO] [stdout]    8:     0x6367e733b42f - std::panicking::default_hook::{{closure}}::hbd44223dbdc0d208
[INFO] [stdout]                                at /rustc/6067b36314ab5eb2eb47cecc464545ba58e1ad24/library/std/src/panicking.rs:298:22
[INFO] [stdout]    9:     0x6367e733b248 - std::panicking::default_hook::h20f81eb0576efcec
[INFO] [stdout]                                at /rustc/6067b36314ab5eb2eb47cecc464545ba58e1ad24/library/std/src/panicking.rs:322:9
[INFO] [stdout]   10:     0x6367e6e36693 - <alloc::boxed::Box<F,A> as core::ops::function::Fn<Args>>::call::hdb53814c496a4d34
[INFO] [stdout]                                at /rustc/6067b36314ab5eb2eb47cecc464545ba58e1ad24/library/alloc/src/boxed.rs:2027:9
[INFO] [stdout]   11:     0x6367e6e36693 - test::test_main::{{closure}}::hc0a4963c59427c24
[INFO] [stdout]                                at /rustc/6067b36314ab5eb2eb47cecc464545ba58e1ad24/library/test/src/lib.rs:134:21
[INFO] [stdout]   12:     0x6367e733bf23 - <alloc::boxed::Box<F,A> as core::ops::function::Fn<Args>>::call::h591b2225413a77e9
[INFO] [stdout]                                at /rustc/6067b36314ab5eb2eb47cecc464545ba58e1ad24/library/alloc/src/boxed.rs:2027:9
[INFO] [stdout]   13:     0x6367e733bf23 - std::panicking::rust_panic_with_hook::h625eea43051b2edc
[INFO] [stdout]                                at /rustc/6067b36314ab5eb2eb47cecc464545ba58e1ad24/library/std/src/panicking.rs:839:13
[INFO] [stdout]   14:     0x6367e733bbda - std::panicking::begin_panic_handler::{{closure}}::h4f9159cfbc3f6bd3
[INFO] [stdout]                                at /rustc/6067b36314ab5eb2eb47cecc464545ba58e1ad24/library/std/src/panicking.rs:704:13
[INFO] [stdout]   15:     0x6367e733a509 - std::sys::backtrace::__rust_end_short_backtrace::h0390abce48353151
[INFO] [stdout]                                at /rustc/6067b36314ab5eb2eb47cecc464545ba58e1ad24/library/std/src/sys/backtrace.rs:168:18
[INFO] [stdout]   16:     0x6367e733b86d - rust_begin_unwind
[INFO] [stdout]                                at /rustc/6067b36314ab5eb2eb47cecc464545ba58e1ad24/library/std/src/panicking.rs:695:5
[INFO] [stdout]   17:     0x6367e7362d70 - core::panicking::panic_fmt::h9e7c637e9e5f29c9
[INFO] [stdout]                                at /rustc/6067b36314ab5eb2eb47cecc464545ba58e1ad24/library/core/src/panicking.rs:75:14
[INFO] [stdout]   18:     0x6367e7363162 - core::panicking::assert_failed_inner::h538bec7c1374cd9c
[INFO] [stdout]   19:     0x6367e6dd9c3e - core::panicking::assert_failed::h1362214a91ec6cfc
[INFO] [stdout]                                at /rustc/6067b36314ab5eb2eb47cecc464545ba58e1ad24/library/core/src/panicking.rs:364:5
[INFO] [stdout]   20:     0x6367e6daa101 - integration_test::tests::test_rippy_arguments::hec39b89bce0ba74f
[INFO] [stdout]                                at /opt/rustwide/workdir/tests/integration_test.rs:41:9
[INFO] [stdout]   21:     0x6367e6da9647 - integration_test::tests::test_rippy_arguments::{{closure}}::ha4d2be82f6687747
[INFO] [stdout]                                at /opt/rustwide/workdir/tests/integration_test.rs:24:34
[INFO] [stdout]   22:     0x6367e6decd76 - core::ops::function::FnOnce::call_once::hf082e75e9cbd64e3
[INFO] [stdout]                                at /rustc/6067b36314ab5eb2eb47cecc464545ba58e1ad24/library/core/src/ops/function.rs:250:5
[INFO] [stdout]   23:     0x6367e6e3bdeb - core::ops::function::FnOnce::call_once::he27718dfdd183f43
[INFO] [stdout]                                at /rustc/6067b36314ab5eb2eb47cecc464545ba58e1ad24/library/core/src/ops/function.rs:250:5
[INFO] [stdout]   24:     0x6367e6e3bdeb - test::__rust_begin_short_backtrace::h4e84902998457a5d
[INFO] [stdout]                                at /rustc/6067b36314ab5eb2eb47cecc464545ba58e1ad24/library/test/src/lib.rs:632:18
[INFO] [stdout]   25:     0x6367e6e3ad23 - test::run_test_in_process::{{closure}}::h7176fd18fc1feca0
[INFO] [stdout]                                at /rustc/6067b36314ab5eb2eb47cecc464545ba58e1ad24/library/test/src/lib.rs:655:60
[INFO] [stdout]   26:     0x6367e6e3ad23 - <core::panic::unwind_safe::AssertUnwindSafe<F> as core::ops::function::FnOnce<()>>::call_once::hf79cff2a624d8cf7
[INFO] [stdout]                                at /rustc/6067b36314ab5eb2eb47cecc464545ba58e1ad24/library/core/src/panic/unwind_safe.rs:272:9
[INFO] [stdout]   27:     0x6367e6e3ad23 - std::panicking::try::do_call::h3da0561d9ab99c25
[INFO] [stdout]                                at /rustc/6067b36314ab5eb2eb47cecc464545ba58e1ad24/library/std/src/panicking.rs:587:40
[INFO] [stdout]   28:     0x6367e6e3ad23 - std::panicking::try::h41c9fa508bc61df6
[INFO] [stdout]                                at /rustc/6067b36314ab5eb2eb47cecc464545ba58e1ad24/library/std/src/panicking.rs:550:19
[INFO] [stdout]   29:     0x6367e6e3ad23 - std::panic::catch_unwind::h6b3ff07bb5afad93
[INFO] [stdout]                                at /rustc/6067b36314ab5eb2eb47cecc464545ba58e1ad24/library/std/src/panic.rs:358:14
[INFO] [stdout]   30:     0x6367e6e3ad23 - test::run_test_in_process::hc7253dd11b39b9f4
[INFO] [stdout]                                at /rustc/6067b36314ab5eb2eb47cecc464545ba58e1ad24/library/test/src/lib.rs:655:27
[INFO] [stdout]   31:     0x6367e6e3ad23 - test::run_test::{{closure}}::hfb2007f8649c30bb
[INFO] [stdout]                                at /rustc/6067b36314ab5eb2eb47cecc464545ba58e1ad24/library/test/src/lib.rs:576:43
[INFO] [stdout]   32:     0x6367e6dfde05 - test::run_test::{{closure}}::h56a17aa7a282a9f4
[INFO] [stdout]                                at /rustc/6067b36314ab5eb2eb47cecc464545ba58e1ad24/library/test/src/lib.rs:606:41
[INFO] [stdout]   33:     0x6367e6dfde05 - std::sys::backtrace::__rust_begin_short_backtrace::hd2d2d2fb8e8c6aac
[INFO] [stdout]                                at /rustc/6067b36314ab5eb2eb47cecc464545ba58e1ad24/library/std/src/sys/backtrace.rs:152:18
[INFO] [stdout]   34:     0x6367e6e016ea - std::thread::Builder::spawn_unchecked_::{{closure}}::{{closure}}::h4faa3f9db6133423
[INFO] [stdout]                                at /rustc/6067b36314ab5eb2eb47cecc464545ba58e1ad24/library/std/src/thread/mod.rs:559:17
[INFO] [stdout]   35:     0x6367e6e016ea - <core::panic::unwind_safe::AssertUnwindSafe<F> as core::ops::function::FnOnce<()>>::call_once::hf2e855a36a4ea846
[INFO] [stdout]                                at /rustc/6067b36314ab5eb2eb47cecc464545ba58e1ad24/library/core/src/panic/unwind_safe.rs:272:9
[INFO] [stdout]   36:     0x6367e6e016ea - std::panicking::try::do_call::h2f73af3616c35465
[INFO] [stdout]                                at /rustc/6067b36314ab5eb2eb47cecc464545ba58e1ad24/library/std/src/panicking.rs:587:40
[INFO] [stdout]   37:     0x6367e6e016ea - std::panicking::try::hd1660ce9efadef5a
[INFO] [stdout]                                at /rustc/6067b36314ab5eb2eb47cecc464545ba58e1ad24/library/std/src/panicking.rs:550:19
[INFO] [stdout]   38:     0x6367e6e016ea - std::panic::catch_unwind::h5ee8d7823b8ca744
[INFO] [stdout]                                at /rustc/6067b36314ab5eb2eb47cecc464545ba58e1ad24/library/std/src/panic.rs:358:14
[INFO] [stdout]   39:     0x6367e6e016ea - std::thread::Builder::spawn_unchecked_::{{closure}}::h53c3a1894dce8407
[INFO] [stdout]                                at /rustc/6067b36314ab5eb2eb47cecc464545ba58e1ad24/library/std/src/thread/mod.rs:557:30
[INFO] [stdout]   40:     0x6367e6e016ea - core::ops::function::FnOnce::call_once{{vtable.shim}}::h048ce291ad4f62bf
[INFO] [stdout]                                at /rustc/6067b36314ab5eb2eb47cecc464545ba58e1ad24/library/core/src/ops/function.rs:250:5
[INFO] [stdout]   41:     0x6367e7340dbb - <alloc::boxed::Box<F,A> as core::ops::function::FnOnce<Args>>::call_once::ha52bedf99a3b4981
[INFO] [stdout]                                at /rustc/6067b36314ab5eb2eb47cecc464545ba58e1ad24/library/alloc/src/boxed.rs:2013:9
[INFO] [stdout]   42:     0x6367e7340dbb - <alloc::boxed::Box<F,A> as core::ops::function::FnOnce<Args>>::call_once::h567748934d80ccf8
[INFO] [stdout]                                at /rustc/6067b36314ab5eb2eb47cecc464545ba58e1ad24/library/alloc/src/boxed.rs:2013:9
[INFO] [stdout]   43:     0x6367e7340dbb - std::sys::pal::unix::thread::Thread::new::thread_start::h2d970728ae887adc
[INFO] [stdout]                                at /rustc/6067b36314ab5eb2eb47cecc464545ba58e1ad24/library/std/src/sys/pal/unix/thread.rs:106:17
[INFO] [stdout]   44:     0x752e458fcac3 - <unknown>
[INFO] [stdout]   45:     0x752e4598da04 - clone
[INFO] [stdout]   46:                0x0 - <unknown>
[INFO] [stdout] 
[INFO] [stdout] 
[INFO] [stdout] failures:
[INFO] [stdout]     tests::test_count_tree
[INFO] [stdout]     tests::test_crawl_directory_gitignore
[INFO] [stdout]     tests::test_crawl_directory_hidden
[INFO] [stdout]     tests::test_crawl_directory_max_depth
[INFO] [stdout]     tests::test_crawl_directory_search_contents
[INFO] [stdout]     tests::test_crawl_directory_tall
[INFO] [stdout]     tests::test_crawl_directory_wide
[INFO] [stdout]     tests::test_rippy_arguments
[INFO] [stdout]     tests::test_tree_building
[INFO] [stdout]     tests::test_tree_display_pathing
[INFO] [stdout]     tests::test_tree_sort_by_date
[INFO] [stdout]     tests::test_tree_sort_by_name
[INFO] [stdout]     tests::test_tree_sort_by_size
[INFO] [stdout]     tests::test_tree_sort_by_type
[INFO] [stdout]     tests::test_window_and_fmt_width
[INFO] [stdout]     tests::test_write_tree_to_buf
[INFO] [stdout]     tests::test_write_tree_to_json
[INFO] [stdout] 
[INFO] [stdout] test result: FAILED. 0 passed; 17 failed; 0 ignored; 0 measured; 0 filtered out; finished in 0.14s
[INFO] [stdout] 
[INFO] [stderr] error: test failed, to rerun pass `--test integration_test`
[INFO] running `Command { std: "docker" "inspect" "40e81841d172b954abbdbcf4f5f6ff1070a9b38c9ba9c3d820bff9fcdaa3900f", kill_on_drop: false }`
[INFO] running `Command { std: "docker" "rm" "-f" "40e81841d172b954abbdbcf4f5f6ff1070a9b38c9ba9c3d820bff9fcdaa3900f", kill_on_drop: false }`
[INFO] [stdout] 40e81841d172b954abbdbcf4f5f6ff1070a9b38c9ba9c3d820bff9fcdaa3900f
