[INFO] cloning repository https://github.com/AnimaGUS-minerva/rooster
[INFO] running `Command { std: "git" "-c" "credential.helper=" "-c" "credential.helper=/workspace/cargo-home/bin/git-credential-null" "clone" "--bare" "https://github.com/AnimaGUS-minerva/rooster" "/workspace/cache/git-repos/https%3A%2F%2Fgithub.com%2FAnimaGUS-minerva%2Frooster", kill_on_drop: false }`
[INFO] [stderr] Cloning into bare repository '/workspace/cache/git-repos/https%3A%2F%2Fgithub.com%2FAnimaGUS-minerva%2Frooster'...
[INFO] running `Command { std: "git" "rev-parse" "HEAD", kill_on_drop: false }`
[INFO] [stdout] c8e5d7bd9abc27e46cfd1f66c9c58ac179810107
[INFO] testing AnimaGUS-minerva/rooster against nightly-2025-01-18 for randomize-layout-2
[INFO] running `Command { std: "git" "clone" "/workspace/cache/git-repos/https%3A%2F%2Fgithub.com%2FAnimaGUS-minerva%2Frooster" "/workspace/builds/worker-5-tc1/source", kill_on_drop: false }`
[INFO] [stderr] Cloning into '/workspace/builds/worker-5-tc1/source'...
[INFO] [stderr] done.
[INFO] validating manifest of git repo https://github.com/AnimaGUS-minerva/rooster on toolchain nightly-2025-01-18
[INFO] running `Command { std: CARGO_HOME="/workspace/cargo-home" RUSTUP_HOME="/workspace/rustup-home" "/workspace/cargo-home/bin/cargo" "+nightly-2025-01-18" "metadata" "--manifest-path" "Cargo.toml" "--no-deps", kill_on_drop: false }`
[INFO] started tweaking git repo https://github.com/AnimaGUS-minerva/rooster
[INFO] finished tweaking git repo https://github.com/AnimaGUS-minerva/rooster
[INFO] tweaked toml for git repo https://github.com/AnimaGUS-minerva/rooster written to /workspace/builds/worker-5-tc1/source/Cargo.toml
[INFO] crate git repo https://github.com/AnimaGUS-minerva/rooster already has a lockfile, it will not be regenerated
[INFO] running `Command { std: CARGO_HOME="/workspace/cargo-home" RUSTUP_HOME="/workspace/rustup-home" "/workspace/cargo-home/bin/cargo" "+nightly-2025-01-18" "fetch" "--manifest-path" "Cargo.toml", kill_on_drop: false }`
[INFO] [stderr]     Updating git repository `https://github.com/AnimaGUS-minerva/utils.git`
[INFO] [stderr]     Updating crates.io index
[INFO] [stderr]     Updating git repository `https://github.com/AnimaGUS-minerva/cbor-rust.git`
[INFO] [stderr]     Blocking waiting for file lock on package cache
[INFO] [stderr]      Locking 3 packages to latest compatible versions
[INFO] [stderr]     Updating netlink-packet-route v0.11.0 -> v0.13.0 (available: v0.21.0)
[INFO] [stderr]     Updating nix v0.22.3 -> v0.24.3
[INFO] [stderr]     Updating rtnetlink v0.9.1 -> v0.11.0 (available: v0.14.1)
[INFO] [stderr]  Downloading crates ...
[INFO] [stderr]   Downloaded socket2 v0.4.4
[INFO] [stderr]   Downloaded tracing-attributes v0.1.23
[INFO] [stderr]   Downloaded paste v1.0.8
[INFO] [stderr]   Downloaded custom_error v1.9.2
[INFO] [stderr]   Downloaded netlink-packet-sock-diag v0.4.0
[INFO] [stderr]   Downloaded rtnetlink v0.11.0
[INFO] [stderr]   Downloaded tracing-subscriber v0.3.16
[INFO] [stderr]   Downloaded async-stream-impl v0.3.3
[INFO] [stderr]   Downloaded netlink-packet-route v0.13.0
[INFO] [stderr]   Downloaded mio v0.8.4
[INFO] [stderr]   Downloaded futures-util v0.3.21
[INFO] [stderr]   Downloaded tokio-test v0.4.2
[INFO] [stderr]   Downloaded anyhow v1.0.61
[INFO] [stderr]   Downloaded futures v0.3.21
[INFO] [stderr]   Downloaded tokio-stream v0.1.9
[INFO] [stderr]   Downloaded futures-executor v0.3.21
[INFO] [stderr]   Downloaded futures-channel v0.3.21
[INFO] [stderr]   Downloaded futures-macro v0.3.21
[INFO] [stderr]   Downloaded socket2 v0.3.19
[INFO] [stderr]   Downloaded async-stream v0.3.3
[INFO] [stderr]   Downloaded futures-task v0.3.21
[INFO] [stderr]   Downloaded tokio v1.20.1
[INFO] [stderr]   Downloaded libc v0.2.131
[INFO] running `Command { std: "docker" "create" "-v" "/var/lib/crater-agent-workspace/builds/worker-5-tc1/target:/opt/rustwide/target:rw,Z" "-v" "/var/lib/crater-agent-workspace/builds/worker-5-tc1/source:/opt/rustwide/workdir:ro,Z" "-v" "/var/lib/crater-agent-workspace/cargo-home:/opt/rustwide/cargo-home:ro,Z" "-v" "/var/lib/crater-agent-workspace/rustup-home:/opt/rustwide/rustup-home:ro,Z" "-e" "SOURCE_DIR=/opt/rustwide/workdir" "-e" "CARGO_TARGET_DIR=/opt/rustwide/target" "-e" "CARGO_HOME=/opt/rustwide/cargo-home" "-e" "RUSTUP_HOME=/opt/rustwide/rustup-home" "-w" "/opt/rustwide/workdir" "-m" "1610612736" "--user" "0:0" "--network" "none" "ghcr.io/rust-lang/crates-build-env/linux@sha256:819108c5571ea2e421544af4d832f968d213c87fbe3707a016657f43d2f853bc" "/opt/rustwide/cargo-home/bin/cargo" "+nightly-2025-01-18" "metadata" "--no-deps" "--format-version=1", kill_on_drop: false }`
[INFO] [stdout] a0e97048b569bb49b534dbd8861a228ab429acd19478fa2281f35bf623332a1a
[INFO] running `Command { std: "docker" "start" "-a" "a0e97048b569bb49b534dbd8861a228ab429acd19478fa2281f35bf623332a1a", kill_on_drop: false }`
[INFO] running `Command { std: "docker" "inspect" "a0e97048b569bb49b534dbd8861a228ab429acd19478fa2281f35bf623332a1a", kill_on_drop: false }`
[INFO] running `Command { std: "docker" "rm" "-f" "a0e97048b569bb49b534dbd8861a228ab429acd19478fa2281f35bf623332a1a", kill_on_drop: false }`
[INFO] [stdout] a0e97048b569bb49b534dbd8861a228ab429acd19478fa2281f35bf623332a1a
[INFO] running `Command { std: "docker" "create" "-v" "/var/lib/crater-agent-workspace/builds/worker-5-tc1/target:/opt/rustwide/target:rw,Z" "-v" "/var/lib/crater-agent-workspace/builds/worker-5-tc1/source:/opt/rustwide/workdir:ro,Z" "-v" "/var/lib/crater-agent-workspace/cargo-home:/opt/rustwide/cargo-home:ro,Z" "-v" "/var/lib/crater-agent-workspace/rustup-home:/opt/rustwide/rustup-home:ro,Z" "-e" "SOURCE_DIR=/opt/rustwide/workdir" "-e" "CARGO_TARGET_DIR=/opt/rustwide/target" "-e" "CARGO_INCREMENTAL=0" "-e" "RUST_BACKTRACE=full" "-e" "RUSTFLAGS=--cap-lints=forbid" "-e" "RUSTDOCFLAGS=--cap-lints=forbid" "-e" "CARGO_HOME=/opt/rustwide/cargo-home" "-e" "RUSTUP_HOME=/opt/rustwide/rustup-home" "-w" "/opt/rustwide/workdir" "-m" "1610612736" "--user" "0:0" "--network" "none" "ghcr.io/rust-lang/crates-build-env/linux@sha256:819108c5571ea2e421544af4d832f968d213c87fbe3707a016657f43d2f853bc" "/opt/rustwide/cargo-home/bin/cargo" "+nightly-2025-01-18" "build" "--frozen" "--message-format=json", kill_on_drop: false }`
[INFO] [stdout] e30550788bd3f924cb88f4e059658f96191834809c92ce5d435a126a054749cb
[INFO] running `Command { std: "docker" "start" "-a" "e30550788bd3f924cb88f4e059658f96191834809c92ce5d435a126a054749cb", kill_on_drop: false }`
[INFO] [stderr]    Compiling libc v0.2.131
[INFO] [stderr]    Compiling proc-macro2 v1.0.43
[INFO] [stderr]    Compiling quote v1.0.21
[INFO] [stderr]    Compiling unicode-ident v1.0.3
[INFO] [stderr]    Compiling syn v1.0.99
[INFO] [stderr]    Compiling futures-core v0.3.21
[INFO] [stderr]    Compiling futures-channel v0.3.21
[INFO] [stderr]    Compiling anyhow v1.0.61
[INFO] [stderr]    Compiling futures-task v0.3.21
[INFO] [stderr]    Compiling slab v0.4.7
[INFO] [stderr]    Compiling futures-sink v0.3.21
[INFO] [stderr]    Compiling futures-util v0.3.21
[INFO] [stderr]    Compiling futures-io v0.3.21
[INFO] [stderr]    Compiling paste v1.0.8
[INFO] [stderr]    Compiling tokio v1.20.1
[INFO] [stderr]    Compiling num-traits v0.2.15
[INFO] [stderr]    Compiling bytes v1.2.1
[INFO] [stderr]    Compiling num-integer v0.1.45
[INFO] [stderr]    Compiling tracing-core v0.1.30
[INFO] [stderr]    Compiling unicode-segmentation v1.9.0
[INFO] [stderr]    Compiling textwrap v0.11.0
[INFO] [stderr]    Compiling vec_map v0.8.2
[INFO] [stderr]    Compiling overload v0.1.1
[INFO] [stderr]    Compiling smallvec v1.9.0
[INFO] [stderr]    Compiling strsim v0.8.0
[INFO] [stderr]    Compiling nu-ansi-term v0.46.0
[INFO] [stderr]    Compiling thread_local v1.1.7
[INFO] [stderr]    Compiling iana-time-zone v0.1.53
[INFO] [stderr]    Compiling moz_cbor v0.1.2 (https://github.com/AnimaGUS-minerva/cbor-rust.git?branch=implement-strings#0d63ede0)
[INFO] [stderr]    Compiling tracing-log v0.1.3
[INFO] [stderr]    Compiling custom_error v1.9.2
[INFO] [stderr]    Compiling tracing-subscriber v0.3.16
[INFO] [stderr]    Compiling heck v0.3.3
[INFO] [stderr]    Compiling proc-macro-error-attr v1.0.4
[INFO] [stderr]    Compiling mio v0.8.4
[INFO] [stderr]    Compiling socket2 v0.4.4
[INFO] [stderr]    Compiling num_cpus v1.13.1
[INFO] [stderr]    Compiling signal-hook-registry v1.4.0
[INFO] [stderr]    Compiling getrandom v0.2.8
[INFO] [stderr]    Compiling atty v0.2.14
[INFO] [stderr]    Compiling time v0.1.45
[INFO] [stderr]    Compiling nix v0.24.3
[INFO] [stderr]    Compiling socket2 v0.3.19
[INFO] [stderr]    Compiling nix v0.19.1
[INFO] [stderr]    Compiling clap v2.34.0
[INFO] [stderr]    Compiling chrono v0.4.24
[INFO] [stderr]    Compiling rand_core v0.6.4
[INFO] [stderr]    Compiling rand_chacha v0.3.1
[INFO] [stderr]    Compiling rand v0.8.5
[INFO] [stderr]    Compiling proc-macro-error v1.0.4
[INFO] [stderr]    Compiling thiserror-impl v1.0.32
[INFO] [stderr]    Compiling futures-macro v0.3.21
[INFO] [stderr]    Compiling tokio-macros v1.8.0
[INFO] [stderr]    Compiling tracing-attributes v0.1.23
[INFO] [stderr]    Compiling structopt-derive v0.4.18
[INFO] [stderr]    Compiling structopt v0.3.26
[INFO] [stderr]    Compiling thiserror v1.0.32
[INFO] [stderr]    Compiling netlink-packet-utils v0.5.1
[INFO] [stderr]    Compiling netlink-packet-core v0.4.2
[INFO] [stderr]    Compiling tracing v0.1.37
[INFO] [stderr]    Compiling netlink-packet-route v0.13.0
[INFO] [stderr]    Compiling netlink-packet-sock-diag v0.4.0
[INFO] [stderr]    Compiling futures-executor v0.3.21
[INFO] [stderr]    Compiling futures v0.3.21
[INFO] [stderr]    Compiling netlink-sys v0.8.3
[INFO] [stderr]    Compiling netlink-proto v0.10.0
[INFO] [stderr]    Compiling rtnetlink v0.11.0
[INFO] [stderr]    Compiling rooster v1.0.1 (/opt/rustwide/workdir)
[INFO] [stderr]     Finished `dev` profile [unoptimized + debuginfo] target(s) in 30.88s
[INFO] running `Command { std: "docker" "inspect" "e30550788bd3f924cb88f4e059658f96191834809c92ce5d435a126a054749cb", kill_on_drop: false }`
[INFO] running `Command { std: "docker" "rm" "-f" "e30550788bd3f924cb88f4e059658f96191834809c92ce5d435a126a054749cb", kill_on_drop: false }`
[INFO] [stdout] e30550788bd3f924cb88f4e059658f96191834809c92ce5d435a126a054749cb
[INFO] running `Command { std: "docker" "create" "-v" "/var/lib/crater-agent-workspace/builds/worker-5-tc1/target:/opt/rustwide/target:rw,Z" "-v" "/var/lib/crater-agent-workspace/builds/worker-5-tc1/source:/opt/rustwide/workdir:ro,Z" "-v" "/var/lib/crater-agent-workspace/cargo-home:/opt/rustwide/cargo-home:ro,Z" "-v" "/var/lib/crater-agent-workspace/rustup-home:/opt/rustwide/rustup-home:ro,Z" "-e" "SOURCE_DIR=/opt/rustwide/workdir" "-e" "CARGO_TARGET_DIR=/opt/rustwide/target" "-e" "CARGO_INCREMENTAL=0" "-e" "RUST_BACKTRACE=full" "-e" "RUSTFLAGS=--cap-lints=forbid" "-e" "RUSTDOCFLAGS=--cap-lints=forbid" "-e" "CARGO_HOME=/opt/rustwide/cargo-home" "-e" "RUSTUP_HOME=/opt/rustwide/rustup-home" "-w" "/opt/rustwide/workdir" "-m" "1610612736" "--user" "0:0" "--network" "none" "ghcr.io/rust-lang/crates-build-env/linux@sha256:819108c5571ea2e421544af4d832f968d213c87fbe3707a016657f43d2f853bc" "/opt/rustwide/cargo-home/bin/cargo" "+nightly-2025-01-18" "test" "--frozen" "--no-run" "--message-format=json", kill_on_drop: false }`
[INFO] [stdout] 23aba36aa88787390e8a32e28126e12300e562d176e158a0705679999dbe19f3
[INFO] running `Command { std: "docker" "start" "-a" "23aba36aa88787390e8a32e28126e12300e562d176e158a0705679999dbe19f3", kill_on_drop: false }`
[INFO] [stderr]    Compiling tokio v1.20.1
[INFO] [stderr]    Compiling futures-channel v0.3.21
[INFO] [stderr]    Compiling async-stream-impl v0.3.3
[INFO] [stderr]    Compiling async-trait v0.1.57
[INFO] [stderr]    Compiling hex-literal v0.3.4 (https://github.com/AnimaGUS-minerva/utils.git?branch=allow-hash-comments-in-hex#a849b004)
[INFO] [stderr]    Compiling futures-util v0.3.21
[INFO] [stderr]    Compiling async-stream v0.3.3
[INFO] [stderr]    Compiling futures-executor v0.3.21
[INFO] [stderr]    Compiling futures v0.3.21
[INFO] [stderr]    Compiling netlink-sys v0.8.3
[INFO] [stderr]    Compiling tokio-stream v0.1.9
[INFO] [stderr]    Compiling netlink-proto v0.10.0
[INFO] [stderr]    Compiling tokio-test v0.4.2
[INFO] [stderr]    Compiling rtnetlink v0.11.0
[INFO] [stderr]    Compiling rooster v1.0.1 (/opt/rustwide/workdir)
[INFO] [stderr]     Finished `test` profile [unoptimized + debuginfo] target(s) in 10.10s
[INFO] running `Command { std: "docker" "inspect" "23aba36aa88787390e8a32e28126e12300e562d176e158a0705679999dbe19f3", kill_on_drop: false }`
[INFO] running `Command { std: "docker" "rm" "-f" "23aba36aa88787390e8a32e28126e12300e562d176e158a0705679999dbe19f3", kill_on_drop: false }`
[INFO] [stdout] 23aba36aa88787390e8a32e28126e12300e562d176e158a0705679999dbe19f3
[INFO] running `Command { std: "docker" "create" "-v" "/var/lib/crater-agent-workspace/builds/worker-5-tc1/target:/opt/rustwide/target:rw,Z" "-v" "/var/lib/crater-agent-workspace/builds/worker-5-tc1/source:/opt/rustwide/workdir:ro,Z" "-v" "/var/lib/crater-agent-workspace/cargo-home:/opt/rustwide/cargo-home:ro,Z" "-v" "/var/lib/crater-agent-workspace/rustup-home:/opt/rustwide/rustup-home:ro,Z" "-e" "SOURCE_DIR=/opt/rustwide/workdir" "-e" "CARGO_TARGET_DIR=/opt/rustwide/target" "-e" "CARGO_INCREMENTAL=0" "-e" "RUST_BACKTRACE=full" "-e" "RUSTFLAGS=--cap-lints=forbid" "-e" "RUSTDOCFLAGS=--cap-lints=forbid" "-e" "CARGO_HOME=/opt/rustwide/cargo-home" "-e" "RUSTUP_HOME=/opt/rustwide/rustup-home" "-w" "/opt/rustwide/workdir" "-m" "1610612736" "--user" "0:0" "--network" "none" "ghcr.io/rust-lang/crates-build-env/linux@sha256:819108c5571ea2e421544af4d832f968d213c87fbe3707a016657f43d2f853bc" "/opt/rustwide/cargo-home/bin/cargo" "+nightly-2025-01-18" "test" "--frozen", kill_on_drop: false }`
[INFO] [stdout] ad7e9562911b2d208ecf530a5926546cdabf26d29131de89ff178eeb5ac7a528
[INFO] running `Command { std: "docker" "start" "-a" "ad7e9562911b2d208ecf530a5926546cdabf26d29131de89ff178eeb5ac7a528", kill_on_drop: false }`
[INFO] [stderr]     Finished `test` profile [unoptimized + debuginfo] target(s) in 0.14s
[INFO] [stderr]      Running unittests src/main.rs (/opt/rustwide/target/debug/deps/rooster-69feecdc8294795f)
[INFO] [stdout] 
[INFO] [stdout] running 40 tests
[INFO] [stdout] test acp_interface::tests::test_open_socket ... ok
[INFO] [stdout] test acp_interface::tests::test_process_mflood1 ... ok
[INFO] [stdout] test args::tests::test_eth0_is_ignored ... ok
[INFO] [stdout] test acp_interface::tests::test_process_mflood2 ... ok
[INFO] [stdout] test args::tests::test_eth0_is_implicit_joinlink ... ok
[INFO] [stdout] test acp_interface::tests::test_process_mflood13 ... ok
[INFO] [stdout] test args::tests::test_acp_add ... ok
[INFO] [stdout] test acp_interface::tests::test_start_acp ... ok
[INFO] [stdout] test acp_interface::tests::test_process_mflood3 ... ok
[INFO] [stdout] test args::tests::test_eth0_is_joinlink ... ok
[INFO] [stdout] test args::tests::test_eth0_is_acp ... ok
[INFO] [stdout] test args::tests::test_acp_two_add ... ok
[INFO] [stdout] test args::tests::test_parse_detailedinterface ... ok
[INFO] [stdout] test args::tests::test_parse_joininterface ... ok
[INFO] [stdout] test args::tests::test_parse_debugmsg ... ok
[INFO] [stdout] test grasp::tests::test_valid_ipv6_bytes ... ok
[INFO] [stdout] test args::tests::test_parse_proxyactions ... ok
[INFO] [stdout] test grasp::tests::test_ipv4_locator_03 ... ok
[INFO] [stdout] test grasp::tests::test_create_mflood ... FAILED
[INFO] [stdout] test grasp::tests::test_ipv6_locator_01 ... ok
[INFO] [stdout] test grasp::tests::test_valid_ipv6_cbor_bytes ... ok
[INFO] [stdout] test grasp::tests::test_ipv6_locator_02 ... ok
[INFO] [stdout] test debugoptions::tests::test_debug_info ... ok
[INFO] [stdout] test grasp::tests::test_locator_encoder ... ok
[INFO] [stdout] test grasp::tests::test_parse_grasp_420 ... ok
[INFO] [stdout] test grasp::tests::test_parse_grasp_s02 ... ok
[INFO] [stdout] test grasp::tests::test_parse_grasp_s01 ... ok
[INFO] [stdout] test interfaces::tests::test_funky_ether_add_link ... ok
[INFO] [stdout] test grasp::tests::test_flood_objective ... ok
[INFO] [stdout] test interface::tests::test_start_acp ... ok
[INFO] [stdout] test interfaces::tests::test_locked_add_interface ... ok
[INFO] [stdout] test interfaces::tests::test_add_interface ... ok
[INFO] [stdout] test interfaces::tests::test_locked_add_link ... ok
[INFO] [stdout] test interfaces::tests::test_add_slave_link ... ok
[INFO] [stdout] test grasp::tests::test_parse_grasp_000 ... ok
[INFO] [stdout] test interfaces::tests::test_enable_join_downstream ... ok
[INFO] [stdout] test interfaces::tests::test_search_entry ... ok
[INFO] [stdout] test args::tests::test_help_msg - should panic ... ok
[INFO] [stdout] test join_interface::tests::test_start_join ... FAILED
[INFO] [stdout] test join_interface::tests::test_open_socket ... FAILED
[INFO] [stdout] 
[INFO] [stdout] failures:
[INFO] [stdout] 
[INFO] [stdout] ---- grasp::tests::test_create_mflood stdout ----
[INFO] [stdout] Error: Os { code: 30, kind: ReadOnlyFilesystem, message: "Read-only file system" }
[INFO] [stdout] 
[INFO] [stdout] ---- join_interface::tests::test_start_join stdout ----
[INFO] [stdout] 
[INFO] [stdout] thread 'join_interface::tests::test_start_join' panicked at src/join_interface.rs:365:76:
[INFO] [stdout] called `Result::unwrap()` on an `Err` value: AddrParseError(Ipv6)
[INFO] [stdout] stack backtrace:
[INFO] [stdout]    0:     0x61aca4cb565a - std::backtrace_rs::backtrace::libunwind::trace::hb059275cfc8d6126
[INFO] [stdout]                                at /rustc/6067b36314ab5eb2eb47cecc464545ba58e1ad24/library/std/src/../../backtrace/src/backtrace/libunwind.rs:116:5
[INFO] [stdout]    1:     0x61aca4cb565a - std::backtrace_rs::backtrace::trace_unsynchronized::h2da071e4327ce3ee
[INFO] [stdout]                                at /rustc/6067b36314ab5eb2eb47cecc464545ba58e1ad24/library/std/src/../../backtrace/src/backtrace/mod.rs:66:5
[INFO] [stdout]    2:     0x61aca4cb565a - std::sys::backtrace::_print_fmt::h842a1474e6f8d23f
[INFO] [stdout]                                at /rustc/6067b36314ab5eb2eb47cecc464545ba58e1ad24/library/std/src/sys/backtrace.rs:66:9
[INFO] [stdout]    3:     0x61aca4cb565a - <std::sys::backtrace::BacktraceLock::print::DisplayBacktrace as core::fmt::Display>::fmt::h71a62eb3b9696b12
[INFO] [stdout]                                at /rustc/6067b36314ab5eb2eb47cecc464545ba58e1ad24/library/std/src/sys/backtrace.rs:39:26
[INFO] [stdout]    4:     0x61aca4ce1973 - core::fmt::rt::Argument::fmt::hdb6b616786b41dc1
[INFO] [stdout]                                at /rustc/6067b36314ab5eb2eb47cecc464545ba58e1ad24/library/core/src/fmt/rt.rs:177:76
[INFO] [stdout]    5:     0x61aca4ce1973 - core::fmt::write::h2cc1698af7e2d686
[INFO] [stdout]                                at /rustc/6067b36314ab5eb2eb47cecc464545ba58e1ad24/library/core/src/fmt/mod.rs:1440:21
[INFO] [stdout]    6:     0x61aca4cb15c3 - std::io::Write::write_fmt::hab1b4cd059a79022
[INFO] [stdout]                                at /rustc/6067b36314ab5eb2eb47cecc464545ba58e1ad24/library/std/src/io/mod.rs:1887:15
[INFO] [stdout]    7:     0x61aca4cb54a2 - std::sys::backtrace::BacktraceLock::print::h147fe35b4ea13b08
[INFO] [stdout]                                at /rustc/6067b36314ab5eb2eb47cecc464545ba58e1ad24/library/std/src/sys/backtrace.rs:42:9
[INFO] [stdout]    8:     0x61aca4cb6a7f - std::panicking::default_hook::{{closure}}::hbd44223dbdc0d208
[INFO] [stdout]                                at /rustc/6067b36314ab5eb2eb47cecc464545ba58e1ad24/library/std/src/panicking.rs:298:22
[INFO] [stdout]    9:     0x61aca4cb6898 - std::panicking::default_hook::h20f81eb0576efcec
[INFO] [stdout]                                at /rustc/6067b36314ab5eb2eb47cecc464545ba58e1ad24/library/std/src/panicking.rs:322:9
[INFO] [stdout]   10:     0x61aca4ad4de3 - <alloc::boxed::Box<F,A> as core::ops::function::Fn<Args>>::call::hdb53814c496a4d34
[INFO] [stdout]                                at /rustc/6067b36314ab5eb2eb47cecc464545ba58e1ad24/library/alloc/src/boxed.rs:2027:9
[INFO] [stdout]   11:     0x61aca4ad4de3 - test::test_main::{{closure}}::hc0a4963c59427c24
[INFO] [stdout]                                at /rustc/6067b36314ab5eb2eb47cecc464545ba58e1ad24/library/test/src/lib.rs:134:21
[INFO] [stdout]   12:     0x61aca4cb7573 - <alloc::boxed::Box<F,A> as core::ops::function::Fn<Args>>::call::h591b2225413a77e9
[INFO] [stdout]                                at /rustc/6067b36314ab5eb2eb47cecc464545ba58e1ad24/library/alloc/src/boxed.rs:2027:9
[INFO] [stdout]   13:     0x61aca4cb7573 - std::panicking::rust_panic_with_hook::h625eea43051b2edc
[INFO] [stdout]                                at /rustc/6067b36314ab5eb2eb47cecc464545ba58e1ad24/library/std/src/panicking.rs:839:13
[INFO] [stdout]   14:     0x61aca4cb722a - std::panicking::begin_panic_handler::{{closure}}::h4f9159cfbc3f6bd3
[INFO] [stdout]                                at /rustc/6067b36314ab5eb2eb47cecc464545ba58e1ad24/library/std/src/panicking.rs:704:13
[INFO] [stdout]   15:     0x61aca4cb5b59 - std::sys::backtrace::__rust_end_short_backtrace::h0390abce48353151
[INFO] [stdout]                                at /rustc/6067b36314ab5eb2eb47cecc464545ba58e1ad24/library/std/src/sys/backtrace.rs:168:18
[INFO] [stdout]   16:     0x61aca4cb6ebd - rust_begin_unwind
[INFO] [stdout]                                at /rustc/6067b36314ab5eb2eb47cecc464545ba58e1ad24/library/std/src/panicking.rs:695:5
[INFO] [stdout]   17:     0x61aca4cdfc00 - core::panicking::panic_fmt::h9e7c637e9e5f29c9
[INFO] [stdout]                                at /rustc/6067b36314ab5eb2eb47cecc464545ba58e1ad24/library/core/src/panicking.rs:75:14
[INFO] [stdout]   18:     0x61aca4ce0076 - core::result::unwrap_failed::h7979f09313fe1849
[INFO] [stdout]                                at /rustc/6067b36314ab5eb2eb47cecc464545ba58e1ad24/library/core/src/result.rs:1704:5
[INFO] [stdout]   19:     0x61aca4a08b37 - core::result::Result<T,E>::unwrap::h18a5e77e5397351a
[INFO] [stdout]                                at /rustc/6067b36314ab5eb2eb47cecc464545ba58e1ad24/library/core/src/result.rs:1109:23
[INFO] [stdout]   20:     0x61aca4a08b37 - rooster::join_interface::tests::setup_ifn::h9e89484375b60a0d
[INFO] [stdout]                                at /opt/rustwide/workdir/src/join_interface.rs:365:26
[INFO] [stdout]   21:     0x61aca4a08dbf - rooster::join_interface::tests::async_start_join::{{closure}}::h07f73db0fe1c8533
[INFO] [stdout]                                at /opt/rustwide/workdir/src/join_interface.rs:378:26
[INFO] [stdout]   22:     0x61aca4a65d0d - <core::pin::Pin<P> as core::future::future::Future>::poll::h6f456311e9e23c88
[INFO] [stdout]                                at /rustc/6067b36314ab5eb2eb47cecc464545ba58e1ad24/library/core/src/future/future.rs:124:9
[INFO] [stdout]   23:     0x61aca49e1b1f - tokio::runtime::basic_scheduler::CoreGuard::block_on::{{closure}}::{{closure}}::{{closure}}::hf8a5aa79e1fa8aa1
[INFO] [stdout]                                at /opt/rustwide/cargo-home/registry/src/index.crates.io-1949cf8c6b5b557f/tokio-1.20.1/src/runtime/basic_scheduler.rs:543:48
[INFO] [stdout]   24:     0x61aca4a3575c - tokio::coop::with_budget::{{closure}}::hf3a6d52835e3108d
[INFO] [stdout]                                at /opt/rustwide/cargo-home/registry/src/index.crates.io-1949cf8c6b5b557f/tokio-1.20.1/src/coop.rs:102:9
[INFO] [stdout]   25:     0x61aca49eebec - std::thread::local::LocalKey<T>::try_with::h174038f12ea0d025
[INFO] [stdout]                                at /rustc/6067b36314ab5eb2eb47cecc464545ba58e1ad24/library/std/src/thread/local.rs:308:12
[INFO] [stdout]   26:     0x61aca49ee14a - std::thread::local::LocalKey<T>::with::hfe565c89641134bf
[INFO] [stdout]                                at /rustc/6067b36314ab5eb2eb47cecc464545ba58e1ad24/library/std/src/thread/local.rs:272:9
[INFO] [stdout]   27:     0x61aca49e05d2 - tokio::coop::with_budget::h8e2dd2ff9ccfd4f9
[INFO] [stdout]                                at /opt/rustwide/cargo-home/registry/src/index.crates.io-1949cf8c6b5b557f/tokio-1.20.1/src/coop.rs:95:5
[INFO] [stdout]   28:     0x61aca49e05d2 - tokio::coop::budget::hd15ab5e0008a4495
[INFO] [stdout]                                at /opt/rustwide/cargo-home/registry/src/index.crates.io-1949cf8c6b5b557f/tokio-1.20.1/src/coop.rs:72:5
[INFO] [stdout]   29:     0x61aca49e05d2 - tokio::runtime::basic_scheduler::CoreGuard::block_on::{{closure}}::{{closure}}::h2a29b7696b4ba86e
[INFO] [stdout]                                at /opt/rustwide/cargo-home/registry/src/index.crates.io-1949cf8c6b5b557f/tokio-1.20.1/src/runtime/basic_scheduler.rs:543:25
[INFO] [stdout]   30:     0x61aca49cba5a - tokio::runtime::basic_scheduler::Context::enter::h61f26a6ff6b82df6
[INFO] [stdout]                                at /opt/rustwide/cargo-home/registry/src/index.crates.io-1949cf8c6b5b557f/tokio-1.20.1/src/runtime/basic_scheduler.rs:367:19
[INFO] [stdout]   31:     0x61aca49dc717 - tokio::runtime::basic_scheduler::CoreGuard::block_on::{{closure}}::ha212f8af05706741
[INFO] [stdout]                                at /opt/rustwide/cargo-home/registry/src/index.crates.io-1949cf8c6b5b557f/tokio-1.20.1/src/runtime/basic_scheduler.rs:542:36
[INFO] [stdout]   32:     0x61aca49d65fb - tokio::runtime::basic_scheduler::CoreGuard::enter::{{closure}}::h1317b76396c37592
[INFO] [stdout]                                at /opt/rustwide/cargo-home/registry/src/index.crates.io-1949cf8c6b5b557f/tokio-1.20.1/src/runtime/basic_scheduler.rs:613:57
[INFO] [stdout]   33:     0x61aca4a43aca - tokio::macros::scoped_tls::ScopedKey<T>::set::h2f1b3ffbcad762ea
[INFO] [stdout]                                at /opt/rustwide/cargo-home/registry/src/index.crates.io-1949cf8c6b5b557f/tokio-1.20.1/src/macros/scoped_tls.rs:61:9
[INFO] [stdout]   34:     0x61aca49d39d4 - tokio::runtime::basic_scheduler::CoreGuard::enter::h3fb4c03c04649f58
[INFO] [stdout]                                at /opt/rustwide/cargo-home/registry/src/index.crates.io-1949cf8c6b5b557f/tokio-1.20.1/src/runtime/basic_scheduler.rs:613:27
[INFO] [stdout]   35:     0x61aca49d6af2 - tokio::runtime::basic_scheduler::CoreGuard::block_on::hacf5f3f3d2cb326e
[INFO] [stdout]                                at /opt/rustwide/cargo-home/registry/src/index.crates.io-1949cf8c6b5b557f/tokio-1.20.1/src/runtime/basic_scheduler.rs:533:19
[INFO] [stdout]   36:     0x61aca49c56a8 - tokio::runtime::basic_scheduler::BasicScheduler::block_on::ha24a95d456887aa4
[INFO] [stdout]                                at /opt/rustwide/cargo-home/registry/src/index.crates.io-1949cf8c6b5b557f/tokio-1.20.1/src/runtime/basic_scheduler.rs:179:24
[INFO] [stdout]   37:     0x61aca4a37a3a - tokio::runtime::Runtime::block_on::hc9ab15845d227614
[INFO] [stdout]                                at /opt/rustwide/cargo-home/registry/src/index.crates.io-1949cf8c6b5b557f/tokio-1.20.1/src/runtime/mod.rs:482:46
[INFO] [stdout]   38:     0x61aca4a42ff9 - tokio_test::block_on::hf634b5e9f7a9de0a
[INFO] [stdout]                                at /opt/rustwide/cargo-home/registry/src/index.crates.io-1949cf8c6b5b557f/tokio-test-0.4.2/src/lib.rs:35:5
[INFO] [stdout]   39:     0x61aca4a0a84b - rooster::join_interface::tests::test_start_join::h5acba31f3d4c3527
[INFO] [stdout]                                at /opt/rustwide/workdir/src/join_interface.rs:341:13
[INFO] [stdout]   40:     0x61aca4a0a817 - rooster::join_interface::tests::test_start_join::{{closure}}::h412deef022c24fde
[INFO] [stdout]                                at /opt/rustwide/workdir/src/join_interface.rs:385:29
[INFO] [stdout]   41:     0x61aca49e2546 - core::ops::function::FnOnce::call_once::h607460c4a438ba16
[INFO] [stdout]                                at /rustc/6067b36314ab5eb2eb47cecc464545ba58e1ad24/library/core/src/ops/function.rs:250:5
[INFO] [stdout]   42:     0x61aca4ada53b - core::ops::function::FnOnce::call_once::he27718dfdd183f43
[INFO] [stdout]                                at /rustc/6067b36314ab5eb2eb47cecc464545ba58e1ad24/library/core/src/ops/function.rs:250:5
[INFO] [stdout]   43:     0x61aca4ada53b - test::__rust_begin_short_backtrace::h4e84902998457a5d
[INFO] [stdout]                                at /rustc/6067b36314ab5eb2eb47cecc464545ba58e1ad24/library/test/src/lib.rs:632:18
[INFO] [stdout]   44:     0x61aca4ad9473 - test::run_test_in_process::{{closure}}::h7176fd18fc1feca0
[INFO] [stdout]                                at /rustc/6067b36314ab5eb2eb47cecc464545ba58e1ad24/library/test/src/lib.rs:655:60
[INFO] [stdout]   45:     0x61aca4ad9473 - <core::panic::unwind_safe::AssertUnwindSafe<F> as core::ops::function::FnOnce<()>>::call_once::hf79cff2a624d8cf7
[INFO] [stdout]                                at /rustc/6067b36314ab5eb2eb47cecc464545ba58e1ad24/library/core/src/panic/unwind_safe.rs:272:9
[INFO] [stdout]   46:     0x61aca4ad9473 - std::panicking::try::do_call::h3da0561d9ab99c25
[INFO] [stdout]                                at /rustc/6067b36314ab5eb2eb47cecc464545ba58e1ad24/library/std/src/panicking.rs:587:40
[INFO] [stdout]   47:     0x61aca4ad9473 - std::panicking::try::h41c9fa508bc61df6
[INFO] [stdout]                                at /rustc/6067b36314ab5eb2eb47cecc464545ba58e1ad24/library/std/src/panicking.rs:550:19
[INFO] [stdout]   48:     0x61aca4ad9473 - std::panic::catch_unwind::h6b3ff07bb5afad93
[INFO] [stdout]                                at /rustc/6067b36314ab5eb2eb47cecc464545ba58e1ad24/library/std/src/panic.rs:358:14
[INFO] [stdout]   49:     0x61aca4ad9473 - test::run_test_in_process::hc7253dd11b39b9f4
[INFO] [stdout]                                at /rustc/6067b36314ab5eb2eb47cecc464545ba58e1ad24/library/test/src/lib.rs:655:27
[INFO] [stdout]   50:     0x61aca4ad9473 - test::run_test::{{closure}}::hfb2007f8649c30bb
[INFO] [stdout]                                at /rustc/6067b36314ab5eb2eb47cecc464545ba58e1ad24/library/test/src/lib.rs:576:43
[INFO] [stdout]   51:     0x61aca4a9c555 - test::run_test::{{closure}}::h56a17aa7a282a9f4
[INFO] [stdout]                                at /rustc/6067b36314ab5eb2eb47cecc464545ba58e1ad24/library/test/src/lib.rs:606:41
[INFO] [stdout]   52:     0x61aca4a9c555 - std::sys::backtrace::__rust_begin_short_backtrace::hd2d2d2fb8e8c6aac
[INFO] [stdout]                                at /rustc/6067b36314ab5eb2eb47cecc464545ba58e1ad24/library/std/src/sys/backtrace.rs:152:18
[INFO] [stdout]   53:     0x61aca4a9fe3a - std::thread::Builder::spawn_unchecked_::{{closure}}::{{closure}}::h4faa3f9db6133423
[INFO] [stdout]                                at /rustc/6067b36314ab5eb2eb47cecc464545ba58e1ad24/library/std/src/thread/mod.rs:559:17
[INFO] [stdout]   54:     0x61aca4a9fe3a - <core::panic::unwind_safe::AssertUnwindSafe<F> as core::ops::function::FnOnce<()>>::call_once::hf2e855a36a4ea846
[INFO] [stdout]                                at /rustc/6067b36314ab5eb2eb47cecc464545ba58e1ad24/library/core/src/panic/unwind_safe.rs:272:9
[INFO] [stdout]   55:     0x61aca4a9fe3a - std::panicking::try::do_call::h2f73af3616c35465
[INFO] [stdout]                                at /rustc/6067b36314ab5eb2eb47cecc464545ba58e1ad24/library/std/src/panicking.rs:587:40
[INFO] [stdout]   56:     0x61aca4a9fe3a - std::panicking::try::hd1660ce9efadef5a
[INFO] [stdout]                                at /rustc/6067b36314ab5eb2eb47cecc464545ba58e1ad24/library/std/src/panicking.rs:550:19
[INFO] [stdout]   57:     0x61aca4a9fe3a - std::panic::catch_unwind::h5ee8d7823b8ca744
[INFO] [stdout]                                at /rustc/6067b36314ab5eb2eb47cecc464545ba58e1ad24/library/std/src/panic.rs:358:14
[INFO] [stdout]   58:     0x61aca4a9fe3a - std::thread::Builder::spawn_unchecked_::{{closure}}::h53c3a1894dce8407
[INFO] [stdout]                                at /rustc/6067b36314ab5eb2eb47cecc464545ba58e1ad24/library/std/src/thread/mod.rs:557:30
[INFO] [stdout]   59:     0x61aca4a9fe3a - core::ops::function::FnOnce::call_once{{vtable.shim}}::h048ce291ad4f62bf
[INFO] [stdout]                                at /rustc/6067b36314ab5eb2eb47cecc464545ba58e1ad24/library/core/src/ops/function.rs:250:5
[INFO] [stdout]   60:     0x61aca4cbb9eb - <alloc::boxed::Box<F,A> as core::ops::function::FnOnce<Args>>::call_once::ha52bedf99a3b4981
[INFO] [stdout]                                at /rustc/6067b36314ab5eb2eb47cecc464545ba58e1ad24/library/alloc/src/boxed.rs:2013:9
[INFO] [stdout]   61:     0x61aca4cbb9eb - <alloc::boxed::Box<F,A> as core::ops::function::FnOnce<Args>>::call_once::h567748934d80ccf8
[INFO] [stdout]                                at /rustc/6067b36314ab5eb2eb47cecc464545ba58e1ad24/library/alloc/src/boxed.rs:2013:9
[INFO] [stdout]   62:     0x61aca4cbb9eb - std::sys::pal::unix::thread::Thread::new::thread_start::h2d970728ae887adc
[INFO] [stdout]                                at /rustc/6067b36314ab5eb2eb47cecc464545ba58e1ad24/library/std/src/sys/pal/unix/thread.rs:106:17
[INFO] [stdout]   63:     0x73df9c4c2ac3 - <unknown>
[INFO] [stdout]   64:     0x73df9c553a04 - clone
[INFO] [stdout]   65:                0x0 - <unknown>
[INFO] [stdout] 
[INFO] [stdout] ---- join_interface::tests::test_open_socket stdout ----
[INFO] [stdout] 
[INFO] [stdout] thread 'join_interface::tests::test_open_socket' panicked at src/join_interface.rs:365:76:
[INFO] [stdout] called `Result::unwrap()` on an `Err` value: AddrParseError(Ipv6)
[INFO] [stdout] stack backtrace:
[INFO] [stdout]    0:     0x61aca4cb565a - std::backtrace_rs::backtrace::libunwind::trace::hb059275cfc8d6126
[INFO] [stdout]                                at /rustc/6067b36314ab5eb2eb47cecc464545ba58e1ad24/library/std/src/../../backtrace/src/backtrace/libunwind.rs:116:5
[INFO] [stdout]    1:     0x61aca4cb565a - std::backtrace_rs::backtrace::trace_unsynchronized::h2da071e4327ce3ee
[INFO] [stdout]                                at /rustc/6067b36314ab5eb2eb47cecc464545ba58e1ad24/library/std/src/../../backtrace/src/backtrace/mod.rs:66:5
[INFO] [stdout]    2:     0x61aca4cb565a - std::sys::backtrace::_print_fmt::h842a1474e6f8d23f
[INFO] [stdout]                                at /rustc/6067b36314ab5eb2eb47cecc464545ba58e1ad24/library/std/src/sys/backtrace.rs:66:9
[INFO] [stdout]    3:     0x61aca4cb565a - <std::sys::backtrace::BacktraceLock::print::DisplayBacktrace as core::fmt::Display>::fmt::h71a62eb3b9696b12
[INFO] [stdout]                                at /rustc/6067b36314ab5eb2eb47cecc464545ba58e1ad24/library/std/src/sys/backtrace.rs:39:26
[INFO] [stdout]    4:     0x61aca4ce1973 - core::fmt::rt::Argument::fmt::hdb6b616786b41dc1
[INFO] [stdout]                                at /rustc/6067b36314ab5eb2eb47cecc464545ba58e1ad24/library/core/src/fmt/rt.rs:177:76
[INFO] [stdout]    5:     0x61aca4ce1973 - core::fmt::write::h2cc1698af7e2d686
[INFO] [stdout]                                at /rustc/6067b36314ab5eb2eb47cecc464545ba58e1ad24/library/core/src/fmt/mod.rs:1440:21
[INFO] [stdout]    6:     0x61aca4cb15c3 - std::io::Write::write_fmt::hab1b4cd059a79022
[INFO] [stdout]                                at /rustc/6067b36314ab5eb2eb47cecc464545ba58e1ad24/library/std/src/io/mod.rs:1887:15
[INFO] [stdout]    7:     0x61aca4cb54a2 - std::sys::backtrace::BacktraceLock::print::h147fe35b4ea13b08
[INFO] [stdout]                                at /rustc/6067b36314ab5eb2eb47cecc464545ba58e1ad24/library/std/src/sys/backtrace.rs:42:9
[INFO] [stdout]    8:     0x61aca4cb6a7f - std::panicking::default_hook::{{closure}}::hbd44223dbdc0d208
[INFO] [stdout]                                at /rustc/6067b36314ab5eb2eb47cecc464545ba58e1ad24/library/std/src/panicking.rs:298:22
[INFO] [stdout]    9:     0x61aca4cb6898 - std::panicking::default_hook::h20f81eb0576efcec
[INFO] [stdout]                                at /rustc/6067b36314ab5eb2eb47cecc464545ba58e1ad24/library/std/src/panicking.rs:322:9
[INFO] [stdout]   10:     0x61aca4ad4de3 - <alloc::boxed::Box<F,A> as core::ops::function::Fn<Args>>::call::hdb53814c496a4d34
[INFO] [stdout]                                at /rustc/6067b36314ab5eb2eb47cecc464545ba58e1ad24/library/alloc/src/boxed.rs:2027:9
[INFO] [stdout]   11:     0x61aca4ad4de3 - test::test_main::{{closure}}::hc0a4963c59427c24
[INFO] [stdout]                                at /rustc/6067b36314ab5eb2eb47cecc464545ba58e1ad24/library/test/src/lib.rs:134:21
[INFO] [stdout]   12:     0x61aca4cb7573 - <alloc::boxed::Box<F,A> as core::ops::function::Fn<Args>>::call::h591b2225413a77e9
[INFO] [stdout]                                at /rustc/6067b36314ab5eb2eb47cecc464545ba58e1ad24/library/alloc/src/boxed.rs:2027:9
[INFO] [stdout]   13:     0x61aca4cb7573 - std::panicking::rust_panic_with_hook::h625eea43051b2edc
[INFO] [stdout]                                at /rustc/6067b36314ab5eb2eb47cecc464545ba58e1ad24/library/std/src/panicking.rs:839:13
[INFO] [stdout]   14:     0x61aca4cb722a - std::panicking::begin_panic_handler::{{closure}}::h4f9159cfbc3f6bd3
[INFO] [stdout]                                at /rustc/6067b36314ab5eb2eb47cecc464545ba58e1ad24/library/std/src/panicking.rs:704:13
[INFO] [stdout]   15:     0x61aca4cb5b59 - std::sys::backtrace::__rust_end_short_backtrace::h0390abce48353151
[INFO] [stdout]                                at /rustc/6067b36314ab5eb2eb47cecc464545ba58e1ad24/library/std/src/sys/backtrace.rs:168:18
[INFO] [stdout]   16:     0x61aca4cb6ebd - rust_begin_unwind
[INFO] [stdout]                                at /rustc/6067b36314ab5eb2eb47cecc464545ba58e1ad24/library/std/src/panicking.rs:695:5
[INFO] [stdout]   17:     0x61aca4cdfc00 - core::panicking::panic_fmt::h9e7c637e9e5f29c9
[INFO] [stdout]                                at /rustc/6067b36314ab5eb2eb47cecc464545ba58e1ad24/library/core/src/panicking.rs:75:14
[INFO] [stdout]   18:     0x61aca4ce0076 - core::result::unwrap_failed::h7979f09313fe1849
[INFO] [stdout]                                at /rustc/6067b36314ab5eb2eb47cecc464545ba58e1ad24/library/core/src/result.rs:1704:5
[INFO] [stdout]   19:     0x61aca4a08b37 - core::result::Result<T,E>::unwrap::h18a5e77e5397351a
[INFO] [stdout]                                at /rustc/6067b36314ab5eb2eb47cecc464545ba58e1ad24/library/core/src/result.rs:1109:23
[INFO] [stdout]   20:     0x61aca4a08b37 - rooster::join_interface::tests::setup_ifn::h9e89484375b60a0d
[INFO] [stdout]                                at /opt/rustwide/workdir/src/join_interface.rs:365:26
[INFO] [stdout]   21:     0x61aca4a09454 - rooster::join_interface::tests::async_open_socket::{{closure}}::h888c7d7c24d1da8d
[INFO] [stdout]                                at /opt/rustwide/workdir/src/join_interface.rs:392:27
[INFO] [stdout]   22:     0x61aca4a65f6d - <core::pin::Pin<P> as core::future::future::Future>::poll::he044502b87851fc7
[INFO] [stdout]                                at /rustc/6067b36314ab5eb2eb47cecc464545ba58e1ad24/library/core/src/future/future.rs:124:9
[INFO] [stdout]   23:     0x61aca49e1a5f - tokio::runtime::basic_scheduler::CoreGuard::block_on::{{closure}}::{{closure}}::{{closure}}::hde21f0015d3ea47a
[INFO] [stdout]                                at /opt/rustwide/cargo-home/registry/src/index.crates.io-1949cf8c6b5b557f/tokio-1.20.1/src/runtime/basic_scheduler.rs:543:48
[INFO] [stdout]   24:     0x61aca4a3272c - tokio::coop::with_budget::{{closure}}::h8851c18efec49327
[INFO] [stdout]                                at /opt/rustwide/cargo-home/registry/src/index.crates.io-1949cf8c6b5b557f/tokio-1.20.1/src/coop.rs:102:9
[INFO] [stdout]   25:     0x61aca49f090c - std::thread::local::LocalKey<T>::try_with::h6ea832bdebb1e6ac
[INFO] [stdout]                                at /rustc/6067b36314ab5eb2eb47cecc464545ba58e1ad24/library/std/src/thread/local.rs:308:12
[INFO] [stdout]   26:     0x61aca49ee0aa - std::thread::local::LocalKey<T>::with::hfc256b7c1b0cd240
[INFO] [stdout]                                at /rustc/6067b36314ab5eb2eb47cecc464545ba58e1ad24/library/std/src/thread/local.rs:272:9
[INFO] [stdout]   27:     0x61aca49e0b52 - tokio::coop::with_budget::h60b5973dac4e474c
[INFO] [stdout]                                at /opt/rustwide/cargo-home/registry/src/index.crates.io-1949cf8c6b5b557f/tokio-1.20.1/src/coop.rs:95:5
[INFO] [stdout]   28:     0x61aca49e0b52 - tokio::coop::budget::h8233cecbc8157c4c
[INFO] [stdout]                                at /opt/rustwide/cargo-home/registry/src/index.crates.io-1949cf8c6b5b557f/tokio-1.20.1/src/coop.rs:72:5
[INFO] [stdout]   29:     0x61aca49e0b52 - tokio::runtime::basic_scheduler::CoreGuard::block_on::{{closure}}::{{closure}}::h745ec9b1838d9968
[INFO] [stdout]                                at /opt/rustwide/cargo-home/registry/src/index.crates.io-1949cf8c6b5b557f/tokio-1.20.1/src/runtime/basic_scheduler.rs:543:25
[INFO] [stdout]   30:     0x61aca49cd1aa - tokio::runtime::basic_scheduler::Context::enter::h821162d50e03f9af
[INFO] [stdout]                                at /opt/rustwide/cargo-home/registry/src/index.crates.io-1949cf8c6b5b557f/tokio-1.20.1/src/runtime/basic_scheduler.rs:367:19
[INFO] [stdout]   31:     0x61aca49dfb37 - tokio::runtime::basic_scheduler::CoreGuard::block_on::{{closure}}::hfc02cf6984cc5e6c
[INFO] [stdout]                                at /opt/rustwide/cargo-home/registry/src/index.crates.io-1949cf8c6b5b557f/tokio-1.20.1/src/runtime/basic_scheduler.rs:542:36
[INFO] [stdout]   32:     0x61aca49d662b - tokio::runtime::basic_scheduler::CoreGuard::enter::{{closure}}::h1a9c720680def59e
[INFO] [stdout]                                at /opt/rustwide/cargo-home/registry/src/index.crates.io-1949cf8c6b5b557f/tokio-1.20.1/src/runtime/basic_scheduler.rs:613:57
[INFO] [stdout]   33:     0x61aca4a439ba - tokio::macros::scoped_tls::ScopedKey<T>::set::h2d18135a795e7176
[INFO] [stdout]                                at /opt/rustwide/cargo-home/registry/src/index.crates.io-1949cf8c6b5b557f/tokio-1.20.1/src/macros/scoped_tls.rs:61:9
[INFO] [stdout]   34:     0x61aca49d6314 - tokio::runtime::basic_scheduler::CoreGuard::enter::hec2dea3931ec97c7
[INFO] [stdout]                                at /opt/rustwide/cargo-home/registry/src/index.crates.io-1949cf8c6b5b557f/tokio-1.20.1/src/runtime/basic_scheduler.rs:613:27
[INFO] [stdout]   35:     0x61aca49d6c82 - tokio::runtime::basic_scheduler::CoreGuard::block_on::he037fb52618e2cdf
[INFO] [stdout]                                at /opt/rustwide/cargo-home/registry/src/index.crates.io-1949cf8c6b5b557f/tokio-1.20.1/src/runtime/basic_scheduler.rs:533:19
[INFO] [stdout]   36:     0x61aca49c4de8 - tokio::runtime::basic_scheduler::BasicScheduler::block_on::h83602db0a81cff12
[INFO] [stdout]                                at /opt/rustwide/cargo-home/registry/src/index.crates.io-1949cf8c6b5b557f/tokio-1.20.1/src/runtime/basic_scheduler.rs:179:24
[INFO] [stdout]   37:     0x61aca4a3787a - tokio::runtime::Runtime::block_on::had56dcdd7fd38b24
[INFO] [stdout]                                at /opt/rustwide/cargo-home/registry/src/index.crates.io-1949cf8c6b5b557f/tokio-1.20.1/src/runtime/mod.rs:482:46
[INFO] [stdout]   38:     0x61aca4a42279 - tokio_test::block_on::haa91d8653930a969
[INFO] [stdout]                                at /opt/rustwide/cargo-home/registry/src/index.crates.io-1949cf8c6b5b557f/tokio-test-0.4.2/src/lib.rs:35:5
[INFO] [stdout]   39:     0x61aca4a0a94b - rooster::join_interface::tests::test_open_socket::he7be48f4a54f9cd7
[INFO] [stdout]                                at /opt/rustwide/workdir/src/join_interface.rs:341:13
[INFO] [stdout]   40:     0x61aca4a0a917 - rooster::join_interface::tests::test_open_socket::{{closure}}::h17ad048e6018a6f1
[INFO] [stdout]                                at /opt/rustwide/workdir/src/join_interface.rs:399:30
[INFO] [stdout]   41:     0x61aca49e2d56 - core::ops::function::FnOnce::call_once::hc6b543061821ebb2
[INFO] [stdout]                                at /rustc/6067b36314ab5eb2eb47cecc464545ba58e1ad24/library/core/src/ops/function.rs:250:5
[INFO] [stdout]   42:     0x61aca4ada53b - core::ops::function::FnOnce::call_once::he27718dfdd183f43
[INFO] [stdout]                                at /rustc/6067b36314ab5eb2eb47cecc464545ba58e1ad24/library/core/src/ops/function.rs:250:5
[INFO] [stdout]   43:     0x61aca4ada53b - test::__rust_begin_short_backtrace::h4e84902998457a5d
[INFO] [stdout]                                at /rustc/6067b36314ab5eb2eb47cecc464545ba58e1ad24/library/test/src/lib.rs:632:18
[INFO] [stdout]   44:     0x61aca4ad9473 - test::run_test_in_process::{{closure}}::h7176fd18fc1feca0
[INFO] [stdout]                                at /rustc/6067b36314ab5eb2eb47cecc464545ba58e1ad24/library/test/src/lib.rs:655:60
[INFO] [stdout]   45:     0x61aca4ad9473 - <core::panic::unwind_safe::AssertUnwindSafe<F> as core::ops::function::FnOnce<()>>::call_once::hf79cff2a624d8cf7
[INFO] [stdout]                                at /rustc/6067b36314ab5eb2eb47cecc464545ba58e1ad24/library/core/src/panic/unwind_safe.rs:272:9
[INFO] [stdout]   46:     0x61aca4ad9473 - std::panicking::try::do_call::h3da0561d9ab99c25
[INFO] [stdout]                                at /rustc/6067b36314ab5eb2eb47cecc464545ba58e1ad24/library/std/src/panicking.rs:587:40
[INFO] [stdout]   47:     0x61aca4ad9473 - std::panicking::try::h41c9fa508bc61df6
[INFO] [stdout]                                at /rustc/6067b36314ab5eb2eb47cecc464545ba58e1ad24/library/std/src/panicking.rs:550:19
[INFO] [stdout]   48:     0x61aca4ad9473 - std::panic::catch_unwind::h6b3ff07bb5afad93
[INFO] [stdout]                                at /rustc/6067b36314ab5eb2eb47cecc464545ba58e1ad24/library/std/src/panic.rs:358:14
[INFO] [stdout]   49:     0x61aca4ad9473 - test::run_test_in_process::hc7253dd11b39b9f4
[INFO] [stdout]                                at /rustc/6067b36314ab5eb2eb47cecc464545ba58e1ad24/library/test/src/lib.rs:655:27
[INFO] [stdout]   50:     0x61aca4ad9473 - test::run_test::{{closure}}::hfb2007f8649c30bb
[INFO] [stdout]                                at /rustc/6067b36314ab5eb2eb47cecc464545ba58e1ad24/library/test/src/lib.rs:576:43
[INFO] [stdout]   51:     0x61aca4a9c555 - test::run_test::{{closure}}::h56a17aa7a282a9f4
[INFO] [stdout]                                at /rustc/6067b36314ab5eb2eb47cecc464545ba58e1ad24/library/test/src/lib.rs:606:41
[INFO] [stdout]   52:     0x61aca4a9c555 - std::sys::backtrace::__rust_begin_short_backtrace::hd2d2d2fb8e8c6aac
[INFO] [stdout]                                at /rustc/6067b36314ab5eb2eb47cecc464545ba58e1ad24/library/std/src/sys/backtrace.rs:152:18
[INFO] [stdout]   53:     0x61aca4a9fe3a - std::thread::Builder::spawn_unchecked_::{{closure}}::{{closure}}::h4faa3f9db6133423
[INFO] [stdout]                                at /rustc/6067b36314ab5eb2eb47cecc464545ba58e1ad24/library/std/src/thread/mod.rs:559:17
[INFO] [stdout]   54:     0x61aca4a9fe3a - <core::panic::unwind_safe::AssertUnwindSafe<F> as core::ops::function::FnOnce<()>>::call_once::hf2e855a36a4ea846
[INFO] [stdout]                                at /rustc/6067b36314ab5eb2eb47cecc464545ba58e1ad24/library/core/src/panic/unwind_safe.rs:272:9
[INFO] [stdout]   55:     0x61aca4a9fe3a - std::panicking::try::do_call::h2f73af3616c35465
[INFO] [stdout]                                at /rustc/6067b36314ab5eb2eb47cecc464545ba58e1ad24/library/std/src/panicking.rs:587:40
[INFO] [stdout]   56:     0x61aca4a9fe3a - std::panicking::try::hd1660ce9efadef5a
[INFO] [stdout]                                at /rustc/6067b36314ab5eb2eb47cecc464545ba58e1ad24/library/std/src/panicking.rs:550:19
[INFO] [stdout]   57:     0x61aca4a9fe3a - std::panic::catch_unwind::h5ee8d7823b8ca744
[INFO] [stdout]                                at /rustc/6067b36314ab5eb2eb47cecc464545ba58e1ad24/library/std/src/panic.rs:358:14
[INFO] [stdout]   58:     0x61aca4a9fe3a - std::thread::Builder::spawn_unchecked_::{{closure}}::h53c3a1894dce8407
[INFO] [stdout]                                at /rustc/6067b36314ab5eb2eb47cecc464545ba58e1ad24/library/std/src/thread/mod.rs:557:30
[INFO] [stdout]   59:     0x61aca4a9fe3a - core::ops::function::FnOnce::call_once{{vtable.shim}}::h048ce291ad4f62bf
[INFO] [stdout]                                at /rustc/6067b36314ab5eb2eb47cecc464545ba58e1ad24/library/core/src/ops/function.rs:250:5
[INFO] [stdout]   60:     0x61aca4cbb9eb - <alloc::boxed::Box<F,A> as core::ops::function::FnOnce<Args>>::call_once::ha52bedf99a3b4981
[INFO] [stdout]                                at /rustc/6067b36314ab5eb2eb47cecc464545ba58e1ad24/library/alloc/src/boxed.rs:2013:9
[INFO] [stdout]   61:     0x61aca4cbb9eb - <alloc::boxed::Box<F,A> as core::ops::function::FnOnce<Args>>::call_once::h567748934d80ccf8
[INFO] [stdout]                                at /rustc/6067b36314ab5eb2eb47cecc464545ba58e1ad24/library/alloc/src/boxed.rs:2013:9
[INFO] [stdout]   62:     0x61aca4cbb9eb - std::sys::pal::unix::thread::Thread::new::thread_start::h2d970728ae887adc
[INFO] [stdout]                                at /rustc/6067b36314ab5eb2eb47cecc464545ba58e1ad24/library/std/src/sys/pal/unix/thread.rs:106:17
[INFO] [stdout]   63:     0x73df9c4c2ac3 - <unknown>
[INFO] [stdout]   64:     0x73df9c553a04 - clone
[INFO] [stdout]   65:                0x0 - <unknown>
[INFO] [stdout] 
[INFO] [stdout] 
[INFO] [stdout] failures:
[INFO] [stdout]     grasp::tests::test_create_mflood
[INFO] [stdout]     join_interface::tests::test_open_socket
[INFO] [stdout]     join_interface::tests::test_start_join
[INFO] [stdout] 
[INFO] [stdout] test result: FAILED. 37 passed; 3 failed; 0 ignored; 0 measured; 0 filtered out; finished in 0.10s
[INFO] [stdout] 
[INFO] [stderr] error: test failed, to rerun pass `--bin rooster`
[INFO] running `Command { std: "docker" "inspect" "ad7e9562911b2d208ecf530a5926546cdabf26d29131de89ff178eeb5ac7a528", kill_on_drop: false }`
[INFO] running `Command { std: "docker" "rm" "-f" "ad7e9562911b2d208ecf530a5926546cdabf26d29131de89ff178eeb5ac7a528", kill_on_drop: false }`
[INFO] [stdout] ad7e9562911b2d208ecf530a5926546cdabf26d29131de89ff178eeb5ac7a528
