[INFO] cloning repository https://github.com/AnarchistHoneybun/rdms
[INFO] running `Command { std: "git" "-c" "credential.helper=" "-c" "credential.helper=/workspace/cargo-home/bin/git-credential-null" "clone" "--bare" "https://github.com/AnarchistHoneybun/rdms" "/workspace/cache/git-repos/https%3A%2F%2Fgithub.com%2FAnarchistHoneybun%2Frdms", kill_on_drop: false }`
[INFO] [stderr] Cloning into bare repository '/workspace/cache/git-repos/https%3A%2F%2Fgithub.com%2FAnarchistHoneybun%2Frdms'...
[INFO] running `Command { std: "git" "rev-parse" "HEAD", kill_on_drop: false }`
[INFO] [stdout] c5e73276744c2f0d161e1d5efc4916708ea9b074
[INFO] testing AnarchistHoneybun/rdms against nightly-2025-01-18+rustflags=-Zrandomize-layout for randomize-layout-2
[INFO] running `Command { std: "git" "clone" "/workspace/cache/git-repos/https%3A%2F%2Fgithub.com%2FAnarchistHoneybun%2Frdms" "/workspace/builds/worker-3-tc2/source", kill_on_drop: false }`
[INFO] [stderr] Cloning into '/workspace/builds/worker-3-tc2/source'...
[INFO] [stderr] done.
[INFO] validating manifest of git repo https://github.com/AnarchistHoneybun/rdms on toolchain nightly-2025-01-18
[INFO] running `Command { std: CARGO_HOME="/workspace/cargo-home" RUSTUP_HOME="/workspace/rustup-home" "/workspace/cargo-home/bin/cargo" "+nightly-2025-01-18" "metadata" "--manifest-path" "Cargo.toml" "--no-deps", kill_on_drop: false }`
[INFO] started tweaking git repo https://github.com/AnarchistHoneybun/rdms
[INFO] finished tweaking git repo https://github.com/AnarchistHoneybun/rdms
[INFO] tweaked toml for git repo https://github.com/AnarchistHoneybun/rdms written to /workspace/builds/worker-3-tc2/source/Cargo.toml
[INFO] crate git repo https://github.com/AnarchistHoneybun/rdms already has a lockfile, it will not be regenerated
[INFO] running `Command { std: CARGO_HOME="/workspace/cargo-home" RUSTUP_HOME="/workspace/rustup-home" "/workspace/cargo-home/bin/cargo" "+nightly-2025-01-18" "fetch" "--manifest-path" "Cargo.toml", kill_on_drop: false }`
[INFO] running `Command { std: "docker" "create" "-v" "/var/lib/crater-agent-workspace/builds/worker-3-tc2/target:/opt/rustwide/target:rw,Z" "-v" "/var/lib/crater-agent-workspace/builds/worker-3-tc2/source:/opt/rustwide/workdir:ro,Z" "-v" "/var/lib/crater-agent-workspace/cargo-home:/opt/rustwide/cargo-home:ro,Z" "-v" "/var/lib/crater-agent-workspace/rustup-home:/opt/rustwide/rustup-home:ro,Z" "-e" "SOURCE_DIR=/opt/rustwide/workdir" "-e" "CARGO_TARGET_DIR=/opt/rustwide/target" "-e" "CARGO_HOME=/opt/rustwide/cargo-home" "-e" "RUSTUP_HOME=/opt/rustwide/rustup-home" "-w" "/opt/rustwide/workdir" "-m" "1610612736" "--user" "0:0" "--network" "none" "ghcr.io/rust-lang/crates-build-env/linux@sha256:819108c5571ea2e421544af4d832f968d213c87fbe3707a016657f43d2f853bc" "/opt/rustwide/cargo-home/bin/cargo" "+nightly-2025-01-18" "metadata" "--no-deps" "--format-version=1", kill_on_drop: false }`
[INFO] [stdout] a605c3a08ca5722220dcf3ee11f269d09491f51d6676b969bec7b04d40a0a406
[INFO] running `Command { std: "docker" "start" "-a" "a605c3a08ca5722220dcf3ee11f269d09491f51d6676b969bec7b04d40a0a406", kill_on_drop: false }`
[INFO] running `Command { std: "docker" "inspect" "a605c3a08ca5722220dcf3ee11f269d09491f51d6676b969bec7b04d40a0a406", kill_on_drop: false }`
[INFO] running `Command { std: "docker" "rm" "-f" "a605c3a08ca5722220dcf3ee11f269d09491f51d6676b969bec7b04d40a0a406", kill_on_drop: false }`
[INFO] [stdout] a605c3a08ca5722220dcf3ee11f269d09491f51d6676b969bec7b04d40a0a406
[INFO] running `Command { std: "docker" "create" "-v" "/var/lib/crater-agent-workspace/builds/worker-3-tc2/target:/opt/rustwide/target:rw,Z" "-v" "/var/lib/crater-agent-workspace/builds/worker-3-tc2/source:/opt/rustwide/workdir:ro,Z" "-v" "/var/lib/crater-agent-workspace/cargo-home:/opt/rustwide/cargo-home:ro,Z" "-v" "/var/lib/crater-agent-workspace/rustup-home:/opt/rustwide/rustup-home:ro,Z" "-e" "SOURCE_DIR=/opt/rustwide/workdir" "-e" "CARGO_TARGET_DIR=/opt/rustwide/target" "-e" "CARGO_INCREMENTAL=0" "-e" "RUST_BACKTRACE=full" "-e" "RUSTFLAGS=--cap-lints=forbid -Zrandomize-layout" "-e" "RUSTDOCFLAGS=--cap-lints=forbid" "-e" "CARGO_HOME=/opt/rustwide/cargo-home" "-e" "RUSTUP_HOME=/opt/rustwide/rustup-home" "-w" "/opt/rustwide/workdir" "-m" "1610612736" "--user" "0:0" "--network" "none" "ghcr.io/rust-lang/crates-build-env/linux@sha256:819108c5571ea2e421544af4d832f968d213c87fbe3707a016657f43d2f853bc" "/opt/rustwide/cargo-home/bin/cargo" "+nightly-2025-01-18" "build" "--frozen" "--message-format=json", kill_on_drop: false }`
[INFO] [stdout] 4b8d412ad44a2ab377ac5a0b8a84e8d63df3690fc6bfd6dd1f6a731a2d95a682
[INFO] running `Command { std: "docker" "start" "-a" "4b8d412ad44a2ab377ac5a0b8a84e8d63df3690fc6bfd6dd1f6a731a2d95a682", kill_on_drop: false }`
[INFO] [stderr]    Compiling sql_impl v0.1.0 (/opt/rustwide/workdir)
[INFO] [stdout] warning: unused imports: `ColumnDataType` and `Value`
[INFO] [stdout]  --> src/database/mod.rs:3:29
[INFO] [stdout]   |
[INFO] [stdout] 3 | use crate::column::{Column, ColumnDataType, Value};
[INFO] [stdout]   |                             ^^^^^^^^^^^^^^  ^^^^^
[INFO] [stdout]   |
[INFO] [stdout]   = note: `#[warn(unused_imports)]` on by default
[INFO] [stdout] 
[INFO] [stdout] 
[INFO] [stdout] warning: unused imports: `NestedCondition`, `helpers::evaluate_nested_conditions`, and `table_errors`
[INFO] [stdout]  --> src/database/mod.rs:5:20
[INFO] [stdout]   |
[INFO] [stdout] 5 | use crate::table::{helpers::evaluate_nested_conditions, table_errors, NestedCondition, Table};
[INFO] [stdout]   |                    ^^^^^^^^^^^^^^^^^^^^^^^^^^^^^^^^^^^  ^^^^^^^^^^^^  ^^^^^^^^^^^^^^^
[INFO] [stdout] 
[INFO] [stdout] 
[INFO] [stdout] warning: variant `Float` is never constructed
[INFO] [stdout]  --> src/column/mod.rs:7:5
[INFO] [stdout]   |
[INFO] [stdout] 5 | pub enum ColumnDataType {
[INFO] [stdout]   |          -------------- variant in this enum
[INFO] [stdout] 6 |     Integer,
[INFO] [stdout] 7 |     Float,
[INFO] [stdout]   |     ^^^^^
[INFO] [stdout]   |
[INFO] [stdout]   = note: `ColumnDataType` has derived impls for the traits `Clone` and `Debug`, but these are intentionally ignored during dead code analysis
[INFO] [stdout]   = note: `#[warn(dead_code)]` on by default
[INFO] [stdout] 
[INFO] [stdout] 
[INFO] [stdout] warning: field `name` is never read
[INFO] [stdout]   --> src/database/mod.rs:13:9
[INFO] [stdout]    |
[INFO] [stdout] 12 | pub struct Database {
[INFO] [stdout]    |            -------- field in this struct
[INFO] [stdout] 13 |     pub name: String,
[INFO] [stdout]    |         ^^^^
[INFO] [stdout] 
[INFO] [stdout] 
[INFO] [stdout] warning: method `get_table_mut` is never used
[INFO] [stdout]    --> src/database/mod.rs:100:12
[INFO] [stdout]     |
[INFO] [stdout] 17  | impl Database {
[INFO] [stdout]     | ------------- method in this implementation
[INFO] [stdout] ...
[INFO] [stdout] 100 |     pub fn get_table_mut(&mut self, table_name: &str) -> Option<&mut Table> {
[INFO] [stdout]     |            ^^^^^^^^^^^^^
[INFO] [stdout] 
[INFO] [stdout] 
[INFO] [stdout] warning: variants `And` and `Or` are never constructed
[INFO] [stdout]   --> src/table/mod.rs:17:5
[INFO] [stdout]    |
[INFO] [stdout] 15 | pub enum NestedCondition {
[INFO] [stdout]    |          --------------- variants in this enum
[INFO] [stdout] 16 |     Condition(String, String, String),
[INFO] [stdout] 17 |     And(Box<NestedCondition>, Box<NestedCondition>),
[INFO] [stdout]    |     ^^^
[INFO] [stdout] 18 |     Or(Box<NestedCondition>, Box<NestedCondition>),
[INFO] [stdout]    |     ^^
[INFO] [stdout]    |
[INFO] [stdout]    = note: `NestedCondition` has a derived impl for the trait `Debug`, but this is intentionally ignored during dead code analysis
[INFO] [stdout] 
[INFO] [stdout] 
[INFO] [stdout] warning: associated items `export_table` and `import_table` are never used
[INFO] [stdout]    --> src/table/export_import.rs:39:12
[INFO] [stdout]     |
[INFO] [stdout] 8   | impl Table {
[INFO] [stdout]     | ---------- associated items in this implementation
[INFO] [stdout] ...
[INFO] [stdout] 39  |     pub fn export_table(&self, file_name: &str, format: &str) -> Result<(), Error> {
[INFO] [stdout]     |            ^^^^^^^^^^^^
[INFO] [stdout] ...
[INFO] [stdout] 269 |     pub fn import_table(file_name: &str, format: &str) -> Result<Table, Error> {
[INFO] [stdout]     |            ^^^^^^^^^^^^
[INFO] [stdout] 
[INFO] [stdout] 
[INFO] [stdout] warning: methods `filter_and_project` and `filter_with_nested_conditions` are never used
[INFO] [stdout]    --> src/table/filter_funcs.rs:58:12
[INFO] [stdout]     |
[INFO] [stdout] 5   | impl Table {
[INFO] [stdout]     | ---------- methods in this implementation
[INFO] [stdout] ...
[INFO] [stdout] 58  |     pub fn filter_and_project(
[INFO] [stdout]     |            ^^^^^^^^^^^^^^^^^^
[INFO] [stdout] ...
[INFO] [stdout] 167 |     pub fn filter_with_nested_conditions(
[INFO] [stdout]     |            ^^^^^^^^^^^^^^^^^^^^^^^^^^^^^
[INFO] [stdout] 
[INFO] [stdout] 
[INFO] [stdout] warning: variants `FileError` and `InvalidFormat` are never constructed
[INFO] [stdout]  --> src/table/table_errors.rs:8:5
[INFO] [stdout]   |
[INFO] [stdout] 2 | pub enum Error {
[INFO] [stdout]   |          ----- variants in this enum
[INFO] [stdout] ...
[INFO] [stdout] 8 |     FileError(String),
[INFO] [stdout]   |     ^^^^^^^^^
[INFO] [stdout] 9 |     InvalidFormat(String),
[INFO] [stdout]   |     ^^^^^^^^^^^^^
[INFO] [stdout]   |
[INFO] [stdout]   = note: `Error` has a derived impl for the trait `Debug`, but this is intentionally ignored during dead code analysis
[INFO] [stdout] 
[INFO] [stdout] 
[INFO] [stdout] warning: methods `project`, `describe`, and `column_count` are never used
[INFO] [stdout]    --> src/table/table_utils.rs:207:12
[INFO] [stdout]     |
[INFO] [stdout] 5   | impl Table {
[INFO] [stdout]     | ---------- methods in this implementation
[INFO] [stdout] ...
[INFO] [stdout] 207 |     pub fn project(&self, column_names: Vec<String>) -> Result<(), Error> {
[INFO] [stdout]     |            ^^^^^^^
[INFO] [stdout] ...
[INFO] [stdout] 297 |     pub fn describe(&self) {
[INFO] [stdout]     |            ^^^^^^^^
[INFO] [stdout] ...
[INFO] [stdout] 385 |     pub fn column_count(&self, column_name: Option<String>) -> Result<usize, Error> {
[INFO] [stdout]     |            ^^^^^^^^^^^^
[INFO] [stdout] 
[INFO] [stdout] 
[INFO] [stderr]     Finished `dev` profile [unoptimized + debuginfo] target(s) in 0.73s
[INFO] running `Command { std: "docker" "inspect" "4b8d412ad44a2ab377ac5a0b8a84e8d63df3690fc6bfd6dd1f6a731a2d95a682", kill_on_drop: false }`
[INFO] running `Command { std: "docker" "rm" "-f" "4b8d412ad44a2ab377ac5a0b8a84e8d63df3690fc6bfd6dd1f6a731a2d95a682", kill_on_drop: false }`
[INFO] [stdout] 4b8d412ad44a2ab377ac5a0b8a84e8d63df3690fc6bfd6dd1f6a731a2d95a682
[INFO] running `Command { std: "docker" "create" "-v" "/var/lib/crater-agent-workspace/builds/worker-3-tc2/target:/opt/rustwide/target:rw,Z" "-v" "/var/lib/crater-agent-workspace/builds/worker-3-tc2/source:/opt/rustwide/workdir:ro,Z" "-v" "/var/lib/crater-agent-workspace/cargo-home:/opt/rustwide/cargo-home:ro,Z" "-v" "/var/lib/crater-agent-workspace/rustup-home:/opt/rustwide/rustup-home:ro,Z" "-e" "SOURCE_DIR=/opt/rustwide/workdir" "-e" "CARGO_TARGET_DIR=/opt/rustwide/target" "-e" "CARGO_INCREMENTAL=0" "-e" "RUST_BACKTRACE=full" "-e" "RUSTFLAGS=--cap-lints=forbid -Zrandomize-layout" "-e" "RUSTDOCFLAGS=--cap-lints=forbid" "-e" "CARGO_HOME=/opt/rustwide/cargo-home" "-e" "RUSTUP_HOME=/opt/rustwide/rustup-home" "-w" "/opt/rustwide/workdir" "-m" "1610612736" "--user" "0:0" "--network" "none" "ghcr.io/rust-lang/crates-build-env/linux@sha256:819108c5571ea2e421544af4d832f968d213c87fbe3707a016657f43d2f853bc" "/opt/rustwide/cargo-home/bin/cargo" "+nightly-2025-01-18" "test" "--frozen" "--no-run" "--message-format=json", kill_on_drop: false }`
[INFO] [stdout] 06482be378179351a58dbc68f97cd65f509c3e7b87f4139704576b7e5327cab6
[INFO] running `Command { std: "docker" "start" "-a" "06482be378179351a58dbc68f97cd65f509c3e7b87f4139704576b7e5327cab6", kill_on_drop: false }`
[INFO] [stderr]    Compiling sql_impl v0.1.0 (/opt/rustwide/workdir)
[INFO] [stdout] warning: unused imports: `ColumnDataType` and `Value`
[INFO] [stdout]  --> src/database/mod.rs:3:29
[INFO] [stdout]   |
[INFO] [stdout] 3 | use crate::column::{Column, ColumnDataType, Value};
[INFO] [stdout]   |                             ^^^^^^^^^^^^^^  ^^^^^
[INFO] [stdout]   |
[INFO] [stdout]   = note: `#[warn(unused_imports)]` on by default
[INFO] [stdout] 
[INFO] [stdout] 
[INFO] [stdout] warning: unused imports: `NestedCondition`, `helpers::evaluate_nested_conditions`, and `table_errors`
[INFO] [stdout]  --> src/database/mod.rs:5:20
[INFO] [stdout]   |
[INFO] [stdout] 5 | use crate::table::{helpers::evaluate_nested_conditions, table_errors, NestedCondition, Table};
[INFO] [stdout]   |                    ^^^^^^^^^^^^^^^^^^^^^^^^^^^^^^^^^^^  ^^^^^^^^^^^^  ^^^^^^^^^^^^^^^
[INFO] [stdout] 
[INFO] [stdout] 
[INFO] [stdout] warning: field `name` is never read
[INFO] [stdout]   --> src/database/mod.rs:13:9
[INFO] [stdout]    |
[INFO] [stdout] 12 | pub struct Database {
[INFO] [stdout]    |            -------- field in this struct
[INFO] [stdout] 13 |     pub name: String,
[INFO] [stdout]    |         ^^^^
[INFO] [stdout]    |
[INFO] [stdout]    = note: `#[warn(dead_code)]` on by default
[INFO] [stdout] 
[INFO] [stdout] 
[INFO] [stdout] warning: method `get_table_mut` is never used
[INFO] [stdout]    --> src/database/mod.rs:100:12
[INFO] [stdout]     |
[INFO] [stdout] 17  | impl Database {
[INFO] [stdout]     | ------------- method in this implementation
[INFO] [stdout] ...
[INFO] [stdout] 100 |     pub fn get_table_mut(&mut self, table_name: &str) -> Option<&mut Table> {
[INFO] [stdout]     |            ^^^^^^^^^^^^^
[INFO] [stdout] 
[INFO] [stdout] 
[INFO] [stdout] warning: method `export_table` is never used
[INFO] [stdout]   --> src/table/export_import.rs:39:12
[INFO] [stdout]    |
[INFO] [stdout] 8  | impl Table {
[INFO] [stdout]    | ---------- method in this implementation
[INFO] [stdout] ...
[INFO] [stdout] 39 |     pub fn export_table(&self, file_name: &str, format: &str) -> Result<(), Error> {
[INFO] [stdout]    |            ^^^^^^^^^^^^
[INFO] [stdout] 
[INFO] [stdout] 
[INFO] [stdout] warning: method `describe` is never used
[INFO] [stdout]    --> src/table/table_utils.rs:297:12
[INFO] [stdout]     |
[INFO] [stdout] 5   | impl Table {
[INFO] [stdout]     | ---------- method in this implementation
[INFO] [stdout] ...
[INFO] [stdout] 297 |     pub fn describe(&self) {
[INFO] [stdout]     |            ^^^^^^^^
[INFO] [stdout] 
[INFO] [stdout] 
[INFO] [stderr]     Finished `test` profile [unoptimized + debuginfo] target(s) in 1.27s
[INFO] running `Command { std: "docker" "inspect" "06482be378179351a58dbc68f97cd65f509c3e7b87f4139704576b7e5327cab6", kill_on_drop: false }`
[INFO] running `Command { std: "docker" "rm" "-f" "06482be378179351a58dbc68f97cd65f509c3e7b87f4139704576b7e5327cab6", kill_on_drop: false }`
[INFO] [stdout] 06482be378179351a58dbc68f97cd65f509c3e7b87f4139704576b7e5327cab6
[INFO] running `Command { std: "docker" "create" "-v" "/var/lib/crater-agent-workspace/builds/worker-3-tc2/target:/opt/rustwide/target:rw,Z" "-v" "/var/lib/crater-agent-workspace/builds/worker-3-tc2/source:/opt/rustwide/workdir:ro,Z" "-v" "/var/lib/crater-agent-workspace/cargo-home:/opt/rustwide/cargo-home:ro,Z" "-v" "/var/lib/crater-agent-workspace/rustup-home:/opt/rustwide/rustup-home:ro,Z" "-e" "SOURCE_DIR=/opt/rustwide/workdir" "-e" "CARGO_TARGET_DIR=/opt/rustwide/target" "-e" "CARGO_INCREMENTAL=0" "-e" "RUST_BACKTRACE=full" "-e" "RUSTFLAGS=--cap-lints=forbid -Zrandomize-layout" "-e" "RUSTDOCFLAGS=--cap-lints=forbid" "-e" "CARGO_HOME=/opt/rustwide/cargo-home" "-e" "RUSTUP_HOME=/opt/rustwide/rustup-home" "-w" "/opt/rustwide/workdir" "-m" "1610612736" "--user" "0:0" "--network" "none" "ghcr.io/rust-lang/crates-build-env/linux@sha256:819108c5571ea2e421544af4d832f968d213c87fbe3707a016657f43d2f853bc" "/opt/rustwide/cargo-home/bin/cargo" "+nightly-2025-01-18" "test" "--frozen", kill_on_drop: false }`
[INFO] [stdout] e7ffa18b655f60e26a3b1e90960db2fe8743c13494eeea87f13ac8da13a537c1
[INFO] running `Command { std: "docker" "start" "-a" "e7ffa18b655f60e26a3b1e90960db2fe8743c13494eeea87f13ac8da13a537c1", kill_on_drop: false }`
[INFO] [stderr] warning: unused imports: `ColumnDataType` and `Value`
[INFO] [stderr]  --> src/database/mod.rs:3:29
[INFO] [stderr]   |
[INFO] [stderr] 3 | use crate::column::{Column, ColumnDataType, Value};
[INFO] [stderr]   |                             ^^^^^^^^^^^^^^  ^^^^^
[INFO] [stderr]   |
[INFO] [stderr]   = note: `#[warn(unused_imports)]` on by default
[INFO] [stderr] 
[INFO] [stderr] warning: unused imports: `NestedCondition`, `helpers::evaluate_nested_conditions`, and `table_errors`
[INFO] [stderr]  --> src/database/mod.rs:5:20
[INFO] [stderr]   |
[INFO] [stderr] 5 | use crate::table::{helpers::evaluate_nested_conditions, table_errors, NestedCondition, Table};
[INFO] [stderr]   |                    ^^^^^^^^^^^^^^^^^^^^^^^^^^^^^^^^^^^  ^^^^^^^^^^^^  ^^^^^^^^^^^^^^^
[INFO] [stderr] 
[INFO] [stderr] warning: field `name` is never read
[INFO] [stderr]   --> src/database/mod.rs:13:9
[INFO] [stderr]    |
[INFO] [stderr] 12 | pub struct Database {
[INFO] [stderr]    |            -------- field in this struct
[INFO] [stderr] 13 |     pub name: String,
[INFO] [stderr]    |         ^^^^
[INFO] [stderr]    |
[INFO] [stderr]    = note: `#[warn(dead_code)]` on by default
[INFO] [stderr] 
[INFO] [stderr] warning: method `get_table_mut` is never used
[INFO] [stderr]    --> src/database/mod.rs:100:12
[INFO] [stderr]     |
[INFO] [stderr] 17  | impl Database {
[INFO] [stderr]     | ------------- method in this implementation
[INFO] [stderr] ...
[INFO] [stderr] 100 |     pub fn get_table_mut(&mut self, table_name: &str) -> Option<&mut Table> {
[INFO] [stderr]     |            ^^^^^^^^^^^^^
[INFO] [stderr] 
[INFO] [stderr] warning: method `export_table` is never used
[INFO] [stderr]   --> src/table/export_import.rs:39:12
[INFO] [stderr]    |
[INFO] [stderr] 8  | impl Table {
[INFO] [stderr]    | ---------- method in this implementation
[INFO] [stderr] ...
[INFO] [stderr] 39 |     pub fn export_table(&self, file_name: &str, format: &str) -> Result<(), Error> {
[INFO] [stderr]    |            ^^^^^^^^^^^^
[INFO] [stderr] 
[INFO] [stderr] warning: method `describe` is never used
[INFO] [stderr]    --> src/table/table_utils.rs:297:12
[INFO] [stderr]     |
[INFO] [stderr] 5   | impl Table {
[INFO] [stderr]     | ---------- method in this implementation
[INFO] [stderr] ...
[INFO] [stderr] 297 |     pub fn describe(&self) {
[INFO] [stderr]     |            ^^^^^^^^
[INFO] [stderr] 
[INFO] [stderr] warning: `sql_impl` (bin "sql_impl" test) generated 6 warnings (run `cargo fix --bin "sql_impl" --tests` to apply 2 suggestions)
[INFO] [stderr]     Finished `test` profile [unoptimized + debuginfo] target(s) in 0.01s
[INFO] [stderr]      Running unittests src/main.rs (/opt/rustwide/target/debug/deps/sql_impl-eb0018fe8996b2bc)
[INFO] [stdout] 
[INFO] [stdout] running 10 tests
[INFO] [stdout] test tests::filter_funcs_test::test_filter_with_nested_conditions ... ok
[INFO] [stdout] test tests::insert_funcs_test::test_insert ... ok
[INFO] [stdout] test tests::filter_funcs_test::test_filter_and_project ... ok
[INFO] [stdout] test tests::update_funcs_test::test_update_column ... ok
[INFO] [stdout] test tests::utils_test::test_copy ... ok
[INFO] [stdout] test tests::utils_test::test_project ... ok
[INFO] [stdout] test tests::insert_funcs_test::test_insert_with_columns ... ok
[INFO] [stdout] test tests::utils_test::test_column_count ... ok
[INFO] [stdout] test tests::update_funcs_test::test_update_with_nested_conditions ... ok
[INFO] [stdout] test tests::export_import_tests::test_import_table ... FAILED
[INFO] [stdout] 
[INFO] [stdout] failures:
[INFO] [stdout] 
[INFO] [stdout] ---- tests::export_import_tests::test_import_table stdout ----
[INFO] [stdout] 
[INFO] [stdout] thread 'tests::export_import_tests::test_import_table' panicked at src/tests/export_import_tests.rs:38:21:
[INFO] [stdout] Error importing CSV file: File error: Failed to open file: No such file or directory (os error 2)
[INFO] [stdout] stack backtrace:
[INFO] [stdout]    0:     0x56c3f007077a - std::backtrace_rs::backtrace::libunwind::trace::hb059275cfc8d6126
[INFO] [stdout]                                at /rustc/6067b36314ab5eb2eb47cecc464545ba58e1ad24/library/std/src/../../backtrace/src/backtrace/libunwind.rs:116:5
[INFO] [stdout]    1:     0x56c3f007077a - std::backtrace_rs::backtrace::trace_unsynchronized::h2da071e4327ce3ee
[INFO] [stdout]                                at /rustc/6067b36314ab5eb2eb47cecc464545ba58e1ad24/library/std/src/../../backtrace/src/backtrace/mod.rs:66:5
[INFO] [stdout]    2:     0x56c3f007077a - std::sys::backtrace::_print_fmt::h842a1474e6f8d23f
[INFO] [stdout]                                at /rustc/6067b36314ab5eb2eb47cecc464545ba58e1ad24/library/std/src/sys/backtrace.rs:66:9
[INFO] [stdout]    3:     0x56c3f007077a - <std::sys::backtrace::BacktraceLock::print::DisplayBacktrace as core::fmt::Display>::fmt::h71a62eb3b9696b12
[INFO] [stdout]                                at /rustc/6067b36314ab5eb2eb47cecc464545ba58e1ad24/library/std/src/sys/backtrace.rs:39:26
[INFO] [stdout]    4:     0x56c3f0099ed3 - core::fmt::rt::Argument::fmt::hdb6b616786b41dc1
[INFO] [stdout]                                at /rustc/6067b36314ab5eb2eb47cecc464545ba58e1ad24/library/core/src/fmt/rt.rs:177:76
[INFO] [stdout]    5:     0x56c3f0099ed3 - core::fmt::write::h2cc1698af7e2d686
[INFO] [stdout]                                at /rustc/6067b36314ab5eb2eb47cecc464545ba58e1ad24/library/core/src/fmt/mod.rs:1440:21
[INFO] [stdout]    6:     0x56c3f006d2d3 - std::io::Write::write_fmt::hab1b4cd059a79022
[INFO] [stdout]                                at /rustc/6067b36314ab5eb2eb47cecc464545ba58e1ad24/library/std/src/io/mod.rs:1887:15
[INFO] [stdout]    7:     0x56c3f00705c2 - std::sys::backtrace::BacktraceLock::print::h147fe35b4ea13b08
[INFO] [stdout]                                at /rustc/6067b36314ab5eb2eb47cecc464545ba58e1ad24/library/std/src/sys/backtrace.rs:42:9
[INFO] [stdout]    8:     0x56c3f0071b9f - std::panicking::default_hook::{{closure}}::hbd44223dbdc0d208
[INFO] [stdout]                                at /rustc/6067b36314ab5eb2eb47cecc464545ba58e1ad24/library/std/src/panicking.rs:298:22
[INFO] [stdout]    9:     0x56c3f00719b8 - std::panicking::default_hook::h20f81eb0576efcec
[INFO] [stdout]                                at /rustc/6067b36314ab5eb2eb47cecc464545ba58e1ad24/library/std/src/panicking.rs:322:9
[INFO] [stdout]   10:     0x56c3f003a7d3 - <alloc::boxed::Box<F,A> as core::ops::function::Fn<Args>>::call::hdb53814c496a4d34
[INFO] [stdout]                                at /rustc/6067b36314ab5eb2eb47cecc464545ba58e1ad24/library/alloc/src/boxed.rs:2027:9
[INFO] [stdout]   11:     0x56c3f003a7d3 - test::test_main::{{closure}}::hc0a4963c59427c24
[INFO] [stdout]                                at /rustc/6067b36314ab5eb2eb47cecc464545ba58e1ad24/library/test/src/lib.rs:134:21
[INFO] [stdout]   12:     0x56c3f0072693 - <alloc::boxed::Box<F,A> as core::ops::function::Fn<Args>>::call::h591b2225413a77e9
[INFO] [stdout]                                at /rustc/6067b36314ab5eb2eb47cecc464545ba58e1ad24/library/alloc/src/boxed.rs:2027:9
[INFO] [stdout]   13:     0x56c3f0072693 - std::panicking::rust_panic_with_hook::h625eea43051b2edc
[INFO] [stdout]                                at /rustc/6067b36314ab5eb2eb47cecc464545ba58e1ad24/library/std/src/panicking.rs:839:13
[INFO] [stdout]   14:     0x56c3f007234a - std::panicking::begin_panic_handler::{{closure}}::h4f9159cfbc3f6bd3
[INFO] [stdout]                                at /rustc/6067b36314ab5eb2eb47cecc464545ba58e1ad24/library/std/src/panicking.rs:704:13
[INFO] [stdout]   15:     0x56c3f0070c79 - std::sys::backtrace::__rust_end_short_backtrace::h0390abce48353151
[INFO] [stdout]                                at /rustc/6067b36314ab5eb2eb47cecc464545ba58e1ad24/library/std/src/sys/backtrace.rs:168:18
[INFO] [stdout]   16:     0x56c3f0071fdd - rust_begin_unwind
[INFO] [stdout]                                at /rustc/6067b36314ab5eb2eb47cecc464545ba58e1ad24/library/std/src/panicking.rs:695:5
[INFO] [stdout]   17:     0x56c3f0098500 - core::panicking::panic_fmt::h9e7c637e9e5f29c9
[INFO] [stdout]                                at /rustc/6067b36314ab5eb2eb47cecc464545ba58e1ad24/library/core/src/panicking.rs:75:14
[INFO] [stdout]   18:     0x56c3effed489 - sql_impl::tests::export_import_tests::test_import_table::hb4d46ee149318bf4
[INFO] [stdout]                                at /opt/rustwide/workdir/src/tests/export_import_tests.rs:38:21
[INFO] [stdout]   19:     0x56c3effeb887 - sql_impl::tests::export_import_tests::test_import_table::{{closure}}::h297a7fb9e2c86f19
[INFO] [stdout]                                at /opt/rustwide/workdir/src/tests/export_import_tests.rs:5:23
[INFO] [stdout]   20:     0x56c3effdfa96 - core::ops::function::FnOnce::call_once::h1163606f1679080f
[INFO] [stdout]                                at /rustc/6067b36314ab5eb2eb47cecc464545ba58e1ad24/library/core/src/ops/function.rs:250:5
[INFO] [stdout]   21:     0x56c3f003ff2b - core::ops::function::FnOnce::call_once::he27718dfdd183f43
[INFO] [stdout]                                at /rustc/6067b36314ab5eb2eb47cecc464545ba58e1ad24/library/core/src/ops/function.rs:250:5
[INFO] [stdout]   22:     0x56c3f003ff2b - test::__rust_begin_short_backtrace::h4e84902998457a5d
[INFO] [stdout]                                at /rustc/6067b36314ab5eb2eb47cecc464545ba58e1ad24/library/test/src/lib.rs:632:18
[INFO] [stdout]   23:     0x56c3f003ee63 - test::run_test_in_process::{{closure}}::h7176fd18fc1feca0
[INFO] [stdout]                                at /rustc/6067b36314ab5eb2eb47cecc464545ba58e1ad24/library/test/src/lib.rs:655:60
[INFO] [stdout]   24:     0x56c3f003ee63 - <core::panic::unwind_safe::AssertUnwindSafe<F> as core::ops::function::FnOnce<()>>::call_once::hf79cff2a624d8cf7
[INFO] [stdout]                                at /rustc/6067b36314ab5eb2eb47cecc464545ba58e1ad24/library/core/src/panic/unwind_safe.rs:272:9
[INFO] [stdout]   25:     0x56c3f003ee63 - std::panicking::try::do_call::h3da0561d9ab99c25
[INFO] [stdout]                                at /rustc/6067b36314ab5eb2eb47cecc464545ba58e1ad24/library/std/src/panicking.rs:587:40
[INFO] [stdout]   26:     0x56c3f003ee63 - std::panicking::try::h41c9fa508bc61df6
[INFO] [stdout]                                at /rustc/6067b36314ab5eb2eb47cecc464545ba58e1ad24/library/std/src/panicking.rs:550:19
[INFO] [stdout]   27:     0x56c3f003ee63 - std::panic::catch_unwind::h6b3ff07bb5afad93
[INFO] [stdout]                                at /rustc/6067b36314ab5eb2eb47cecc464545ba58e1ad24/library/std/src/panic.rs:358:14
[INFO] [stdout]   28:     0x56c3f003ee63 - test::run_test_in_process::hc7253dd11b39b9f4
[INFO] [stdout]                                at /rustc/6067b36314ab5eb2eb47cecc464545ba58e1ad24/library/test/src/lib.rs:655:27
[INFO] [stdout]   29:     0x56c3f003ee63 - test::run_test::{{closure}}::hfb2007f8649c30bb
[INFO] [stdout]                                at /rustc/6067b36314ab5eb2eb47cecc464545ba58e1ad24/library/test/src/lib.rs:576:43
[INFO] [stdout]   30:     0x56c3f0001f45 - test::run_test::{{closure}}::h56a17aa7a282a9f4
[INFO] [stdout]                                at /rustc/6067b36314ab5eb2eb47cecc464545ba58e1ad24/library/test/src/lib.rs:606:41
[INFO] [stdout]   31:     0x56c3f0001f45 - std::sys::backtrace::__rust_begin_short_backtrace::hd2d2d2fb8e8c6aac
[INFO] [stdout]                                at /rustc/6067b36314ab5eb2eb47cecc464545ba58e1ad24/library/std/src/sys/backtrace.rs:152:18
[INFO] [stdout]   32:     0x56c3f000582a - std::thread::Builder::spawn_unchecked_::{{closure}}::{{closure}}::h4faa3f9db6133423
[INFO] [stdout]                                at /rustc/6067b36314ab5eb2eb47cecc464545ba58e1ad24/library/std/src/thread/mod.rs:559:17
[INFO] [stdout]   33:     0x56c3f000582a - <core::panic::unwind_safe::AssertUnwindSafe<F> as core::ops::function::FnOnce<()>>::call_once::hf2e855a36a4ea846
[INFO] [stdout]                                at /rustc/6067b36314ab5eb2eb47cecc464545ba58e1ad24/library/core/src/panic/unwind_safe.rs:272:9
[INFO] [stdout]   34:     0x56c3f000582a - std::panicking::try::do_call::h2f73af3616c35465
[INFO] [stdout]                                at /rustc/6067b36314ab5eb2eb47cecc464545ba58e1ad24/library/std/src/panicking.rs:587:40
[INFO] [stdout]   35:     0x56c3f000582a - std::panicking::try::hd1660ce9efadef5a
[INFO] [stdout]                                at /rustc/6067b36314ab5eb2eb47cecc464545ba58e1ad24/library/std/src/panicking.rs:550:19
[INFO] [stdout]   36:     0x56c3f000582a - std::panic::catch_unwind::h5ee8d7823b8ca744
[INFO] [stdout]                                at /rustc/6067b36314ab5eb2eb47cecc464545ba58e1ad24/library/std/src/panic.rs:358:14
[INFO] [stdout]   37:     0x56c3f000582a - std::thread::Builder::spawn_unchecked_::{{closure}}::h53c3a1894dce8407
[INFO] [stdout]                                at /rustc/6067b36314ab5eb2eb47cecc464545ba58e1ad24/library/std/src/thread/mod.rs:557:30
[INFO] [stdout]   38:     0x56c3f000582a - core::ops::function::FnOnce::call_once{{vtable.shim}}::h048ce291ad4f62bf
[INFO] [stdout]                                at /rustc/6067b36314ab5eb2eb47cecc464545ba58e1ad24/library/core/src/ops/function.rs:250:5
[INFO] [stdout]   39:     0x56c3f00765db - <alloc::boxed::Box<F,A> as core::ops::function::FnOnce<Args>>::call_once::ha52bedf99a3b4981
[INFO] [stdout]                                at /rustc/6067b36314ab5eb2eb47cecc464545ba58e1ad24/library/alloc/src/boxed.rs:2013:9
[INFO] [stdout]   40:     0x56c3f00765db - <alloc::boxed::Box<F,A> as core::ops::function::FnOnce<Args>>::call_once::h567748934d80ccf8
[INFO] [stdout]                                at /rustc/6067b36314ab5eb2eb47cecc464545ba58e1ad24/library/alloc/src/boxed.rs:2013:9
[INFO] [stdout]   41:     0x56c3f00765db - std::sys::pal::unix::thread::Thread::new::thread_start::h2d970728ae887adc
[INFO] [stdout]                                at /rustc/6067b36314ab5eb2eb47cecc464545ba58e1ad24/library/std/src/sys/pal/unix/thread.rs:106:17
[INFO] [stdout]   42:     0x71c8ca24bac3 - <unknown>
[INFO] [stdout]   43:     0x71c8ca2dca04 - clone
[INFO] [stdout]   44:                0x0 - <unknown>
[INFO] [stdout] 
[INFO] [stdout] 
[INFO] [stdout] failures:
[INFO] [stdout]     tests::export_import_tests::test_import_table
[INFO] [stdout] 
[INFO] [stdout] test result: FAILED. 9 passed; 1 failed; 0 ignored; 0 measured; 0 filtered out; finished in 0.03s
[INFO] [stdout] 
[INFO] [stderr] error: test failed, to rerun pass `--bin sql_impl`
[INFO] running `Command { std: "docker" "inspect" "e7ffa18b655f60e26a3b1e90960db2fe8743c13494eeea87f13ac8da13a537c1", kill_on_drop: false }`
[INFO] running `Command { std: "docker" "rm" "-f" "e7ffa18b655f60e26a3b1e90960db2fe8743c13494eeea87f13ac8da13a537c1", kill_on_drop: false }`
[INFO] [stdout] e7ffa18b655f60e26a3b1e90960db2fe8743c13494eeea87f13ac8da13a537c1
