[INFO] cloning repository https://github.com/AlperROzkan/rustfam
[INFO] running `Command { std: "git" "-c" "credential.helper=" "-c" "credential.helper=/workspace/cargo-home/bin/git-credential-null" "clone" "--bare" "https://github.com/AlperROzkan/rustfam" "/workspace/cache/git-repos/https%3A%2F%2Fgithub.com%2FAlperROzkan%2Frustfam", kill_on_drop: false }`
[INFO] [stderr] Cloning into bare repository '/workspace/cache/git-repos/https%3A%2F%2Fgithub.com%2FAlperROzkan%2Frustfam'...
[INFO] running `Command { std: "git" "rev-parse" "HEAD", kill_on_drop: false }`
[INFO] [stdout] 32ffcfaff87b514ee48962a66ca7acc8baeaa9e9
[INFO] testing AlperROzkan/rustfam against nightly-2025-01-18 for randomize-layout-2
[INFO] running `Command { std: "git" "clone" "/workspace/cache/git-repos/https%3A%2F%2Fgithub.com%2FAlperROzkan%2Frustfam" "/workspace/builds/worker-1-tc1/source", kill_on_drop: false }`
[INFO] [stderr] Cloning into '/workspace/builds/worker-1-tc1/source'...
[INFO] [stderr] done.
[INFO] validating manifest of git repo https://github.com/AlperROzkan/rustfam on toolchain nightly-2025-01-18
[INFO] running `Command { std: CARGO_HOME="/workspace/cargo-home" RUSTUP_HOME="/workspace/rustup-home" "/workspace/cargo-home/bin/cargo" "+nightly-2025-01-18" "metadata" "--manifest-path" "Cargo.toml" "--no-deps", kill_on_drop: false }`
[INFO] started tweaking git repo https://github.com/AlperROzkan/rustfam
[INFO] finished tweaking git repo https://github.com/AlperROzkan/rustfam
[INFO] tweaked toml for git repo https://github.com/AlperROzkan/rustfam written to /workspace/builds/worker-1-tc1/source/Cargo.toml
[INFO] crate git repo https://github.com/AlperROzkan/rustfam already has a lockfile, it will not be regenerated
[INFO] running `Command { std: CARGO_HOME="/workspace/cargo-home" RUSTUP_HOME="/workspace/rustup-home" "/workspace/cargo-home/bin/cargo" "+nightly-2025-01-18" "fetch" "--manifest-path" "Cargo.toml", kill_on_drop: false }`
[INFO] [stderr]     Updating crates.io index
[INFO] [stderr]  Downloading crates ...
[INFO] [stderr]   Downloaded serde_test v1.0.126
[INFO] running `Command { std: "docker" "create" "-v" "/var/lib/crater-agent-workspace/builds/worker-1-tc1/target:/opt/rustwide/target:rw,Z" "-v" "/var/lib/crater-agent-workspace/builds/worker-1-tc1/source:/opt/rustwide/workdir:ro,Z" "-v" "/var/lib/crater-agent-workspace/cargo-home:/opt/rustwide/cargo-home:ro,Z" "-v" "/var/lib/crater-agent-workspace/rustup-home:/opt/rustwide/rustup-home:ro,Z" "-e" "SOURCE_DIR=/opt/rustwide/workdir" "-e" "CARGO_TARGET_DIR=/opt/rustwide/target" "-e" "CARGO_HOME=/opt/rustwide/cargo-home" "-e" "RUSTUP_HOME=/opt/rustwide/rustup-home" "-w" "/opt/rustwide/workdir" "-m" "1610612736" "--user" "0:0" "--network" "none" "ghcr.io/rust-lang/crates-build-env/linux@sha256:819108c5571ea2e421544af4d832f968d213c87fbe3707a016657f43d2f853bc" "/opt/rustwide/cargo-home/bin/cargo" "+nightly-2025-01-18" "metadata" "--no-deps" "--format-version=1", kill_on_drop: false }`
[INFO] [stdout] 198473ed71618dfe67f123f80211e47399abe3f0deb58ca4fc87b8ac83b46e24
[INFO] running `Command { std: "docker" "start" "-a" "198473ed71618dfe67f123f80211e47399abe3f0deb58ca4fc87b8ac83b46e24", kill_on_drop: false }`
[INFO] running `Command { std: "docker" "inspect" "198473ed71618dfe67f123f80211e47399abe3f0deb58ca4fc87b8ac83b46e24", kill_on_drop: false }`
[INFO] running `Command { std: "docker" "rm" "-f" "198473ed71618dfe67f123f80211e47399abe3f0deb58ca4fc87b8ac83b46e24", kill_on_drop: false }`
[INFO] [stdout] 198473ed71618dfe67f123f80211e47399abe3f0deb58ca4fc87b8ac83b46e24
[INFO] running `Command { std: "docker" "create" "-v" "/var/lib/crater-agent-workspace/builds/worker-1-tc1/target:/opt/rustwide/target:rw,Z" "-v" "/var/lib/crater-agent-workspace/builds/worker-1-tc1/source:/opt/rustwide/workdir:ro,Z" "-v" "/var/lib/crater-agent-workspace/cargo-home:/opt/rustwide/cargo-home:ro,Z" "-v" "/var/lib/crater-agent-workspace/rustup-home:/opt/rustwide/rustup-home:ro,Z" "-e" "SOURCE_DIR=/opt/rustwide/workdir" "-e" "CARGO_TARGET_DIR=/opt/rustwide/target" "-e" "CARGO_INCREMENTAL=0" "-e" "RUST_BACKTRACE=full" "-e" "RUSTFLAGS=--cap-lints=forbid" "-e" "RUSTDOCFLAGS=--cap-lints=forbid" "-e" "CARGO_HOME=/opt/rustwide/cargo-home" "-e" "RUSTUP_HOME=/opt/rustwide/rustup-home" "-w" "/opt/rustwide/workdir" "-m" "1610612736" "--user" "0:0" "--network" "none" "ghcr.io/rust-lang/crates-build-env/linux@sha256:819108c5571ea2e421544af4d832f968d213c87fbe3707a016657f43d2f853bc" "/opt/rustwide/cargo-home/bin/cargo" "+nightly-2025-01-18" "build" "--frozen" "--message-format=json", kill_on_drop: false }`
[INFO] [stdout] 69cd74499c68187aeb78c764abd21b9c6bfd816abbe8cba73f17cb4be24b4531
[INFO] running `Command { std: "docker" "start" "-a" "69cd74499c68187aeb78c764abd21b9c6bfd816abbe8cba73f17cb4be24b4531", kill_on_drop: false }`
[INFO] [stderr]    Compiling proc-macro2 v1.0.27
[INFO] [stderr]    Compiling unicode-xid v0.2.2
[INFO] [stderr]    Compiling syn v1.0.72
[INFO] [stderr]    Compiling serde_derive v1.0.126
[INFO] [stderr]    Compiling serde v1.0.126
[INFO] [stderr]    Compiling serde_json v1.0.64
[INFO] [stderr]    Compiling itoa v0.4.7
[INFO] [stderr]    Compiling quote v1.0.9
[INFO] [stderr]    Compiling serde_test v1.0.126
[INFO] [stderr]    Compiling FamRust v0.2.0 (/opt/rustwide/workdir)
[INFO] [stdout] warning: function cannot return without recursing
[INFO] [stdout]   --> src/model/family/tree.rs:46:5
[INFO] [stdout]    |
[INFO] [stdout] 46 |     pub fn node_1(&self) -> &'a Family<'a> {
[INFO] [stdout]    |     ^^^^^^^^^^^^^^^^^^^^^^^^^^^^^^^^^^^^^^ cannot return without recursing
[INFO] [stdout] 47 |         &self.node_1()
[INFO] [stdout]    |          ------------- recursive call site
[INFO] [stdout]    |
[INFO] [stdout]    = help: a `loop` may express intention better if this is on purpose
[INFO] [stdout]    = note: `#[warn(unconditional_recursion)]` on by default
[INFO] [stdout] 
[INFO] [stdout] 
[INFO] [stdout] warning: function cannot return without recursing
[INFO] [stdout]   --> src/model/family/tree.rs:51:5
[INFO] [stdout]    |
[INFO] [stdout] 51 |     pub fn node_2(&self) -> &'a Family<'a> {
[INFO] [stdout]    |     ^^^^^^^^^^^^^^^^^^^^^^^^^^^^^^^^^^^^^^ cannot return without recursing
[INFO] [stdout] 52 |         &self.node_2()
[INFO] [stdout]    |          ------------- recursive call site
[INFO] [stdout]    |
[INFO] [stdout]    = help: a `loop` may express intention better if this is on purpose
[INFO] [stdout] 
[INFO] [stdout] 
[INFO] [stdout] warning: multiple associated items are never used
[INFO] [stdout]    --> src/model/family/family.rs:75:12
[INFO] [stdout]     |
[INFO] [stdout] 53  | impl<'a> Family<'a> {
[INFO] [stdout]     | ------------------- associated items in this implementation
[INFO] [stdout] ...
[INFO] [stdout] 75  |     pub fn new_existing(
[INFO] [stdout]     |            ^^^^^^^^^^^^
[INFO] [stdout] ...
[INFO] [stdout] 114 |     pub fn add_children(&mut self, children: Vec<Person<'a>>) {
[INFO] [stdout]     |            ^^^^^^^^^^^^
[INFO] [stdout] ...
[INFO] [stdout] 125 |     pub fn get_family_member_firstname(&mut self, firstname: String) -> Option<Person> {
[INFO] [stdout]     |            ^^^^^^^^^^^^^^^^^^^^^^^^^^^
[INFO] [stdout] ...
[INFO] [stdout] 144 |     pub fn get_parent_firstname(&mut self, firstname: String) -> Option<Person> {
[INFO] [stdout]     |            ^^^^^^^^^^^^^^^^^^^^
[INFO] [stdout] ...
[INFO] [stdout] 158 |     pub fn get_child_firstname(&mut self, firstname: String) -> Option<Person> {
[INFO] [stdout]     |            ^^^^^^^^^^^^^^^^^^^
[INFO] [stdout] ...
[INFO] [stdout] 190 |     pub fn init_1() -> Family<'a> {
[INFO] [stdout]     |            ^^^^^^
[INFO] [stdout] ...
[INFO] [stdout] 207 |     pub fn init_2() -> Family<'a> {
[INFO] [stdout]     |            ^^^^^^
[INFO] [stdout]     |
[INFO] [stdout]     = note: `#[warn(dead_code)]` on by default
[INFO] [stdout] 
[INFO] [stdout] 
[INFO] [stdout] warning: associated items `new`, `linked_1`, `linked_1_mut`, `linked_2`, and `linked_2_mut` are never used
[INFO] [stdout]   --> src/model/family/pairing.rs:16:12
[INFO] [stdout]    |
[INFO] [stdout] 15 | impl<T> Pairing<T> {
[INFO] [stdout]    | ------------------ associated items in this implementation
[INFO] [stdout] 16 |     pub fn new(linked_1: T, linked_2: T) -> Self {
[INFO] [stdout]    |            ^^^
[INFO] [stdout] ...
[INFO] [stdout] 21 |     pub fn linked_1(&self) -> &T {
[INFO] [stdout]    |            ^^^^^^^^
[INFO] [stdout] ...
[INFO] [stdout] 26 |     pub fn linked_1_mut(&mut self) -> &mut T {
[INFO] [stdout]    |            ^^^^^^^^^^^^
[INFO] [stdout] ...
[INFO] [stdout] 31 |     pub fn linked_2(&self) -> &T {
[INFO] [stdout]    |            ^^^^^^^^
[INFO] [stdout] ...
[INFO] [stdout] 36 |     pub fn linked_2_mut(&mut self) -> &mut T {
[INFO] [stdout]    |            ^^^^^^^^^^^^
[INFO] [stdout] 
[INFO] [stdout] 
[INFO] [stdout] warning: enum `Tree` is never used
[INFO] [stdout]   --> src/model/family/tree.rs:14:10
[INFO] [stdout]    |
[INFO] [stdout] 14 | pub enum Tree<'a> {
[INFO] [stdout]    |          ^^^^
[INFO] [stdout] 
[INFO] [stdout] 
[INFO] [stdout] warning: associated items `new`, `node_1`, and `node_2` are never used
[INFO] [stdout]   --> src/model/family/tree.rs:32:12
[INFO] [stdout]    |
[INFO] [stdout] 24 | impl<'a> Tree<'a> {
[INFO] [stdout]    | ----------------- associated items in this implementation
[INFO] [stdout] ...
[INFO] [stdout] 32 |     pub fn new(
[INFO] [stdout]    |            ^^^
[INFO] [stdout] ...
[INFO] [stdout] 46 |     pub fn node_1(&self) -> &'a Family<'a> {
[INFO] [stdout]    |            ^^^^^^
[INFO] [stdout] ...
[INFO] [stdout] 51 |     pub fn node_2(&self) -> &'a Family<'a> {
[INFO] [stdout]    |            ^^^^^^
[INFO] [stdout] 
[INFO] [stdout] 
[INFO] [stdout] warning: methods `id`, `firstname`, and `lastname` are never used
[INFO] [stdout]   --> src/model/person.rs:35:12
[INFO] [stdout]    |
[INFO] [stdout] 19 | impl<'a> Person<'a> {
[INFO] [stdout]    | ------------------- methods in this implementation
[INFO] [stdout] ...
[INFO] [stdout] 35 |     pub fn id(&self) -> &u16 {
[INFO] [stdout]    |            ^^
[INFO] [stdout] ...
[INFO] [stdout] 40 |     pub fn firstname(&self) -> &'a str {
[INFO] [stdout]    |            ^^^^^^^^^
[INFO] [stdout] ...
[INFO] [stdout] 45 |     pub fn lastname(&self) -> &'a str {
[INFO] [stdout]    |            ^^^^^^^^
[INFO] [stdout] 
[INFO] [stdout] 
[INFO] [stderr]     Finished `dev` profile [unoptimized + debuginfo] target(s) in 13.78s
[INFO] [stderr] warning: the following packages contain code that will be rejected by a future version of Rust: serde_test v1.0.126
[INFO] [stderr] note: to see what the problems were, use the option `--future-incompat-report`, or run `cargo report future-incompatibilities --id 1`
[INFO] running `Command { std: "docker" "inspect" "69cd74499c68187aeb78c764abd21b9c6bfd816abbe8cba73f17cb4be24b4531", kill_on_drop: false }`
[INFO] running `Command { std: "docker" "rm" "-f" "69cd74499c68187aeb78c764abd21b9c6bfd816abbe8cba73f17cb4be24b4531", kill_on_drop: false }`
[INFO] [stdout] 69cd74499c68187aeb78c764abd21b9c6bfd816abbe8cba73f17cb4be24b4531
[INFO] running `Command { std: "docker" "create" "-v" "/var/lib/crater-agent-workspace/builds/worker-1-tc1/target:/opt/rustwide/target:rw,Z" "-v" "/var/lib/crater-agent-workspace/builds/worker-1-tc1/source:/opt/rustwide/workdir:ro,Z" "-v" "/var/lib/crater-agent-workspace/cargo-home:/opt/rustwide/cargo-home:ro,Z" "-v" "/var/lib/crater-agent-workspace/rustup-home:/opt/rustwide/rustup-home:ro,Z" "-e" "SOURCE_DIR=/opt/rustwide/workdir" "-e" "CARGO_TARGET_DIR=/opt/rustwide/target" "-e" "CARGO_INCREMENTAL=0" "-e" "RUST_BACKTRACE=full" "-e" "RUSTFLAGS=--cap-lints=forbid" "-e" "RUSTDOCFLAGS=--cap-lints=forbid" "-e" "CARGO_HOME=/opt/rustwide/cargo-home" "-e" "RUSTUP_HOME=/opt/rustwide/rustup-home" "-w" "/opt/rustwide/workdir" "-m" "1610612736" "--user" "0:0" "--network" "none" "ghcr.io/rust-lang/crates-build-env/linux@sha256:819108c5571ea2e421544af4d832f968d213c87fbe3707a016657f43d2f853bc" "/opt/rustwide/cargo-home/bin/cargo" "+nightly-2025-01-18" "test" "--frozen" "--no-run" "--message-format=json", kill_on_drop: false }`
[INFO] [stdout] 2418b40410333d80fc912b4a639af65e0d7122f730f321b5621dc9d10613617a
[INFO] running `Command { std: "docker" "start" "-a" "2418b40410333d80fc912b4a639af65e0d7122f730f321b5621dc9d10613617a", kill_on_drop: false }`
[INFO] [stderr]    Compiling FamRust v0.2.0 (/opt/rustwide/workdir)
[INFO] [stdout] warning: function cannot return without recursing
[INFO] [stdout]   --> src/model/family/tree.rs:46:5
[INFO] [stdout]    |
[INFO] [stdout] 46 |     pub fn node_1(&self) -> &'a Family<'a> {
[INFO] [stdout]    |     ^^^^^^^^^^^^^^^^^^^^^^^^^^^^^^^^^^^^^^ cannot return without recursing
[INFO] [stdout] 47 |         &self.node_1()
[INFO] [stdout]    |          ------------- recursive call site
[INFO] [stdout]    |
[INFO] [stdout]    = help: a `loop` may express intention better if this is on purpose
[INFO] [stdout]    = note: `#[warn(unconditional_recursion)]` on by default
[INFO] [stdout] 
[INFO] [stdout] 
[INFO] [stdout] warning: function cannot return without recursing
[INFO] [stdout]   --> src/model/family/tree.rs:51:5
[INFO] [stdout]    |
[INFO] [stdout] 51 |     pub fn node_2(&self) -> &'a Family<'a> {
[INFO] [stdout]    |     ^^^^^^^^^^^^^^^^^^^^^^^^^^^^^^^^^^^^^^ cannot return without recursing
[INFO] [stdout] 52 |         &self.node_2()
[INFO] [stdout]    |          ------------- recursive call site
[INFO] [stdout]    |
[INFO] [stdout]    = help: a `loop` may express intention better if this is on purpose
[INFO] [stdout] 
[INFO] [stdout] 
[INFO] [stdout] warning: unused variable: `tree`
[INFO] [stdout]   --> src/model/family/tree.rs:75:13
[INFO] [stdout]    |
[INFO] [stdout] 75 |         let tree: Tree = Tree::new(fam1, fam2, Pairing::new(&person_1, &person_2));
[INFO] [stdout]    |             ^^^^ help: if this is intentional, prefix it with an underscore: `_tree`
[INFO] [stdout]    |
[INFO] [stdout]    = note: `#[warn(unused_variables)]` on by default
[INFO] [stdout] 
[INFO] [stdout] 
[INFO] [stdout] warning: methods `add_children` and `get_family_member_firstname` are never used
[INFO] [stdout]    --> src/model/family/family.rs:114:12
[INFO] [stdout]     |
[INFO] [stdout] 53  | impl<'a> Family<'a> {
[INFO] [stdout]     | ------------------- methods in this implementation
[INFO] [stdout] ...
[INFO] [stdout] 114 |     pub fn add_children(&mut self, children: Vec<Person<'a>>) {
[INFO] [stdout]     |            ^^^^^^^^^^^^
[INFO] [stdout] ...
[INFO] [stdout] 125 |     pub fn get_family_member_firstname(&mut self, firstname: String) -> Option<Person> {
[INFO] [stdout]     |            ^^^^^^^^^^^^^^^^^^^^^^^^^^^
[INFO] [stdout]     |
[INFO] [stdout]     = note: `#[warn(dead_code)]` on by default
[INFO] [stdout] 
[INFO] [stdout] 
[INFO] [stdout] warning: methods `linked_1`, `linked_1_mut`, `linked_2`, and `linked_2_mut` are never used
[INFO] [stdout]   --> src/model/family/pairing.rs:21:12
[INFO] [stdout]    |
[INFO] [stdout] 15 | impl<T> Pairing<T> {
[INFO] [stdout]    | ------------------ methods in this implementation
[INFO] [stdout] ...
[INFO] [stdout] 21 |     pub fn linked_1(&self) -> &T {
[INFO] [stdout]    |            ^^^^^^^^
[INFO] [stdout] ...
[INFO] [stdout] 26 |     pub fn linked_1_mut(&mut self) -> &mut T {
[INFO] [stdout]    |            ^^^^^^^^^^^^
[INFO] [stdout] ...
[INFO] [stdout] 31 |     pub fn linked_2(&self) -> &T {
[INFO] [stdout]    |            ^^^^^^^^
[INFO] [stdout] ...
[INFO] [stdout] 36 |     pub fn linked_2_mut(&mut self) -> &mut T {
[INFO] [stdout]    |            ^^^^^^^^^^^^
[INFO] [stdout] 
[INFO] [stdout] 
[INFO] [stdout] warning: fields `node_1`, `node_2`, `linking`, and `node_3` are never read
[INFO] [stdout]   --> src/model/family/tree.rs:17:9
[INFO] [stdout]    |
[INFO] [stdout] 16 |     Node {
[INFO] [stdout]    |     ---- fields in this variant
[INFO] [stdout] 17 |         node_1: Family<'a>,
[INFO] [stdout]    |         ^^^^^^
[INFO] [stdout] 18 |         node_2: Family<'a>,
[INFO] [stdout]    |         ^^^^^^
[INFO] [stdout] 19 |         linking: Pairing<&'a Person<'a>>,
[INFO] [stdout]    |         ^^^^^^^
[INFO] [stdout] 20 |         node_3: Box<Tree<'a>>,
[INFO] [stdout]    |         ^^^^^^
[INFO] [stdout] 
[INFO] [stdout] 
[INFO] [stdout] warning: methods `node_1` and `node_2` are never used
[INFO] [stdout]   --> src/model/family/tree.rs:46:12
[INFO] [stdout]    |
[INFO] [stdout] 24 | impl<'a> Tree<'a> {
[INFO] [stdout]    | ----------------- methods in this implementation
[INFO] [stdout] ...
[INFO] [stdout] 46 |     pub fn node_1(&self) -> &'a Family<'a> {
[INFO] [stdout]    |            ^^^^^^
[INFO] [stdout] ...
[INFO] [stdout] 51 |     pub fn node_2(&self) -> &'a Family<'a> {
[INFO] [stdout]    |            ^^^^^^
[INFO] [stdout] 
[INFO] [stdout] 
[INFO] [stdout] warning: methods `id` and `lastname` are never used
[INFO] [stdout]   --> src/model/person.rs:35:12
[INFO] [stdout]    |
[INFO] [stdout] 19 | impl<'a> Person<'a> {
[INFO] [stdout]    | ------------------- methods in this implementation
[INFO] [stdout] ...
[INFO] [stdout] 35 |     pub fn id(&self) -> &u16 {
[INFO] [stdout]    |            ^^
[INFO] [stdout] ...
[INFO] [stdout] 45 |     pub fn lastname(&self) -> &'a str {
[INFO] [stdout]    |            ^^^^^^^^
[INFO] [stdout] 
[INFO] [stdout] 
[INFO] [stdout] warning: unused `Result` that must be used
[INFO] [stdout]    --> src/model/family/family.rs:289:17
[INFO] [stdout]     |
[INFO] [stdout] 289 |                 buf_reader.read_to_string(&mut contents);
[INFO] [stdout]     |                 ^^^^^^^^^^^^^^^^^^^^^^^^^^^^^^^^^^^^^^^^
[INFO] [stdout]     |
[INFO] [stdout]     = note: this `Result` may be an `Err` variant, which should be handled
[INFO] [stdout]     = note: `#[warn(unused_must_use)]` on by default
[INFO] [stdout] help: use `let _ = ...` to ignore the resulting value
[INFO] [stdout]     |
[INFO] [stdout] 289 |                 let _ = buf_reader.read_to_string(&mut contents);
[INFO] [stdout]     |                 +++++++
[INFO] [stdout] 
[INFO] [stdout] 
[INFO] [stderr]     Finished `test` profile [unoptimized + debuginfo] target(s) in 0.59s
[INFO] [stderr] warning: the following packages contain code that will be rejected by a future version of Rust: serde_test v1.0.126
[INFO] [stderr] note: to see what the problems were, use the option `--future-incompat-report`, or run `cargo report future-incompatibilities --id 1`
[INFO] running `Command { std: "docker" "inspect" "2418b40410333d80fc912b4a639af65e0d7122f730f321b5621dc9d10613617a", kill_on_drop: false }`
[INFO] running `Command { std: "docker" "rm" "-f" "2418b40410333d80fc912b4a639af65e0d7122f730f321b5621dc9d10613617a", kill_on_drop: false }`
[INFO] [stdout] 2418b40410333d80fc912b4a639af65e0d7122f730f321b5621dc9d10613617a
[INFO] running `Command { std: "docker" "create" "-v" "/var/lib/crater-agent-workspace/builds/worker-1-tc1/target:/opt/rustwide/target:rw,Z" "-v" "/var/lib/crater-agent-workspace/builds/worker-1-tc1/source:/opt/rustwide/workdir:ro,Z" "-v" "/var/lib/crater-agent-workspace/cargo-home:/opt/rustwide/cargo-home:ro,Z" "-v" "/var/lib/crater-agent-workspace/rustup-home:/opt/rustwide/rustup-home:ro,Z" "-e" "SOURCE_DIR=/opt/rustwide/workdir" "-e" "CARGO_TARGET_DIR=/opt/rustwide/target" "-e" "CARGO_INCREMENTAL=0" "-e" "RUST_BACKTRACE=full" "-e" "RUSTFLAGS=--cap-lints=forbid" "-e" "RUSTDOCFLAGS=--cap-lints=forbid" "-e" "CARGO_HOME=/opt/rustwide/cargo-home" "-e" "RUSTUP_HOME=/opt/rustwide/rustup-home" "-w" "/opt/rustwide/workdir" "-m" "1610612736" "--user" "0:0" "--network" "none" "ghcr.io/rust-lang/crates-build-env/linux@sha256:819108c5571ea2e421544af4d832f968d213c87fbe3707a016657f43d2f853bc" "/opt/rustwide/cargo-home/bin/cargo" "+nightly-2025-01-18" "test" "--frozen", kill_on_drop: false }`
[INFO] [stdout] 899432e7657bf28b22832c4aac74d95fbe6f5542dc858acb8398c99d089e8ec5
[INFO] running `Command { std: "docker" "start" "-a" "899432e7657bf28b22832c4aac74d95fbe6f5542dc858acb8398c99d089e8ec5", kill_on_drop: false }`
[INFO] [stderr] warning: function cannot return without recursing
[INFO] [stderr]   --> src/model/family/tree.rs:46:5
[INFO] [stderr]    |
[INFO] [stderr] 46 |     pub fn node_1(&self) -> &'a Family<'a> {
[INFO] [stderr]    |     ^^^^^^^^^^^^^^^^^^^^^^^^^^^^^^^^^^^^^^ cannot return without recursing
[INFO] [stderr] 47 |         &self.node_1()
[INFO] [stderr]    |          ------------- recursive call site
[INFO] [stderr]    |
[INFO] [stderr]    = help: a `loop` may express intention better if this is on purpose
[INFO] [stderr]    = note: `#[warn(unconditional_recursion)]` on by default
[INFO] [stderr] 
[INFO] [stderr] warning: function cannot return without recursing
[INFO] [stderr]   --> src/model/family/tree.rs:51:5
[INFO] [stderr]    |
[INFO] [stderr] 51 |     pub fn node_2(&self) -> &'a Family<'a> {
[INFO] [stderr]    |     ^^^^^^^^^^^^^^^^^^^^^^^^^^^^^^^^^^^^^^ cannot return without recursing
[INFO] [stderr] 52 |         &self.node_2()
[INFO] [stderr]    |          ------------- recursive call site
[INFO] [stderr]    |
[INFO] [stderr]    = help: a `loop` may express intention better if this is on purpose
[INFO] [stderr] 
[INFO] [stderr] warning: unused variable: `tree`
[INFO] [stderr]   --> src/model/family/tree.rs:75:13
[INFO] [stderr]    |
[INFO] [stderr] 75 |         let tree: Tree = Tree::new(fam1, fam2, Pairing::new(&person_1, &person_2));
[INFO] [stderr]    |             ^^^^ help: if this is intentional, prefix it with an underscore: `_tree`
[INFO] [stderr]    |
[INFO] [stderr]    = note: `#[warn(unused_variables)]` on by default
[INFO] [stderr] 
[INFO] [stderr] warning: methods `add_children` and `get_family_member_firstname` are never used
[INFO] [stderr]    --> src/model/family/family.rs:114:12
[INFO] [stderr]     |
[INFO] [stderr] 53  | impl<'a> Family<'a> {
[INFO] [stderr]     | ------------------- methods in this implementation
[INFO] [stderr] ...
[INFO] [stderr] 114 |     pub fn add_children(&mut self, children: Vec<Person<'a>>) {
[INFO] [stderr]     |            ^^^^^^^^^^^^
[INFO] [stderr] ...
[INFO] [stderr] 125 |     pub fn get_family_member_firstname(&mut self, firstname: String) -> Option<Person> {
[INFO] [stderr]     |            ^^^^^^^^^^^^^^^^^^^^^^^^^^^
[INFO] [stderr]     |
[INFO] [stderr]     = note: `#[warn(dead_code)]` on by default
[INFO] [stderr] 
[INFO] [stderr] warning: methods `linked_1`, `linked_1_mut`, `linked_2`, and `linked_2_mut` are never used
[INFO] [stderr]   --> src/model/family/pairing.rs:21:12
[INFO] [stderr]    |
[INFO] [stderr] 15 | impl<T> Pairing<T> {
[INFO] [stderr]    | ------------------ methods in this implementation
[INFO] [stderr] ...
[INFO] [stderr] 21 |     pub fn linked_1(&self) -> &T {
[INFO] [stderr]    |            ^^^^^^^^
[INFO] [stderr] ...
[INFO] [stderr] 26 |     pub fn linked_1_mut(&mut self) -> &mut T {
[INFO] [stderr]    |            ^^^^^^^^^^^^
[INFO] [stderr] ...
[INFO] [stderr] 31 |     pub fn linked_2(&self) -> &T {
[INFO] [stderr]    |            ^^^^^^^^
[INFO] [stderr] ...
[INFO] [stderr] 36 |     pub fn linked_2_mut(&mut self) -> &mut T {
[INFO] [stderr]    |            ^^^^^^^^^^^^
[INFO] [stderr] 
[INFO] [stderr] warning: fields `node_1`, `node_2`, `linking`, and `node_3` are never read
[INFO] [stderr]   --> src/model/family/tree.rs:17:9
[INFO] [stderr]    |
[INFO] [stderr] 16 |     Node {
[INFO] [stderr]    |     ---- fields in this variant
[INFO] [stderr] 17 |         node_1: Family<'a>,
[INFO] [stderr]    |         ^^^^^^
[INFO] [stderr] 18 |         node_2: Family<'a>,
[INFO] [stderr]    |         ^^^^^^
[INFO] [stderr] 19 |         linking: Pairing<&'a Person<'a>>,
[INFO] [stderr]    |         ^^^^^^^
[INFO] [stderr] 20 |         node_3: Box<Tree<'a>>,
[INFO] [stderr]    |         ^^^^^^
[INFO] [stderr] 
[INFO] [stderr] warning: methods `node_1` and `node_2` are never used
[INFO] [stderr]   --> src/model/family/tree.rs:46:12
[INFO] [stderr]    |
[INFO] [stderr] 24 | impl<'a> Tree<'a> {
[INFO] [stderr]    | ----------------- methods in this implementation
[INFO] [stderr] ...
[INFO] [stderr] 46 |     pub fn node_1(&self) -> &'a Family<'a> {
[INFO] [stderr]    |            ^^^^^^
[INFO] [stderr] ...
[INFO] [stderr] 51 |     pub fn node_2(&self) -> &'a Family<'a> {
[INFO] [stderr]    |            ^^^^^^
[INFO] [stderr] 
[INFO] [stderr] warning: methods `id` and `lastname` are never used
[INFO] [stderr]   --> src/model/person.rs:35:12
[INFO] [stderr]    |
[INFO] [stderr] 19 | impl<'a> Person<'a> {
[INFO] [stderr]    | ------------------- methods in this implementation
[INFO] [stderr] ...
[INFO] [stderr] 35 |     pub fn id(&self) -> &u16 {
[INFO] [stderr]    |            ^^
[INFO] [stderr] ...
[INFO] [stderr] 45 |     pub fn lastname(&self) -> &'a str {
[INFO] [stderr]    |            ^^^^^^^^
[INFO] [stderr] 
[INFO] [stderr] warning: unused `Result` that must be used
[INFO] [stderr]    --> src/model/family/family.rs:289:17
[INFO] [stderr]     |
[INFO] [stderr] 289 |                 buf_reader.read_to_string(&mut contents);
[INFO] [stderr]     |                 ^^^^^^^^^^^^^^^^^^^^^^^^^^^^^^^^^^^^^^^^
[INFO] [stderr]     |
[INFO] [stderr]     = note: this `Result` may be an `Err` variant, which should be handled
[INFO] [stderr]     = note: `#[warn(unused_must_use)]` on by default
[INFO] [stderr] help: use `let _ = ...` to ignore the resulting value
[INFO] [stderr]     |
[INFO] [stderr] 289 |                 let _ = buf_reader.read_to_string(&mut contents);
[INFO] [stderr]     |                 +++++++
[INFO] [stderr] 
[INFO] [stderr] warning: `FamRust` (bin "fam_rust" test) generated 9 warnings
[INFO] [stderr]     Finished `test` profile [unoptimized + debuginfo] target(s) in 0.03s
[INFO] [stderr] warning: the following packages contain code that will be rejected by a future version of Rust: serde_test v1.0.126
[INFO] [stderr] note: to see what the problems were, use the option `--future-incompat-report`, or run `cargo report future-incompatibilities --id 1`
[INFO] [stderr]      Running unittests src/main.rs (/opt/rustwide/target/debug/deps/fam_rust-0ce04218dcac79dd)
[INFO] [stdout] 
[INFO] [stdout] running 7 tests
[INFO] [stdout] test model::family::family::tests::get_parent_firstname_test_1 ... ok
[INFO] [stdout] test model::family::family::tests::get_parent_firstname_test_2 ... ok
[INFO] [stdout] test model::family::family::tests::get_parent_firstname_test_3 ... ok
[INFO] [stdout] test model::family::family::tests::get_child_firstname_test_1 ... ok
[INFO] [stdout] test model::family::tree::tests::new_test_1 ... FAILED
[INFO] [stdout] test model::family::family::tests::get_child_firstname_test_2 ... ok
[INFO] [stderr] error: test failed, to rerun pass `--bin fam_rust`
[INFO] [stdout] test model::family::family::tests::write_to_file_1 ... FAILED
[INFO] [stdout] 
[INFO] [stdout] failures:
[INFO] [stdout] 
[INFO] [stdout] ---- model::family::tree::tests::new_test_1 stdout ----
[INFO] [stdout] Error: "Test not finished"
[INFO] [stdout] 
[INFO] [stdout] ---- model::family::family::tests::write_to_file_1 stdout ----
[INFO] [stdout] 
[INFO] [stdout] thread 'model::family::family::tests::write_to_file_1' panicked at src/model/family/family.rs:180:23:
[INFO] [stdout] Error when creating file while writing family to a file. Error Read-only file system (os error 30)
[INFO] [stdout] stack backtrace:
[INFO] [stdout]    0:     0x645e5760457a - std::backtrace_rs::backtrace::libunwind::trace::hb059275cfc8d6126
[INFO] [stdout]                                at /rustc/6067b36314ab5eb2eb47cecc464545ba58e1ad24/library/std/src/../../backtrace/src/backtrace/libunwind.rs:116:5
[INFO] [stdout]    1:     0x645e5760457a - std::backtrace_rs::backtrace::trace_unsynchronized::h2da071e4327ce3ee
[INFO] [stdout]                                at /rustc/6067b36314ab5eb2eb47cecc464545ba58e1ad24/library/std/src/../../backtrace/src/backtrace/mod.rs:66:5
[INFO] [stdout]    2:     0x645e5760457a - std::sys::backtrace::_print_fmt::h842a1474e6f8d23f
[INFO] [stdout]                                at /rustc/6067b36314ab5eb2eb47cecc464545ba58e1ad24/library/std/src/sys/backtrace.rs:66:9
[INFO] [stdout]    3:     0x645e5760457a - <std::sys::backtrace::BacktraceLock::print::DisplayBacktrace as core::fmt::Display>::fmt::h71a62eb3b9696b12
[INFO] [stdout]                                at /rustc/6067b36314ab5eb2eb47cecc464545ba58e1ad24/library/std/src/sys/backtrace.rs:39:26
[INFO] [stdout]    4:     0x645e5762bbb3 - core::fmt::rt::Argument::fmt::hdb6b616786b41dc1
[INFO] [stdout]                                at /rustc/6067b36314ab5eb2eb47cecc464545ba58e1ad24/library/core/src/fmt/rt.rs:177:76
[INFO] [stdout]    5:     0x645e5762bbb3 - core::fmt::write::h2cc1698af7e2d686
[INFO] [stdout]                                at /rustc/6067b36314ab5eb2eb47cecc464545ba58e1ad24/library/core/src/fmt/mod.rs:1440:21
[INFO] [stdout]    6:     0x645e576010d3 - std::io::Write::write_fmt::hab1b4cd059a79022
[INFO] [stdout]                                at /rustc/6067b36314ab5eb2eb47cecc464545ba58e1ad24/library/std/src/io/mod.rs:1887:15
[INFO] [stdout]    7:     0x645e576043c2 - std::sys::backtrace::BacktraceLock::print::h147fe35b4ea13b08
[INFO] [stdout]                                at /rustc/6067b36314ab5eb2eb47cecc464545ba58e1ad24/library/std/src/sys/backtrace.rs:42:9
[INFO] [stdout]    8:     0x645e5760599f - std::panicking::default_hook::{{closure}}::hbd44223dbdc0d208
[INFO] [stdout]                                at /rustc/6067b36314ab5eb2eb47cecc464545ba58e1ad24/library/std/src/panicking.rs:298:22
[INFO] [stdout]    9:     0x645e576057b8 - std::panicking::default_hook::h20f81eb0576efcec
[INFO] [stdout]                                at /rustc/6067b36314ab5eb2eb47cecc464545ba58e1ad24/library/std/src/panicking.rs:322:9
[INFO] [stdout]   10:     0x645e575ce1e3 - <alloc::boxed::Box<F,A> as core::ops::function::Fn<Args>>::call::hdb53814c496a4d34
[INFO] [stdout]                                at /rustc/6067b36314ab5eb2eb47cecc464545ba58e1ad24/library/alloc/src/boxed.rs:2027:9
[INFO] [stdout]   11:     0x645e575ce1e3 - test::test_main::{{closure}}::hc0a4963c59427c24
[INFO] [stdout]                                at /rustc/6067b36314ab5eb2eb47cecc464545ba58e1ad24/library/test/src/lib.rs:134:21
[INFO] [stdout]   12:     0x645e57606493 - <alloc::boxed::Box<F,A> as core::ops::function::Fn<Args>>::call::h591b2225413a77e9
[INFO] [stdout]                                at /rustc/6067b36314ab5eb2eb47cecc464545ba58e1ad24/library/alloc/src/boxed.rs:2027:9
[INFO] [stdout]   13:     0x645e57606493 - std::panicking::rust_panic_with_hook::h625eea43051b2edc
[INFO] [stdout]                                at /rustc/6067b36314ab5eb2eb47cecc464545ba58e1ad24/library/std/src/panicking.rs:839:13
[INFO] [stdout]   14:     0x645e5760614a - std::panicking::begin_panic_handler::{{closure}}::h4f9159cfbc3f6bd3
[INFO] [stdout]                                at /rustc/6067b36314ab5eb2eb47cecc464545ba58e1ad24/library/std/src/panicking.rs:704:13
[INFO] [stdout]   15:     0x645e57604a79 - std::sys::backtrace::__rust_end_short_backtrace::h0390abce48353151
[INFO] [stdout]                                at /rustc/6067b36314ab5eb2eb47cecc464545ba58e1ad24/library/std/src/sys/backtrace.rs:168:18
[INFO] [stdout]   16:     0x645e57605ddd - rust_begin_unwind
[INFO] [stdout]                                at /rustc/6067b36314ab5eb2eb47cecc464545ba58e1ad24/library/std/src/panicking.rs:695:5
[INFO] [stdout]   17:     0x645e5762a5c0 - core::panicking::panic_fmt::h9e7c637e9e5f29c9
[INFO] [stdout]                                at /rustc/6067b36314ab5eb2eb47cecc464545ba58e1ad24/library/core/src/panicking.rs:75:14
[INFO] [stdout]   18:     0x645e5758b78d - fam_rust::model::family::family::Family::write_to_file::h969f1751c02c9335
[INFO] [stdout]                                at /opt/rustwide/workdir/src/model/family/family.rs:180:23
[INFO] [stdout]   19:     0x645e5758c5a7 - fam_rust::model::family::family::tests::write_to_file_1::h57325627143711ca
[INFO] [stdout]                                at /opt/rustwide/workdir/src/model/family/family.rs:282:9
[INFO] [stdout]   20:     0x645e5758c4a7 - fam_rust::model::family::family::tests::write_to_file_1::{{closure}}::h79a766f8a9d68135
[INFO] [stdout]                                at /opt/rustwide/workdir/src/model/family/family.rs:276:25
[INFO] [stdout]   21:     0x645e5758eb36 - core::ops::function::FnOnce::call_once::h2e5390db7701714d
[INFO] [stdout]                                at /rustc/6067b36314ab5eb2eb47cecc464545ba58e1ad24/library/core/src/ops/function.rs:250:5
[INFO] [stdout]   22:     0x645e575d393b - core::ops::function::FnOnce::call_once::he27718dfdd183f43
[INFO] [stdout]                                at /rustc/6067b36314ab5eb2eb47cecc464545ba58e1ad24/library/core/src/ops/function.rs:250:5
[INFO] [stdout]   23:     0x645e575d393b - test::__rust_begin_short_backtrace::h4e84902998457a5d
[INFO] [stdout]                                at /rustc/6067b36314ab5eb2eb47cecc464545ba58e1ad24/library/test/src/lib.rs:632:18
[INFO] [stdout]   24:     0x645e575d2873 - test::run_test_in_process::{{closure}}::h7176fd18fc1feca0
[INFO] [stdout]                                at /rustc/6067b36314ab5eb2eb47cecc464545ba58e1ad24/library/test/src/lib.rs:655:60
[INFO] [stdout]   25:     0x645e575d2873 - <core::panic::unwind_safe::AssertUnwindSafe<F> as core::ops::function::FnOnce<()>>::call_once::hf79cff2a624d8cf7
[INFO] [stdout]                                at /rustc/6067b36314ab5eb2eb47cecc464545ba58e1ad24/library/core/src/panic/unwind_safe.rs:272:9
[INFO] [stdout]   26:     0x645e575d2873 - std::panicking::try::do_call::h3da0561d9ab99c25
[INFO] [stdout]                                at /rustc/6067b36314ab5eb2eb47cecc464545ba58e1ad24/library/std/src/panicking.rs:587:40
[INFO] [stdout]   27:     0x645e575d2873 - std::panicking::try::h41c9fa508bc61df6
[INFO] [stdout]                                at /rustc/6067b36314ab5eb2eb47cecc464545ba58e1ad24/library/std/src/panicking.rs:550:19
[INFO] [stdout]   28:     0x645e575d2873 - std::panic::catch_unwind::h6b3ff07bb5afad93
[INFO] [stdout]                                at /rustc/6067b36314ab5eb2eb47cecc464545ba58e1ad24/library/std/src/panic.rs:358:14
[INFO] [stdout]   29:     0x645e575d2873 - test::run_test_in_process::hc7253dd11b39b9f4
[INFO] [stdout]                                at /rustc/6067b36314ab5eb2eb47cecc464545ba58e1ad24/library/test/src/lib.rs:655:27
[INFO] [stdout]   30:     0x645e575d2873 - test::run_test::{{closure}}::hfb2007f8649c30bb
[INFO] [stdout]                                at /rustc/6067b36314ab5eb2eb47cecc464545ba58e1ad24/library/test/src/lib.rs:576:43
[INFO] [stdout]   31:     0x645e57595955 - test::run_test::{{closure}}::h56a17aa7a282a9f4
[INFO] [stdout]                                at /rustc/6067b36314ab5eb2eb47cecc464545ba58e1ad24/library/test/src/lib.rs:606:41
[INFO] [stdout]   32:     0x645e57595955 - std::sys::backtrace::__rust_begin_short_backtrace::hd2d2d2fb8e8c6aac
[INFO] [stdout]                                at /rustc/6067b36314ab5eb2eb47cecc464545ba58e1ad24/library/std/src/sys/backtrace.rs:152:18
[INFO] [stdout]   33:     0x645e5759923a - std::thread::Builder::spawn_unchecked_::{{closure}}::{{closure}}::h4faa3f9db6133423
[INFO] [stdout]                                at /rustc/6067b36314ab5eb2eb47cecc464545ba58e1ad24/library/std/src/thread/mod.rs:559:17
[INFO] [stdout]   34:     0x645e5759923a - <core::panic::unwind_safe::AssertUnwindSafe<F> as core::ops::function::FnOnce<()>>::call_once::hf2e855a36a4ea846
[INFO] [stdout]                                at /rustc/6067b36314ab5eb2eb47cecc464545ba58e1ad24/library/core/src/panic/unwind_safe.rs:272:9
[INFO] [stdout]   35:     0x645e5759923a - std::panicking::try::do_call::h2f73af3616c35465
[INFO] [stdout]                                at /rustc/6067b36314ab5eb2eb47cecc464545ba58e1ad24/library/std/src/panicking.rs:587:40
[INFO] [stdout]   36:     0x645e5759923a - std::panicking::try::hd1660ce9efadef5a
[INFO] [stdout]                                at /rustc/6067b36314ab5eb2eb47cecc464545ba58e1ad24/library/std/src/panicking.rs:550:19
[INFO] [stdout]   37:     0x645e5759923a - std::panic::catch_unwind::h5ee8d7823b8ca744
[INFO] [stdout]                                at /rustc/6067b36314ab5eb2eb47cecc464545ba58e1ad24/library/std/src/panic.rs:358:14
[INFO] [stdout]   38:     0x645e5759923a - std::thread::Builder::spawn_unchecked_::{{closure}}::h53c3a1894dce8407
[INFO] [stdout]                                at /rustc/6067b36314ab5eb2eb47cecc464545ba58e1ad24/library/std/src/thread/mod.rs:557:30
[INFO] [stdout]   39:     0x645e5759923a - core::ops::function::FnOnce::call_once{{vtable.shim}}::h048ce291ad4f62bf
[INFO] [stdout]                                at /rustc/6067b36314ab5eb2eb47cecc464545ba58e1ad24/library/core/src/ops/function.rs:250:5
[INFO] [stdout]   40:     0x645e5760a3db - <alloc::boxed::Box<F,A> as core::ops::function::FnOnce<Args>>::call_once::ha52bedf99a3b4981
[INFO] [stdout]                                at /rustc/6067b36314ab5eb2eb47cecc464545ba58e1ad24/library/alloc/src/boxed.rs:2013:9
[INFO] [stdout]   41:     0x645e5760a3db - <alloc::boxed::Box<F,A> as core::ops::function::FnOnce<Args>>::call_once::h567748934d80ccf8
[INFO] [stdout]                                at /rustc/6067b36314ab5eb2eb47cecc464545ba58e1ad24/library/alloc/src/boxed.rs:2013:9
[INFO] [stdout]   42:     0x645e5760a3db - std::sys::pal::unix::thread::Thread::new::thread_start::h2d970728ae887adc
[INFO] [stdout]                                at /rustc/6067b36314ab5eb2eb47cecc464545ba58e1ad24/library/std/src/sys/pal/unix/thread.rs:106:17
[INFO] [stdout]   43:     0x72c5b36e2ac3 - <unknown>
[INFO] [stdout]   44:     0x72c5b3773a04 - clone
[INFO] [stdout]   45:                0x0 - <unknown>
[INFO] [stdout] 
[INFO] [stdout] 
[INFO] [stdout] failures:
[INFO] [stdout]     model::family::family::tests::write_to_file_1
[INFO] [stdout]     model::family::tree::tests::new_test_1
[INFO] [stdout] 
[INFO] [stdout] test result: FAILED. 5 passed; 2 failed; 0 ignored; 0 measured; 0 filtered out; finished in 0.03s
[INFO] [stdout] 
[INFO] running `Command { std: "docker" "inspect" "899432e7657bf28b22832c4aac74d95fbe6f5542dc858acb8398c99d089e8ec5", kill_on_drop: false }`
[INFO] running `Command { std: "docker" "rm" "-f" "899432e7657bf28b22832c4aac74d95fbe6f5542dc858acb8398c99d089e8ec5", kill_on_drop: false }`
[INFO] [stdout] 899432e7657bf28b22832c4aac74d95fbe6f5542dc858acb8398c99d089e8ec5
