[INFO] cloning repository https://github.com/Alekage/Ground-up-Blockchain
[INFO] running `Command { std: "git" "-c" "credential.helper=" "-c" "credential.helper=/workspace/cargo-home/bin/git-credential-null" "clone" "--bare" "https://github.com/Alekage/Ground-up-Blockchain" "/workspace/cache/git-repos/https%3A%2F%2Fgithub.com%2FAlekage%2FGround-up-Blockchain", kill_on_drop: false }`
[INFO] [stderr] Cloning into bare repository '/workspace/cache/git-repos/https%3A%2F%2Fgithub.com%2FAlekage%2FGround-up-Blockchain'...
[INFO] running `Command { std: "git" "rev-parse" "HEAD", kill_on_drop: false }`
[INFO] [stdout] 25c9341d11881a23379e814c1653b138ea034764
[INFO] testing Alekage/Ground-up-Blockchain against nightly-2025-01-18 for randomize-layout-2
[INFO] running `Command { std: "git" "clone" "/workspace/cache/git-repos/https%3A%2F%2Fgithub.com%2FAlekage%2FGround-up-Blockchain" "/workspace/builds/worker-6-tc1/source", kill_on_drop: false }`
[INFO] [stderr] Cloning into '/workspace/builds/worker-6-tc1/source'...
[INFO] [stderr] done.
[INFO] validating manifest of git repo https://github.com/Alekage/Ground-up-Blockchain on toolchain nightly-2025-01-18
[INFO] running `Command { std: CARGO_HOME="/workspace/cargo-home" RUSTUP_HOME="/workspace/rustup-home" "/workspace/cargo-home/bin/cargo" "+nightly-2025-01-18" "metadata" "--manifest-path" "Cargo.toml" "--no-deps", kill_on_drop: false }`
[INFO] started tweaking git repo https://github.com/Alekage/Ground-up-Blockchain
[INFO] finished tweaking git repo https://github.com/Alekage/Ground-up-Blockchain
[INFO] tweaked toml for git repo https://github.com/Alekage/Ground-up-Blockchain written to /workspace/builds/worker-6-tc1/source/Cargo.toml
[INFO] crate git repo https://github.com/Alekage/Ground-up-Blockchain already has a lockfile, it will not be regenerated
[INFO] running `Command { std: CARGO_HOME="/workspace/cargo-home" RUSTUP_HOME="/workspace/rustup-home" "/workspace/cargo-home/bin/cargo" "+nightly-2025-01-18" "fetch" "--manifest-path" "Cargo.toml", kill_on_drop: false }`
[INFO] running `Command { std: "docker" "create" "-v" "/var/lib/crater-agent-workspace/builds/worker-6-tc1/target:/opt/rustwide/target:rw,Z" "-v" "/var/lib/crater-agent-workspace/builds/worker-6-tc1/source:/opt/rustwide/workdir:ro,Z" "-v" "/var/lib/crater-agent-workspace/cargo-home:/opt/rustwide/cargo-home:ro,Z" "-v" "/var/lib/crater-agent-workspace/rustup-home:/opt/rustwide/rustup-home:ro,Z" "-e" "SOURCE_DIR=/opt/rustwide/workdir" "-e" "CARGO_TARGET_DIR=/opt/rustwide/target" "-e" "CARGO_HOME=/opt/rustwide/cargo-home" "-e" "RUSTUP_HOME=/opt/rustwide/rustup-home" "-w" "/opt/rustwide/workdir" "-m" "1610612736" "--user" "0:0" "--network" "none" "ghcr.io/rust-lang/crates-build-env/linux@sha256:819108c5571ea2e421544af4d832f968d213c87fbe3707a016657f43d2f853bc" "/opt/rustwide/cargo-home/bin/cargo" "+nightly-2025-01-18" "metadata" "--no-deps" "--format-version=1", kill_on_drop: false }`
[INFO] [stdout] e9a93cfba0d0b4bb8ecd21d48bf591c87322d2bd60e3850748c6aaa35716e610
[INFO] running `Command { std: "docker" "start" "-a" "e9a93cfba0d0b4bb8ecd21d48bf591c87322d2bd60e3850748c6aaa35716e610", kill_on_drop: false }`
[INFO] running `Command { std: "docker" "inspect" "e9a93cfba0d0b4bb8ecd21d48bf591c87322d2bd60e3850748c6aaa35716e610", kill_on_drop: false }`
[INFO] running `Command { std: "docker" "rm" "-f" "e9a93cfba0d0b4bb8ecd21d48bf591c87322d2bd60e3850748c6aaa35716e610", kill_on_drop: false }`
[INFO] [stdout] e9a93cfba0d0b4bb8ecd21d48bf591c87322d2bd60e3850748c6aaa35716e610
[INFO] running `Command { std: "docker" "create" "-v" "/var/lib/crater-agent-workspace/builds/worker-6-tc1/target:/opt/rustwide/target:rw,Z" "-v" "/var/lib/crater-agent-workspace/builds/worker-6-tc1/source:/opt/rustwide/workdir:ro,Z" "-v" "/var/lib/crater-agent-workspace/cargo-home:/opt/rustwide/cargo-home:ro,Z" "-v" "/var/lib/crater-agent-workspace/rustup-home:/opt/rustwide/rustup-home:ro,Z" "-e" "SOURCE_DIR=/opt/rustwide/workdir" "-e" "CARGO_TARGET_DIR=/opt/rustwide/target" "-e" "CARGO_INCREMENTAL=0" "-e" "RUST_BACKTRACE=full" "-e" "RUSTFLAGS=--cap-lints=forbid" "-e" "RUSTDOCFLAGS=--cap-lints=forbid" "-e" "CARGO_HOME=/opt/rustwide/cargo-home" "-e" "RUSTUP_HOME=/opt/rustwide/rustup-home" "-w" "/opt/rustwide/workdir" "-m" "1610612736" "--user" "0:0" "--network" "none" "ghcr.io/rust-lang/crates-build-env/linux@sha256:819108c5571ea2e421544af4d832f968d213c87fbe3707a016657f43d2f853bc" "/opt/rustwide/cargo-home/bin/cargo" "+nightly-2025-01-18" "build" "--frozen" "--message-format=json", kill_on_drop: false }`
[INFO] [stdout] 4fe4bb986e6cd668c936b3bcb7346411320e8844b9ec9aa78ed2c088174f9941
[INFO] running `Command { std: "docker" "start" "-a" "4fe4bb986e6cd668c936b3bcb7346411320e8844b9ec9aa78ed2c088174f9941", kill_on_drop: false }`
[INFO] [stderr]    Compiling ground-up-blockchain v0.1.0 (/opt/rustwide/workdir)
[INFO] [stdout] warning: associated functions `next_state` and `human_name` are never used
[INFO] [stdout]   --> src/state_machine/mod.rs:11:8
[INFO] [stdout]    |
[INFO] [stdout] 6  | pub trait StateMachine {
[INFO] [stdout]    |           ------------ associated functions in this trait
[INFO] [stdout] ...
[INFO] [stdout] 11 |     fn next_state(starting_state: &Self::State, transition: &Self::Transition) -> Self::State;
[INFO] [stdout]    |        ^^^^^^^^^^
[INFO] [stdout] 12 |
[INFO] [stdout] 13 |     fn human_name() -> String {
[INFO] [stdout]    |        ^^^^^^^^^^
[INFO] [stdout]    |
[INFO] [stdout]    = note: `#[warn(dead_code)]` on by default
[INFO] [stdout] 
[INFO] [stdout] 
[INFO] [stderr]     Finished `dev` profile [unoptimized + debuginfo] target(s) in 0.46s
[INFO] running `Command { std: "docker" "inspect" "4fe4bb986e6cd668c936b3bcb7346411320e8844b9ec9aa78ed2c088174f9941", kill_on_drop: false }`
[INFO] running `Command { std: "docker" "rm" "-f" "4fe4bb986e6cd668c936b3bcb7346411320e8844b9ec9aa78ed2c088174f9941", kill_on_drop: false }`
[INFO] [stdout] 4fe4bb986e6cd668c936b3bcb7346411320e8844b9ec9aa78ed2c088174f9941
[INFO] running `Command { std: "docker" "create" "-v" "/var/lib/crater-agent-workspace/builds/worker-6-tc1/target:/opt/rustwide/target:rw,Z" "-v" "/var/lib/crater-agent-workspace/builds/worker-6-tc1/source:/opt/rustwide/workdir:ro,Z" "-v" "/var/lib/crater-agent-workspace/cargo-home:/opt/rustwide/cargo-home:ro,Z" "-v" "/var/lib/crater-agent-workspace/rustup-home:/opt/rustwide/rustup-home:ro,Z" "-e" "SOURCE_DIR=/opt/rustwide/workdir" "-e" "CARGO_TARGET_DIR=/opt/rustwide/target" "-e" "CARGO_INCREMENTAL=0" "-e" "RUST_BACKTRACE=full" "-e" "RUSTFLAGS=--cap-lints=forbid" "-e" "RUSTDOCFLAGS=--cap-lints=forbid" "-e" "CARGO_HOME=/opt/rustwide/cargo-home" "-e" "RUSTUP_HOME=/opt/rustwide/rustup-home" "-w" "/opt/rustwide/workdir" "-m" "1610612736" "--user" "0:0" "--network" "none" "ghcr.io/rust-lang/crates-build-env/linux@sha256:819108c5571ea2e421544af4d832f968d213c87fbe3707a016657f43d2f853bc" "/opt/rustwide/cargo-home/bin/cargo" "+nightly-2025-01-18" "test" "--frozen" "--no-run" "--message-format=json", kill_on_drop: false }`
[INFO] [stdout] 15ef9b68b929d400ef14c8bff12c153139d2048fb1f87f9c695a69f100fb75ed
[INFO] running `Command { std: "docker" "start" "-a" "15ef9b68b929d400ef14c8bff12c153139d2048fb1f87f9c695a69f100fb75ed", kill_on_drop: false }`
[INFO] [stdout] warning: associated functions `next_state` and `human_name` are never used
[INFO] [stdout]   --> src/state_machine/mod.rs:11:8
[INFO] [stdout]    |
[INFO] [stdout] 6  | pub trait StateMachine {
[INFO] [stdout]    |           ------------ associated functions in this trait
[INFO] [stdout] ...
[INFO] [stdout] 11 |     fn next_state(starting_state: &Self::State, transition: &Self::Transition) -> Self::State;
[INFO] [stdout]    |        ^^^^^^^^^^
[INFO] [stdout] 12 |
[INFO] [stdout] 13 |     fn human_name() -> String {
[INFO] [stdout]    |        ^^^^^^^^^^
[INFO] [stdout]    |
[INFO] [stdout]    = note: `#[warn(dead_code)]` on by default
[INFO] [stdout] 
[INFO] [stdout] 
[INFO] [stderr]    Compiling ground-up-blockchain v0.1.0 (/opt/rustwide/workdir)
[INFO] [stdout] warning: associated function `human_name` is never used
[INFO] [stdout]   --> src/state_machine/mod.rs:13:8
[INFO] [stdout]    |
[INFO] [stdout] 6  | pub trait StateMachine {
[INFO] [stdout]    |           ------------ associated function in this trait
[INFO] [stdout] ...
[INFO] [stdout] 13 |     fn human_name() -> String {
[INFO] [stdout]    |        ^^^^^^^^^^
[INFO] [stdout]    |
[INFO] [stdout]    = note: `#[warn(dead_code)]` on by default
[INFO] [stdout] 
[INFO] [stdout] 
[INFO] [stderr]     Finished `test` profile [unoptimized + debuginfo] target(s) in 1.00s
[INFO] running `Command { std: "docker" "inspect" "15ef9b68b929d400ef14c8bff12c153139d2048fb1f87f9c695a69f100fb75ed", kill_on_drop: false }`
[INFO] running `Command { std: "docker" "rm" "-f" "15ef9b68b929d400ef14c8bff12c153139d2048fb1f87f9c695a69f100fb75ed", kill_on_drop: false }`
[INFO] [stdout] 15ef9b68b929d400ef14c8bff12c153139d2048fb1f87f9c695a69f100fb75ed
[INFO] running `Command { std: "docker" "create" "-v" "/var/lib/crater-agent-workspace/builds/worker-6-tc1/target:/opt/rustwide/target:rw,Z" "-v" "/var/lib/crater-agent-workspace/builds/worker-6-tc1/source:/opt/rustwide/workdir:ro,Z" "-v" "/var/lib/crater-agent-workspace/cargo-home:/opt/rustwide/cargo-home:ro,Z" "-v" "/var/lib/crater-agent-workspace/rustup-home:/opt/rustwide/rustup-home:ro,Z" "-e" "SOURCE_DIR=/opt/rustwide/workdir" "-e" "CARGO_TARGET_DIR=/opt/rustwide/target" "-e" "CARGO_INCREMENTAL=0" "-e" "RUST_BACKTRACE=full" "-e" "RUSTFLAGS=--cap-lints=forbid" "-e" "RUSTDOCFLAGS=--cap-lints=forbid" "-e" "CARGO_HOME=/opt/rustwide/cargo-home" "-e" "RUSTUP_HOME=/opt/rustwide/rustup-home" "-w" "/opt/rustwide/workdir" "-m" "1610612736" "--user" "0:0" "--network" "none" "ghcr.io/rust-lang/crates-build-env/linux@sha256:819108c5571ea2e421544af4d832f968d213c87fbe3707a016657f43d2f853bc" "/opt/rustwide/cargo-home/bin/cargo" "+nightly-2025-01-18" "test" "--frozen", kill_on_drop: false }`
[INFO] [stdout] b4d0bab3190cb53b431bb3d2cd8fd48040eaadfd287992303c07fd55a41e8d0e
[INFO] running `Command { std: "docker" "start" "-a" "b4d0bab3190cb53b431bb3d2cd8fd48040eaadfd287992303c07fd55a41e8d0e", kill_on_drop: false }`
[INFO] [stderr] warning: associated functions `next_state` and `human_name` are never used
[INFO] [stderr]   --> src/state_machine/mod.rs:11:8
[INFO] [stderr]    |
[INFO] [stderr] 6  | pub trait StateMachine {
[INFO] [stderr]    |           ------------ associated functions in this trait
[INFO] [stderr] ...
[INFO] [stderr] 11 |     fn next_state(starting_state: &Self::State, transition: &Self::Transition) -> Self::State;
[INFO] [stderr]    |        ^^^^^^^^^^
[INFO] [stderr] 12 |
[INFO] [stderr] 13 |     fn human_name() -> String {
[INFO] [stderr]    |        ^^^^^^^^^^
[INFO] [stderr]    |
[INFO] [stderr]    = note: `#[warn(dead_code)]` on by default
[INFO] [stderr] 
[INFO] [stderr] warning: `ground-up-blockchain` (lib) generated 1 warning
[INFO] [stderr] warning: associated function `human_name` is never used
[INFO] [stderr]   --> src/state_machine/mod.rs:13:8
[INFO] [stderr]    |
[INFO] [stderr] 6  | pub trait StateMachine {
[INFO] [stderr]    |           ------------ associated function in this trait
[INFO] [stderr] ...
[INFO] [stderr] 13 |     fn human_name() -> String {
[INFO] [stderr]    |        ^^^^^^^^^^
[INFO] [stderr]    |
[INFO] [stderr]    = note: `#[warn(dead_code)]` on by default
[INFO] [stderr] 
[INFO] [stderr] warning: `ground-up-blockchain` (lib test) generated 1 warning
[INFO] [stderr]     Finished `test` profile [unoptimized + debuginfo] target(s) in 0.01s
[INFO] [stderr]      Running unittests src/lib.rs (/opt/rustwide/target/debug/deps/ground_up_blockchain-cc53a5e048103857)
[INFO] [stdout] 
[INFO] [stdout] running 116 tests
[INFO] [stdout] test blockchain::consensus::tests::bc_3_cant_verify_invalid_number ... ok
[INFO] [stdout] test blockchain::consensus::tests::bc_3_cant_verify_invalid_parent ... ok
[INFO] [stdout] test blockchain::consensus::tests::bc_3_cant_verify_invalid_pow ... ok
[INFO] [stdout] test blockchain::consensus::tests::bc_3_cant_verify_invalid_state ... ok
[INFO] [stdout] test blockchain::consensus::tests::bc_3_child_block_consensus_digest ... ok
[INFO] [stdout] test blockchain::consensus::tests::bc_3_child_block_extrinsic ... ok
[INFO] [stdout] test blockchain::consensus::tests::bc_3_child_block_height ... ok
[INFO] [stdout] test blockchain::consensus::tests::bc_3_child_block_state ... ok
[INFO] [stdout] test blockchain::consensus::tests::bc_3_even_chain_invalid_second_block_after_fork ... ok
[INFO] [stdout] test blockchain::consensus::tests::bc_3_genesis_block_extrinsic ... ok
[INFO] [stdout] test blockchain::consensus::tests::bc_3_child_block_parent ... ok
[INFO] [stdout] test blockchain::consensus::tests::bc_3_even_chain_valid ... ok
[INFO] [stdout] test blockchain::consensus::tests::bc_3_genesis_block_parent ... ok
[INFO] [stdout] test blockchain::consensus::tests::bc_3_genesis_block_height ... ok
[INFO] [stdout] test blockchain::consensus::tests::bc_3_genesis_consensus_digest ... ok
[INFO] [stdout] test blockchain::consensus::tests::bc_3_even_chain_invalid_first_block_after_fork ... ok
[INFO] [stdout] test blockchain::consensus::tests::bc_3_odd_chain_invalid_first_block_after_fork ... ok
[INFO] [stdout] test blockchain::consensus::tests::bc_3_odd_chain_invalid_second_block_after_fork ... ok
[INFO] [stdout] test blockchain::consensus::tests::bc_3_genesis_block_state ... ok
[INFO] [stdout] test blockchain::consensus::tests::bc_3_odd_chain_valid ... ok
[INFO] [stdout] test blockchain::consensus::tests::bc_3_verify_genesis_only ... ok
[INFO] [stdout] test blockchain::extrinsic_state::tests::bc_2_cant_verify_invalid_number ... ok
[INFO] [stdout] test blockchain::consensus::tests::bc_3_verify_three_blocks ... ok
[INFO] [stdout] test blockchain::extrinsic_state::tests::bc_2_cant_verify_invalid_parent ... ok
[INFO] [stdout] test blockchain::extrinsic_state::tests::bc_2_cant_verify_invalid_state ... ok
[INFO] [stdout] test blockchain::extrinsic_state::tests::bc_2_child_block_extrinsic ... ok
[INFO] [stdout] test blockchain::extrinsic_state::tests::bc_2_child_block_parent ... ok
[INFO] [stdout] test blockchain::extrinsic_state::tests::bc_2_child_block_height ... ok
[INFO] [stdout] test blockchain::extrinsic_state::tests::bc_2_child_block_state ... ok
[INFO] [stdout] test blockchain::extrinsic_state::tests::bc_2_genesis_block_extrinsic ... ok
[INFO] [stdout] test blockchain::extrinsic_state::tests::bc_2_genesis_block_parent ... ok
[INFO] [stdout] test blockchain::extrinsic_state::tests::bc_2_genesis_block_height ... ok
[INFO] [stdout] test blockchain::extrinsic_state::tests::bc_2_verify_forked_chain ... ok
[INFO] [stdout] test blockchain::extrinsic_state::tests::bc_2_verify_genesis_only ... ok
[INFO] [stdout] test blockchain::extrinsic_state::tests::bc_2_verify_three_blocks ... ok
[INFO] [stdout] test blockchain::extrinsic_state::tests::bc_2_verify_valid_chain ... ok
[INFO] [stdout] test blockchain::hearder_chain::tests::bc_1_cant_verify_invalid_height ... ok
[INFO] [stdout] test blockchain::hearder_chain::tests::bc_1_cant_verify_invalid_parent ... ok
[INFO] [stdout] test blockchain::extrinsic_state::tests::bc_2_genesis_block_state ... ok
[INFO] [stdout] test blockchain::hearder_chain::tests::bc_1_child_block_height ... ok
[INFO] [stdout] test blockchain::hearder_chain::tests::bc_1_child_block_parent ... ok
[INFO] [stdout] test blockchain::hearder_chain::tests::bc_1_genesis_block_height ... ok
[INFO] [stdout] test blockchain::hearder_chain::tests::bc_1_genesis_block_parent ... ok
[INFO] [stdout] test blockchain::hearder_chain::tests::bc_1_verify_chain_length ... ok
[INFO] [stdout] test blockchain::hearder_chain::tests::bc_1_verify_genesis_only ... ok
[INFO] [stdout] test blockchain::hearder_chain::tests::bc_1_verify_three_blocks ... ok
[INFO] [stdout] test state_machine::accounted_currency::tests::burn_no_existential_deposit_left ... ok
[INFO] [stdout] test state_machine::accounted_currency::tests::burner_does_not_exist ... ok
[INFO] [stdout] test state_machine::accounted_currency::tests::empty_burn ... ok
[INFO] [stdout] test state_machine::accounted_currency::tests::empty_mint ... ok
[INFO] [stdout] test state_machine::accounted_currency::tests::insufficient_balance_transfer ... ok
[INFO] [stdout] test state_machine::accounted_currency::tests::mint_creates_account ... ok
[INFO] [stdout] test state_machine::accounted_currency::tests::mint_increases_balance ... ok
[INFO] [stdout] test state_machine::accounted_currency::tests::non_registered_burner ... ok
[INFO] [stdout] test state_machine::accounted_currency::tests::mint_creates_second_account ... ok
[INFO] [stdout] test state_machine::atm::tests::enter_single_digit_of_withdraw_amount ... ok
[INFO] [stdout] test state_machine::accounted_currency::tests::simple_burn ... ok
[INFO] [stdout] test state_machine::atm::tests::enter_correct_pin ... ok
[INFO] [stdout] test state_machine::atm::tests::enter_single_digit_of_pin ... ok
[INFO] [stdout] test state_machine::accounted_currency::tests::receiver_not_registered ... ok
[INFO] [stdout] test state_machine::atm::tests::press_key_before_card_swipe ... ok
[INFO] [stdout] test state_machine::atm::tests::simple_swipe_card ... ok
[INFO] [stdout] test state_machine::atm::tests::enter_wrong_pin ... ok
[INFO] [stdout] test state_machine::accounted_currency::tests::burn_more_than_balance ... ok
[INFO] [stdout] test state_machine::accounted_currency::tests::send_to_same_user ... ok
[INFO] [stdout] test state_machine::accounted_currency::tests::sender_not_registered ... ok
[INFO] [stdout] test state_machine::accounted_currency::tests::simple_transfer ... ok
[INFO] [stdout] test state_machine::atm::tests::swipe_card_again_part_way_through ... ok
[INFO] [stdout] test state_machine::accounted_currency::tests::transfer ... ok
[INFO] [stdout] test state_machine::laundry::tests::dry_clean_clothes ... ok
[INFO] [stdout] test state_machine::accounted_currency::tests::sender_to_empty_balance ... ok
[INFO] [stdout] test state_machine::laundry::tests::wash_clean_clothes ... ok
[INFO] [stdout] test state_machine::laundry::tests::dry_clean_until_tattered ... ok
[INFO] [stdout] test state_machine::laundry::tests::wash_dirty_until_tattered ... ok
[INFO] [stdout] test state_machine::laundry::tests::wash_tattered_clothes ... ok
[INFO] [stdout] test state_machine::laundry::tests::wash_wet_clothes ... ok
[INFO] [stdout] test state_machine::laundry::tests::wash_wet_until_tattered ... ok
[INFO] [stdout] test state_machine::laundry::tests::wear_clean_clothes ... ok
[INFO] [stdout] test state_machine::laundry::tests::wear_clean_until_tattered ... ok
[INFO] [stdout] test state_machine::laundry::tests::wear_dirty_clothes ... ok
[INFO] [stdout] test state_machine::atm::tests::withdraw_acceptable_amount ... ok
[INFO] [stdout] test state_machine::laundry::tests::wear_dirty_until_tattered ... ok
[INFO] [stdout] test state_machine::laundry::tests::wear_wet_clothes ... ok
[INFO] [stdout] test state_machine::laundry::tests::wear_wet_until_tattered ... ok
[INFO] [stdout] test state_machine::laundry::tests::wash_dirty_clothes ... ok
[INFO] [stdout] test state_machine::atm::tests::try_to_withdraw_too_much ... ok
[INFO] [stdout] test state_machine::laundry::tests::dry_dirty_until_tattered ... ok
[INFO] [stdout] test state_machine::laundry::tests::dry_tattered_clothes ... ok
[INFO] [stdout] test state_machine::laundry::tests::dry_dirty_clothes ... ok
[INFO] [stdout] test state_machine::laundry::tests::dry_cwet_until_tattered ... ok
[INFO] [stdout] test state_machine::laundry::tests::dry_wet_clothes ... ok
[INFO] [stdout] test state_machine::swithces::tests::light_switch_toggles_off ... ok
[INFO] [stdout] test state_machine::utxo_currency::tests::sm_5_overflow_receives_fails ... ok
[INFO] [stdout] test state_machine::swithces::tests::light_switch_toggles_on ... ok
[INFO] [stdout] test state_machine::swithces::tests::two_switches_first_off_second_was_off ... ok
[INFO] [stdout] test state_machine::swithces::tests::two_switches_first_off_second_was_on ... ok
[INFO] [stdout] test state_machine::swithces::tests::two_switches_second_goes_off ... ok
[INFO] [stdout] test state_machine::utxo_currency::tests::sm_5_spending_and_receiving_same_bill_fails ... ok
[INFO] [stdout] test state_machine::swithces::tests::two_switches_second_goes_on ... ok
[INFO] [stdout] test state_machine::utxo_currency::tests::sm_5_serial_number_already_seen_fails ... ok
[INFO] [stdout] test state_machine::swithces::tests::two_switches_first_on ... ok
[INFO] [stdout] test state_machine::utxo_currency::tests::sm_5_output_value_0_fails ... ok
[INFO] [stdout] test state_machine::utxo_currency::tests::sm_5_empty_receive_fails ... ok
[INFO] [stdout] test state_machine::utxo_currency::tests::sm_5_receiving_bill_with_incorrect_serial_fails ... ok
[INFO] [stdout] test state_machine::laundry::tests::wear_tattered_clothes ... ok
[INFO] [stdout] test state_machine::laundry::tests::wash_clean_until_tattered ... ok
[INFO] [stdout] test state_machine::utxo_currency::tests::sm_5_spending_bill_with_incorrect_amount_fails ... ok
[INFO] [stdout] test state_machine::utxo_currency::tests::sm_5_empty_spend_fails ... ok
[INFO] [stdout] test state_machine::utxo_currency::tests::sm_5_spending_more_than_bill_fails ... ok
[INFO] [stdout] test state_machine::utxo_currency::tests::sm_5_spending_non_existent_bill_fails ... ok
[INFO] [stdout] test state_machine::utxo_currency::tests::sm_5_mint_new_cash ... ok
[INFO] [stdout] test state_machine::utxo_currency::tests::sm_5_spending_same_bill_fails ... ok
[INFO] [stdout] test state_machine::utxo_currency::tests::sm_5_spending_from_alice_to_all ... FAILED
[INFO] [stdout] test blockchain::consensus::tests::bc_3_verify_forked_chain ... FAILED
[INFO] [stdout] test state_machine::utxo_currency::tests::sm_5_spending_from_charlie_to_all ... FAILED
[INFO] [stdout] test state_machine::utxo_currency::tests::sm_5_spending_from_bob_to_all ... FAILED
[INFO] [stdout] 
[INFO] [stdout] failures:
[INFO] [stdout] 
[INFO] [stdout] ---- state_machine::utxo_currency::tests::sm_5_spending_from_alice_to_all stdout ----
[INFO] [stdout] 
[INFO] [stdout] thread 'state_machine::utxo_currency::tests::sm_5_spending_from_alice_to_all' panicked at src/state_machine/utxo_currency.rs:605:9:
[INFO] [stdout] assertion `left == right` failed
[INFO] [stdout]   left: State { bills: {Bill { owner: Alice, amount: 42, serial: 0 }}, next_serial: 1 }
[INFO] [stdout]  right: State { bills: {Bill { owner: Charlie, amount: 10, serial: 3 }, Bill { owner: Alice, amount: 10, serial: 1 }, Bill { owner: Bob, amount: 10, serial: 2 }}, next_serial: 4 }
[INFO] [stdout] stack backtrace:
[INFO] [stdout]    0:     0x5fb4b1256e3a - std::backtrace_rs::backtrace::libunwind::trace::hb059275cfc8d6126
[INFO] [stdout]                                at /rustc/6067b36314ab5eb2eb47cecc464545ba58e1ad24/library/std/src/../../backtrace/src/backtrace/libunwind.rs:116:5
[INFO] [stdout]    1:     0x5fb4b1256e3a - std::backtrace_rs::backtrace::trace_unsynchronized::h2da071e4327ce3ee
[INFO] [stdout]                                at /rustc/6067b36314ab5eb2eb47cecc464545ba58e1ad24/library/std/src/../../backtrace/src/backtrace/mod.rs:66:5
[INFO] [stdout]    2:     0x5fb4b1256e3a - std::sys::backtrace::_print_fmt::h842a1474e6f8d23f
[INFO] [stdout]                                at /rustc/6067b36314ab5eb2eb47cecc464545ba58e1ad24/library/std/src/sys/backtrace.rs:66:9
[INFO] [stdout]    3:     0x5fb4b1256e3a - <std::sys::backtrace::BacktraceLock::print::DisplayBacktrace as core::fmt::Display>::fmt::h71a62eb3b9696b12
[INFO] [stdout]                                at /rustc/6067b36314ab5eb2eb47cecc464545ba58e1ad24/library/std/src/sys/backtrace.rs:39:26
[INFO] [stdout]    4:     0x5fb4b127e853 - core::fmt::rt::Argument::fmt::hdb6b616786b41dc1
[INFO] [stdout]                                at /rustc/6067b36314ab5eb2eb47cecc464545ba58e1ad24/library/core/src/fmt/rt.rs:177:76
[INFO] [stdout]    5:     0x5fb4b127e853 - core::fmt::write::h2cc1698af7e2d686
[INFO] [stdout]                                at /rustc/6067b36314ab5eb2eb47cecc464545ba58e1ad24/library/core/src/fmt/mod.rs:1440:21
[INFO] [stdout]    6:     0x5fb4b1253993 - std::io::Write::write_fmt::hab1b4cd059a79022
[INFO] [stdout]                                at /rustc/6067b36314ab5eb2eb47cecc464545ba58e1ad24/library/std/src/io/mod.rs:1887:15
[INFO] [stdout]    7:     0x5fb4b1256c82 - std::sys::backtrace::BacktraceLock::print::h147fe35b4ea13b08
[INFO] [stdout]                                at /rustc/6067b36314ab5eb2eb47cecc464545ba58e1ad24/library/std/src/sys/backtrace.rs:42:9
[INFO] [stdout]    8:     0x5fb4b125825f - std::panicking::default_hook::{{closure}}::hbd44223dbdc0d208
[INFO] [stdout]                                at /rustc/6067b36314ab5eb2eb47cecc464545ba58e1ad24/library/std/src/panicking.rs:298:22
[INFO] [stdout]    9:     0x5fb4b1258078 - std::panicking::default_hook::h20f81eb0576efcec
[INFO] [stdout]                                at /rustc/6067b36314ab5eb2eb47cecc464545ba58e1ad24/library/std/src/panicking.rs:322:9
[INFO] [stdout]   10:     0x5fb4b1220e93 - <alloc::boxed::Box<F,A> as core::ops::function::Fn<Args>>::call::hdb53814c496a4d34
[INFO] [stdout]                                at /rustc/6067b36314ab5eb2eb47cecc464545ba58e1ad24/library/alloc/src/boxed.rs:2027:9
[INFO] [stdout]   11:     0x5fb4b1220e93 - test::test_main::{{closure}}::hc0a4963c59427c24
[INFO] [stdout]                                at /rustc/6067b36314ab5eb2eb47cecc464545ba58e1ad24/library/test/src/lib.rs:134:21
[INFO] [stdout]   12:     0x5fb4b1258d53 - <alloc::boxed::Box<F,A> as core::ops::function::Fn<Args>>::call::h591b2225413a77e9
[INFO] [stdout]                                at /rustc/6067b36314ab5eb2eb47cecc464545ba58e1ad24/library/alloc/src/boxed.rs:2027:9
[INFO] [stdout]   13:     0x5fb4b1258d53 - std::panicking::rust_panic_with_hook::h625eea43051b2edc
[INFO] [stdout]                                at /rustc/6067b36314ab5eb2eb47cecc464545ba58e1ad24/library/std/src/panicking.rs:839:13
[INFO] [stdout]   14:     0x5fb4b1258a0a - std::panicking::begin_panic_handler::{{closure}}::h4f9159cfbc3f6bd3
[INFO] [stdout]                                at /rustc/6067b36314ab5eb2eb47cecc464545ba58e1ad24/library/std/src/panicking.rs:704:13
[INFO] [stdout]   15:     0x5fb4b1257339 - std::sys::backtrace::__rust_end_short_backtrace::h0390abce48353151
[INFO] [stdout]                                at /rustc/6067b36314ab5eb2eb47cecc464545ba58e1ad24/library/std/src/sys/backtrace.rs:168:18
[INFO] [stdout]   16:     0x5fb4b125869d - rust_begin_unwind
[INFO] [stdout]                                at /rustc/6067b36314ab5eb2eb47cecc464545ba58e1ad24/library/std/src/panicking.rs:695:5
[INFO] [stdout]   17:     0x5fb4b127cf10 - core::panicking::panic_fmt::h9e7c637e9e5f29c9
[INFO] [stdout]                                at /rustc/6067b36314ab5eb2eb47cecc464545ba58e1ad24/library/core/src/panicking.rs:75:14
[INFO] [stdout]   18:     0x5fb4b127d2d2 - core::panicking::assert_failed_inner::h538bec7c1374cd9c
[INFO] [stdout]   19:     0x5fb4b11e3504 - core::panicking::assert_failed::hada3a1873001d75b
[INFO] [stdout]                                at /rustc/6067b36314ab5eb2eb47cecc464545ba58e1ad24/library/core/src/panicking.rs:364:5
[INFO] [stdout]   20:     0x5fb4b11cf54f - ground_up_blockchain::state_machine::utxo_currency::tests::sm_5_spending_from_alice_to_all::h5a6cb478db0d3a41
[INFO] [stdout]                                at /opt/rustwide/workdir/src/state_machine/utxo_currency.rs:605:9
[INFO] [stdout]   21:     0x5fb4b11cf067 - ground_up_blockchain::state_machine::utxo_currency::tests::sm_5_spending_from_alice_to_all::{{closure}}::h074a73e34a0a8388
[INFO] [stdout]                                at /opt/rustwide/workdir/src/state_machine/utxo_currency.rs:554:41
[INFO] [stdout]   22:     0x5fb4b11dc086 - core::ops::function::FnOnce::call_once::h5d0d84530ff221a2
[INFO] [stdout]                                at /rustc/6067b36314ab5eb2eb47cecc464545ba58e1ad24/library/core/src/ops/function.rs:250:5
[INFO] [stdout]   23:     0x5fb4b12265eb - core::ops::function::FnOnce::call_once::he27718dfdd183f43
[INFO] [stdout]                                at /rustc/6067b36314ab5eb2eb47cecc464545ba58e1ad24/library/core/src/ops/function.rs:250:5
[INFO] [stdout]   24:     0x5fb4b12265eb - test::__rust_begin_short_backtrace::h4e84902998457a5d
[INFO] [stdout]                                at /rustc/6067b36314ab5eb2eb47cecc464545ba58e1ad24/library/test/src/lib.rs:632:18
[INFO] [stdout]   25:     0x5fb4b1225523 - test::run_test_in_process::{{closure}}::h7176fd18fc1feca0
[INFO] [stdout]                                at /rustc/6067b36314ab5eb2eb47cecc464545ba58e1ad24/library/test/src/lib.rs:655:60
[INFO] [stdout]   26:     0x5fb4b1225523 - <core::panic::unwind_safe::AssertUnwindSafe<F> as core::ops::function::FnOnce<()>>::call_once::hf79cff2a624d8cf7
[INFO] [stdout]                                at /rustc/6067b36314ab5eb2eb47cecc464545ba58e1ad24/library/core/src/panic/unwind_safe.rs:272:9
[INFO] [stdout]   27:     0x5fb4b1225523 - std::panicking::try::do_call::h3da0561d9ab99c25
[INFO] [stdout]                                at /rustc/6067b36314ab5eb2eb47cecc464545ba58e1ad24/library/std/src/panicking.rs:587:40
[INFO] [stdout]   28:     0x5fb4b1225523 - std::panicking::try::h41c9fa508bc61df6
[INFO] [stdout]                                at /rustc/6067b36314ab5eb2eb47cecc464545ba58e1ad24/library/std/src/panicking.rs:550:19
[INFO] [stdout]   29:     0x5fb4b1225523 - std::panic::catch_unwind::h6b3ff07bb5afad93
[INFO] [stdout]                                at /rustc/6067b36314ab5eb2eb47cecc464545ba58e1ad24/library/std/src/panic.rs:358:14
[INFO] [stdout]   30:     0x5fb4b1225523 - test::run_test_in_process::hc7253dd11b39b9f4
[INFO] [stdout]                                at /rustc/6067b36314ab5eb2eb47cecc464545ba58e1ad24/library/test/src/lib.rs:655:27
[INFO] [stdout]   31:     0x5fb4b1225523 - test::run_test::{{closure}}::hfb2007f8649c30bb
[INFO] [stdout]                                at /rustc/6067b36314ab5eb2eb47cecc464545ba58e1ad24/library/test/src/lib.rs:576:43
[INFO] [stdout]   32:     0x5fb4b11e8605 - test::run_test::{{closure}}::h56a17aa7a282a9f4
[INFO] [stdout]                                at /rustc/6067b36314ab5eb2eb47cecc464545ba58e1ad24/library/test/src/lib.rs:606:41
[INFO] [stdout]   33:     0x5fb4b11e8605 - std::sys::backtrace::__rust_begin_short_backtrace::hd2d2d2fb8e8c6aac
[INFO] [stdout]                                at /rustc/6067b36314ab5eb2eb47cecc464545ba58e1ad24/library/std/src/sys/backtrace.rs:152:18
[INFO] [stdout]   34:     0x5fb4b11ebeea - std::thread::Builder::spawn_unchecked_::{{closure}}::{{closure}}::h4faa3f9db6133423
[INFO] [stdout]                                at /rustc/6067b36314ab5eb2eb47cecc464545ba58e1ad24/library/std/src/thread/mod.rs:559:17
[INFO] [stdout]   35:     0x5fb4b11ebeea - <core::panic::unwind_safe::AssertUnwindSafe<F> as core::ops::function::FnOnce<()>>::call_once::hf2e855a36a4ea846
[INFO] [stdout]                                at /rustc/6067b36314ab5eb2eb47cecc464545ba58e1ad24/library/core/src/panic/unwind_safe.rs:272:9
[INFO] [stdout]   36:     0x5fb4b11ebeea - std::panicking::try::do_call::h2f73af3616c35465
[INFO] [stdout]                                at /rustc/6067b36314ab5eb2eb47cecc464545ba58e1ad24/library/std/src/panicking.rs:587:40
[INFO] [stdout]   37:     0x5fb4b11ebeea - std::panicking::try::hd1660ce9efadef5a
[INFO] [stdout]                                at /rustc/6067b36314ab5eb2eb47cecc464545ba58e1ad24/library/std/src/panicking.rs:550:19
[INFO] [stdout]   38:     0x5fb4b11ebeea - std::panic::catch_unwind::h5ee8d7823b8ca744
[INFO] [stdout]                                at /rustc/6067b36314ab5eb2eb47cecc464545ba58e1ad24/library/std/src/panic.rs:358:14
[INFO] [stdout]   39:     0x5fb4b11ebeea - std::thread::Builder::spawn_unchecked_::{{closure}}::h53c3a1894dce8407
[INFO] [stdout]                                at /rustc/6067b36314ab5eb2eb47cecc464545ba58e1ad24/library/std/src/thread/mod.rs:557:30
[INFO] [stdout]   40:     0x5fb4b11ebeea - core::ops::function::FnOnce::call_once{{vtable.shim}}::h048ce291ad4f62bf
[INFO] [stdout]                                at /rustc/6067b36314ab5eb2eb47cecc464545ba58e1ad24/library/core/src/ops/function.rs:250:5
[INFO] [stdout]   41:     0x5fb4b125cc8b - <alloc::boxed::Box<F,A> as core::ops::function::FnOnce<Args>>::call_once::ha52bedf99a3b4981
[INFO] [stdout]                                at /rustc/6067b36314ab5eb2eb47cecc464545ba58e1ad24/library/alloc/src/boxed.rs:2013:9
[INFO] [stdout]   42:     0x5fb4b125cc8b - <alloc::boxed::Box<F,A> as core::ops::function::FnOnce<Args>>::call_once::h567748934d80ccf8
[INFO] [stderr] error: test failed, to rerun pass `--lib`
[INFO] [stdout]                                at /rustc/6067b36314ab5eb2eb47cecc464545ba58e1ad24/library/alloc/src/boxed.rs:2013:9
[INFO] [stdout]   43:     0x5fb4b125cc8b - std::sys::pal::unix::thread::Thread::new::thread_start::h2d970728ae887adc
[INFO] [stdout]                                at /rustc/6067b36314ab5eb2eb47cecc464545ba58e1ad24/library/std/src/sys/pal/unix/thread.rs:106:17
[INFO] [stdout]   44:     0x72e313ba0ac3 - <unknown>
[INFO] [stdout]   45:     0x72e313c31a04 - clone
[INFO] [stdout]   46:                0x0 - <unknown>
[INFO] [stdout] 
[INFO] [stdout] ---- blockchain::consensus::tests::bc_3_verify_forked_chain stdout ----
[INFO] [stdout] 
[INFO] [stdout] thread 'blockchain::consensus::tests::bc_3_verify_forked_chain' panicked at src/blockchain/consensus.rs:113:5:
[INFO] [stdout] not yet implemented
[INFO] [stdout] stack backtrace:
[INFO] [stdout]    0:     0x5fb4b1256e3a - std::backtrace_rs::backtrace::libunwind::trace::hb059275cfc8d6126
[INFO] [stdout]                                at /rustc/6067b36314ab5eb2eb47cecc464545ba58e1ad24/library/std/src/../../backtrace/src/backtrace/libunwind.rs:116:5
[INFO] [stdout]    1:     0x5fb4b1256e3a - std::backtrace_rs::backtrace::trace_unsynchronized::h2da071e4327ce3ee
[INFO] [stdout]                                at /rustc/6067b36314ab5eb2eb47cecc464545ba58e1ad24/library/std/src/../../backtrace/src/backtrace/mod.rs:66:5
[INFO] [stdout]    2:     0x5fb4b1256e3a - std::sys::backtrace::_print_fmt::h842a1474e6f8d23f
[INFO] [stdout]                                at /rustc/6067b36314ab5eb2eb47cecc464545ba58e1ad24/library/std/src/sys/backtrace.rs:66:9
[INFO] [stdout]    3:     0x5fb4b1256e3a - <std::sys::backtrace::BacktraceLock::print::DisplayBacktrace as core::fmt::Display>::fmt::h71a62eb3b9696b12
[INFO] [stdout]                                at /rustc/6067b36314ab5eb2eb47cecc464545ba58e1ad24/library/std/src/sys/backtrace.rs:39:26
[INFO] [stdout]    4:     0x5fb4b127e853 - core::fmt::rt::Argument::fmt::hdb6b616786b41dc1
[INFO] [stdout]                                at /rustc/6067b36314ab5eb2eb47cecc464545ba58e1ad24/library/core/src/fmt/rt.rs:177:76
[INFO] [stdout]    5:     0x5fb4b127e853 - core::fmt::write::h2cc1698af7e2d686
[INFO] [stdout]                                at /rustc/6067b36314ab5eb2eb47cecc464545ba58e1ad24/library/core/src/fmt/mod.rs:1440:21
[INFO] [stdout]    6:     0x5fb4b1253993 - std::io::Write::write_fmt::hab1b4cd059a79022
[INFO] [stdout]                                at /rustc/6067b36314ab5eb2eb47cecc464545ba58e1ad24/library/std/src/io/mod.rs:1887:15
[INFO] [stdout]    7:     0x5fb4b1256c82 - std::sys::backtrace::BacktraceLock::print::h147fe35b4ea13b08
[INFO] [stdout]                                at /rustc/6067b36314ab5eb2eb47cecc464545ba58e1ad24/library/std/src/sys/backtrace.rs:42:9
[INFO] [stdout]    8:     0x5fb4b125825f - std::panicking::default_hook::{{closure}}::hbd44223dbdc0d208
[INFO] [stdout]                                at /rustc/6067b36314ab5eb2eb47cecc464545ba58e1ad24/library/std/src/panicking.rs:298:22
[INFO] [stdout]    9:     0x5fb4b1258078 - std::panicking::default_hook::h20f81eb0576efcec
[INFO] [stdout]                                at /rustc/6067b36314ab5eb2eb47cecc464545ba58e1ad24/library/std/src/panicking.rs:322:9
[INFO] [stdout]   10:     0x5fb4b1220e93 - <alloc::boxed::Box<F,A> as core::ops::function::Fn<Args>>::call::hdb53814c496a4d34
[INFO] [stdout]                                at /rustc/6067b36314ab5eb2eb47cecc464545ba58e1ad24/library/alloc/src/boxed.rs:2027:9
[INFO] [stdout]   11:     0x5fb4b1220e93 - test::test_main::{{closure}}::hc0a4963c59427c24
[INFO] [stdout]                                at /rustc/6067b36314ab5eb2eb47cecc464545ba58e1ad24/library/test/src/lib.rs:134:21
[INFO] [stdout]   12:     0x5fb4b1258d53 - <alloc::boxed::Box<F,A> as core::ops::function::Fn<Args>>::call::h591b2225413a77e9
[INFO] [stdout]                                at /rustc/6067b36314ab5eb2eb47cecc464545ba58e1ad24/library/alloc/src/boxed.rs:2027:9
[INFO] [stdout]   13:     0x5fb4b1258d53 - std::panicking::rust_panic_with_hook::h625eea43051b2edc
[INFO] [stdout]                                at /rustc/6067b36314ab5eb2eb47cecc464545ba58e1ad24/library/std/src/panicking.rs:839:13
[INFO] [stdout]   14:     0x5fb4b12589d6 - std::panicking::begin_panic_handler::{{closure}}::h4f9159cfbc3f6bd3
[INFO] [stdout]                                at /rustc/6067b36314ab5eb2eb47cecc464545ba58e1ad24/library/std/src/panicking.rs:697:13
[INFO] [stdout]   15:     0x5fb4b1257339 - std::sys::backtrace::__rust_end_short_backtrace::h0390abce48353151
[INFO] [stdout]                                at /rustc/6067b36314ab5eb2eb47cecc464545ba58e1ad24/library/std/src/sys/backtrace.rs:168:18
[INFO] [stdout]   16:     0x5fb4b125869d - rust_begin_unwind
[INFO] [stdout]                                at /rustc/6067b36314ab5eb2eb47cecc464545ba58e1ad24/library/std/src/panicking.rs:695:5
[INFO] [stdout]   17:     0x5fb4b127cf10 - core::panicking::panic_fmt::h9e7c637e9e5f29c9
[INFO] [stdout]                                at /rustc/6067b36314ab5eb2eb47cecc464545ba58e1ad24/library/core/src/panicking.rs:75:14
[INFO] [stdout]   18:     0x5fb4b127cf9c - core::panicking::panic::haa3255ea20181a33
[INFO] [stdout]                                at /rustc/6067b36314ab5eb2eb47cecc464545ba58e1ad24/library/core/src/panicking.rs:145:5
[INFO] [stdout]   19:     0x5fb4b11e50fd - ground_up_blockchain::blockchain::consensus::build_contentious_forked_chain::ha3f634149260b12f
[INFO] [stdout]                                at /opt/rustwide/workdir/src/blockchain/consensus.rs:113:5
[INFO] [stdout]   20:     0x5fb4b11d69a4 - ground_up_blockchain::blockchain::consensus::tests::bc_3_verify_forked_chain::hd35fbe1fa62a727a
[INFO] [stdout]                                at /opt/rustwide/workdir/src/blockchain/consensus.rs:316:35
[INFO] [stdout]   21:     0x5fb4b11d6977 - ground_up_blockchain::blockchain::consensus::tests::bc_3_verify_forked_chain::{{closure}}::h112abcc4249ed4dc
[INFO] [stdout]                                at /opt/rustwide/workdir/src/blockchain/consensus.rs:315:34
[INFO] [stdout]   22:     0x5fb4b11dbdc6 - core::ops::function::FnOnce::call_once::h45b60f7b099a0cda
[INFO] [stdout]                                at /rustc/6067b36314ab5eb2eb47cecc464545ba58e1ad24/library/core/src/ops/function.rs:250:5
[INFO] [stdout]   23:     0x5fb4b12265eb - core::ops::function::FnOnce::call_once::he27718dfdd183f43
[INFO] [stdout]                                at /rustc/6067b36314ab5eb2eb47cecc464545ba58e1ad24/library/core/src/ops/function.rs:250:5
[INFO] [stdout]   24:     0x5fb4b12265eb - test::__rust_begin_short_backtrace::h4e84902998457a5d
[INFO] [stdout]                                at /rustc/6067b36314ab5eb2eb47cecc464545ba58e1ad24/library/test/src/lib.rs:632:18
[INFO] [stdout]   25:     0x5fb4b1225523 - test::run_test_in_process::{{closure}}::h7176fd18fc1feca0
[INFO] [stdout]                                at /rustc/6067b36314ab5eb2eb47cecc464545ba58e1ad24/library/test/src/lib.rs:655:60
[INFO] [stdout]   26:     0x5fb4b1225523 - <core::panic::unwind_safe::AssertUnwindSafe<F> as core::ops::function::FnOnce<()>>::call_once::hf79cff2a624d8cf7
[INFO] [stdout]                                at /rustc/6067b36314ab5eb2eb47cecc464545ba58e1ad24/library/core/src/panic/unwind_safe.rs:272:9
[INFO] [stdout]   27:     0x5fb4b1225523 - std::panicking::try::do_call::h3da0561d9ab99c25
[INFO] [stdout]                                at /rustc/6067b36314ab5eb2eb47cecc464545ba58e1ad24/library/std/src/panicking.rs:587:40
[INFO] [stdout]   28:     0x5fb4b1225523 - std::panicking::try::h41c9fa508bc61df6
[INFO] [stdout]                                at /rustc/6067b36314ab5eb2eb47cecc464545ba58e1ad24/library/std/src/panicking.rs:550:19
[INFO] [stdout]   29:     0x5fb4b1225523 - std::panic::catch_unwind::h6b3ff07bb5afad93
[INFO] [stdout]                                at /rustc/6067b36314ab5eb2eb47cecc464545ba58e1ad24/library/std/src/panic.rs:358:14
[INFO] [stdout]   30:     0x5fb4b1225523 - test::run_test_in_process::hc7253dd11b39b9f4
[INFO] [stdout]                                at /rustc/6067b36314ab5eb2eb47cecc464545ba58e1ad24/library/test/src/lib.rs:655:27
[INFO] [stdout]   31:     0x5fb4b1225523 - test::run_test::{{closure}}::hfb2007f8649c30bb
[INFO] [stdout]                                at /rustc/6067b36314ab5eb2eb47cecc464545ba58e1ad24/library/test/src/lib.rs:576:43
[INFO] [stdout]   32:     0x5fb4b11e8605 - test::run_test::{{closure}}::h56a17aa7a282a9f4
[INFO] [stdout]                                at /rustc/6067b36314ab5eb2eb47cecc464545ba58e1ad24/library/test/src/lib.rs:606:41
[INFO] [stdout]   33:     0x5fb4b11e8605 - std::sys::backtrace::__rust_begin_short_backtrace::hd2d2d2fb8e8c6aac
[INFO] [stdout]                                at /rustc/6067b36314ab5eb2eb47cecc464545ba58e1ad24/library/std/src/sys/backtrace.rs:152:18
[INFO] [stdout]   34:     0x5fb4b11ebeea - std::thread::Builder::spawn_unchecked_::{{closure}}::{{closure}}::h4faa3f9db6133423
[INFO] [stdout]                                at /rustc/6067b36314ab5eb2eb47cecc464545ba58e1ad24/library/std/src/thread/mod.rs:559:17
[INFO] [stdout]   35:     0x5fb4b11ebeea - <core::panic::unwind_safe::AssertUnwindSafe<F> as core::ops::function::FnOnce<()>>::call_once::hf2e855a36a4ea846
[INFO] [stdout]                                at /rustc/6067b36314ab5eb2eb47cecc464545ba58e1ad24/library/core/src/panic/unwind_safe.rs:272:9
[INFO] [stdout]   36:     0x5fb4b11ebeea - std::panicking::try::do_call::h2f73af3616c35465
[INFO] [stdout]                                at /rustc/6067b36314ab5eb2eb47cecc464545ba58e1ad24/library/std/src/panicking.rs:587:40
[INFO] [stdout]   37:     0x5fb4b11ebeea - std::panicking::try::hd1660ce9efadef5a
[INFO] [stdout]                                at /rustc/6067b36314ab5eb2eb47cecc464545ba58e1ad24/library/std/src/panicking.rs:550:19
[INFO] [stdout]   38:     0x5fb4b11ebeea - std::panic::catch_unwind::h5ee8d7823b8ca744
[INFO] [stdout]                                at /rustc/6067b36314ab5eb2eb47cecc464545ba58e1ad24/library/std/src/panic.rs:358:14
[INFO] [stdout]   39:     0x5fb4b11ebeea - std::thread::Builder::spawn_unchecked_::{{closure}}::h53c3a1894dce8407
[INFO] [stdout]                                at /rustc/6067b36314ab5eb2eb47cecc464545ba58e1ad24/library/std/src/thread/mod.rs:557:30
[INFO] [stdout]   40:     0x5fb4b11ebeea - core::ops::function::FnOnce::call_once{{vtable.shim}}::h048ce291ad4f62bf
[INFO] [stdout]                                at /rustc/6067b36314ab5eb2eb47cecc464545ba58e1ad24/library/core/src/ops/function.rs:250:5
[INFO] [stdout]   41:     0x5fb4b125cc8b - <alloc::boxed::Box<F,A> as core::ops::function::FnOnce<Args>>::call_once::ha52bedf99a3b4981
[INFO] [stdout]                                at /rustc/6067b36314ab5eb2eb47cecc464545ba58e1ad24/library/alloc/src/boxed.rs:2013:9
[INFO] [stdout]   42:     0x5fb4b125cc8b - <alloc::boxed::Box<F,A> as core::ops::function::FnOnce<Args>>::call_once::h567748934d80ccf8
[INFO] [stdout]                                at /rustc/6067b36314ab5eb2eb47cecc464545ba58e1ad24/library/alloc/src/boxed.rs:2013:9
[INFO] [stdout]   43:     0x5fb4b125cc8b - std::sys::pal::unix::thread::Thread::new::thread_start::h2d970728ae887adc
[INFO] [stdout]                                at /rustc/6067b36314ab5eb2eb47cecc464545ba58e1ad24/library/std/src/sys/pal/unix/thread.rs:106:17
[INFO] [stdout]   44:     0x72e313ba0ac3 - <unknown>
[INFO] [stdout]   45:     0x72e313c31a04 - clone
[INFO] [stdout]   46:                0x0 - <unknown>
[INFO] [stdout] 
[INFO] [stdout] ---- state_machine::utxo_currency::tests::sm_5_spending_from_charlie_to_all stdout ----
[INFO] [stdout] 
[INFO] [stdout] thread 'state_machine::utxo_currency::tests::sm_5_spending_from_charlie_to_all' panicked at src/state_machine/utxo_currency.rs:728:9:
[INFO] [stdout] assertion `left == right` failed
[INFO] [stdout]   left: State { bills: {Bill { owner: Charlie, amount: 68, serial: 54 }, Bill { owner: Alice, amount: 4000, serial: 58 }}, next_serial: 59 }
[INFO] [stdout]  right: State { bills: {Bill { owner: Bob, amount: 5, serial: 60 }, Bill { owner: Charlie, amount: 5, serial: 61 }, Bill { owner: Alice, amount: 4000, serial: 58 }, Bill { owner: Alice, amount: 42, serial: 59 }}, next_serial: 62 }
[INFO] [stdout] stack backtrace:
[INFO] [stdout]    0:     0x5fb4b1256e3a - std::backtrace_rs::backtrace::libunwind::trace::hb059275cfc8d6126
[INFO] [stdout]                                at /rustc/6067b36314ab5eb2eb47cecc464545ba58e1ad24/library/std/src/../../backtrace/src/backtrace/libunwind.rs:116:5
[INFO] [stdout]    1:     0x5fb4b1256e3a - std::backtrace_rs::backtrace::trace_unsynchronized::h2da071e4327ce3ee
[INFO] [stdout]                                at /rustc/6067b36314ab5eb2eb47cecc464545ba58e1ad24/library/std/src/../../backtrace/src/backtrace/mod.rs:66:5
[INFO] [stdout]    2:     0x5fb4b1256e3a - std::sys::backtrace::_print_fmt::h842a1474e6f8d23f
[INFO] [stdout]                                at /rustc/6067b36314ab5eb2eb47cecc464545ba58e1ad24/library/std/src/sys/backtrace.rs:66:9
[INFO] [stdout]    3:     0x5fb4b1256e3a - <std::sys::backtrace::BacktraceLock::print::DisplayBacktrace as core::fmt::Display>::fmt::h71a62eb3b9696b12
[INFO] [stdout]                                at /rustc/6067b36314ab5eb2eb47cecc464545ba58e1ad24/library/std/src/sys/backtrace.rs:39:26
[INFO] [stdout]    4:     0x5fb4b127e853 - core::fmt::rt::Argument::fmt::hdb6b616786b41dc1
[INFO] [stdout]                                at /rustc/6067b36314ab5eb2eb47cecc464545ba58e1ad24/library/core/src/fmt/rt.rs:177:76
[INFO] [stdout]    5:     0x5fb4b127e853 - core::fmt::write::h2cc1698af7e2d686
[INFO] [stdout]                                at /rustc/6067b36314ab5eb2eb47cecc464545ba58e1ad24/library/core/src/fmt/mod.rs:1440:21
[INFO] [stdout]    6:     0x5fb4b1253993 - std::io::Write::write_fmt::hab1b4cd059a79022
[INFO] [stdout]                                at /rustc/6067b36314ab5eb2eb47cecc464545ba58e1ad24/library/std/src/io/mod.rs:1887:15
[INFO] [stdout]    7:     0x5fb4b1256c82 - std::sys::backtrace::BacktraceLock::print::h147fe35b4ea13b08
[INFO] [stdout]                                at /rustc/6067b36314ab5eb2eb47cecc464545ba58e1ad24/library/std/src/sys/backtrace.rs:42:9
[INFO] [stdout]    8:     0x5fb4b125825f - std::panicking::default_hook::{{closure}}::hbd44223dbdc0d208
[INFO] [stdout]                                at /rustc/6067b36314ab5eb2eb47cecc464545ba58e1ad24/library/std/src/panicking.rs:298:22
[INFO] [stdout]    9:     0x5fb4b1258078 - std::panicking::default_hook::h20f81eb0576efcec
[INFO] [stdout]                                at /rustc/6067b36314ab5eb2eb47cecc464545ba58e1ad24/library/std/src/panicking.rs:322:9
[INFO] [stdout]   10:     0x5fb4b1220e93 - <alloc::boxed::Box<F,A> as core::ops::function::Fn<Args>>::call::hdb53814c496a4d34
[INFO] [stdout]                                at /rustc/6067b36314ab5eb2eb47cecc464545ba58e1ad24/library/alloc/src/boxed.rs:2027:9
[INFO] [stdout]   11:     0x5fb4b1220e93 - test::test_main::{{closure}}::hc0a4963c59427c24
[INFO] [stdout]                                at /rustc/6067b36314ab5eb2eb47cecc464545ba58e1ad24/library/test/src/lib.rs:134:21
[INFO] [stdout]   12:     0x5fb4b1258d53 - <alloc::boxed::Box<F,A> as core::ops::function::Fn<Args>>::call::h591b2225413a77e9
[INFO] [stdout]                                at /rustc/6067b36314ab5eb2eb47cecc464545ba58e1ad24/library/alloc/src/boxed.rs:2027:9
[INFO] [stdout]   13:     0x5fb4b1258d53 - std::panicking::rust_panic_with_hook::h625eea43051b2edc
[INFO] [stdout]                                at /rustc/6067b36314ab5eb2eb47cecc464545ba58e1ad24/library/std/src/panicking.rs:839:13
[INFO] [stdout]   14:     0x5fb4b1258a0a - std::panicking::begin_panic_handler::{{closure}}::h4f9159cfbc3f6bd3
[INFO] [stdout]                                at /rustc/6067b36314ab5eb2eb47cecc464545ba58e1ad24/library/std/src/panicking.rs:704:13
[INFO] [stdout]   15:     0x5fb4b1257339 - std::sys::backtrace::__rust_end_short_backtrace::h0390abce48353151
[INFO] [stdout]                                at /rustc/6067b36314ab5eb2eb47cecc464545ba58e1ad24/library/std/src/sys/backtrace.rs:168:18
[INFO] [stdout]   16:     0x5fb4b125869d - rust_begin_unwind
[INFO] [stdout]                                at /rustc/6067b36314ab5eb2eb47cecc464545ba58e1ad24/library/std/src/panicking.rs:695:5
[INFO] [stdout]   17:     0x5fb4b127cf10 - core::panicking::panic_fmt::h9e7c637e9e5f29c9
[INFO] [stdout]                                at /rustc/6067b36314ab5eb2eb47cecc464545ba58e1ad24/library/core/src/panicking.rs:75:14
[INFO] [stdout]   18:     0x5fb4b127d2d2 - core::panicking::assert_failed_inner::h538bec7c1374cd9c
[INFO] [stdout]   19:     0x5fb4b11e3504 - core::panicking::assert_failed::hada3a1873001d75b
[INFO] [stdout]                                at /rustc/6067b36314ab5eb2eb47cecc464545ba58e1ad24/library/core/src/panicking.rs:364:5
[INFO] [stdout]   20:     0x5fb4b11d00ad - ground_up_blockchain::state_machine::utxo_currency::tests::sm_5_spending_from_charlie_to_all::hd1da5b8277f89f8a
[INFO] [stdout]                                at /opt/rustwide/workdir/src/state_machine/utxo_currency.rs:728:9
[INFO] [stdout]   21:     0x5fb4b11cfb07 - ground_up_blockchain::state_machine::utxo_currency::tests::sm_5_spending_from_charlie_to_all::{{closure}}::hdeb236a2ab4f2755
[INFO] [stdout]                                at /opt/rustwide/workdir/src/state_machine/utxo_currency.rs:664:43
[INFO] [stdout]   22:     0x5fb4b11dc246 - core::ops::function::FnOnce::call_once::h64cf92373bb49396
[INFO] [stdout]                                at /rustc/6067b36314ab5eb2eb47cecc464545ba58e1ad24/library/core/src/ops/function.rs:250:5
[INFO] [stdout]   23:     0x5fb4b12265eb - core::ops::function::FnOnce::call_once::he27718dfdd183f43
[INFO] [stdout]                                at /rustc/6067b36314ab5eb2eb47cecc464545ba58e1ad24/library/core/src/ops/function.rs:250:5
[INFO] [stdout]   24:     0x5fb4b12265eb - test::__rust_begin_short_backtrace::h4e84902998457a5d
[INFO] [stdout]                                at /rustc/6067b36314ab5eb2eb47cecc464545ba58e1ad24/library/test/src/lib.rs:632:18
[INFO] [stdout]   25:     0x5fb4b1225523 - test::run_test_in_process::{{closure}}::h7176fd18fc1feca0
[INFO] [stdout]                                at /rustc/6067b36314ab5eb2eb47cecc464545ba58e1ad24/library/test/src/lib.rs:655:60
[INFO] [stdout]   26:     0x5fb4b1225523 - <core::panic::unwind_safe::AssertUnwindSafe<F> as core::ops::function::FnOnce<()>>::call_once::hf79cff2a624d8cf7
[INFO] [stdout]                                at /rustc/6067b36314ab5eb2eb47cecc464545ba58e1ad24/library/core/src/panic/unwind_safe.rs:272:9
[INFO] [stdout]   27:     0x5fb4b1225523 - std::panicking::try::do_call::h3da0561d9ab99c25
[INFO] [stdout]                                at /rustc/6067b36314ab5eb2eb47cecc464545ba58e1ad24/library/std/src/panicking.rs:587:40
[INFO] [stdout]   28:     0x5fb4b1225523 - std::panicking::try::h41c9fa508bc61df6
[INFO] [stdout]                                at /rustc/6067b36314ab5eb2eb47cecc464545ba58e1ad24/library/std/src/panicking.rs:550:19
[INFO] [stdout]   29:     0x5fb4b1225523 - std::panic::catch_unwind::h6b3ff07bb5afad93
[INFO] [stdout]                                at /rustc/6067b36314ab5eb2eb47cecc464545ba58e1ad24/library/std/src/panic.rs:358:14
[INFO] [stdout]   30:     0x5fb4b1225523 - test::run_test_in_process::hc7253dd11b39b9f4
[INFO] [stdout]                                at /rustc/6067b36314ab5eb2eb47cecc464545ba58e1ad24/library/test/src/lib.rs:655:27
[INFO] [stdout]   31:     0x5fb4b1225523 - test::run_test::{{closure}}::hfb2007f8649c30bb
[INFO] [stdout]                                at /rustc/6067b36314ab5eb2eb47cecc464545ba58e1ad24/library/test/src/lib.rs:576:43
[INFO] [stdout]   32:     0x5fb4b11e8605 - test::run_test::{{closure}}::h56a17aa7a282a9f4
[INFO] [stdout]                                at /rustc/6067b36314ab5eb2eb47cecc464545ba58e1ad24/library/test/src/lib.rs:606:41
[INFO] [stdout]   33:     0x5fb4b11e8605 - std::sys::backtrace::__rust_begin_short_backtrace::hd2d2d2fb8e8c6aac
[INFO] [stdout]                                at /rustc/6067b36314ab5eb2eb47cecc464545ba58e1ad24/library/std/src/sys/backtrace.rs:152:18
[INFO] [stdout]   34:     0x5fb4b11ebeea - std::thread::Builder::spawn_unchecked_::{{closure}}::{{closure}}::h4faa3f9db6133423
[INFO] [stdout]                                at /rustc/6067b36314ab5eb2eb47cecc464545ba58e1ad24/library/std/src/thread/mod.rs:559:17
[INFO] [stdout]   35:     0x5fb4b11ebeea - <core::panic::unwind_safe::AssertUnwindSafe<F> as core::ops::function::FnOnce<()>>::call_once::hf2e855a36a4ea846
[INFO] [stdout]                                at /rustc/6067b36314ab5eb2eb47cecc464545ba58e1ad24/library/core/src/panic/unwind_safe.rs:272:9
[INFO] [stdout]   36:     0x5fb4b11ebeea - std::panicking::try::do_call::h2f73af3616c35465
[INFO] [stdout]                                at /rustc/6067b36314ab5eb2eb47cecc464545ba58e1ad24/library/std/src/panicking.rs:587:40
[INFO] [stdout]   37:     0x5fb4b11ebeea - std::panicking::try::hd1660ce9efadef5a
[INFO] [stdout]                                at /rustc/6067b36314ab5eb2eb47cecc464545ba58e1ad24/library/std/src/panicking.rs:550:19
[INFO] [stdout]   38:     0x5fb4b11ebeea - std::panic::catch_unwind::h5ee8d7823b8ca744
[INFO] [stdout]                                at /rustc/6067b36314ab5eb2eb47cecc464545ba58e1ad24/library/std/src/panic.rs:358:14
[INFO] [stdout]   39:     0x5fb4b11ebeea - std::thread::Builder::spawn_unchecked_::{{closure}}::h53c3a1894dce8407
[INFO] [stdout]                                at /rustc/6067b36314ab5eb2eb47cecc464545ba58e1ad24/library/std/src/thread/mod.rs:557:30
[INFO] [stdout]   40:     0x5fb4b11ebeea - core::ops::function::FnOnce::call_once{{vtable.shim}}::h048ce291ad4f62bf
[INFO] [stdout]                                at /rustc/6067b36314ab5eb2eb47cecc464545ba58e1ad24/library/core/src/ops/function.rs:250:5
[INFO] [stdout]   41:     0x5fb4b125cc8b - <alloc::boxed::Box<F,A> as core::ops::function::FnOnce<Args>>::call_once::ha52bedf99a3b4981
[INFO] [stdout]                                at /rustc/6067b36314ab5eb2eb47cecc464545ba58e1ad24/library/alloc/src/boxed.rs:2013:9
[INFO] [stdout]   42:     0x5fb4b125cc8b - <alloc::boxed::Box<F,A> as core::ops::function::FnOnce<Args>>::call_once::h567748934d80ccf8
[INFO] [stdout]                                at /rustc/6067b36314ab5eb2eb47cecc464545ba58e1ad24/library/alloc/src/boxed.rs:2013:9
[INFO] [stdout]   43:     0x5fb4b125cc8b - std::sys::pal::unix::thread::Thread::new::thread_start::h2d970728ae887adc
[INFO] [stdout]                                at /rustc/6067b36314ab5eb2eb47cecc464545ba58e1ad24/library/std/src/sys/pal/unix/thread.rs:106:17
[INFO] [stdout]   44:     0x72e313ba0ac3 - <unknown>
[INFO] [stdout]   45:     0x72e313c31a04 - clone
[INFO] [stdout]   46:                0x0 - <unknown>
[INFO] [stdout] 
[INFO] [stdout] ---- state_machine::utxo_currency::tests::sm_5_spending_from_bob_to_all stdout ----
[INFO] [stdout] 
[INFO] [stdout] thread 'state_machine::utxo_currency::tests::sm_5_spending_from_bob_to_all' panicked at src/state_machine/utxo_currency.rs:660:9:
[INFO] [stdout] assertion `left == right` failed
[INFO] [stdout]   left: State { bills: {Bill { owner: Bob, amount: 42, serial: 0 }}, next_serial: 1 }
[INFO] [stdout]  right: State { bills: {Bill { owner: Alice, amount: 10, serial: 1 }, Bill { owner: Bob, amount: 10, serial: 2 }, Bill { owner: Charlie, amount: 22, serial: 3 }}, next_serial: 4 }
[INFO] [stdout] stack backtrace:
[INFO] [stdout]    0:     0x5fb4b1256e3a - std::backtrace_rs::backtrace::libunwind::trace::hb059275cfc8d6126
[INFO] [stdout]                                at /rustc/6067b36314ab5eb2eb47cecc464545ba58e1ad24/library/std/src/../../backtrace/src/backtrace/libunwind.rs:116:5
[INFO] [stdout]    1:     0x5fb4b1256e3a - std::backtrace_rs::backtrace::trace_unsynchronized::h2da071e4327ce3ee
[INFO] [stdout]                                at /rustc/6067b36314ab5eb2eb47cecc464545ba58e1ad24/library/std/src/../../backtrace/src/backtrace/mod.rs:66:5
[INFO] [stdout]    2:     0x5fb4b1256e3a - std::sys::backtrace::_print_fmt::h842a1474e6f8d23f
[INFO] [stdout]                                at /rustc/6067b36314ab5eb2eb47cecc464545ba58e1ad24/library/std/src/sys/backtrace.rs:66:9
[INFO] [stdout]    3:     0x5fb4b1256e3a - <std::sys::backtrace::BacktraceLock::print::DisplayBacktrace as core::fmt::Display>::fmt::h71a62eb3b9696b12
[INFO] [stdout]                                at /rustc/6067b36314ab5eb2eb47cecc464545ba58e1ad24/library/std/src/sys/backtrace.rs:39:26
[INFO] [stdout]    4:     0x5fb4b127e853 - core::fmt::rt::Argument::fmt::hdb6b616786b41dc1
[INFO] [stdout]                                at /rustc/6067b36314ab5eb2eb47cecc464545ba58e1ad24/library/core/src/fmt/rt.rs:177:76
[INFO] [stdout]    5:     0x5fb4b127e853 - core::fmt::write::h2cc1698af7e2d686
[INFO] [stdout]                                at /rustc/6067b36314ab5eb2eb47cecc464545ba58e1ad24/library/core/src/fmt/mod.rs:1440:21
[INFO] [stdout]    6:     0x5fb4b1253993 - std::io::Write::write_fmt::hab1b4cd059a79022
[INFO] [stdout]                                at /rustc/6067b36314ab5eb2eb47cecc464545ba58e1ad24/library/std/src/io/mod.rs:1887:15
[INFO] [stdout]    7:     0x5fb4b1256c82 - std::sys::backtrace::BacktraceLock::print::h147fe35b4ea13b08
[INFO] [stdout]                                at /rustc/6067b36314ab5eb2eb47cecc464545ba58e1ad24/library/std/src/sys/backtrace.rs:42:9
[INFO] [stdout]    8:     0x5fb4b125825f - std::panicking::default_hook::{{closure}}::hbd44223dbdc0d208
[INFO] [stdout]                                at /rustc/6067b36314ab5eb2eb47cecc464545ba58e1ad24/library/std/src/panicking.rs:298:22
[INFO] [stdout]    9:     0x5fb4b1258078 - std::panicking::default_hook::h20f81eb0576efcec
[INFO] [stdout]                                at /rustc/6067b36314ab5eb2eb47cecc464545ba58e1ad24/library/std/src/panicking.rs:322:9
[INFO] [stdout]   10:     0x5fb4b1220e93 - <alloc::boxed::Box<F,A> as core::ops::function::Fn<Args>>::call::hdb53814c496a4d34
[INFO] [stdout]                                at /rustc/6067b36314ab5eb2eb47cecc464545ba58e1ad24/library/alloc/src/boxed.rs:2027:9
[INFO] [stdout]   11:     0x5fb4b1220e93 - test::test_main::{{closure}}::hc0a4963c59427c24
[INFO] [stdout]                                at /rustc/6067b36314ab5eb2eb47cecc464545ba58e1ad24/library/test/src/lib.rs:134:21
[INFO] [stdout]   12:     0x5fb4b1258d53 - <alloc::boxed::Box<F,A> as core::ops::function::Fn<Args>>::call::h591b2225413a77e9
[INFO] [stdout]                                at /rustc/6067b36314ab5eb2eb47cecc464545ba58e1ad24/library/alloc/src/boxed.rs:2027:9
[INFO] [stdout]   13:     0x5fb4b1258d53 - std::panicking::rust_panic_with_hook::h625eea43051b2edc
[INFO] [stdout]                                at /rustc/6067b36314ab5eb2eb47cecc464545ba58e1ad24/library/std/src/panicking.rs:839:13
[INFO] [stdout]   14:     0x5fb4b1258a0a - std::panicking::begin_panic_handler::{{closure}}::h4f9159cfbc3f6bd3
[INFO] [stdout]                                at /rustc/6067b36314ab5eb2eb47cecc464545ba58e1ad24/library/std/src/panicking.rs:704:13
[INFO] [stdout]   15:     0x5fb4b1257339 - std::sys::backtrace::__rust_end_short_backtrace::h0390abce48353151
[INFO] [stdout]                                at /rustc/6067b36314ab5eb2eb47cecc464545ba58e1ad24/library/std/src/sys/backtrace.rs:168:18
[INFO] [stdout]   16:     0x5fb4b125869d - rust_begin_unwind
[INFO] [stdout]                                at /rustc/6067b36314ab5eb2eb47cecc464545ba58e1ad24/library/std/src/panicking.rs:695:5
[INFO] [stdout]   17:     0x5fb4b127cf10 - core::panicking::panic_fmt::h9e7c637e9e5f29c9
[INFO] [stdout]                                at /rustc/6067b36314ab5eb2eb47cecc464545ba58e1ad24/library/core/src/panicking.rs:75:14
[INFO] [stdout]   18:     0x5fb4b127d2d2 - core::panicking::assert_failed_inner::h538bec7c1374cd9c
[INFO] [stdout]   19:     0x5fb4b11e3504 - core::panicking::assert_failed::hada3a1873001d75b
[INFO] [stdout]                                at /rustc/6067b36314ab5eb2eb47cecc464545ba58e1ad24/library/core/src/panicking.rs:364:5
[INFO] [stdout]   20:     0x5fb4b11cfa9f - ground_up_blockchain::state_machine::utxo_currency::tests::sm_5_spending_from_bob_to_all::h8a2cf57f35d60dd1
[INFO] [stdout]                                at /opt/rustwide/workdir/src/state_machine/utxo_currency.rs:660:9
[INFO] [stdout]   21:     0x5fb4b11cf5b7 - ground_up_blockchain::state_machine::utxo_currency::tests::sm_5_spending_from_bob_to_all::{{closure}}::h815a8a3ebd95ba13
[INFO] [stdout]                                at /opt/rustwide/workdir/src/state_machine/utxo_currency.rs:609:39
[INFO] [stdout]   22:     0x5fb4b11db7c6 - core::ops::function::FnOnce::call_once::h1ac231b64b6ab7d7
[INFO] [stdout]                                at /rustc/6067b36314ab5eb2eb47cecc464545ba58e1ad24/library/core/src/ops/function.rs:250:5
[INFO] [stdout]   23:     0x5fb4b12265eb - core::ops::function::FnOnce::call_once::he27718dfdd183f43
[INFO] [stdout]                                at /rustc/6067b36314ab5eb2eb47cecc464545ba58e1ad24/library/core/src/ops/function.rs:250:5
[INFO] [stdout]   24:     0x5fb4b12265eb - test::__rust_begin_short_backtrace::h4e84902998457a5d
[INFO] [stdout]                                at /rustc/6067b36314ab5eb2eb47cecc464545ba58e1ad24/library/test/src/lib.rs:632:18
[INFO] [stdout]   25:     0x5fb4b1225523 - test::run_test_in_process::{{closure}}::h7176fd18fc1feca0
[INFO] [stdout]                                at /rustc/6067b36314ab5eb2eb47cecc464545ba58e1ad24/library/test/src/lib.rs:655:60
[INFO] [stdout]   26:     0x5fb4b1225523 - <core::panic::unwind_safe::AssertUnwindSafe<F> as core::ops::function::FnOnce<()>>::call_once::hf79cff2a624d8cf7
[INFO] [stdout]                                at /rustc/6067b36314ab5eb2eb47cecc464545ba58e1ad24/library/core/src/panic/unwind_safe.rs:272:9
[INFO] [stdout]   27:     0x5fb4b1225523 - std::panicking::try::do_call::h3da0561d9ab99c25
[INFO] [stdout]                                at /rustc/6067b36314ab5eb2eb47cecc464545ba58e1ad24/library/std/src/panicking.rs:587:40
[INFO] [stdout]   28:     0x5fb4b1225523 - std::panicking::try::h41c9fa508bc61df6
[INFO] [stdout]                                at /rustc/6067b36314ab5eb2eb47cecc464545ba58e1ad24/library/std/src/panicking.rs:550:19
[INFO] [stdout]   29:     0x5fb4b1225523 - std::panic::catch_unwind::h6b3ff07bb5afad93
[INFO] [stdout]                                at /rustc/6067b36314ab5eb2eb47cecc464545ba58e1ad24/library/std/src/panic.rs:358:14
[INFO] [stdout]   30:     0x5fb4b1225523 - test::run_test_in_process::hc7253dd11b39b9f4
[INFO] [stdout]                                at /rustc/6067b36314ab5eb2eb47cecc464545ba58e1ad24/library/test/src/lib.rs:655:27
[INFO] [stdout]   31:     0x5fb4b1225523 - test::run_test::{{closure}}::hfb2007f8649c30bb
[INFO] [stdout]                                at /rustc/6067b36314ab5eb2eb47cecc464545ba58e1ad24/library/test/src/lib.rs:576:43
[INFO] [stdout]   32:     0x5fb4b11e8605 - test::run_test::{{closure}}::h56a17aa7a282a9f4
[INFO] [stdout]                                at /rustc/6067b36314ab5eb2eb47cecc464545ba58e1ad24/library/test/src/lib.rs:606:41
[INFO] [stdout]   33:     0x5fb4b11e8605 - std::sys::backtrace::__rust_begin_short_backtrace::hd2d2d2fb8e8c6aac
[INFO] [stdout]                                at /rustc/6067b36314ab5eb2eb47cecc464545ba58e1ad24/library/std/src/sys/backtrace.rs:152:18
[INFO] [stdout]   34:     0x5fb4b11ebeea - std::thread::Builder::spawn_unchecked_::{{closure}}::{{closure}}::h4faa3f9db6133423
[INFO] [stdout]                                at /rustc/6067b36314ab5eb2eb47cecc464545ba58e1ad24/library/std/src/thread/mod.rs:559:17
[INFO] [stdout]   35:     0x5fb4b11ebeea - <core::panic::unwind_safe::AssertUnwindSafe<F> as core::ops::function::FnOnce<()>>::call_once::hf2e855a36a4ea846
[INFO] [stdout]                                at /rustc/6067b36314ab5eb2eb47cecc464545ba58e1ad24/library/core/src/panic/unwind_safe.rs:272:9
[INFO] [stdout]   36:     0x5fb4b11ebeea - std::panicking::try::do_call::h2f73af3616c35465
[INFO] [stdout]                                at /rustc/6067b36314ab5eb2eb47cecc464545ba58e1ad24/library/std/src/panicking.rs:587:40
[INFO] [stdout]   37:     0x5fb4b11ebeea - std::panicking::try::hd1660ce9efadef5a
[INFO] [stdout]                                at /rustc/6067b36314ab5eb2eb47cecc464545ba58e1ad24/library/std/src/panicking.rs:550:19
[INFO] [stdout]   38:     0x5fb4b11ebeea - std::panic::catch_unwind::h5ee8d7823b8ca744
[INFO] [stdout]                                at /rustc/6067b36314ab5eb2eb47cecc464545ba58e1ad24/library/std/src/panic.rs:358:14
[INFO] [stdout]   39:     0x5fb4b11ebeea - std::thread::Builder::spawn_unchecked_::{{closure}}::h53c3a1894dce8407
[INFO] [stdout]                                at /rustc/6067b36314ab5eb2eb47cecc464545ba58e1ad24/library/std/src/thread/mod.rs:557:30
[INFO] [stdout]   40:     0x5fb4b11ebeea - core::ops::function::FnOnce::call_once{{vtable.shim}}::h048ce291ad4f62bf
[INFO] [stdout]                                at /rustc/6067b36314ab5eb2eb47cecc464545ba58e1ad24/library/core/src/ops/function.rs:250:5
[INFO] [stdout]   41:     0x5fb4b125cc8b - <alloc::boxed::Box<F,A> as core::ops::function::FnOnce<Args>>::call_once::ha52bedf99a3b4981
[INFO] [stdout]                                at /rustc/6067b36314ab5eb2eb47cecc464545ba58e1ad24/library/alloc/src/boxed.rs:2013:9
[INFO] [stdout]   42:     0x5fb4b125cc8b - <alloc::boxed::Box<F,A> as core::ops::function::FnOnce<Args>>::call_once::h567748934d80ccf8
[INFO] [stdout]                                at /rustc/6067b36314ab5eb2eb47cecc464545ba58e1ad24/library/alloc/src/boxed.rs:2013:9
[INFO] [stdout]   43:     0x5fb4b125cc8b - std::sys::pal::unix::thread::Thread::new::thread_start::h2d970728ae887adc
[INFO] [stdout]                                at /rustc/6067b36314ab5eb2eb47cecc464545ba58e1ad24/library/std/src/sys/pal/unix/thread.rs:106:17
[INFO] [stdout]   44:     0x72e313ba0ac3 - <unknown>
[INFO] [stdout]   45:     0x72e313c31a04 - clone
[INFO] [stdout]   46:                0x0 - <unknown>
[INFO] [stdout] 
[INFO] [stdout] 
[INFO] [stdout] failures:
[INFO] [stdout]     blockchain::consensus::tests::bc_3_verify_forked_chain
[INFO] [stdout]     state_machine::utxo_currency::tests::sm_5_spending_from_alice_to_all
[INFO] [stdout]     state_machine::utxo_currency::tests::sm_5_spending_from_bob_to_all
[INFO] [stdout]     state_machine::utxo_currency::tests::sm_5_spending_from_charlie_to_all
[INFO] [stdout] 
[INFO] [stdout] test result: FAILED. 112 passed; 4 failed; 0 ignored; 0 measured; 0 filtered out; finished in 0.05s
[INFO] [stdout] 
[INFO] running `Command { std: "docker" "inspect" "b4d0bab3190cb53b431bb3d2cd8fd48040eaadfd287992303c07fd55a41e8d0e", kill_on_drop: false }`
[INFO] running `Command { std: "docker" "rm" "-f" "b4d0bab3190cb53b431bb3d2cd8fd48040eaadfd287992303c07fd55a41e8d0e", kill_on_drop: false }`
[INFO] [stdout] b4d0bab3190cb53b431bb3d2cd8fd48040eaadfd287992303c07fd55a41e8d0e
