[INFO] cloning repository https://github.com/AlParisi/rsultimaclone
[INFO] running `Command { std: "git" "-c" "credential.helper=" "-c" "credential.helper=/workspace/cargo-home/bin/git-credential-null" "clone" "--bare" "https://github.com/AlParisi/rsultimaclone" "/workspace/cache/git-repos/https%3A%2F%2Fgithub.com%2FAlParisi%2Frsultimaclone", kill_on_drop: false }`
[INFO] [stderr] Cloning into bare repository '/workspace/cache/git-repos/https%3A%2F%2Fgithub.com%2FAlParisi%2Frsultimaclone'...
[INFO] running `Command { std: "git" "rev-parse" "HEAD", kill_on_drop: false }`
[INFO] [stdout] 00747678309ffba18b3e6044805bc59bad0e712f
[INFO] testing AlParisi/rsultimaclone against nightly-2025-01-18+rustflags=-Zrandomize-layout for randomize-layout-2
[INFO] running `Command { std: "git" "clone" "/workspace/cache/git-repos/https%3A%2F%2Fgithub.com%2FAlParisi%2Frsultimaclone" "/workspace/builds/worker-0-tc2/source", kill_on_drop: false }`
[INFO] [stderr] Cloning into '/workspace/builds/worker-0-tc2/source'...
[INFO] [stderr] done.
[INFO] validating manifest of git repo https://github.com/AlParisi/rsultimaclone on toolchain nightly-2025-01-18
[INFO] running `Command { std: CARGO_HOME="/workspace/cargo-home" RUSTUP_HOME="/workspace/rustup-home" "/workspace/cargo-home/bin/cargo" "+nightly-2025-01-18" "metadata" "--manifest-path" "Cargo.toml" "--no-deps", kill_on_drop: false }`
[INFO] started tweaking git repo https://github.com/AlParisi/rsultimaclone
[INFO] finished tweaking git repo https://github.com/AlParisi/rsultimaclone
[INFO] tweaked toml for git repo https://github.com/AlParisi/rsultimaclone written to /workspace/builds/worker-0-tc2/source/Cargo.toml
[INFO] crate git repo https://github.com/AlParisi/rsultimaclone already has a lockfile, it will not be regenerated
[INFO] running `Command { std: CARGO_HOME="/workspace/cargo-home" RUSTUP_HOME="/workspace/rustup-home" "/workspace/cargo-home/bin/cargo" "+nightly-2025-01-18" "fetch" "--manifest-path" "Cargo.toml", kill_on_drop: false }`
[INFO] running `Command { std: "docker" "create" "-v" "/var/lib/crater-agent-workspace/builds/worker-0-tc2/target:/opt/rustwide/target:rw,Z" "-v" "/var/lib/crater-agent-workspace/builds/worker-0-tc2/source:/opt/rustwide/workdir:ro,Z" "-v" "/var/lib/crater-agent-workspace/cargo-home:/opt/rustwide/cargo-home:ro,Z" "-v" "/var/lib/crater-agent-workspace/rustup-home:/opt/rustwide/rustup-home:ro,Z" "-e" "SOURCE_DIR=/opt/rustwide/workdir" "-e" "CARGO_TARGET_DIR=/opt/rustwide/target" "-e" "CARGO_HOME=/opt/rustwide/cargo-home" "-e" "RUSTUP_HOME=/opt/rustwide/rustup-home" "-w" "/opt/rustwide/workdir" "-m" "1610612736" "--user" "0:0" "--network" "none" "ghcr.io/rust-lang/crates-build-env/linux@sha256:819108c5571ea2e421544af4d832f968d213c87fbe3707a016657f43d2f853bc" "/opt/rustwide/cargo-home/bin/cargo" "+nightly-2025-01-18" "metadata" "--no-deps" "--format-version=1", kill_on_drop: false }`
[INFO] [stdout] 89b7b83238fed469ee344afd4b18bec4edcef8381faa8845c6cefa676173dd11
[INFO] running `Command { std: "docker" "start" "-a" "89b7b83238fed469ee344afd4b18bec4edcef8381faa8845c6cefa676173dd11", kill_on_drop: false }`
[INFO] running `Command { std: "docker" "inspect" "89b7b83238fed469ee344afd4b18bec4edcef8381faa8845c6cefa676173dd11", kill_on_drop: false }`
[INFO] running `Command { std: "docker" "rm" "-f" "89b7b83238fed469ee344afd4b18bec4edcef8381faa8845c6cefa676173dd11", kill_on_drop: false }`
[INFO] [stdout] 89b7b83238fed469ee344afd4b18bec4edcef8381faa8845c6cefa676173dd11
[INFO] running `Command { std: "docker" "create" "-v" "/var/lib/crater-agent-workspace/builds/worker-0-tc2/target:/opt/rustwide/target:rw,Z" "-v" "/var/lib/crater-agent-workspace/builds/worker-0-tc2/source:/opt/rustwide/workdir:ro,Z" "-v" "/var/lib/crater-agent-workspace/cargo-home:/opt/rustwide/cargo-home:ro,Z" "-v" "/var/lib/crater-agent-workspace/rustup-home:/opt/rustwide/rustup-home:ro,Z" "-e" "SOURCE_DIR=/opt/rustwide/workdir" "-e" "CARGO_TARGET_DIR=/opt/rustwide/target" "-e" "CARGO_INCREMENTAL=0" "-e" "RUST_BACKTRACE=full" "-e" "RUSTFLAGS=--cap-lints=forbid -Zrandomize-layout" "-e" "RUSTDOCFLAGS=--cap-lints=forbid" "-e" "CARGO_HOME=/opt/rustwide/cargo-home" "-e" "RUSTUP_HOME=/opt/rustwide/rustup-home" "-w" "/opt/rustwide/workdir" "-m" "1610612736" "--user" "0:0" "--network" "none" "ghcr.io/rust-lang/crates-build-env/linux@sha256:819108c5571ea2e421544af4d832f968d213c87fbe3707a016657f43d2f853bc" "/opt/rustwide/cargo-home/bin/cargo" "+nightly-2025-01-18" "build" "--frozen" "--message-format=json", kill_on_drop: false }`
[INFO] [stdout] 8ff3dee6e2b741437861efd4dd48361ae3084aed5b84c18198db5cc61f135c01
[INFO] running `Command { std: "docker" "start" "-a" "8ff3dee6e2b741437861efd4dd48361ae3084aed5b84c18198db5cc61f135c01", kill_on_drop: false }`
[INFO] [stderr]    Compiling libc v0.2.161
[INFO] [stderr]    Compiling proc-macro2 v1.0.89
[INFO] [stderr]    Compiling unicode-ident v1.0.13
[INFO] [stderr]    Compiling rustversion v1.0.18
[INFO] [stderr]    Compiling autocfg v1.4.0
[INFO] [stderr]    Compiling signal-hook v0.3.17
[INFO] [stderr]    Compiling parking_lot_core v0.9.10
[INFO] [stderr]    Compiling scopeguard v1.2.0
[INFO] [stderr]    Compiling byteorder v1.5.0
[INFO] [stderr]    Compiling smallvec v1.13.2
[INFO] [stderr]    Compiling log v0.4.22
[INFO] [stderr]    Compiling rustix v0.38.38
[INFO] [stderr]    Compiling linux-raw-sys v0.4.14
[INFO] [stderr]    Compiling either v1.13.0
[INFO] [stderr]    Compiling foldhash v0.1.3
[INFO] [stderr]    Compiling allocator-api2 v0.2.18
[INFO] [stderr]    Compiling bitflags v2.6.0
[INFO] [stderr]    Compiling equivalent v1.0.1
[INFO] [stderr]    Compiling heck v0.5.0
[INFO] [stderr]    Compiling unicode-width v0.1.14
[INFO] [stderr]    Compiling itertools v0.13.0
[INFO] [stderr]    Compiling unicode-segmentation v1.12.0
[INFO] [stderr]    Compiling indoc v2.0.5
[INFO] [stderr]    Compiling unicode-width v0.2.0
[INFO] [stderr]    Compiling cassowary v0.3.0
[INFO] [stderr]    Compiling lock_api v0.4.12
[INFO] [stderr]    Compiling hashbrown v0.15.0
[INFO] [stderr]    Compiling castaway v0.2.3
[INFO] [stderr]    Compiling compact_str v0.8.0
[INFO] [stderr]    Compiling quote v1.0.37
[INFO] [stderr]    Compiling syn v2.0.87
[INFO] [stderr]    Compiling signal-hook-registry v1.4.2
[INFO] [stderr]    Compiling mio v1.0.2
[INFO] [stderr]    Compiling getrandom v0.2.15
[INFO] [stderr]    Compiling lru v0.12.5
[INFO] [stderr]    Compiling rand_core v0.6.4
[INFO] [stderr]    Compiling parking_lot v0.12.3
[INFO] [stderr]    Compiling signal-hook-mio v0.2.4
[INFO] [stderr]    Compiling crossterm v0.28.1
[INFO] [stderr]    Compiling unicode-truncate v1.1.0
[INFO] [stderr]    Compiling zerocopy-derive v0.7.35
[INFO] [stderr]    Compiling strum_macros v0.26.4
[INFO] [stderr]    Compiling instability v0.3.2
[INFO] [stderr]    Compiling zerocopy v0.7.35
[INFO] [stderr]    Compiling ppv-lite86 v0.2.20
[INFO] [stderr]    Compiling strum v0.26.3
[INFO] [stderr]    Compiling ratatui v0.29.0
[INFO] [stderr]    Compiling rand_chacha v0.3.1
[INFO] [stderr]    Compiling rand v0.8.5
[INFO] [stderr]    Compiling uo v0.1.0 (/opt/rustwide/workdir)
[INFO] [stdout] warning: unused import: `super::*`
[INFO] [stdout]    --> src/entities/player.rs:158:9
[INFO] [stdout]     |
[INFO] [stdout] 158 |     use super::*;
[INFO] [stdout]     |         ^^^^^^^^
[INFO] [stdout]     |
[INFO] [stdout]     = note: `#[warn(unused_imports)]` on by default
[INFO] [stdout] 
[INFO] [stdout] 
[INFO] [stdout] warning: unused import: `ratatui::layout::Positions`
[INFO] [stdout]  --> src/inventory/item.rs:1:5
[INFO] [stdout]   |
[INFO] [stdout] 1 | use ratatui::layout::Positions;
[INFO] [stdout]   |     ^^^^^^^^^^^^^^^^^^^^^^^^^^
[INFO] [stdout] 
[INFO] [stdout] 
[INFO] [stdout] warning: unused import: `crate::entities::player::Player`
[INFO] [stdout]  --> src/maps/maps.rs:2:5
[INFO] [stdout]   |
[INFO] [stdout] 2 | use crate::entities::player::Player;
[INFO] [stdout]   |     ^^^^^^^^^^^^^^^^^^^^^^^^^^^^^^^
[INFO] [stdout] 
[INFO] [stdout] 
[INFO] [stdout] warning: use of deprecated method `ratatui::Frame::<'_>::size`: use .area() as it's the more correct name
[INFO] [stdout]   --> src/ui.rs:37:26
[INFO] [stdout]    |
[INFO] [stdout] 37 |                 .split(f.size());
[INFO] [stdout]    |                          ^^^^
[INFO] [stdout]    |
[INFO] [stdout]    = note: `#[warn(deprecated)]` on by default
[INFO] [stdout] 
[INFO] [stdout] 
[INFO] [stdout] warning: variable does not need to be mutable
[INFO] [stdout]   --> src/ui.rs:17:9
[INFO] [stdout]    |
[INFO] [stdout] 17 |     let mut stdout = io::stdout();
[INFO] [stdout]    |         ----^^^^^^
[INFO] [stdout]    |         |
[INFO] [stdout]    |         help: remove this `mut`
[INFO] [stdout]    |
[INFO] [stdout]    = note: `#[warn(unused_mut)]` on by default
[INFO] [stdout] 
[INFO] [stdout] 
[INFO] [stdout] warning: field `status` is never read
[INFO] [stdout]   --> src/entities/player.rs:17:9
[INFO] [stdout]    |
[INFO] [stdout] 5  | pub struct Player {
[INFO] [stdout]    |            ------ field in this struct
[INFO] [stdout] ...
[INFO] [stdout] 17 |     pub status: PlayerStatus
[INFO] [stdout]    |         ^^^^^^
[INFO] [stdout]    |
[INFO] [stdout]    = note: `#[warn(dead_code)]` on by default
[INFO] [stdout] 
[INFO] [stdout] 
[INFO] [stdout] warning: variants `InCombat`, `Exhausted`, and `Injured` are never constructed
[INFO] [stdout]   --> src/entities/player.rs:23:5
[INFO] [stdout]    |
[INFO] [stdout] 21 | pub enum PlayerStatus {
[INFO] [stdout]    |          ------------ variants in this enum
[INFO] [stdout] 22 |     Normal,
[INFO] [stdout] 23 |     InCombat,
[INFO] [stdout]    |     ^^^^^^^^
[INFO] [stdout] 24 |     Exhausted,
[INFO] [stdout]    |     ^^^^^^^^^
[INFO] [stdout] 25 |     Injured,
[INFO] [stdout]    |     ^^^^^^^
[INFO] [stdout]    |
[INFO] [stdout]    = note: `PlayerStatus` has a derived impl for the trait `Debug`, but this is intentionally ignored during dead code analysis
[INFO] [stdout] 
[INFO] [stdout] 
[INFO] [stdout] warning: methods `set_status` and `check_status` are never used
[INFO] [stdout]   --> src/entities/player.rs:64:12
[INFO] [stdout]    |
[INFO] [stdout] 27 | impl Player {
[INFO] [stdout]    | ----------- methods in this implementation
[INFO] [stdout] ...
[INFO] [stdout] 64 |     pub fn set_status(&mut self, status: PlayerStatus) {
[INFO] [stdout]    |            ^^^^^^^^^^
[INFO] [stdout] ...
[INFO] [stdout] 69 |     pub fn check_status(&self) {
[INFO] [stdout]    |            ^^^^^^^^^^^^
[INFO] [stdout] 
[INFO] [stdout] 
[INFO] [stdout] warning: field `name` is never read
[INFO] [stdout]  --> src/entities/npc.rs:3:9
[INFO] [stdout]   |
[INFO] [stdout] 2 | pub struct NPC {
[INFO] [stdout]   |            --- field in this struct
[INFO] [stdout] 3 |     pub name: String,
[INFO] [stdout]   |         ^^^^
[INFO] [stdout]   |
[INFO] [stdout]   = note: `NPC` has a derived impl for the trait `Debug`, but this is intentionally ignored during dead code analysis
[INFO] [stdout] 
[INFO] [stdout] 
[INFO] [stdout] warning: associated function `use_item` is never used
[INFO] [stdout]   --> src/inventory/item.rs:23:12
[INFO] [stdout]    |
[INFO] [stdout] 10 | impl Item {
[INFO] [stdout]    | --------- associated function in this implementation
[INFO] [stdout] ...
[INFO] [stdout] 23 |     pub fn use_item(player: &mut Player, item_name: &str) -> String {
[INFO] [stdout]    |            ^^^^^^^^
[INFO] [stdout] 
[INFO] [stdout] 
[INFO] [stdout] warning: function `apply_item_effect` is never used
[INFO] [stdout]   --> src/inventory/item.rs:35:4
[INFO] [stdout]    |
[INFO] [stdout] 35 | fn apply_item_effect(player: &mut Player, item: &Item) {
[INFO] [stdout]    |    ^^^^^^^^^^^^^^^^^
[INFO] [stdout] 
[INFO] [stdout] 
[INFO] [stdout] warning: variant `Obstacle` is never constructed
[INFO] [stdout]  --> src/maps/tile.rs:7:5
[INFO] [stdout]   |
[INFO] [stdout] 2 | pub enum TileContent {
[INFO] [stdout]   |          ----------- variant in this enum
[INFO] [stdout] ...
[INFO] [stdout] 7 |     Obstacle
[INFO] [stdout]   |     ^^^^^^^^
[INFO] [stdout]   |
[INFO] [stdout]   = note: `TileContent` has derived impls for the traits `Clone` and `Debug`, but these are intentionally ignored during dead code analysis
[INFO] [stdout] 
[INFO] [stdout] 
[INFO] [stdout] warning: struct `Tile` is never constructed
[INFO] [stdout]   --> src/maps/tile.rs:10:12
[INFO] [stdout]    |
[INFO] [stdout] 10 | pub struct Tile {
[INFO] [stdout]    |            ^^^^
[INFO] [stdout] 
[INFO] [stdout] 
[INFO] [stdout] warning: struct `Quest` is never constructed
[INFO] [stdout]  --> src/quest/quest.rs:1:12
[INFO] [stdout]   |
[INFO] [stdout] 1 | pub struct Quest {
[INFO] [stdout]   |            ^^^^^
[INFO] [stdout] 
[INFO] [stdout] 
[INFO] [stdout] warning: associated items `new` and `start` are never used
[INFO] [stdout]   --> src/quest/quest.rs:7:12
[INFO] [stdout]    |
[INFO] [stdout] 6  | impl Quest {
[INFO] [stdout]    | ---------- associated items in this implementation
[INFO] [stdout] 7  |     pub fn new(title: &str, description: &str) -> Self {
[INFO] [stdout]    |            ^^^
[INFO] [stdout] ...
[INFO] [stdout] 14 |     pub fn start(&self) {
[INFO] [stdout]    |            ^^^^^
[INFO] [stdout] 
[INFO] [stdout] 
[INFO] [stderr]     Finished `dev` profile [unoptimized + debuginfo] target(s) in 17.35s
[INFO] running `Command { std: "docker" "inspect" "8ff3dee6e2b741437861efd4dd48361ae3084aed5b84c18198db5cc61f135c01", kill_on_drop: false }`
[INFO] running `Command { std: "docker" "rm" "-f" "8ff3dee6e2b741437861efd4dd48361ae3084aed5b84c18198db5cc61f135c01", kill_on_drop: false }`
[INFO] [stdout] 8ff3dee6e2b741437861efd4dd48361ae3084aed5b84c18198db5cc61f135c01
[INFO] running `Command { std: "docker" "create" "-v" "/var/lib/crater-agent-workspace/builds/worker-0-tc2/target:/opt/rustwide/target:rw,Z" "-v" "/var/lib/crater-agent-workspace/builds/worker-0-tc2/source:/opt/rustwide/workdir:ro,Z" "-v" "/var/lib/crater-agent-workspace/cargo-home:/opt/rustwide/cargo-home:ro,Z" "-v" "/var/lib/crater-agent-workspace/rustup-home:/opt/rustwide/rustup-home:ro,Z" "-e" "SOURCE_DIR=/opt/rustwide/workdir" "-e" "CARGO_TARGET_DIR=/opt/rustwide/target" "-e" "CARGO_INCREMENTAL=0" "-e" "RUST_BACKTRACE=full" "-e" "RUSTFLAGS=--cap-lints=forbid -Zrandomize-layout" "-e" "RUSTDOCFLAGS=--cap-lints=forbid" "-e" "CARGO_HOME=/opt/rustwide/cargo-home" "-e" "RUSTUP_HOME=/opt/rustwide/rustup-home" "-w" "/opt/rustwide/workdir" "-m" "1610612736" "--user" "0:0" "--network" "none" "ghcr.io/rust-lang/crates-build-env/linux@sha256:819108c5571ea2e421544af4d832f968d213c87fbe3707a016657f43d2f853bc" "/opt/rustwide/cargo-home/bin/cargo" "+nightly-2025-01-18" "test" "--frozen" "--no-run" "--message-format=json", kill_on_drop: false }`
[INFO] [stdout] b05fe1b0d2f2c6d70051ddac38f7642a4b3768014f16b15f422231604caf65ef
[INFO] running `Command { std: "docker" "start" "-a" "b05fe1b0d2f2c6d70051ddac38f7642a4b3768014f16b15f422231604caf65ef", kill_on_drop: false }`
[INFO] [stderr]    Compiling uo v0.1.0 (/opt/rustwide/workdir)
[INFO] [stdout] warning: unused import: `ratatui::layout::Positions`
[INFO] [stdout]  --> src/inventory/item.rs:1:5
[INFO] [stdout]   |
[INFO] [stdout] 1 | use ratatui::layout::Positions;
[INFO] [stdout]   |     ^^^^^^^^^^^^^^^^^^^^^^^^^^
[INFO] [stdout]   |
[INFO] [stdout]   = note: `#[warn(unused_imports)]` on by default
[INFO] [stdout] 
[INFO] [stdout] 
[INFO] [stdout] warning: use of deprecated method `ratatui::Frame::<'_>::size`: use .area() as it's the more correct name
[INFO] [stdout]   --> src/ui.rs:37:26
[INFO] [stdout]    |
[INFO] [stdout] 37 |                 .split(f.size());
[INFO] [stdout]    |                          ^^^^
[INFO] [stdout]    |
[INFO] [stdout]    = note: `#[warn(deprecated)]` on by default
[INFO] [stdout] 
[INFO] [stdout] 
[INFO] [stdout] warning: variable does not need to be mutable
[INFO] [stdout]    --> src/entities/player.rs:246:13
[INFO] [stdout]     |
[INFO] [stdout] 246 |         let mut maps = Maps::new(10, 10);
[INFO] [stdout]     |             ----^^^^
[INFO] [stdout]     |             |
[INFO] [stdout]     |             help: remove this `mut`
[INFO] [stdout]     |
[INFO] [stdout]     = note: `#[warn(unused_mut)]` on by default
[INFO] [stdout] 
[INFO] [stdout] 
[INFO] [stdout] warning: variable does not need to be mutable
[INFO] [stdout]    --> src/maps/maps.rs:146:13
[INFO] [stdout]     |
[INFO] [stdout] 146 |         let mut maps = Maps::new(10, 10);
[INFO] [stdout]     |             ----^^^^
[INFO] [stdout]     |             |
[INFO] [stdout]     |             help: remove this `mut`
[INFO] [stdout] 
[INFO] [stdout] 
[INFO] [stdout] warning: variable does not need to be mutable
[INFO] [stdout]    --> src/maps/maps.rs:169:13
[INFO] [stdout]     |
[INFO] [stdout] 169 |         let mut maps = Maps::new(10, 10);
[INFO] [stdout]     |             ----^^^^
[INFO] [stdout]     |             |
[INFO] [stdout]     |             help: remove this `mut`
[INFO] [stdout] 
[INFO] [stdout] 
[INFO] [stdout] warning: variable does not need to be mutable
[INFO] [stdout]    --> src/maps/maps.rs:170:13
[INFO] [stdout]     |
[INFO] [stdout] 170 |         let mut player = Player::new("Test Player");
[INFO] [stdout]     |             ----^^^^^^
[INFO] [stdout]     |             |
[INFO] [stdout]     |             help: remove this `mut`
[INFO] [stdout] 
[INFO] [stdout] 
[INFO] [stdout] warning: variable does not need to be mutable
[INFO] [stdout]   --> src/ui.rs:17:9
[INFO] [stdout]    |
[INFO] [stdout] 17 |     let mut stdout = io::stdout();
[INFO] [stdout]    |         ----^^^^^^
[INFO] [stdout]    |         |
[INFO] [stdout]    |         help: remove this `mut`
[INFO] [stdout] 
[INFO] [stdout] 
[INFO] [stdout] warning: field `name` is never read
[INFO] [stdout]  --> src/entities/npc.rs:3:9
[INFO] [stdout]   |
[INFO] [stdout] 2 | pub struct NPC {
[INFO] [stdout]   |            --- field in this struct
[INFO] [stdout] 3 |     pub name: String,
[INFO] [stdout]   |         ^^^^
[INFO] [stdout]   |
[INFO] [stdout]   = note: `NPC` has a derived impl for the trait `Debug`, but this is intentionally ignored during dead code analysis
[INFO] [stdout]   = note: `#[warn(dead_code)]` on by default
[INFO] [stdout] 
[INFO] [stdout] 
[INFO] [stdout] warning: struct `Tile` is never constructed
[INFO] [stdout]   --> src/maps/tile.rs:10:12
[INFO] [stdout]    |
[INFO] [stdout] 10 | pub struct Tile {
[INFO] [stdout]    |            ^^^^
[INFO] [stdout] 
[INFO] [stdout] 
[INFO] [stdout] warning: struct `Quest` is never constructed
[INFO] [stdout]  --> src/quest/quest.rs:1:12
[INFO] [stdout]   |
[INFO] [stdout] 1 | pub struct Quest {
[INFO] [stdout]   |            ^^^^^
[INFO] [stdout] 
[INFO] [stdout] 
[INFO] [stdout] warning: associated items `new` and `start` are never used
[INFO] [stdout]   --> src/quest/quest.rs:7:12
[INFO] [stdout]    |
[INFO] [stdout] 6  | impl Quest {
[INFO] [stdout]    | ---------- associated items in this implementation
[INFO] [stdout] 7  |     pub fn new(title: &str, description: &str) -> Self {
[INFO] [stdout]    |            ^^^
[INFO] [stdout] ...
[INFO] [stdout] 14 |     pub fn start(&self) {
[INFO] [stdout]    |            ^^^^^
[INFO] [stdout] 
[INFO] [stdout] 
[INFO] [stderr]     Finished `test` profile [unoptimized + debuginfo] target(s) in 0.77s
[INFO] running `Command { std: "docker" "inspect" "b05fe1b0d2f2c6d70051ddac38f7642a4b3768014f16b15f422231604caf65ef", kill_on_drop: false }`
[INFO] running `Command { std: "docker" "rm" "-f" "b05fe1b0d2f2c6d70051ddac38f7642a4b3768014f16b15f422231604caf65ef", kill_on_drop: false }`
[INFO] [stdout] b05fe1b0d2f2c6d70051ddac38f7642a4b3768014f16b15f422231604caf65ef
[INFO] running `Command { std: "docker" "create" "-v" "/var/lib/crater-agent-workspace/builds/worker-0-tc2/target:/opt/rustwide/target:rw,Z" "-v" "/var/lib/crater-agent-workspace/builds/worker-0-tc2/source:/opt/rustwide/workdir:ro,Z" "-v" "/var/lib/crater-agent-workspace/cargo-home:/opt/rustwide/cargo-home:ro,Z" "-v" "/var/lib/crater-agent-workspace/rustup-home:/opt/rustwide/rustup-home:ro,Z" "-e" "SOURCE_DIR=/opt/rustwide/workdir" "-e" "CARGO_TARGET_DIR=/opt/rustwide/target" "-e" "CARGO_INCREMENTAL=0" "-e" "RUST_BACKTRACE=full" "-e" "RUSTFLAGS=--cap-lints=forbid -Zrandomize-layout" "-e" "RUSTDOCFLAGS=--cap-lints=forbid" "-e" "CARGO_HOME=/opt/rustwide/cargo-home" "-e" "RUSTUP_HOME=/opt/rustwide/rustup-home" "-w" "/opt/rustwide/workdir" "-m" "1610612736" "--user" "0:0" "--network" "none" "ghcr.io/rust-lang/crates-build-env/linux@sha256:819108c5571ea2e421544af4d832f968d213c87fbe3707a016657f43d2f853bc" "/opt/rustwide/cargo-home/bin/cargo" "+nightly-2025-01-18" "test" "--frozen", kill_on_drop: false }`
[INFO] [stdout] 8bfa93b8043f2f164a4d9f34434119e298a0a098feba3219a0bfd6f01fe1e8fe
[INFO] running `Command { std: "docker" "start" "-a" "8bfa93b8043f2f164a4d9f34434119e298a0a098feba3219a0bfd6f01fe1e8fe", kill_on_drop: false }`
[INFO] [stderr] warning: unused import: `ratatui::layout::Positions`
[INFO] [stderr]  --> src/inventory/item.rs:1:5
[INFO] [stderr]   |
[INFO] [stderr] 1 | use ratatui::layout::Positions;
[INFO] [stderr]   |     ^^^^^^^^^^^^^^^^^^^^^^^^^^
[INFO] [stderr]   |
[INFO] [stderr]   = note: `#[warn(unused_imports)]` on by default
[INFO] [stderr] 
[INFO] [stderr] warning: use of deprecated method `ratatui::Frame::<'_>::size`: use .area() as it's the more correct name
[INFO] [stderr]   --> src/ui.rs:37:26
[INFO] [stderr]    |
[INFO] [stderr] 37 |                 .split(f.size());
[INFO] [stderr]    |                          ^^^^
[INFO] [stderr]    |
[INFO] [stderr]    = note: `#[warn(deprecated)]` on by default
[INFO] [stderr] 
[INFO] [stderr] warning: variable does not need to be mutable
[INFO] [stderr]    --> src/entities/player.rs:246:13
[INFO] [stderr]     |
[INFO] [stderr] 246 |         let mut maps = Maps::new(10, 10);
[INFO] [stderr]     |             ----^^^^
[INFO] [stderr]     |             |
[INFO] [stderr]     |             help: remove this `mut`
[INFO] [stderr]     |
[INFO] [stderr]     = note: `#[warn(unused_mut)]` on by default
[INFO] [stderr] 
[INFO] [stderr] warning: variable does not need to be mutable
[INFO] [stderr]    --> src/maps/maps.rs:146:13
[INFO] [stderr]     |
[INFO] [stderr] 146 |         let mut maps = Maps::new(10, 10);
[INFO] [stderr]     |             ----^^^^
[INFO] [stderr]     |             |
[INFO] [stderr]     |             help: remove this `mut`
[INFO] [stderr] 
[INFO] [stderr] warning: variable does not need to be mutable
[INFO] [stderr]    --> src/maps/maps.rs:169:13
[INFO] [stderr]     |
[INFO] [stderr] 169 |         let mut maps = Maps::new(10, 10);
[INFO] [stderr]     |             ----^^^^
[INFO] [stderr]     |             |
[INFO] [stderr]     |             help: remove this `mut`
[INFO] [stderr] 
[INFO] [stderr] warning: variable does not need to be mutable
[INFO] [stderr]    --> src/maps/maps.rs:170:13
[INFO] [stderr]     |
[INFO] [stderr] 170 |         let mut player = Player::new("Test Player");
[INFO] [stderr]     |             ----^^^^^^
[INFO] [stderr]     |             |
[INFO] [stderr]     |             help: remove this `mut`
[INFO] [stderr] 
[INFO] [stderr] warning: variable does not need to be mutable
[INFO] [stderr]   --> src/ui.rs:17:9
[INFO] [stderr]    |
[INFO] [stderr] 17 |     let mut stdout = io::stdout();
[INFO] [stderr]    |         ----^^^^^^
[INFO] [stderr]    |         |
[INFO] [stderr]    |         help: remove this `mut`
[INFO] [stderr] 
[INFO] [stderr] warning: field `name` is never read
[INFO] [stderr]  --> src/entities/npc.rs:3:9
[INFO] [stderr]   |
[INFO] [stderr] 2 | pub struct NPC {
[INFO] [stderr]   |            --- field in this struct
[INFO] [stderr] 3 |     pub name: String,
[INFO] [stderr]   |         ^^^^
[INFO] [stderr]   |
[INFO] [stderr]   = note: `NPC` has a derived impl for the trait `Debug`, but this is intentionally ignored during dead code analysis
[INFO] [stderr]   = note: `#[warn(dead_code)]` on by default
[INFO] [stderr] 
[INFO] [stderr] warning: struct `Tile` is never constructed
[INFO] [stderr]   --> src/maps/tile.rs:10:12
[INFO] [stderr]    |
[INFO] [stderr] 10 | pub struct Tile {
[INFO] [stderr]    |            ^^^^
[INFO] [stderr] 
[INFO] [stderr] warning: struct `Quest` is never constructed
[INFO] [stderr]  --> src/quest/quest.rs:1:12
[INFO] [stderr]   |
[INFO] [stderr] 1 | pub struct Quest {
[INFO] [stderr]   |            ^^^^^
[INFO] [stderr] 
[INFO] [stderr] warning: associated items `new` and `start` are never used
[INFO] [stderr]   --> src/quest/quest.rs:7:12
[INFO] [stderr]    |
[INFO] [stderr] 6  | impl Quest {
[INFO] [stderr]    | ---------- associated items in this implementation
[INFO] [stderr] 7  |     pub fn new(title: &str, description: &str) -> Self {
[INFO] [stderr]    |            ^^^
[INFO] [stderr] ...
[INFO] [stderr] 14 |     pub fn start(&self) {
[INFO] [stderr]    |            ^^^^^
[INFO] [stderr] 
[INFO] [stderr] warning: `uo` (bin "uo" test) generated 11 warnings (run `cargo fix --bin "uo" --tests` to apply 6 suggestions)
[INFO] [stderr]     Finished `test` profile [unoptimized + debuginfo] target(s) in 0.14s
[INFO] [stderr]      Running unittests src/main.rs (/opt/rustwide/target/debug/deps/uo-2e6e997022a4e176)
[INFO] [stdout] 
[INFO] [stdout] running 21 tests
[INFO] [stdout] test entities::player::tests::test_engage_in_combat ... ok
[INFO] [stdout] test entities::player::tests::test_check_status ... ok
[INFO] [stdout] test entities::player::tests::test_gain_experience ... ok
[INFO] [stdout] test entities::player::tests::test_new_player ... ok
[INFO] [stdout] test entities::player::tests::test_train_player ... ok
[INFO] [stdout] test entities::player::tests::test_set_status ... ok
[INFO] [stdout] test inventory::item::tests::test_apply_item_effect ... ok
[INFO] [stdout] test inventory::item::tests::test_new_item ... ok
[INFO] [stdout] test inventory::item::tests::test_use_item ... ok
[INFO] [stdout] test entities::player::tests::test_move_up_down_left_right ... ok
[INFO] [stdout] test maps::maps::tests::test_draw ... ok
[INFO] [stdout] test maps::maps::tests::test_is_empty ... ok
[INFO] [stdout] test inventory::item::tests::test_add_item ... ok
[INFO] [stdout] test maps::maps::tests::test_new_maps ... ok
[INFO] [stdout] test maps::maps::tests::test_width_and_height ... ok
[INFO] [stdout] test maps::tile::tests::test_to_char ... ok
[INFO] [stdout] test maps::maps::tests::test_find_nearby_npc ... ok
[INFO] [stdout] test maps::maps::tests::test_resize_to_frame ... ok
[INFO] [stdout] test maps::maps::tests::test_resize_maps ... ok
[INFO] [stdout] test maps::maps::tests::test_update_player_position ... ok
[INFO] [stdout] test maps::maps::tests::test_in_bounds ... FAILED
[INFO] [stdout] 
[INFO] [stdout] failures:
[INFO] [stdout] 
[INFO] [stdout] ---- maps::maps::tests::test_in_bounds stdout ----
[INFO] [stdout] 
[INFO] [stdout] thread 'maps::maps::tests::test_in_bounds' panicked at src/maps/maps.rs:131:9:
[INFO] [stdout] assertion failed: !maps.in_bounds(10, 10)
[INFO] [stdout] stack backtrace:
[INFO] [stdout]    0:     0x59fa6c28196a - std::backtrace_rs::backtrace::libunwind::trace::hb059275cfc8d6126
[INFO] [stdout]                                at /rustc/6067b36314ab5eb2eb47cecc464545ba58e1ad24/library/std/src/../../backtrace/src/backtrace/libunwind.rs:116:5
[INFO] [stdout]    1:     0x59fa6c28196a - std::backtrace_rs::backtrace::trace_unsynchronized::h2da071e4327ce3ee
[INFO] [stdout]                                at /rustc/6067b36314ab5eb2eb47cecc464545ba58e1ad24/library/std/src/../../backtrace/src/backtrace/mod.rs:66:5
[INFO] [stdout]    2:     0x59fa6c28196a - std::sys::backtrace::_print_fmt::h842a1474e6f8d23f
[INFO] [stdout]                                at /rustc/6067b36314ab5eb2eb47cecc464545ba58e1ad24/library/std/src/sys/backtrace.rs:66:9
[INFO] [stdout]    3:     0x59fa6c28196a - <std::sys::backtrace::BacktraceLock::print::DisplayBacktrace as core::fmt::Display>::fmt::h71a62eb3b9696b12
[INFO] [stdout]                                at /rustc/6067b36314ab5eb2eb47cecc464545ba58e1ad24/library/std/src/sys/backtrace.rs:39:26
[INFO] [stdout]    4:     0x59fa6c2a9083 - core::fmt::rt::Argument::fmt::hdb6b616786b41dc1
[INFO] [stdout]                                at /rustc/6067b36314ab5eb2eb47cecc464545ba58e1ad24/library/core/src/fmt/rt.rs:177:76
[INFO] [stdout]    5:     0x59fa6c2a9083 - core::fmt::write::h2cc1698af7e2d686
[INFO] [stdout]                                at /rustc/6067b36314ab5eb2eb47cecc464545ba58e1ad24/library/core/src/fmt/mod.rs:1440:21
[INFO] [stdout]    6:     0x59fa6c27e4c3 - std::io::Write::write_fmt::hab1b4cd059a79022
[INFO] [stdout]                                at /rustc/6067b36314ab5eb2eb47cecc464545ba58e1ad24/library/std/src/io/mod.rs:1887:15
[INFO] [stdout]    7:     0x59fa6c2817b2 - std::sys::backtrace::BacktraceLock::print::h147fe35b4ea13b08
[INFO] [stdout]                                at /rustc/6067b36314ab5eb2eb47cecc464545ba58e1ad24/library/std/src/sys/backtrace.rs:42:9
[INFO] [stdout]    8:     0x59fa6c282d8f - std::panicking::default_hook::{{closure}}::hbd44223dbdc0d208
[INFO] [stdout]                                at /rustc/6067b36314ab5eb2eb47cecc464545ba58e1ad24/library/std/src/panicking.rs:298:22
[INFO] [stdout]    9:     0x59fa6c282ba8 - std::panicking::default_hook::h20f81eb0576efcec
[INFO] [stdout]                                at /rustc/6067b36314ab5eb2eb47cecc464545ba58e1ad24/library/std/src/panicking.rs:322:9
[INFO] [stdout]   10:     0x59fa6c246433 - <alloc::boxed::Box<F,A> as core::ops::function::Fn<Args>>::call::hdb53814c496a4d34
[INFO] [stdout]                                at /rustc/6067b36314ab5eb2eb47cecc464545ba58e1ad24/library/alloc/src/boxed.rs:2027:9
[INFO] [stdout]   11:     0x59fa6c246433 - test::test_main::{{closure}}::hc0a4963c59427c24
[INFO] [stdout]                                at /rustc/6067b36314ab5eb2eb47cecc464545ba58e1ad24/library/test/src/lib.rs:134:21
[INFO] [stdout]   12:     0x59fa6c283883 - <alloc::boxed::Box<F,A> as core::ops::function::Fn<Args>>::call::h591b2225413a77e9
[INFO] [stdout]                                at /rustc/6067b36314ab5eb2eb47cecc464545ba58e1ad24/library/alloc/src/boxed.rs:2027:9
[INFO] [stdout]   13:     0x59fa6c283883 - std::panicking::rust_panic_with_hook::h625eea43051b2edc
[INFO] [stdout]                                at /rustc/6067b36314ab5eb2eb47cecc464545ba58e1ad24/library/std/src/panicking.rs:839:13
[INFO] [stdout]   14:     0x59fa6c283506 - std::panicking::begin_panic_handler::{{closure}}::h4f9159cfbc3f6bd3
[INFO] [stdout]                                at /rustc/6067b36314ab5eb2eb47cecc464545ba58e1ad24/library/std/src/panicking.rs:697:13
[INFO] [stdout]   15:     0x59fa6c281e69 - std::sys::backtrace::__rust_end_short_backtrace::h0390abce48353151
[INFO] [stdout]                                at /rustc/6067b36314ab5eb2eb47cecc464545ba58e1ad24/library/std/src/sys/backtrace.rs:168:18
[INFO] [stdout]   16:     0x59fa6c2831cd - rust_begin_unwind
[INFO] [stdout]                                at /rustc/6067b36314ab5eb2eb47cecc464545ba58e1ad24/library/std/src/panicking.rs:695:5
[INFO] [stdout]   17:     0x59fa6c2a7a60 - core::panicking::panic_fmt::h9e7c637e9e5f29c9
[INFO] [stdout]                                at /rustc/6067b36314ab5eb2eb47cecc464545ba58e1ad24/library/core/src/panicking.rs:75:14
[INFO] [stdout]   18:     0x59fa6c2a7aec - core::panicking::panic::haa3255ea20181a33
[INFO] [stdout]                                at /rustc/6067b36314ab5eb2eb47cecc464545ba58e1ad24/library/core/src/panicking.rs:145:5
[INFO] [stdout]   19:     0x59fa6c20b133 - uo::maps::maps::tests::test_in_bounds::hfa533160654f728f
[INFO] [stdout]                                at /opt/rustwide/workdir/src/maps/maps.rs:131:9
[INFO] [stdout]   20:     0x59fa6c20b047 - uo::maps::maps::tests::test_in_bounds::{{closure}}::h1e5a4cce49d0e76d
[INFO] [stdout]                                at /opt/rustwide/workdir/src/maps/maps.rs:128:24
[INFO] [stdout]   21:     0x59fa6c202ae6 - core::ops::function::FnOnce::call_once::h691573e8af01025a
[INFO] [stdout]                                at /rustc/6067b36314ab5eb2eb47cecc464545ba58e1ad24/library/core/src/ops/function.rs:250:5
[INFO] [stdout]   22:     0x59fa6c24bb8b - core::ops::function::FnOnce::call_once::he27718dfdd183f43
[INFO] [stdout]                                at /rustc/6067b36314ab5eb2eb47cecc464545ba58e1ad24/library/core/src/ops/function.rs:250:5
[INFO] [stdout]   23:     0x59fa6c24bb8b - test::__rust_begin_short_backtrace::h4e84902998457a5d
[INFO] [stdout]                                at /rustc/6067b36314ab5eb2eb47cecc464545ba58e1ad24/library/test/src/lib.rs:632:18
[INFO] [stdout]   24:     0x59fa6c24aac3 - test::run_test_in_process::{{closure}}::h7176fd18fc1feca0
[INFO] [stdout]                                at /rustc/6067b36314ab5eb2eb47cecc464545ba58e1ad24/library/test/src/lib.rs:655:60
[INFO] [stdout]   25:     0x59fa6c24aac3 - <core::panic::unwind_safe::AssertUnwindSafe<F> as core::ops::function::FnOnce<()>>::call_once::hf79cff2a624d8cf7
[INFO] [stdout]                                at /rustc/6067b36314ab5eb2eb47cecc464545ba58e1ad24/library/core/src/panic/unwind_safe.rs:272:9
[INFO] [stdout]   26:     0x59fa6c24aac3 - std::panicking::try::do_call::h3da0561d9ab99c25
[INFO] [stdout]                                at /rustc/6067b36314ab5eb2eb47cecc464545ba58e1ad24/library/std/src/panicking.rs:587:40
[INFO] [stdout]   27:     0x59fa6c24aac3 - std::panicking::try::h41c9fa508bc61df6
[INFO] [stdout]                                at /rustc/6067b36314ab5eb2eb47cecc464545ba58e1ad24/library/std/src/panicking.rs:550:19
[INFO] [stdout]   28:     0x59fa6c24aac3 - std::panic::catch_unwind::h6b3ff07bb5afad93
[INFO] [stdout]                                at /rustc/6067b36314ab5eb2eb47cecc464545ba58e1ad24/library/std/src/panic.rs:358:14
[INFO] [stdout]   29:     0x59fa6c24aac3 - test::run_test_in_process::hc7253dd11b39b9f4
[INFO] [stdout]                                at /rustc/6067b36314ab5eb2eb47cecc464545ba58e1ad24/library/test/src/lib.rs:655:27
[INFO] [stdout]   30:     0x59fa6c24aac3 - test::run_test::{{closure}}::hfb2007f8649c30bb
[INFO] [stdout]                                at /rustc/6067b36314ab5eb2eb47cecc464545ba58e1ad24/library/test/src/lib.rs:576:43
[INFO] [stdout]   31:     0x59fa6c20dba5 - test::run_test::{{closure}}::h56a17aa7a282a9f4
[INFO] [stdout]                                at /rustc/6067b36314ab5eb2eb47cecc464545ba58e1ad24/library/test/src/lib.rs:606:41
[INFO] [stdout]   32:     0x59fa6c20dba5 - std::sys::backtrace::__rust_begin_short_backtrace::hd2d2d2fb8e8c6aac
[INFO] [stdout]                                at /rustc/6067b36314ab5eb2eb47cecc464545ba58e1ad24/library/std/src/sys/backtrace.rs:152:18
[INFO] [stdout]   33:     0x59fa6c21148a - std::thread::Builder::spawn_unchecked_::{{closure}}::{{closure}}::h4faa3f9db6133423
[INFO] [stdout]                                at /rustc/6067b36314ab5eb2eb47cecc464545ba58e1ad24/library/std/src/thread/mod.rs:559:17
[INFO] [stdout]   34:     0x59fa6c21148a - <core::panic::unwind_safe::AssertUnwindSafe<F> as core::ops::function::FnOnce<()>>::call_once::hf2e855a36a4ea846
[INFO] [stdout]                                at /rustc/6067b36314ab5eb2eb47cecc464545ba58e1ad24/library/core/src/panic/unwind_safe.rs:272:9
[INFO] [stdout]   35:     0x59fa6c21148a - std::panicking::try::do_call::h2f73af3616c35465
[INFO] [stdout]                                at /rustc/6067b36314ab5eb2eb47cecc464545ba58e1ad24/library/std/src/panicking.rs:587:40
[INFO] [stdout]   36:     0x59fa6c21148a - std::panicking::try::hd1660ce9efadef5a
[INFO] [stdout]                                at /rustc/6067b36314ab5eb2eb47cecc464545ba58e1ad24/library/std/src/panicking.rs:550:19
[INFO] [stdout]   37:     0x59fa6c21148a - std::panic::catch_unwind::h5ee8d7823b8ca744
[INFO] [stdout]                                at /rustc/6067b36314ab5eb2eb47cecc464545ba58e1ad24/library/std/src/panic.rs:358:14
[INFO] [stdout]   38:     0x59fa6c21148a - std::thread::Builder::spawn_unchecked_::{{closure}}::h53c3a1894dce8407
[INFO] [stdout]                                at /rustc/6067b36314ab5eb2eb47cecc464545ba58e1ad24/library/std/src/thread/mod.rs:557:30
[INFO] [stdout]   39:     0x59fa6c21148a - core::ops::function::FnOnce::call_once{{vtable.shim}}::h048ce291ad4f62bf
[INFO] [stdout]                                at /rustc/6067b36314ab5eb2eb47cecc464545ba58e1ad24/library/core/src/ops/function.rs:250:5
[INFO] [stdout]   40:     0x59fa6c2877bb - <alloc::boxed::Box<F,A> as core::ops::function::FnOnce<Args>>::call_once::ha52bedf99a3b4981
[INFO] [stdout]                                at /rustc/6067b36314ab5eb2eb47cecc464545ba58e1ad24/library/alloc/src/boxed.rs:2013:9
[INFO] [stdout]   41:     0x59fa6c2877bb - <alloc::boxed::Box<F,A> as core::ops::function::FnOnce<Args>>::call_once::h567748934d80ccf8
[INFO] [stdout]                                at /rustc/6067b36314ab5eb2eb47cecc464545ba58e1ad24/library/alloc/src/boxed.rs:2013:9
[INFO] [stdout]   42:     0x59fa6c2877bb - std::sys::pal::unix::thread::Thread::new::thread_start::h2d970728ae887adc
[INFO] [stdout]                                at /rustc/6067b36314ab5eb2eb47cecc464545ba58e1ad24/library/std/src/sys/pal/unix/thread.rs:106:17
[INFO] [stdout]   43:     0x7a7b83926ac3 - <unknown>
[INFO] [stdout]   44:     0x7a7b839b7a04 - clone
[INFO] [stdout]   45:                0x0 - <unknown>
[INFO] [stdout] 
[INFO] [stdout] 
[INFO] [stdout] failures:
[INFO] [stdout]     maps::maps::tests::test_in_bounds
[INFO] [stdout] 
[INFO] [stdout] test result: FAILED. 20 passed; 1 failed; 0 ignored; 0 measured; 0 filtered out; finished in 0.08s
[INFO] [stdout] 
[INFO] [stderr] error: test failed, to rerun pass `--bin uo`
[INFO] running `Command { std: "docker" "inspect" "8bfa93b8043f2f164a4d9f34434119e298a0a098feba3219a0bfd6f01fe1e8fe", kill_on_drop: false }`
[INFO] running `Command { std: "docker" "rm" "-f" "8bfa93b8043f2f164a4d9f34434119e298a0a098feba3219a0bfd6f01fe1e8fe", kill_on_drop: false }`
[INFO] [stdout] 8bfa93b8043f2f164a4d9f34434119e298a0a098feba3219a0bfd6f01fe1e8fe
