[INFO] cloning repository https://github.com/Ait0ne666/RayTracerChallenge
[INFO] running `Command { std: "git" "-c" "credential.helper=" "-c" "credential.helper=/workspace/cargo-home/bin/git-credential-null" "clone" "--bare" "https://github.com/Ait0ne666/RayTracerChallenge" "/workspace/cache/git-repos/https%3A%2F%2Fgithub.com%2FAit0ne666%2FRayTracerChallenge", kill_on_drop: false }`
[INFO] [stderr] Cloning into bare repository '/workspace/cache/git-repos/https%3A%2F%2Fgithub.com%2FAit0ne666%2FRayTracerChallenge'...
[INFO] running `Command { std: "git" "rev-parse" "HEAD", kill_on_drop: false }`
[INFO] [stdout] 6c0535eaf90fead0d602abd6a7caf87b9279165c
[INFO] testing Ait0ne666/RayTracerChallenge against nightly-2025-01-18+rustflags=-Zrandomize-layout for randomize-layout-2
[INFO] running `Command { std: "git" "clone" "/workspace/cache/git-repos/https%3A%2F%2Fgithub.com%2FAit0ne666%2FRayTracerChallenge" "/workspace/builds/worker-0-tc2/source", kill_on_drop: false }`
[INFO] [stderr] Cloning into '/workspace/builds/worker-0-tc2/source'...
[INFO] [stderr] done.
[INFO] validating manifest of git repo https://github.com/Ait0ne666/RayTracerChallenge on toolchain nightly-2025-01-18
[INFO] running `Command { std: CARGO_HOME="/workspace/cargo-home" RUSTUP_HOME="/workspace/rustup-home" "/workspace/cargo-home/bin/cargo" "+nightly-2025-01-18" "metadata" "--manifest-path" "Cargo.toml" "--no-deps", kill_on_drop: false }`
[INFO] started tweaking git repo https://github.com/Ait0ne666/RayTracerChallenge
[INFO] finished tweaking git repo https://github.com/Ait0ne666/RayTracerChallenge
[INFO] tweaked toml for git repo https://github.com/Ait0ne666/RayTracerChallenge written to /workspace/builds/worker-0-tc2/source/Cargo.toml
[INFO] crate git repo https://github.com/Ait0ne666/RayTracerChallenge already has a lockfile, it will not be regenerated
[INFO] running `Command { std: CARGO_HOME="/workspace/cargo-home" RUSTUP_HOME="/workspace/rustup-home" "/workspace/cargo-home/bin/cargo" "+nightly-2025-01-18" "fetch" "--manifest-path" "Cargo.toml", kill_on_drop: false }`
[INFO] running `Command { std: "docker" "create" "-v" "/var/lib/crater-agent-workspace/builds/worker-0-tc2/target:/opt/rustwide/target:rw,Z" "-v" "/var/lib/crater-agent-workspace/builds/worker-0-tc2/source:/opt/rustwide/workdir:ro,Z" "-v" "/var/lib/crater-agent-workspace/cargo-home:/opt/rustwide/cargo-home:ro,Z" "-v" "/var/lib/crater-agent-workspace/rustup-home:/opt/rustwide/rustup-home:ro,Z" "-e" "SOURCE_DIR=/opt/rustwide/workdir" "-e" "CARGO_TARGET_DIR=/opt/rustwide/target" "-e" "CARGO_HOME=/opt/rustwide/cargo-home" "-e" "RUSTUP_HOME=/opt/rustwide/rustup-home" "-w" "/opt/rustwide/workdir" "-m" "1610612736" "--user" "0:0" "--network" "none" "ghcr.io/rust-lang/crates-build-env/linux@sha256:819108c5571ea2e421544af4d832f968d213c87fbe3707a016657f43d2f853bc" "/opt/rustwide/cargo-home/bin/cargo" "+nightly-2025-01-18" "metadata" "--no-deps" "--format-version=1", kill_on_drop: false }`
[INFO] [stdout] 95c045b9103bedfddb3ec70e7546fd3a5fdd396e59dab84d6008d1278b0ba7fc
[INFO] running `Command { std: "docker" "start" "-a" "95c045b9103bedfddb3ec70e7546fd3a5fdd396e59dab84d6008d1278b0ba7fc", kill_on_drop: false }`
[INFO] running `Command { std: "docker" "inspect" "95c045b9103bedfddb3ec70e7546fd3a5fdd396e59dab84d6008d1278b0ba7fc", kill_on_drop: false }`
[INFO] running `Command { std: "docker" "rm" "-f" "95c045b9103bedfddb3ec70e7546fd3a5fdd396e59dab84d6008d1278b0ba7fc", kill_on_drop: false }`
[INFO] [stdout] 95c045b9103bedfddb3ec70e7546fd3a5fdd396e59dab84d6008d1278b0ba7fc
[INFO] running `Command { std: "docker" "create" "-v" "/var/lib/crater-agent-workspace/builds/worker-0-tc2/target:/opt/rustwide/target:rw,Z" "-v" "/var/lib/crater-agent-workspace/builds/worker-0-tc2/source:/opt/rustwide/workdir:ro,Z" "-v" "/var/lib/crater-agent-workspace/cargo-home:/opt/rustwide/cargo-home:ro,Z" "-v" "/var/lib/crater-agent-workspace/rustup-home:/opt/rustwide/rustup-home:ro,Z" "-e" "SOURCE_DIR=/opt/rustwide/workdir" "-e" "CARGO_TARGET_DIR=/opt/rustwide/target" "-e" "CARGO_INCREMENTAL=0" "-e" "RUST_BACKTRACE=full" "-e" "RUSTFLAGS=--cap-lints=forbid -Zrandomize-layout" "-e" "RUSTDOCFLAGS=--cap-lints=forbid" "-e" "CARGO_HOME=/opt/rustwide/cargo-home" "-e" "RUSTUP_HOME=/opt/rustwide/rustup-home" "-w" "/opt/rustwide/workdir" "-m" "1610612736" "--user" "0:0" "--network" "none" "ghcr.io/rust-lang/crates-build-env/linux@sha256:819108c5571ea2e421544af4d832f968d213c87fbe3707a016657f43d2f853bc" "/opt/rustwide/cargo-home/bin/cargo" "+nightly-2025-01-18" "build" "--frozen" "--message-format=json", kill_on_drop: false }`
[INFO] [stdout] 035f7c426474b06a35cc69ad6887bc967e168c5b22be4bd3ab03d449f4900aea
[INFO] running `Command { std: "docker" "start" "-a" "035f7c426474b06a35cc69ad6887bc967e168c5b22be4bd3ab03d449f4900aea", kill_on_drop: false }`
[INFO] [stderr]    Compiling raytracer v0.1.0 (/opt/rustwide/workdir)
[INFO] [stdout] warning: unused import: `models::prelude::hit`
[INFO] [stdout]  --> src/main.rs:5:5
[INFO] [stdout]   |
[INFO] [stdout] 5 | use models::prelude::hit;
[INFO] [stdout]   |     ^^^^^^^^^^^^^^^^^^^^
[INFO] [stdout]   |
[INFO] [stdout]   = note: `#[warn(unused_imports)]` on by default
[INFO] [stdout] 
[INFO] [stdout] 
[INFO] [stdout] warning: unused import: `models::prelude::lighting`
[INFO] [stdout]  --> src/main.rs:6:5
[INFO] [stdout]   |
[INFO] [stdout] 6 | use models::prelude::lighting;
[INFO] [stdout]   |     ^^^^^^^^^^^^^^^^^^^^^^^^^
[INFO] [stdout] 
[INFO] [stdout] 
[INFO] [stdout] warning: unused import: `models::prelude::rotateZ`
[INFO] [stdout]  --> src/main.rs:8:5
[INFO] [stdout]   |
[INFO] [stdout] 8 | use models::prelude::rotateZ;
[INFO] [stdout]   |     ^^^^^^^^^^^^^^^^^^^^^^^^
[INFO] [stdout] 
[INFO] [stdout] 
[INFO] [stdout] warning: unused import: `models::prelude::shearing`
[INFO] [stdout]   --> src/main.rs:10:5
[INFO] [stdout]    |
[INFO] [stdout] 10 | use models::prelude::shearing;
[INFO] [stdout]    |     ^^^^^^^^^^^^^^^^^^^^^^^^^
[INFO] [stdout] 
[INFO] [stdout] 
[INFO] [stdout] warning: unused import: `models::prelude::Intersect`
[INFO] [stdout]   --> src/main.rs:12:5
[INFO] [stdout]    |
[INFO] [stdout] 12 | use models::prelude::Intersect;
[INFO] [stdout]    |     ^^^^^^^^^^^^^^^^^^^^^^^^^^
[INFO] [stdout] 
[INFO] [stdout] 
[INFO] [stdout] warning: unused import: `models::prelude::Normal`
[INFO] [stdout]   --> src/main.rs:14:5
[INFO] [stdout]    |
[INFO] [stdout] 14 | use models::prelude::Normal;
[INFO] [stdout]    |     ^^^^^^^^^^^^^^^^^^^^^^^
[INFO] [stdout] 
[INFO] [stdout] 
[INFO] [stdout] warning: unused import: `models::prelude::Ray`
[INFO] [stdout]   --> src/main.rs:15:5
[INFO] [stdout]    |
[INFO] [stdout] 15 | use models::prelude::Ray;
[INFO] [stdout]    |     ^^^^^^^^^^^^^^^^^^^^
[INFO] [stdout] 
[INFO] [stdout] 
[INFO] [stdout] warning: unused import: `playground::init`
[INFO] [stdout]   --> src/main.rs:18:5
[INFO] [stdout]    |
[INFO] [stdout] 18 | use playground::init;
[INFO] [stdout]    |     ^^^^^^^^^^^^^^^^
[INFO] [stdout] 
[INFO] [stdout] 
[INFO] [stdout] warning: unused import: `playground::tick`
[INFO] [stdout]   --> src/main.rs:19:5
[INFO] [stdout]    |
[INFO] [stdout] 19 | use playground::tick;
[INFO] [stdout]    |     ^^^^^^^^^^^^^^^^
[INFO] [stdout] 
[INFO] [stdout] 
[INFO] [stdout] warning: unused import: `prelude::prelude::Canvas`
[INFO] [stdout]   --> src/main.rs:24:5
[INFO] [stdout]    |
[INFO] [stdout] 24 | use prelude::prelude::Canvas;
[INFO] [stdout]    |     ^^^^^^^^^^^^^^^^^^^^^^^^
[INFO] [stdout] 
[INFO] [stdout] 
[INFO] [stdout] warning: unused import: `prelude::prelude::Color`
[INFO] [stdout]   --> src/main.rs:25:5
[INFO] [stdout]    |
[INFO] [stdout] 25 | use prelude::prelude::Color;
[INFO] [stdout]    |     ^^^^^^^^^^^^^^^^^^^^^^^
[INFO] [stdout] 
[INFO] [stdout] 
[INFO] [stdout] warning: unnecessary parentheses around `if` condition
[INFO] [stdout]    --> src/models/canvas.rs:155:12
[INFO] [stdout]     |
[INFO] [stdout] 155 |         if (row != "".to_string()) {
[INFO] [stdout]     |            ^                     ^
[INFO] [stdout]     |
[INFO] [stdout]     = note: `#[warn(unused_parens)]` on by default
[INFO] [stdout] help: remove these parentheses
[INFO] [stdout]     |
[INFO] [stdout] 155 -         if (row != "".to_string()) {
[INFO] [stdout] 155 +         if row != "".to_string() {
[INFO] [stdout]     |
[INFO] [stdout] 
[INFO] [stdout] 
[INFO] [stdout] warning: unused import: `crate::prelude::*`
[INFO] [stdout]  --> src/models/ray.rs:2:5
[INFO] [stdout]   |
[INFO] [stdout] 2 | use crate::prelude::*;
[INFO] [stdout]   |     ^^^^^^^^^^^^^^^^^
[INFO] [stdout] 
[INFO] [stdout] 
[INFO] [stdout] warning: unused import: `crate::prelude::*`
[INFO] [stdout]  --> src/models/sphere.rs:2:5
[INFO] [stdout]   |
[INFO] [stdout] 2 | use crate::prelude::*;
[INFO] [stdout]   |     ^^^^^^^^^^^^^^^^^
[INFO] [stdout] 
[INFO] [stdout] 
[INFO] [stdout] warning: unnecessary parentheses around `if` condition
[INFO] [stdout]   --> src/models/intersection.rs:47:12
[INFO] [stdout]    |
[INFO] [stdout] 47 |         if (dot_product < 0.0) {
[INFO] [stdout]    |            ^                 ^
[INFO] [stdout]    |
[INFO] [stdout] help: remove these parentheses
[INFO] [stdout]    |
[INFO] [stdout] 47 -         if (dot_product < 0.0) {
[INFO] [stdout] 47 +         if dot_product < 0.0 {
[INFO] [stdout]    |
[INFO] [stdout] 
[INFO] [stdout] 
[INFO] [stdout] warning: unnecessary parentheses around `if` condition
[INFO] [stdout]   --> src/models/world.rs:77:20
[INFO] [stdout]    |
[INFO] [stdout] 77 |                 if (inter.t < distance) {
[INFO] [stdout]    |                    ^                  ^
[INFO] [stdout]    |
[INFO] [stdout] help: remove these parentheses
[INFO] [stdout]    |
[INFO] [stdout] 77 -                 if (inter.t < distance) {
[INFO] [stdout] 77 +                 if inter.t < distance {
[INFO] [stdout]    |
[INFO] [stdout] 
[INFO] [stdout] 
[INFO] [stdout] warning: unnecessary parentheses around `if` condition
[INFO] [stdout]    --> src/models/world.rs:105:16
[INFO] [stdout]     |
[INFO] [stdout] 105 |             if (b.t > a.t) {
[INFO] [stdout]     |                ^         ^
[INFO] [stdout]     |
[INFO] [stdout] help: remove these parentheses
[INFO] [stdout]     |
[INFO] [stdout] 105 -             if (b.t > a.t) {
[INFO] [stdout] 105 +             if b.t > a.t {
[INFO] [stdout]     |
[INFO] [stdout] 
[INFO] [stdout] 
[INFO] [stdout] warning: unused import: `crate::playground::*`
[INFO] [stdout]   --> src/main.rs:38:13
[INFO] [stdout]    |
[INFO] [stdout] 38 |     pub use crate::playground::*;
[INFO] [stdout]    |             ^^^^^^^^^^^^^^^^^^^^
[INFO] [stdout] 
[INFO] [stdout] 
[INFO] [stdout] warning: unused variable: `ppm`
[INFO] [stdout]    --> src/main.rs:107:9
[INFO] [stdout]     |
[INFO] [stdout] 107 |     let ppm = canvas.to_ppm();
[INFO] [stdout]     |         ^^^ help: if this is intentional, prefix it with an underscore: `_ppm`
[INFO] [stdout]     |
[INFO] [stdout]     = note: `#[warn(unused_variables)]` on by default
[INFO] [stdout] 
[INFO] [stdout] 
[INFO] [stdout] warning: struct `Projectile` is never constructed
[INFO] [stdout]  --> src/models/projectile.rs:5:12
[INFO] [stdout]   |
[INFO] [stdout] 5 | pub struct Projectile {
[INFO] [stdout]   |            ^^^^^^^^^^
[INFO] [stdout]   |
[INFO] [stdout]   = note: `Projectile` has derived impls for the traits `Clone` and `Debug`, but these are intentionally ignored during dead code analysis
[INFO] [stdout]   = note: `#[warn(dead_code)]` on by default
[INFO] [stdout] 
[INFO] [stdout] 
[INFO] [stdout] warning: associated function `new` is never used
[INFO] [stdout]   --> src/models/projectile.rs:16:12
[INFO] [stdout]    |
[INFO] [stdout] 13 | impl Projectile {
[INFO] [stdout]    | --------------- associated function in this implementation
[INFO] [stdout] ...
[INFO] [stdout] 16 |     pub fn new(position: Vector, velocity: Vector) -> Self {
[INFO] [stdout]    |            ^^^
[INFO] [stdout] 
[INFO] [stdout] 
[INFO] [stdout] warning: struct `Environment` is never constructed
[INFO] [stdout]  --> src/models/gravity.rs:6:12
[INFO] [stdout]   |
[INFO] [stdout] 6 | pub struct Environment {
[INFO] [stdout]   |            ^^^^^^^^^^^
[INFO] [stdout]   |
[INFO] [stdout]   = note: `Environment` has derived impls for the traits `Debug` and `Clone`, but these are intentionally ignored during dead code analysis
[INFO] [stdout] 
[INFO] [stdout] 
[INFO] [stdout] warning: associated function `new` is never used
[INFO] [stdout]   --> src/models/gravity.rs:18:12
[INFO] [stdout]    |
[INFO] [stdout] 15 | impl Environment {
[INFO] [stdout]    | ---------------- associated function in this implementation
[INFO] [stdout] ...
[INFO] [stdout] 18 |     pub fn new(wind: Vector, gravity: Vector) -> Self {
[INFO] [stdout]    |            ^^^
[INFO] [stdout] 
[INFO] [stdout] 
[INFO] [stdout] warning: method `appr_equal` is never used
[INFO] [stdout]   --> src/models/color.rs:25:12
[INFO] [stdout]    |
[INFO] [stdout] 19 | impl Color {
[INFO] [stdout]    | ---------- method in this implementation
[INFO] [stdout] ...
[INFO] [stdout] 25 |     pub fn appr_equal(self, color:Color) ->bool {
[INFO] [stdout]    |            ^^^^^^^^^^
[INFO] [stdout] 
[INFO] [stdout] 
[INFO] [stdout] warning: method `pixel_at` is never used
[INFO] [stdout]   --> src/models/canvas.rs:67:12
[INFO] [stdout]    |
[INFO] [stdout] 34 | impl Canvas {
[INFO] [stdout]    | ----------- method in this implementation
[INFO] [stdout] ...
[INFO] [stdout] 67 |     pub fn pixel_at(self, x: usize, y: usize) -> Pixel {
[INFO] [stdout]    |            ^^^^^^^^
[INFO] [stdout] 
[INFO] [stdout] 
[INFO] [stdout] warning: method `approx_equal` is never used
[INFO] [stdout]   --> src/models/matrix.rs:25:12
[INFO] [stdout]    |
[INFO] [stdout] 16 | impl<const R: usize, const C: usize> Matrix<R, C> {
[INFO] [stdout]    | ------------------------------------------------- method in this implementation
[INFO] [stdout] ...
[INFO] [stdout] 25 |     pub fn approx_equal(self, _rhs: Matrix<R,C>) -> bool {
[INFO] [stdout]    |            ^^^^^^^^^^^^
[INFO] [stdout] 
[INFO] [stdout] 
[INFO] [stdout] warning: methods `isInvertible` and `inverse` are never used
[INFO] [stdout]    --> src/models/matrix.rs:177:12
[INFO] [stdout]     |
[INFO] [stdout] 103 | impl Matrix<3,3> {
[INFO] [stdout]     | ---------------- methods in this implementation
[INFO] [stdout] ...
[INFO] [stdout] 177 |     pub fn isInvertible(self) -> bool {
[INFO] [stdout]     |            ^^^^^^^^^^^^
[INFO] [stdout] ...
[INFO] [stdout] 185 |     pub fn inverse(self) -> Option<Self> {
[INFO] [stdout]     |            ^^^^^^^
[INFO] [stdout] 
[INFO] [stdout] 
[INFO] [stdout] warning: function `rotateZ` is never used
[INFO] [stdout]    --> src/models/matrix.rs:371:8
[INFO] [stdout]     |
[INFO] [stdout] 371 | pub fn rotateZ(deg: f64) -> Matrix<4,4> {
[INFO] [stdout]     |        ^^^^^^^
[INFO] [stdout] 
[INFO] [stdout] 
[INFO] [stdout] warning: function `shearing` is never used
[INFO] [stdout]    --> src/models/matrix.rs:383:8
[INFO] [stdout]     |
[INFO] [stdout] 383 | pub fn shearing(xy:f64, xz:f64, yx:f64, yz:f64, zx: f64, zy: f64) -> Matrix<4,4> {
[INFO] [stdout]     |        ^^^^^^^^
[INFO] [stdout] 
[INFO] [stdout] 
[INFO] [stdout] warning: method `setRadius` is never used
[INFO] [stdout]   --> src/models/sphere.rs:37:12
[INFO] [stdout]    |
[INFO] [stdout] 30 | impl Sphere {
[INFO] [stdout]    | ----------- method in this implementation
[INFO] [stdout] ...
[INFO] [stdout] 37 |     pub fn setRadius(&mut self, radius: f64) {
[INFO] [stdout]    |            ^^^^^^^^^
[INFO] [stdout] 
[INFO] [stdout] 
[INFO] [stdout] warning: fields `t` and `inside` are never read
[INFO] [stdout]   --> src/models/intersection.rs:9:9
[INFO] [stdout]    |
[INFO] [stdout] 4  | pub struct Computation {
[INFO] [stdout]    |            ----------- fields in this struct
[INFO] [stdout] ...
[INFO] [stdout] 9  |     pub t: f64,
[INFO] [stdout]    |         ^
[INFO] [stdout] 10 |     pub inside: bool
[INFO] [stdout]    |         ^^^^^^
[INFO] [stdout] 
[INFO] [stdout] 
[INFO] [stdout] warning: method `set_ambient` is never used
[INFO] [stdout]   --> src/models/object.rs:19:12
[INFO] [stdout]    |
[INFO] [stdout] 9  | impl Object {
[INFO] [stdout]    | ----------- method in this implementation
[INFO] [stdout] ...
[INFO] [stdout] 19 |     pub fn set_ambient(&mut self, ambient: f64) {
[INFO] [stdout]    |            ^^^^^^^^^^^
[INFO] [stdout] 
[INFO] [stdout] 
[INFO] [stdout] warning: associated function `default` is never used
[INFO] [stdout]   --> src/models/world.rs:12:12
[INFO] [stdout]    |
[INFO] [stdout] 11 | impl World {
[INFO] [stdout]    | ---------- associated function in this implementation
[INFO] [stdout] 12 |     pub fn default() -> Self {
[INFO] [stdout]    |            ^^^^^^^
[INFO] [stdout] 
[INFO] [stdout] 
[INFO] [stdout] warning: function `tick` is never used
[INFO] [stdout]  --> src/playground/mod.rs:3:8
[INFO] [stdout]   |
[INFO] [stdout] 3 | pub fn tick(env: Environment, proj: Projectile) -> Projectile {
[INFO] [stdout]   |        ^^^^
[INFO] [stdout] 
[INFO] [stdout] 
[INFO] [stdout] warning: function `init` is never used
[INFO] [stdout]   --> src/playground/mod.rs:10:8
[INFO] [stdout]    |
[INFO] [stdout] 10 | pub fn init() -> (Environment, Projectile) {
[INFO] [stdout]    |        ^^^^
[INFO] [stdout] 
[INFO] [stdout] 
[INFO] [stdout] warning: comparison is useless due to type limits
[INFO] [stdout]    --> src/models/canvas.rs:102:16
[INFO] [stdout]     |
[INFO] [stdout] 102 |             if red < 0 {
[INFO] [stdout]     |                ^^^^^^^
[INFO] [stdout]     |
[INFO] [stdout]     = note: `#[warn(unused_comparisons)]` on by default
[INFO] [stdout] 
[INFO] [stdout] 
[INFO] [stdout] warning: comparison is useless due to type limits
[INFO] [stdout]    --> src/models/canvas.rs:113:16
[INFO] [stdout]     |
[INFO] [stdout] 113 |             if green < 0 {
[INFO] [stdout]     |                ^^^^^^^^^
[INFO] [stdout] 
[INFO] [stdout] 
[INFO] [stdout] warning: comparison is useless due to type limits
[INFO] [stdout]    --> src/models/canvas.rs:124:16
[INFO] [stdout]     |
[INFO] [stdout] 124 |             if blue < 0 {
[INFO] [stdout]     |                ^^^^^^^^
[INFO] [stdout] 
[INFO] [stdout] 
[INFO] [stdout] warning: method `setElement` should have a snake case name
[INFO] [stdout]   --> src/models/matrix.rs:42:12
[INFO] [stdout]    |
[INFO] [stdout] 42 |     pub fn setElement(&mut self, r: usize, c: usize, element: f64) {
[INFO] [stdout]    |            ^^^^^^^^^^ help: convert the identifier to snake case: `set_element`
[INFO] [stdout]    |
[INFO] [stdout]    = note: `#[warn(non_snake_case)]` on by default
[INFO] [stdout] 
[INFO] [stdout] 
[INFO] [stdout] warning: variable `newRow` should have a snake case name
[INFO] [stdout]    --> src/models/matrix.rs:116:29
[INFO] [stdout]     |
[INFO] [stdout] 116 |                     let mut newRow = r;
[INFO] [stdout]     |                             ^^^^^^ help: convert the identifier to snake case: `new_row`
[INFO] [stdout] 
[INFO] [stdout] 
[INFO] [stdout] warning: variable `newCol` should have a snake case name
[INFO] [stdout]    --> src/models/matrix.rs:117:29
[INFO] [stdout]     |
[INFO] [stdout] 117 |                     let mut newCol = c;
[INFO] [stdout]     |                             ^^^^^^ help: convert the identifier to snake case: `new_col`
[INFO] [stdout] 
[INFO] [stdout] 
[INFO] [stdout] warning: method `isInvertible` should have a snake case name
[INFO] [stdout]    --> src/models/matrix.rs:177:12
[INFO] [stdout]     |
[INFO] [stdout] 177 |     pub fn isInvertible(self) -> bool {
[INFO] [stdout]     |            ^^^^^^^^^^^^ help: convert the identifier to snake case: `is_invertible`
[INFO] [stdout] 
[INFO] [stdout] 
[INFO] [stdout] warning: variable `newRow` should have a snake case name
[INFO] [stdout]    --> src/models/matrix.rs:227:29
[INFO] [stdout]     |
[INFO] [stdout] 227 |                     let mut newRow = r;
[INFO] [stdout]     |                             ^^^^^^ help: convert the identifier to snake case: `new_row`
[INFO] [stdout] 
[INFO] [stdout] 
[INFO] [stdout] warning: variable `newCol` should have a snake case name
[INFO] [stdout]    --> src/models/matrix.rs:228:29
[INFO] [stdout]     |
[INFO] [stdout] 228 |                     let mut newCol = c;
[INFO] [stdout]     |                             ^^^^^^ help: convert the identifier to snake case: `new_col`
[INFO] [stdout] 
[INFO] [stdout] 
[INFO] [stdout] warning: method `isInvertible` should have a snake case name
[INFO] [stdout]    --> src/models/matrix.rs:288:12
[INFO] [stdout]     |
[INFO] [stdout] 288 |     pub fn isInvertible(self) -> bool {
[INFO] [stdout]     |            ^^^^^^^^^^^^ help: convert the identifier to snake case: `is_invertible`
[INFO] [stdout] 
[INFO] [stdout] 
[INFO] [stdout] warning: function `rotateX` should have a snake case name
[INFO] [stdout]    --> src/models/matrix.rs:350:8
[INFO] [stdout]     |
[INFO] [stdout] 350 | pub fn rotateX(deg: f64) -> Matrix<4,4> {
[INFO] [stdout]     |        ^^^^^^^ help: convert the identifier to snake case: `rotate_x`
[INFO] [stdout] 
[INFO] [stdout] 
[INFO] [stdout] warning: function `rotateY` should have a snake case name
[INFO] [stdout]    --> src/models/matrix.rs:361:8
[INFO] [stdout]     |
[INFO] [stdout] 361 | pub fn rotateY(deg: f64) -> Matrix<4,4> {
[INFO] [stdout]     |        ^^^^^^^ help: convert the identifier to snake case: `rotate_y`
[INFO] [stdout] 
[INFO] [stdout] 
[INFO] [stdout] warning: function `rotateZ` should have a snake case name
[INFO] [stdout]    --> src/models/matrix.rs:371:8
[INFO] [stdout]     |
[INFO] [stdout] 371 | pub fn rotateZ(deg: f64) -> Matrix<4,4> {
[INFO] [stdout]     |        ^^^^^^^ help: convert the identifier to snake case: `rotate_z`
[INFO] [stdout] 
[INFO] [stdout] 
[INFO] [stdout] warning: method `setRadius` should have a snake case name
[INFO] [stdout]   --> src/models/sphere.rs:37:12
[INFO] [stdout]    |
[INFO] [stdout] 37 |     pub fn setRadius(&mut self, radius: f64) {
[INFO] [stdout]    |            ^^^^^^^^^ help: convert the identifier to snake case: `set_radius`
[INFO] [stdout] 
[INFO] [stdout] 
[INFO] [stdout] warning: method `setTransform` should have a snake case name
[INFO] [stdout]   --> src/models/sphere.rs:42:12
[INFO] [stdout]    |
[INFO] [stdout] 42 |     pub fn setTransform(&mut self, transform: Matrix<4,4>) {
[INFO] [stdout]    |            ^^^^^^^^^^^^ help: convert the identifier to snake case: `set_transform`
[INFO] [stdout] 
[INFO] [stdout] 
[INFO] [stdout] warning: method `setMaterial` should have a snake case name
[INFO] [stdout]   --> src/models/sphere.rs:47:12
[INFO] [stdout]    |
[INFO] [stdout] 47 |     pub fn setMaterial(&mut self, material: Material) {
[INFO] [stdout]    |            ^^^^^^^^^^^ help: convert the identifier to snake case: `set_material`
[INFO] [stdout] 
[INFO] [stdout] 
[INFO] [stderr]     Finished `dev` profile [unoptimized + debuginfo] target(s) in 0.73s
[INFO] running `Command { std: "docker" "inspect" "035f7c426474b06a35cc69ad6887bc967e168c5b22be4bd3ab03d449f4900aea", kill_on_drop: false }`
[INFO] running `Command { std: "docker" "rm" "-f" "035f7c426474b06a35cc69ad6887bc967e168c5b22be4bd3ab03d449f4900aea", kill_on_drop: false }`
[INFO] [stdout] 035f7c426474b06a35cc69ad6887bc967e168c5b22be4bd3ab03d449f4900aea
[INFO] running `Command { std: "docker" "create" "-v" "/var/lib/crater-agent-workspace/builds/worker-0-tc2/target:/opt/rustwide/target:rw,Z" "-v" "/var/lib/crater-agent-workspace/builds/worker-0-tc2/source:/opt/rustwide/workdir:ro,Z" "-v" "/var/lib/crater-agent-workspace/cargo-home:/opt/rustwide/cargo-home:ro,Z" "-v" "/var/lib/crater-agent-workspace/rustup-home:/opt/rustwide/rustup-home:ro,Z" "-e" "SOURCE_DIR=/opt/rustwide/workdir" "-e" "CARGO_TARGET_DIR=/opt/rustwide/target" "-e" "CARGO_INCREMENTAL=0" "-e" "RUST_BACKTRACE=full" "-e" "RUSTFLAGS=--cap-lints=forbid -Zrandomize-layout" "-e" "RUSTDOCFLAGS=--cap-lints=forbid" "-e" "CARGO_HOME=/opt/rustwide/cargo-home" "-e" "RUSTUP_HOME=/opt/rustwide/rustup-home" "-w" "/opt/rustwide/workdir" "-m" "1610612736" "--user" "0:0" "--network" "none" "ghcr.io/rust-lang/crates-build-env/linux@sha256:819108c5571ea2e421544af4d832f968d213c87fbe3707a016657f43d2f853bc" "/opt/rustwide/cargo-home/bin/cargo" "+nightly-2025-01-18" "test" "--frozen" "--no-run" "--message-format=json", kill_on_drop: false }`
[INFO] [stdout] ff1c7ba05ff1a176125c79d8f787d994ab4caefa9747d419611f12a152d4c3a2
[INFO] running `Command { std: "docker" "start" "-a" "ff1c7ba05ff1a176125c79d8f787d994ab4caefa9747d419611f12a152d4c3a2", kill_on_drop: false }`
[INFO] [stderr]    Compiling raytracer v0.1.0 (/opt/rustwide/workdir)
[INFO] [stdout] warning: unused import: `models::prelude::hit`
[INFO] [stdout]  --> src/main.rs:5:5
[INFO] [stdout]   |
[INFO] [stdout] 5 | use models::prelude::hit;
[INFO] [stdout]   |     ^^^^^^^^^^^^^^^^^^^^
[INFO] [stdout]   |
[INFO] [stdout]   = note: `#[warn(unused_imports)]` on by default
[INFO] [stdout] 
[INFO] [stdout] 
[INFO] [stdout] warning: unused import: `models::prelude::lighting`
[INFO] [stdout]  --> src/main.rs:6:5
[INFO] [stdout]   |
[INFO] [stdout] 6 | use models::prelude::lighting;
[INFO] [stdout]   |     ^^^^^^^^^^^^^^^^^^^^^^^^^
[INFO] [stdout] 
[INFO] [stdout] 
[INFO] [stdout] warning: unused import: `models::prelude::rotateZ`
[INFO] [stdout]  --> src/main.rs:8:5
[INFO] [stdout]   |
[INFO] [stdout] 8 | use models::prelude::rotateZ;
[INFO] [stdout]   |     ^^^^^^^^^^^^^^^^^^^^^^^^
[INFO] [stdout] 
[INFO] [stdout] 
[INFO] [stdout] warning: unused import: `models::prelude::shearing`
[INFO] [stdout]   --> src/main.rs:10:5
[INFO] [stdout]    |
[INFO] [stdout] 10 | use models::prelude::shearing;
[INFO] [stdout]    |     ^^^^^^^^^^^^^^^^^^^^^^^^^
[INFO] [stdout] 
[INFO] [stdout] 
[INFO] [stdout] warning: unused import: `models::prelude::Intersect`
[INFO] [stdout]   --> src/main.rs:12:5
[INFO] [stdout]    |
[INFO] [stdout] 12 | use models::prelude::Intersect;
[INFO] [stdout]    |     ^^^^^^^^^^^^^^^^^^^^^^^^^^
[INFO] [stdout] 
[INFO] [stdout] 
[INFO] [stdout] warning: unused import: `models::prelude::Normal`
[INFO] [stdout]   --> src/main.rs:14:5
[INFO] [stdout]    |
[INFO] [stdout] 14 | use models::prelude::Normal;
[INFO] [stdout]    |     ^^^^^^^^^^^^^^^^^^^^^^^
[INFO] [stdout] 
[INFO] [stdout] 
[INFO] [stdout] warning: unused import: `models::prelude::Ray`
[INFO] [stdout]   --> src/main.rs:15:5
[INFO] [stdout]    |
[INFO] [stdout] 15 | use models::prelude::Ray;
[INFO] [stdout]    |     ^^^^^^^^^^^^^^^^^^^^
[INFO] [stdout] 
[INFO] [stdout] 
[INFO] [stdout] warning: unused import: `playground::init`
[INFO] [stdout]   --> src/main.rs:18:5
[INFO] [stdout]    |
[INFO] [stdout] 18 | use playground::init;
[INFO] [stdout]    |     ^^^^^^^^^^^^^^^^
[INFO] [stdout] 
[INFO] [stdout] 
[INFO] [stdout] warning: unused import: `playground::tick`
[INFO] [stdout]   --> src/main.rs:19:5
[INFO] [stdout]    |
[INFO] [stdout] 19 | use playground::tick;
[INFO] [stdout]    |     ^^^^^^^^^^^^^^^^
[INFO] [stdout] 
[INFO] [stdout] 
[INFO] [stdout] warning: unused import: `prelude::prelude::Canvas`
[INFO] [stdout]   --> src/main.rs:24:5
[INFO] [stdout]    |
[INFO] [stdout] 24 | use prelude::prelude::Canvas;
[INFO] [stdout]    |     ^^^^^^^^^^^^^^^^^^^^^^^^
[INFO] [stdout] 
[INFO] [stdout] 
[INFO] [stdout] warning: unused import: `prelude::prelude::Color`
[INFO] [stdout]   --> src/main.rs:25:5
[INFO] [stdout]    |
[INFO] [stdout] 25 | use prelude::prelude::Color;
[INFO] [stdout]    |     ^^^^^^^^^^^^^^^^^^^^^^^
[INFO] [stdout] 
[INFO] [stdout] 
[INFO] [stdout] warning: unnecessary parentheses around `if` condition
[INFO] [stdout]    --> src/models/canvas.rs:155:12
[INFO] [stdout]     |
[INFO] [stdout] 155 |         if (row != "".to_string()) {
[INFO] [stdout]     |            ^                     ^
[INFO] [stdout]     |
[INFO] [stdout]     = note: `#[warn(unused_parens)]` on by default
[INFO] [stdout] help: remove these parentheses
[INFO] [stdout]     |
[INFO] [stdout] 155 -         if (row != "".to_string()) {
[INFO] [stdout] 155 +         if row != "".to_string() {
[INFO] [stdout]     |
[INFO] [stdout] 
[INFO] [stdout] 
[INFO] [stdout] warning: unused import: `crate::prelude::*`
[INFO] [stdout]  --> src/models/ray.rs:2:5
[INFO] [stdout]   |
[INFO] [stdout] 2 | use crate::prelude::*;
[INFO] [stdout]   |     ^^^^^^^^^^^^^^^^^
[INFO] [stdout] 
[INFO] [stdout] 
[INFO] [stdout] warning: unused import: `crate::prelude::*`
[INFO] [stdout]  --> src/models/sphere.rs:2:5
[INFO] [stdout]   |
[INFO] [stdout] 2 | use crate::prelude::*;
[INFO] [stdout]   |     ^^^^^^^^^^^^^^^^^
[INFO] [stdout] 
[INFO] [stdout] 
[INFO] [stdout] warning: unnecessary parentheses around `if` condition
[INFO] [stdout]   --> src/models/intersection.rs:47:12
[INFO] [stdout]    |
[INFO] [stdout] 47 |         if (dot_product < 0.0) {
[INFO] [stdout]    |            ^                 ^
[INFO] [stdout]    |
[INFO] [stdout] help: remove these parentheses
[INFO] [stdout]    |
[INFO] [stdout] 47 -         if (dot_product < 0.0) {
[INFO] [stdout] 47 +         if dot_product < 0.0 {
[INFO] [stdout]    |
[INFO] [stdout] 
[INFO] [stdout] 
[INFO] [stdout] warning: unnecessary parentheses around `if` condition
[INFO] [stdout]   --> src/models/world.rs:77:20
[INFO] [stdout]    |
[INFO] [stdout] 77 |                 if (inter.t < distance) {
[INFO] [stdout]    |                    ^                  ^
[INFO] [stdout]    |
[INFO] [stdout] help: remove these parentheses
[INFO] [stdout]    |
[INFO] [stdout] 77 -                 if (inter.t < distance) {
[INFO] [stdout] 77 +                 if inter.t < distance {
[INFO] [stdout]    |
[INFO] [stdout] 
[INFO] [stdout] 
[INFO] [stdout] warning: unnecessary parentheses around `if` condition
[INFO] [stdout]    --> src/models/world.rs:105:16
[INFO] [stdout]     |
[INFO] [stdout] 105 |             if (b.t > a.t) {
[INFO] [stdout]     |                ^         ^
[INFO] [stdout]     |
[INFO] [stdout] help: remove these parentheses
[INFO] [stdout]     |
[INFO] [stdout] 105 -             if (b.t > a.t) {
[INFO] [stdout] 105 +             if b.t > a.t {
[INFO] [stdout]     |
[INFO] [stdout] 
[INFO] [stdout] 
[INFO] [stdout] warning: unused import: `crate::playground::*`
[INFO] [stdout]   --> src/main.rs:38:13
[INFO] [stdout]    |
[INFO] [stdout] 38 |     pub use crate::playground::*;
[INFO] [stdout]    |             ^^^^^^^^^^^^^^^^^^^^
[INFO] [stdout] 
[INFO] [stdout] 
[INFO] [stdout] warning: unused variable: `ppm`
[INFO] [stdout]    --> src/main.rs:107:9
[INFO] [stdout]     |
[INFO] [stdout] 107 |     let ppm = canvas.to_ppm();
[INFO] [stdout]     |         ^^^ help: if this is intentional, prefix it with an underscore: `_ppm`
[INFO] [stdout]     |
[INFO] [stdout]     = note: `#[warn(unused_variables)]` on by default
[INFO] [stdout] 
[INFO] [stdout] 
[INFO] [stdout] warning: struct `Projectile` is never constructed
[INFO] [stdout]  --> src/models/projectile.rs:5:12
[INFO] [stdout]   |
[INFO] [stdout] 5 | pub struct Projectile {
[INFO] [stdout]   |            ^^^^^^^^^^
[INFO] [stdout]   |
[INFO] [stdout]   = note: `Projectile` has derived impls for the traits `Clone` and `Debug`, but these are intentionally ignored during dead code analysis
[INFO] [stdout]   = note: `#[warn(dead_code)]` on by default
[INFO] [stdout] 
[INFO] [stdout] 
[INFO] [stdout] warning: associated function `new` is never used
[INFO] [stdout]   --> src/models/projectile.rs:16:12
[INFO] [stdout]    |
[INFO] [stdout] 13 | impl Projectile {
[INFO] [stdout]    | --------------- associated function in this implementation
[INFO] [stdout] ...
[INFO] [stdout] 16 |     pub fn new(position: Vector, velocity: Vector) -> Self {
[INFO] [stdout]    |            ^^^
[INFO] [stdout] 
[INFO] [stdout] 
[INFO] [stdout] warning: struct `Environment` is never constructed
[INFO] [stdout]  --> src/models/gravity.rs:6:12
[INFO] [stdout]   |
[INFO] [stdout] 6 | pub struct Environment {
[INFO] [stdout]   |            ^^^^^^^^^^^
[INFO] [stdout]   |
[INFO] [stdout]   = note: `Environment` has derived impls for the traits `Debug` and `Clone`, but these are intentionally ignored during dead code analysis
[INFO] [stdout] 
[INFO] [stdout] 
[INFO] [stdout] warning: associated function `new` is never used
[INFO] [stdout]   --> src/models/gravity.rs:18:12
[INFO] [stdout]    |
[INFO] [stdout] 15 | impl Environment {
[INFO] [stdout]    | ---------------- associated function in this implementation
[INFO] [stdout] ...
[INFO] [stdout] 18 |     pub fn new(wind: Vector, gravity: Vector) -> Self {
[INFO] [stdout]    |            ^^^
[INFO] [stdout] 
[INFO] [stdout] 
[INFO] [stdout] warning: methods `isInvertible` and `inverse` are never used
[INFO] [stdout]    --> src/models/matrix.rs:177:12
[INFO] [stdout]     |
[INFO] [stdout] 103 | impl Matrix<3,3> {
[INFO] [stdout]     | ---------------- methods in this implementation
[INFO] [stdout] ...
[INFO] [stdout] 177 |     pub fn isInvertible(self) -> bool {
[INFO] [stdout]     |            ^^^^^^^^^^^^
[INFO] [stdout] ...
[INFO] [stdout] 185 |     pub fn inverse(self) -> Option<Self> {
[INFO] [stdout]     |            ^^^^^^^
[INFO] [stdout] 
[INFO] [stdout] 
[INFO] [stdout] warning: method `setRadius` is never used
[INFO] [stdout]   --> src/models/sphere.rs:37:12
[INFO] [stdout]    |
[INFO] [stdout] 30 | impl Sphere {
[INFO] [stdout]    | ----------- method in this implementation
[INFO] [stdout] ...
[INFO] [stdout] 37 |     pub fn setRadius(&mut self, radius: f64) {
[INFO] [stdout]    |            ^^^^^^^^^
[INFO] [stdout] 
[INFO] [stdout] 
[INFO] [stdout] warning: field `t` is never read
[INFO] [stdout]  --> src/models/intersection.rs:9:9
[INFO] [stdout]   |
[INFO] [stdout] 4 | pub struct Computation {
[INFO] [stdout]   |            ----------- field in this struct
[INFO] [stdout] ...
[INFO] [stdout] 9 |     pub t: f64,
[INFO] [stdout]   |         ^
[INFO] [stdout] 
[INFO] [stdout] 
[INFO] [stdout] warning: function `tick` is never used
[INFO] [stdout]  --> src/playground/mod.rs:3:8
[INFO] [stdout]   |
[INFO] [stdout] 3 | pub fn tick(env: Environment, proj: Projectile) -> Projectile {
[INFO] [stdout]   |        ^^^^
[INFO] [stdout] 
[INFO] [stdout] 
[INFO] [stdout] warning: function `init` is never used
[INFO] [stdout]   --> src/playground/mod.rs:10:8
[INFO] [stdout]    |
[INFO] [stdout] 10 | pub fn init() -> (Environment, Projectile) {
[INFO] [stdout]    |        ^^^^
[INFO] [stdout] 
[INFO] [stdout] 
[INFO] [stdout] warning: comparison is useless due to type limits
[INFO] [stdout]    --> src/models/canvas.rs:102:16
[INFO] [stdout]     |
[INFO] [stdout] 102 |             if red < 0 {
[INFO] [stdout]     |                ^^^^^^^
[INFO] [stdout]     |
[INFO] [stdout]     = note: `#[warn(unused_comparisons)]` on by default
[INFO] [stdout] 
[INFO] [stdout] 
[INFO] [stdout] warning: comparison is useless due to type limits
[INFO] [stdout]    --> src/models/canvas.rs:113:16
[INFO] [stdout]     |
[INFO] [stdout] 113 |             if green < 0 {
[INFO] [stdout]     |                ^^^^^^^^^
[INFO] [stdout] 
[INFO] [stdout] 
[INFO] [stdout] warning: comparison is useless due to type limits
[INFO] [stdout]    --> src/models/canvas.rs:124:16
[INFO] [stdout]     |
[INFO] [stdout] 124 |             if blue < 0 {
[INFO] [stdout]     |                ^^^^^^^^
[INFO] [stdout] 
[INFO] [stdout] 
[INFO] [stdout] warning: method `setElement` should have a snake case name
[INFO] [stdout]   --> src/models/matrix.rs:42:12
[INFO] [stdout]    |
[INFO] [stdout] 42 |     pub fn setElement(&mut self, r: usize, c: usize, element: f64) {
[INFO] [stdout]    |            ^^^^^^^^^^ help: convert the identifier to snake case: `set_element`
[INFO] [stdout]    |
[INFO] [stdout]    = note: `#[warn(non_snake_case)]` on by default
[INFO] [stdout] 
[INFO] [stdout] 
[INFO] [stdout] warning: variable `newRow` should have a snake case name
[INFO] [stdout]    --> src/models/matrix.rs:116:29
[INFO] [stdout]     |
[INFO] [stdout] 116 |                     let mut newRow = r;
[INFO] [stdout]     |                             ^^^^^^ help: convert the identifier to snake case: `new_row`
[INFO] [stdout] 
[INFO] [stdout] 
[INFO] [stdout] warning: variable `newCol` should have a snake case name
[INFO] [stdout]    --> src/models/matrix.rs:117:29
[INFO] [stdout]     |
[INFO] [stdout] 117 |                     let mut newCol = c;
[INFO] [stdout]     |                             ^^^^^^ help: convert the identifier to snake case: `new_col`
[INFO] [stdout] 
[INFO] [stdout] 
[INFO] [stdout] warning: method `isInvertible` should have a snake case name
[INFO] [stdout]    --> src/models/matrix.rs:177:12
[INFO] [stdout]     |
[INFO] [stdout] 177 |     pub fn isInvertible(self) -> bool {
[INFO] [stdout]     |            ^^^^^^^^^^^^ help: convert the identifier to snake case: `is_invertible`
[INFO] [stdout] 
[INFO] [stdout] 
[INFO] [stdout] warning: variable `newRow` should have a snake case name
[INFO] [stdout]    --> src/models/matrix.rs:227:29
[INFO] [stdout]     |
[INFO] [stdout] 227 |                     let mut newRow = r;
[INFO] [stdout]     |                             ^^^^^^ help: convert the identifier to snake case: `new_row`
[INFO] [stdout] 
[INFO] [stdout] 
[INFO] [stdout] warning: variable `newCol` should have a snake case name
[INFO] [stdout]    --> src/models/matrix.rs:228:29
[INFO] [stdout]     |
[INFO] [stdout] 228 |                     let mut newCol = c;
[INFO] [stdout]     |                             ^^^^^^ help: convert the identifier to snake case: `new_col`
[INFO] [stdout] 
[INFO] [stdout] 
[INFO] [stdout] warning: method `isInvertible` should have a snake case name
[INFO] [stdout]    --> src/models/matrix.rs:288:12
[INFO] [stdout]     |
[INFO] [stdout] 288 |     pub fn isInvertible(self) -> bool {
[INFO] [stdout]     |            ^^^^^^^^^^^^ help: convert the identifier to snake case: `is_invertible`
[INFO] [stdout] 
[INFO] [stdout] 
[INFO] [stdout] warning: function `rotateX` should have a snake case name
[INFO] [stdout]    --> src/models/matrix.rs:350:8
[INFO] [stdout]     |
[INFO] [stdout] 350 | pub fn rotateX(deg: f64) -> Matrix<4,4> {
[INFO] [stdout]     |        ^^^^^^^ help: convert the identifier to snake case: `rotate_x`
[INFO] [stdout] 
[INFO] [stdout] 
[INFO] [stdout] warning: function `rotateY` should have a snake case name
[INFO] [stdout]    --> src/models/matrix.rs:361:8
[INFO] [stdout]     |
[INFO] [stdout] 361 | pub fn rotateY(deg: f64) -> Matrix<4,4> {
[INFO] [stdout]     |        ^^^^^^^ help: convert the identifier to snake case: `rotate_y`
[INFO] [stdout] 
[INFO] [stdout] 
[INFO] [stdout] warning: function `rotateZ` should have a snake case name
[INFO] [stdout]    --> src/models/matrix.rs:371:8
[INFO] [stdout]     |
[INFO] [stdout] 371 | pub fn rotateZ(deg: f64) -> Matrix<4,4> {
[INFO] [stdout]     |        ^^^^^^^ help: convert the identifier to snake case: `rotate_z`
[INFO] [stdout] 
[INFO] [stdout] 
[INFO] [stdout] warning: method `setRadius` should have a snake case name
[INFO] [stdout]   --> src/models/sphere.rs:37:12
[INFO] [stdout]    |
[INFO] [stdout] 37 |     pub fn setRadius(&mut self, radius: f64) {
[INFO] [stdout]    |            ^^^^^^^^^ help: convert the identifier to snake case: `set_radius`
[INFO] [stdout] 
[INFO] [stdout] 
[INFO] [stdout] warning: method `setTransform` should have a snake case name
[INFO] [stdout]   --> src/models/sphere.rs:42:12
[INFO] [stdout]    |
[INFO] [stdout] 42 |     pub fn setTransform(&mut self, transform: Matrix<4,4>) {
[INFO] [stdout]    |            ^^^^^^^^^^^^ help: convert the identifier to snake case: `set_transform`
[INFO] [stdout] 
[INFO] [stdout] 
[INFO] [stdout] warning: method `setMaterial` should have a snake case name
[INFO] [stdout]   --> src/models/sphere.rs:47:12
[INFO] [stdout]    |
[INFO] [stdout] 47 |     pub fn setMaterial(&mut self, material: Material) {
[INFO] [stdout]    |            ^^^^^^^^^^^ help: convert the identifier to snake case: `set_material`
[INFO] [stdout] 
[INFO] [stdout] 
[INFO] [stderr]     Finished `test` profile [unoptimized + debuginfo] target(s) in 0.97s
[INFO] running `Command { std: "docker" "inspect" "ff1c7ba05ff1a176125c79d8f787d994ab4caefa9747d419611f12a152d4c3a2", kill_on_drop: false }`
[INFO] running `Command { std: "docker" "rm" "-f" "ff1c7ba05ff1a176125c79d8f787d994ab4caefa9747d419611f12a152d4c3a2", kill_on_drop: false }`
[INFO] [stdout] ff1c7ba05ff1a176125c79d8f787d994ab4caefa9747d419611f12a152d4c3a2
[INFO] running `Command { std: "docker" "create" "-v" "/var/lib/crater-agent-workspace/builds/worker-0-tc2/target:/opt/rustwide/target:rw,Z" "-v" "/var/lib/crater-agent-workspace/builds/worker-0-tc2/source:/opt/rustwide/workdir:ro,Z" "-v" "/var/lib/crater-agent-workspace/cargo-home:/opt/rustwide/cargo-home:ro,Z" "-v" "/var/lib/crater-agent-workspace/rustup-home:/opt/rustwide/rustup-home:ro,Z" "-e" "SOURCE_DIR=/opt/rustwide/workdir" "-e" "CARGO_TARGET_DIR=/opt/rustwide/target" "-e" "CARGO_INCREMENTAL=0" "-e" "RUST_BACKTRACE=full" "-e" "RUSTFLAGS=--cap-lints=forbid -Zrandomize-layout" "-e" "RUSTDOCFLAGS=--cap-lints=forbid" "-e" "CARGO_HOME=/opt/rustwide/cargo-home" "-e" "RUSTUP_HOME=/opt/rustwide/rustup-home" "-w" "/opt/rustwide/workdir" "-m" "1610612736" "--user" "0:0" "--network" "none" "ghcr.io/rust-lang/crates-build-env/linux@sha256:819108c5571ea2e421544af4d832f968d213c87fbe3707a016657f43d2f853bc" "/opt/rustwide/cargo-home/bin/cargo" "+nightly-2025-01-18" "test" "--frozen", kill_on_drop: false }`
[INFO] [stdout] cc73e728b828bf38e130c2b62c10f5fbae2ec1996b6ccfbee2f4d9e6c2f83af1
[INFO] running `Command { std: "docker" "start" "-a" "cc73e728b828bf38e130c2b62c10f5fbae2ec1996b6ccfbee2f4d9e6c2f83af1", kill_on_drop: false }`
[INFO] [stderr] warning: unused import: `models::prelude::hit`
[INFO] [stderr]  --> src/main.rs:5:5
[INFO] [stderr]   |
[INFO] [stderr] 5 | use models::prelude::hit;
[INFO] [stderr]   |     ^^^^^^^^^^^^^^^^^^^^
[INFO] [stderr]   |
[INFO] [stderr]   = note: `#[warn(unused_imports)]` on by default
[INFO] [stderr] 
[INFO] [stderr] warning: unused import: `models::prelude::lighting`
[INFO] [stderr]  --> src/main.rs:6:5
[INFO] [stderr]   |
[INFO] [stderr] 6 | use models::prelude::lighting;
[INFO] [stderr]   |     ^^^^^^^^^^^^^^^^^^^^^^^^^
[INFO] [stderr] 
[INFO] [stderr] warning: unused import: `models::prelude::rotateZ`
[INFO] [stderr]  --> src/main.rs:8:5
[INFO] [stderr]   |
[INFO] [stderr] 8 | use models::prelude::rotateZ;
[INFO] [stderr]   |     ^^^^^^^^^^^^^^^^^^^^^^^^
[INFO] [stderr] 
[INFO] [stderr] warning: unused import: `models::prelude::shearing`
[INFO] [stderr]   --> src/main.rs:10:5
[INFO] [stderr]    |
[INFO] [stderr] 10 | use models::prelude::shearing;
[INFO] [stderr]    |     ^^^^^^^^^^^^^^^^^^^^^^^^^
[INFO] [stderr] 
[INFO] [stderr] warning: unused import: `models::prelude::Intersect`
[INFO] [stderr]   --> src/main.rs:12:5
[INFO] [stderr]    |
[INFO] [stderr] 12 | use models::prelude::Intersect;
[INFO] [stderr]    |     ^^^^^^^^^^^^^^^^^^^^^^^^^^
[INFO] [stderr] 
[INFO] [stderr] warning: unused import: `models::prelude::Normal`
[INFO] [stderr]   --> src/main.rs:14:5
[INFO] [stderr]    |
[INFO] [stderr] 14 | use models::prelude::Normal;
[INFO] [stderr]    |     ^^^^^^^^^^^^^^^^^^^^^^^
[INFO] [stderr] 
[INFO] [stderr] warning: unused import: `models::prelude::Ray`
[INFO] [stderr]   --> src/main.rs:15:5
[INFO] [stderr]    |
[INFO] [stderr] 15 | use models::prelude::Ray;
[INFO] [stderr]    |     ^^^^^^^^^^^^^^^^^^^^
[INFO] [stderr] 
[INFO] [stderr] warning: unused import: `playground::init`
[INFO] [stderr]   --> src/main.rs:18:5
[INFO] [stderr]    |
[INFO] [stderr] 18 | use playground::init;
[INFO] [stderr]    |     ^^^^^^^^^^^^^^^^
[INFO] [stderr] 
[INFO] [stderr] warning: unused import: `playground::tick`
[INFO] [stderr]   --> src/main.rs:19:5
[INFO] [stderr]    |
[INFO] [stderr] 19 | use playground::tick;
[INFO] [stderr]    |     ^^^^^^^^^^^^^^^^
[INFO] [stderr] 
[INFO] [stderr] warning: unused import: `prelude::prelude::Canvas`
[INFO] [stderr]   --> src/main.rs:24:5
[INFO] [stderr]    |
[INFO] [stderr] 24 | use prelude::prelude::Canvas;
[INFO] [stderr]    |     ^^^^^^^^^^^^^^^^^^^^^^^^
[INFO] [stderr] 
[INFO] [stderr] warning: unused import: `prelude::prelude::Color`
[INFO] [stderr]   --> src/main.rs:25:5
[INFO] [stderr]    |
[INFO] [stderr] 25 | use prelude::prelude::Color;
[INFO] [stderr]    |     ^^^^^^^^^^^^^^^^^^^^^^^
[INFO] [stderr] 
[INFO] [stderr] warning: unnecessary parentheses around `if` condition
[INFO] [stderr]    --> src/models/canvas.rs:155:12
[INFO] [stderr]     |
[INFO] [stderr] 155 |         if (row != "".to_string()) {
[INFO] [stderr]     |            ^                     ^
[INFO] [stderr]     |
[INFO] [stderr]     = note: `#[warn(unused_parens)]` on by default
[INFO] [stderr] help: remove these parentheses
[INFO] [stderr]     |
[INFO] [stderr] 155 -         if (row != "".to_string()) {
[INFO] [stderr] 155 +         if row != "".to_string() {
[INFO] [stderr]     |
[INFO] [stderr] 
[INFO] [stderr] warning: unused import: `crate::prelude::*`
[INFO] [stderr]  --> src/models/ray.rs:2:5
[INFO] [stderr]   |
[INFO] [stderr] 2 | use crate::prelude::*;
[INFO] [stderr]   |     ^^^^^^^^^^^^^^^^^
[INFO] [stderr] 
[INFO] [stderr] warning: unused import: `crate::prelude::*`
[INFO] [stderr]  --> src/models/sphere.rs:2:5
[INFO] [stderr]   |
[INFO] [stderr] 2 | use crate::prelude::*;
[INFO] [stderr]   |     ^^^^^^^^^^^^^^^^^
[INFO] [stderr] 
[INFO] [stderr] warning: unnecessary parentheses around `if` condition
[INFO] [stderr]   --> src/models/intersection.rs:47:12
[INFO] [stderr]    |
[INFO] [stderr] 47 |         if (dot_product < 0.0) {
[INFO] [stderr]    |            ^                 ^
[INFO] [stderr]    |
[INFO] [stderr] help: remove these parentheses
[INFO] [stderr]    |
[INFO] [stderr] 47 -         if (dot_product < 0.0) {
[INFO] [stderr] 47 +         if dot_product < 0.0 {
[INFO] [stderr]    |
[INFO] [stderr] 
[INFO] [stderr] warning: unnecessary parentheses around `if` condition
[INFO] [stderr]   --> src/models/world.rs:77:20
[INFO] [stderr]    |
[INFO] [stderr] 77 |                 if (inter.t < distance) {
[INFO] [stderr]    |                    ^                  ^
[INFO] [stderr]    |
[INFO] [stderr] help: remove these parentheses
[INFO] [stderr]    |
[INFO] [stderr] 77 -                 if (inter.t < distance) {
[INFO] [stderr] 77 +                 if inter.t < distance {
[INFO] [stderr]    |
[INFO] [stderr] 
[INFO] [stderr] warning: unnecessary parentheses around `if` condition
[INFO] [stderr]    --> src/models/world.rs:105:16
[INFO] [stderr]     |
[INFO] [stderr] 105 |             if (b.t > a.t) {
[INFO] [stderr]     |                ^         ^
[INFO] [stderr]     |
[INFO] [stderr] help: remove these parentheses
[INFO] [stderr]     |
[INFO] [stderr] 105 -             if (b.t > a.t) {
[INFO] [stderr] 105 +             if b.t > a.t {
[INFO] [stderr]     |
[INFO] [stderr] 
[INFO] [stderr] warning: unused import: `crate::playground::*`
[INFO] [stderr]   --> src/main.rs:38:13
[INFO] [stderr]    |
[INFO] [stderr] 38 |     pub use crate::playground::*;
[INFO] [stderr]    |             ^^^^^^^^^^^^^^^^^^^^
[INFO] [stderr] 
[INFO] [stderr] warning: unused variable: `ppm`
[INFO] [stderr]    --> src/main.rs:107:9
[INFO] [stderr]     |
[INFO] [stderr] 107 |     let ppm = canvas.to_ppm();
[INFO] [stderr]     |         ^^^ help: if this is intentional, prefix it with an underscore: `_ppm`
[INFO] [stderr]     |
[INFO] [stderr]     = note: `#[warn(unused_variables)]` on by default
[INFO] [stderr] 
[INFO] [stderr] warning: struct `Projectile` is never constructed
[INFO] [stderr]  --> src/models/projectile.rs:5:12
[INFO] [stderr]   |
[INFO] [stderr] 5 | pub struct Projectile {
[INFO] [stderr]   |            ^^^^^^^^^^
[INFO] [stderr]   |
[INFO] [stderr]   = note: `Projectile` has derived impls for the traits `Clone` and `Debug`, but these are intentionally ignored during dead code analysis
[INFO] [stderr]   = note: `#[warn(dead_code)]` on by default
[INFO] [stderr] 
[INFO] [stderr] warning: associated function `new` is never used
[INFO] [stderr]   --> src/models/projectile.rs:16:12
[INFO] [stderr]    |
[INFO] [stderr] 13 | impl Projectile {
[INFO] [stderr]    | --------------- associated function in this implementation
[INFO] [stderr] ...
[INFO] [stderr] 16 |     pub fn new(position: Vector, velocity: Vector) -> Self {
[INFO] [stderr]    |            ^^^
[INFO] [stderr] 
[INFO] [stderr] warning: struct `Environment` is never constructed
[INFO] [stderr]  --> src/models/gravity.rs:6:12
[INFO] [stderr]   |
[INFO] [stderr] 6 | pub struct Environment {
[INFO] [stderr]   |            ^^^^^^^^^^^
[INFO] [stderr]   |
[INFO] [stderr]   = note: `Environment` has derived impls for the traits `Debug` and `Clone`, but these are intentionally ignored during dead code analysis
[INFO] [stderr] 
[INFO] [stderr] warning: associated function `new` is never used
[INFO] [stderr]   --> src/models/gravity.rs:18:12
[INFO] [stderr]    |
[INFO] [stderr] 15 | impl Environment {
[INFO] [stderr]    | ---------------- associated function in this implementation
[INFO] [stderr] ...
[INFO] [stderr] 18 |     pub fn new(wind: Vector, gravity: Vector) -> Self {
[INFO] [stderr]    |            ^^^
[INFO] [stderr] 
[INFO] [stderr] warning: methods `isInvertible` and `inverse` are never used
[INFO] [stderr]    --> src/models/matrix.rs:177:12
[INFO] [stderr]     |
[INFO] [stderr] 103 | impl Matrix<3,3> {
[INFO] [stderr]     | ---------------- methods in this implementation
[INFO] [stderr] ...
[INFO] [stderr] 177 |     pub fn isInvertible(self) -> bool {
[INFO] [stderr]     |            ^^^^^^^^^^^^
[INFO] [stderr] ...
[INFO] [stderr] 185 |     pub fn inverse(self) -> Option<Self> {
[INFO] [stderr]     |            ^^^^^^^
[INFO] [stderr] 
[INFO] [stderr] warning: method `setRadius` is never used
[INFO] [stderr]   --> src/models/sphere.rs:37:12
[INFO] [stderr]    |
[INFO] [stderr] 30 | impl Sphere {
[INFO] [stderr]    | ----------- method in this implementation
[INFO] [stderr] ...
[INFO] [stderr] 37 |     pub fn setRadius(&mut self, radius: f64) {
[INFO] [stderr]    |            ^^^^^^^^^
[INFO] [stderr] 
[INFO] [stderr] warning: field `t` is never read
[INFO] [stderr]  --> src/models/intersection.rs:9:9
[INFO] [stderr]   |
[INFO] [stderr] 4 | pub struct Computation {
[INFO] [stderr]   |            ----------- field in this struct
[INFO] [stderr] ...
[INFO] [stderr] 9 |     pub t: f64,
[INFO] [stderr]   |         ^
[INFO] [stderr] 
[INFO] [stderr] warning: function `tick` is never used
[INFO] [stderr]  --> src/playground/mod.rs:3:8
[INFO] [stderr]   |
[INFO] [stderr] 3 | pub fn tick(env: Environment, proj: Projectile) -> Projectile {
[INFO] [stderr]   |        ^^^^
[INFO] [stderr] 
[INFO] [stderr] warning: function `init` is never used
[INFO] [stderr]   --> src/playground/mod.rs:10:8
[INFO] [stderr]    |
[INFO] [stderr] 10 | pub fn init() -> (Environment, Projectile) {
[INFO] [stderr]    |        ^^^^
[INFO] [stderr] 
[INFO] [stderr] warning: comparison is useless due to type limits
[INFO] [stderr]    --> src/models/canvas.rs:102:16
[INFO] [stderr]     |
[INFO] [stderr] 102 |             if red < 0 {
[INFO] [stderr]     |                ^^^^^^^
[INFO] [stderr]     |
[INFO] [stderr]     = note: `#[warn(unused_comparisons)]` on by default
[INFO] [stderr] 
[INFO] [stderr] warning: comparison is useless due to type limits
[INFO] [stderr]    --> src/models/canvas.rs:113:16
[INFO] [stderr]     |
[INFO] [stderr] 113 |             if green < 0 {
[INFO] [stderr]     |                ^^^^^^^^^
[INFO] [stderr] 
[INFO] [stderr] warning: comparison is useless due to type limits
[INFO] [stderr]    --> src/models/canvas.rs:124:16
[INFO] [stderr]     |
[INFO] [stderr] 124 |             if blue < 0 {
[INFO] [stderr]     |                ^^^^^^^^
[INFO] [stderr] 
[INFO] [stderr] warning: method `setElement` should have a snake case name
[INFO] [stderr]   --> src/models/matrix.rs:42:12
[INFO] [stderr]    |
[INFO] [stderr] 42 |     pub fn setElement(&mut self, r: usize, c: usize, element: f64) {
[INFO] [stderr]    |            ^^^^^^^^^^ help: convert the identifier to snake case: `set_element`
[INFO] [stderr]    |
[INFO] [stderr]    = note: `#[warn(non_snake_case)]` on by default
[INFO] [stderr] 
[INFO] [stderr] warning: variable `newRow` should have a snake case name
[INFO] [stderr]    --> src/models/matrix.rs:116:29
[INFO] [stderr]     |
[INFO] [stderr] 116 |                     let mut newRow = r;
[INFO] [stderr]     |                             ^^^^^^ help: convert the identifier to snake case: `new_row`
[INFO] [stderr] 
[INFO] [stderr] warning: variable `newCol` should have a snake case name
[INFO] [stderr]    --> src/models/matrix.rs:117:29
[INFO] [stderr]     |
[INFO] [stderr] 117 |                     let mut newCol = c;
[INFO] [stderr]     |                             ^^^^^^ help: convert the identifier to snake case: `new_col`
[INFO] [stderr] 
[INFO] [stderr] warning: method `isInvertible` should have a snake case name
[INFO] [stderr]    --> src/models/matrix.rs:177:12
[INFO] [stderr]     |
[INFO] [stderr] 177 |     pub fn isInvertible(self) -> bool {
[INFO] [stderr]     |            ^^^^^^^^^^^^ help: convert the identifier to snake case: `is_invertible`
[INFO] [stderr] 
[INFO] [stderr] warning: variable `newRow` should have a snake case name
[INFO] [stderr]    --> src/models/matrix.rs:227:29
[INFO] [stderr]     |
[INFO] [stderr] 227 |                     let mut newRow = r;
[INFO] [stderr]     |                             ^^^^^^ help: convert the identifier to snake case: `new_row`
[INFO] [stderr] 
[INFO] [stderr] warning: variable `newCol` should have a snake case name
[INFO] [stderr]    --> src/models/matrix.rs:228:29
[INFO] [stderr]     |
[INFO] [stderr] 228 |                     let mut newCol = c;
[INFO] [stderr]     |                             ^^^^^^ help: convert the identifier to snake case: `new_col`
[INFO] [stderr] 
[INFO] [stderr] warning: method `isInvertible` should have a snake case name
[INFO] [stderr]    --> src/models/matrix.rs:288:12
[INFO] [stderr]     |
[INFO] [stderr] 288 |     pub fn isInvertible(self) -> bool {
[INFO] [stderr]     |            ^^^^^^^^^^^^ help: convert the identifier to snake case: `is_invertible`
[INFO] [stderr] 
[INFO] [stderr] warning: function `rotateX` should have a snake case name
[INFO] [stderr]    --> src/models/matrix.rs:350:8
[INFO] [stderr]     |
[INFO] [stderr] 350 | pub fn rotateX(deg: f64) -> Matrix<4,4> {
[INFO] [stderr]     |        ^^^^^^^ help: convert the identifier to snake case: `rotate_x`
[INFO] [stderr] 
[INFO] [stderr] warning: function `rotateY` should have a snake case name
[INFO] [stderr]    --> src/models/matrix.rs:361:8
[INFO] [stderr]     |
[INFO] [stderr] 361 | pub fn rotateY(deg: f64) -> Matrix<4,4> {
[INFO] [stderr]     |        ^^^^^^^ help: convert the identifier to snake case: `rotate_y`
[INFO] [stderr] 
[INFO] [stderr] warning: function `rotateZ` should have a snake case name
[INFO] [stderr]    --> src/models/matrix.rs:371:8
[INFO] [stderr]     |
[INFO] [stderr] 371 | pub fn rotateZ(deg: f64) -> Matrix<4,4> {
[INFO] [stderr]     |        ^^^^^^^ help: convert the identifier to snake case: `rotate_z`
[INFO] [stderr] 
[INFO] [stderr] warning: method `setRadius` should have a snake case name
[INFO] [stderr]   --> src/models/sphere.rs:37:12
[INFO] [stderr]    |
[INFO] [stderr] 37 |     pub fn setRadius(&mut self, radius: f64) {
[INFO] [stderr]    |            ^^^^^^^^^ help: convert the identifier to snake case: `set_radius`
[INFO] [stderr] 
[INFO] [stderr] warning: method `setTransform` should have a snake case name
[INFO] [stderr]   --> src/models/sphere.rs:42:12
[INFO] [stderr]    |
[INFO] [stderr] 42 |     pub fn setTransform(&mut self, transform: Matrix<4,4>) {
[INFO] [stderr]    |            ^^^^^^^^^^^^ help: convert the identifier to snake case: `set_transform`
[INFO] [stderr] 
[INFO] [stderr] warning: method `setMaterial` should have a snake case name
[INFO] [stderr]   --> src/models/sphere.rs:47:12
[INFO] [stderr]    |
[INFO] [stderr] 47 |     pub fn setMaterial(&mut self, material: Material) {
[INFO] [stderr]    |            ^^^^^^^^^^^ help: convert the identifier to snake case: `set_material`
[INFO] [stderr] 
[INFO] [stderr] warning: `raytracer` (bin "raytracer" test) generated 44 warnings (run `cargo fix --bin "raytracer" --tests` to apply 18 suggestions)
[INFO] [stderr]     Finished `test` profile [unoptimized + debuginfo] target(s) in 0.02s
[INFO] [stderr]      Running unittests src/main.rs (/opt/rustwide/target/debug/deps/raytracer-d2a281e86f57e67b)
[INFO] [stdout] 
[INFO] [stdout] running 101 tests
[INFO] [stdout] test models::tests::_translation_doesnt_change_vector ... ok
[INFO] [stdout] test models::tests::correctly_calculate_lightning_at_point ... ok
[INFO] [stdout] test models::tests::corrcetly_intersects_world ... ok
[INFO] [stdout] test models::tests::correctly_calculates_hit2 ... ok
[INFO] [stdout] test models::tests::correctly_calculates_hit3 ... ok
[INFO] [stdout] test models::tests::correctly_calculates_magnitude ... ok
[INFO] [stdout] test models::tests::correctly_calculate_lightning_at_point3 ... ok
[INFO] [stdout] test models::tests::colors_are_multiplied_correctly ... ok
[INFO] [stdout] test models::tests::correctly_calculate_norml_for_sphere ... ok
[INFO] [stdout] test models::tests::adding_point_to_vector ... ok
[INFO] [stdout] test models::tests::correctly_calculates_dot_product_of_2_vectors ... ok
[INFO] [stdout] test models::tests::correctly_calculate_lightning_at_point4 ... ok
[INFO] [stdout] test models::tests::correctly_calculate_lightning_at_point5 ... ok
[INFO] [stdout] test models::tests::correctly_calculate_lightning_at_point2 ... ok
[INFO] [stdout] test models::tests::correctly_calculate_lightning_at_point_in_shadow ... ok
[INFO] [stdout] test models::tests::correctly_calculates_cross_product_of_2_vectors ... ok
[INFO] [stdout] test models::tests::correctly_calculates_hit ... ok
[INFO] [stdout] test models::tests::correctly_calculates_magnitude_2 ... ok
[INFO] [stdout] test models::tests::correctly_calculates_ray_at_camera_point ... ok
[INFO] [stdout] test models::tests::correctly_calculates_ray_at_camera_point3 ... ok
[INFO] [stdout] test models::tests::correctly_calculates_ray_at_camera_point2 ... ok
[INFO] [stdout] test models::tests::correctly_computes_color_at_point_for_the_world ... ok
[INFO] [stdout] test models::tests::correctly_determins_cofactor ... ok
[INFO] [stdout] test models::tests::correctly_change_pixel_on_canvas ... ok
[INFO] [stdout] test models::tests::correctly_combines_transformations ... ok
[INFO] [stdout] test models::tests::correctly_count_determinant_of_a_2x2_matrix ... ok
[INFO] [stdout] test models::tests::correctly_calculates_rays_position ... ok
[INFO] [stdout] test models::tests::correctly_computes_color_at_point_for_the_world3 ... ok
[INFO] [stdout] test models::tests::correctly_determins_minor ... ok
[INFO] [stdout] test models::tests::correctly_discerns_if_point_is_in_shadow2 ... ok
[INFO] [stdout] test models::tests::correctly_calculates_normal_for_transformed_sphere ... ok
[INFO] [stdout] test models::tests::correctly_calculates_normal_for_transformed_sphere2 ... ok
[INFO] [stdout] test models::tests::correctly_count_determinant_of_a_4x4_matrix ... ok
[INFO] [stdout] test models::tests::correctly_calculates_magnitude_4 ... ok
[INFO] [stdout] test models::tests::correctly_discerns_if_point_is_in_shadow ... ok
[INFO] [stdout] test models::tests::correctly_determins_submatrix ... ok
[INFO] [stdout] test models::tests::correctly_calculates_magnitude_3 ... ok
[INFO] [stdout] test models::tests::correctly_count_determinant_of_a_3x3_matrix ... ok
[INFO] [stdout] test models::tests::correctly_discerns_if_point_is_in_shadow3 ... ok
[INFO] [stdout] test models::tests::correctly_intersects_scaled_sphere ... ok
[INFO] [stdout] test models::tests::correctly_reflects_point ... ok
[INFO] [stdout] test models::tests::correctly_rotates_point_around_x_by_inverse ... ok
[INFO] [stdout] test models::tests::correctly_rotates_point_around_z ... ok
[INFO] [stdout] test models::tests::correctly_normalizes_vector_2 ... ok
[INFO] [stdout] test models::tests::correctly_invertes_another_matrix ... ok
[INFO] [stdout] test models::tests::correctly_invertes_matrix ... ok
[INFO] [stdout] test models::tests::correctly_precomputes_intersection ... ok
[INFO] [stdout] test models::tests::correctly_scales_vectors ... ok
[INFO] [stdout] test models::tests::correctly_scales_vectors_in_reverse ... ok
[INFO] [stdout] test models::tests::correctly_transform_view ... ok
[INFO] [stdout] test models::tests::correctly_shows_that_intersection_was_on_the_inside ... ok
[INFO] [stdout] test models::tests::correctly_shows_that_intersection_was_on_the_outside ... ok
[INFO] [stdout] test models::tests::correctly_transform_view2 ... ok
[INFO] [stdout] test models::tests::correctly_translates_points_in_reverse ... ok
[INFO] [stdout] test models::tests::correctly_translates_ray ... ok
[INFO] [stdout] test models::tests::correctly_rotates_point_around_x ... ok
[INFO] [stdout] test models::tests::correctly_transmogrifies_matrix ... ok
[INFO] [stdout] test models::tests::correctly_scales_points ... ok
[INFO] [stdout] test models::tests::correctly_uses_shearing_for_xy ... ok
[INFO] [stdout] test models::tests::correctly_rotates_point_around_y ... ok
[INFO] [stdout] test models::tests::correctly_uses_shearing_for_yx ... ok
[INFO] [stdout] test models::tests::correctly_uses_shearing_for_yz ... ok
[INFO] [stdout] test models::tests::determines_that_matrix_is_invertible_correctly ... ok
[INFO] [stdout] test models::tests::correctly_uses_shearing_for_zy ... ok
[INFO] [stdout] test models::tests::determines_that_matrix_is_non_invertible_correctly ... ok
[INFO] [stdout] test models::tests::correctly_transform_view3 ... ok
[INFO] [stdout] test models::tests::correctly_transform_view4 ... ok
[INFO] [stdout] test models::tests::correctly_uses_shearing_for_zx ... ok
[INFO] [stdout] test models::tests::correctly_uses_shearing_for_xz ... ok
[INFO] [stdout] test models::tests::correctly_discerns_if_point_is_in_shadow4 ... ok
[INFO] [stdout] test models::tests::correctly_intersects_translated_sphere ... ok
[INFO] [stdout] test models::tests::correctly_normalizes_vector ... ok
[INFO] [stdout] test models::tests::correctly_scales_ray ... ok
[INFO] [stdout] test models::tests::correctly_translates_points ... ok
[INFO] [stdout] test models::tests::identity_transposition_return_identity ... ok
[INFO] [stdout] test models::tests::matrix_created_correctly ... ok
[INFO] [stdout] test models::tests::multiplies_by_the_inverse_correctly ... ok
[INFO] [stdout] test models::tests::ray_correctly_intersects_sphere ... ok
[INFO] [stdout] test models::tests::ray_correctly_intersects_sphere3 ... ok
[INFO] [stdout] test models::tests::ray_correctly_intersects_sphere4 ... ok
[INFO] [stdout] test models::tests::ray_correctly_intersects_sphere5 ... ok
[INFO] [stdout] test models::tests::shows_correct_magnitude_for_normalized_vector ... ok
[INFO] [stdout] test models::tests::subtracting_vector_from_point ... ok
[INFO] [stdout] test models::tests::ray_correctly_intersects_sphere2 ... ok
[INFO] [stdout] test models::tests::matrixes_multiplied_correctly ... ok
[INFO] [stdout] test models::tests::matrixes_multiplied_correctly_by_vector ... ok
[INFO] [stdout] test models::tests::identity_multiplied_correctly_by_vector ... ok
[INFO] [stdout] test models::tests::subtracting_vector_from_vector ... ok
[INFO] [stdout] test models::tests::vector_correctly_reflects_around_normal2 ... ok
[INFO] [stdout] test models::tests::matrixes_multiplied_correctly_by_identity ... ok
[INFO] [stdout] test models::tests::vector_is_divided_by_scalar_correctly ... ok
[INFO] [stdout] test utils::tests::compare_floats ... ok
[INFO] [stdout] test models::tests::vector_is_multiplied_by_scalar_correctly ... ok
[INFO] [stdout] test models::tests::vector_negates_correctly ... ok
[INFO] [stdout] test utils::tests::compare_floats_2 ... ok
[INFO] [stdout] test models::tests::vector_correctly_reflects_around_normal ... ok
[INFO] [stdout] test models::tests::subtracting_points ... ok
[INFO] [stdout] test models::tests::correctly_computes_color_at_compute2 ... FAILED
[INFO] [stdout] test models::tests::correctly_computes_color_at_point_for_the_world2 ... FAILED
[INFO] [stdout] test models::tests::correctly_computes_color_at_compute ... FAILED
[INFO] [stdout] test models::tests::camera_crrectly_renders_world ... FAILED
[INFO] [stdout] 
[INFO] [stdout] failures:
[INFO] [stdout] 
[INFO] [stdout] ---- models::tests::correctly_computes_color_at_compute2 stdout ----
[INFO] [stdout] 
[INFO] [stdout] thread 'models::tests::correctly_computes_color_at_compute2' panicked at src/models/tests/mod.rs:926:5:
[INFO] [stdout] assertion `left == right` failed
[INFO] [stdout]   left: false
[INFO] [stdout]  right: true
[INFO] [stdout] stack backtrace:
[INFO] [stdout]    0:     0x5d1925d25a2a - std::backtrace_rs::backtrace::libunwind::trace::hb059275cfc8d6126
[INFO] [stdout]                                at /rustc/6067b36314ab5eb2eb47cecc464545ba58e1ad24/library/std/src/../../backtrace/src/backtrace/libunwind.rs:116:5
[INFO] [stdout]    1:     0x5d1925d25a2a - std::backtrace_rs::backtrace::trace_unsynchronized::h2da071e4327ce3ee
[INFO] [stdout]                                at /rustc/6067b36314ab5eb2eb47cecc464545ba58e1ad24/library/std/src/../../backtrace/src/backtrace/mod.rs:66:5
[INFO] [stdout]    2:     0x5d1925d25a2a - std::sys::backtrace::_print_fmt::h842a1474e6f8d23f
[INFO] [stdout]                                at /rustc/6067b36314ab5eb2eb47cecc464545ba58e1ad24/library/std/src/sys/backtrace.rs:66:9
[INFO] [stdout]    3:     0x5d1925d25a2a - <std::sys::backtrace::BacktraceLock::print::DisplayBacktrace as core::fmt::Display>::fmt::h71a62eb3b9696b12
[INFO] [stdout]                                at /rustc/6067b36314ab5eb2eb47cecc464545ba58e1ad24/library/std/src/sys/backtrace.rs:39:26
[INFO] [stdout]    4:     0x5d1925d4d453 - core::fmt::rt::Argument::fmt::hdb6b616786b41dc1
[INFO] [stdout]                                at /rustc/6067b36314ab5eb2eb47cecc464545ba58e1ad24/library/core/src/fmt/rt.rs:177:76
[INFO] [stdout]    5:     0x5d1925d4d453 - core::fmt::write::h2cc1698af7e2d686
[INFO] [stdout]                                at /rustc/6067b36314ab5eb2eb47cecc464545ba58e1ad24/library/core/src/fmt/mod.rs:1440:21
[INFO] [stdout]    6:     0x5d1925d22583 - std::io::Write::write_fmt::hab1b4cd059a79022
[INFO] [stdout]                                at /rustc/6067b36314ab5eb2eb47cecc464545ba58e1ad24/library/std/src/io/mod.rs:1887:15
[INFO] [stdout]    7:     0x5d1925d25872 - std::sys::backtrace::BacktraceLock::print::h147fe35b4ea13b08
[INFO] [stdout]                                at /rustc/6067b36314ab5eb2eb47cecc464545ba58e1ad24/library/std/src/sys/backtrace.rs:42:9
[INFO] [stdout]    8:     0x5d1925d26e4f - std::panicking::default_hook::{{closure}}::hbd44223dbdc0d208
[INFO] [stdout]                                at /rustc/6067b36314ab5eb2eb47cecc464545ba58e1ad24/library/std/src/panicking.rs:298:22
[INFO] [stdout]    9:     0x5d1925d26c68 - std::panicking::default_hook::h20f81eb0576efcec
[INFO] [stdout]                                at /rustc/6067b36314ab5eb2eb47cecc464545ba58e1ad24/library/std/src/panicking.rs:322:9
[INFO] [stdout]   10:     0x5d1925cefa83 - <alloc::boxed::Box<F,A> as core::ops::function::Fn<Args>>::call::hdb53814c496a4d34
[INFO] [stdout]                                at /rustc/6067b36314ab5eb2eb47cecc464545ba58e1ad24/library/alloc/src/boxed.rs:2027:9
[INFO] [stdout]   11:     0x5d1925cefa83 - test::test_main::{{closure}}::hc0a4963c59427c24
[INFO] [stdout]                                at /rustc/6067b36314ab5eb2eb47cecc464545ba58e1ad24/library/test/src/lib.rs:134:21
[INFO] [stdout]   12:     0x5d1925d27943 - <alloc::boxed::Box<F,A> as core::ops::function::Fn<Args>>::call::h591b2225413a77e9
[INFO] [stdout]                                at /rustc/6067b36314ab5eb2eb47cecc464545ba58e1ad24/library/alloc/src/boxed.rs:2027:9
[INFO] [stdout]   13:     0x5d1925d27943 - std::panicking::rust_panic_with_hook::h625eea43051b2edc
[INFO] [stdout]                                at /rustc/6067b36314ab5eb2eb47cecc464545ba58e1ad24/library/std/src/panicking.rs:839:13
[INFO] [stdout]   14:     0x5d1925d275fa - std::panicking::begin_panic_handler::{{closure}}::h4f9159cfbc3f6bd3
[INFO] [stdout]                                at /rustc/6067b36314ab5eb2eb47cecc464545ba58e1ad24/library/std/src/panicking.rs:704:13
[INFO] [stdout]   15:     0x5d1925d25f29 - std::sys::backtrace::__rust_end_short_backtrace::h0390abce48353151
[INFO] [stdout]                                at /rustc/6067b36314ab5eb2eb47cecc464545ba58e1ad24/library/std/src/sys/backtrace.rs:168:18
[INFO] [stdout]   16:     0x5d1925d2728d - rust_begin_unwind
[INFO] [stdout]                                at /rustc/6067b36314ab5eb2eb47cecc464545ba58e1ad24/library/std/src/panicking.rs:695:5
[INFO] [stdout]   17:     0x5d1925d4ba80 - core::panicking::panic_fmt::h9e7c637e9e5f29c9
[INFO] [stdout]                                at /rustc/6067b36314ab5eb2eb47cecc464545ba58e1ad24/library/core/src/panicking.rs:75:14
[INFO] [stdout]   18:     0x5d1925d4be72 - core::panicking::assert_failed_inner::h538bec7c1374cd9c
[INFO] [stdout]   19:     0x5d1925cb2920 - core::panicking::assert_failed::h514b531955d116f9
[INFO] [stdout]                                at /rustc/6067b36314ab5eb2eb47cecc464545ba58e1ad24/library/core/src/panicking.rs:364:5
[INFO] [stdout]   20:     0x5d1925ca674e - raytracer::models::tests::correctly_computes_color_at_compute2::hb02b28f93172a2a6
[INFO] [stdout]                                at /opt/rustwide/workdir/src/models/tests/mod.rs:926:5
[INFO] [stdout]   21:     0x5d1925ca6427 - raytracer::models::tests::correctly_computes_color_at_compute2::{{closure}}::ha9108c5836e7eed1
[INFO] [stdout]                                at /opt/rustwide/workdir/src/models/tests/mod.rs:917:42
[INFO] [stdout]   22:     0x5d1925cab926 - core::ops::function::FnOnce::call_once::h2f0bcf8247411b4e
[INFO] [stdout]                                at /rustc/6067b36314ab5eb2eb47cecc464545ba58e1ad24/library/core/src/ops/function.rs:250:5
[INFO] [stdout]   23:     0x5d1925cf51db - core::ops::function::FnOnce::call_once::he27718dfdd183f43
[INFO] [stdout]                                at /rustc/6067b36314ab5eb2eb47cecc464545ba58e1ad24/library/core/src/ops/function.rs:250:5
[INFO] [stdout]   24:     0x5d1925cf51db - test::__rust_begin_short_backtrace::h4e84902998457a5d
[INFO] [stdout]                                at /rustc/6067b36314ab5eb2eb47cecc464545ba58e1ad24/library/test/src/lib.rs:632:18
[INFO] [stdout]   25:     0x5d1925cf4113 - test::run_test_in_process::{{closure}}::h7176fd18fc1feca0
[INFO] [stdout]                                at /rustc/6067b36314ab5eb2eb47cecc464545ba58e1ad24/library/test/src/lib.rs:655:60
[INFO] [stdout]   26:     0x5d1925cf4113 - <core::panic::unwind_safe::AssertUnwindSafe<F> as core::ops::function::FnOnce<()>>::call_once::hf79cff2a624d8cf7
[INFO] [stdout]                                at /rustc/6067b36314ab5eb2eb47cecc464545ba58e1ad24/library/core/src/panic/unwind_safe.rs:272:9
[INFO] [stdout]   27:     0x5d1925cf4113 - std::panicking::try::do_call::h3da0561d9ab99c25
[INFO] [stdout]                                at /rustc/6067b36314ab5eb2eb47cecc464545ba58e1ad24/library/std/src/panicking.rs:587:40
[INFO] [stdout]   28:     0x5d1925cf4113 - std::panicking::try::h41c9fa508bc61df6
[INFO] [stdout]                                at /rustc/6067b36314ab5eb2eb47cecc464545ba58e1ad24/library/std/src/panicking.rs:550:19
[INFO] [stdout]   29:     0x5d1925cf4113 - std::panic::catch_unwind::h6b3ff07bb5afad93
[INFO] [stdout]                                at /rustc/6067b36314ab5eb2eb47cecc464545ba58e1ad24/library/std/src/panic.rs:358:14
[INFO] [stdout]   30:     0x5d1925cf4113 - test::run_test_in_process::hc7253dd11b39b9f4
[INFO] [stdout]                                at /rustc/6067b36314ab5eb2eb47cecc464545ba58e1ad24/library/test/src/lib.rs:655:27
[INFO] [stdout]   31:     0x5d1925cf4113 - test::run_test::{{closure}}::hfb2007f8649c30bb
[INFO] [stdout]                                at /rustc/6067b36314ab5eb2eb47cecc464545ba58e1ad24/library/test/src/lib.rs:576:43
[INFO] [stdout]   32:     0x5d1925cb71f5 - test::run_test::{{closure}}::h56a17aa7a282a9f4
[INFO] [stdout]                                at /rustc/6067b36314ab5eb2eb47cecc464545ba58e1ad24/library/test/src/lib.rs:606:41
[INFO] [stdout]   33:     0x5d1925cb71f5 - std::sys::backtrace::__rust_begin_short_backtrace::hd2d2d2fb8e8c6aac
[INFO] [stdout]                                at /rustc/6067b36314ab5eb2eb47cecc464545ba58e1ad24/library/std/src/sys/backtrace.rs:152:18
[INFO] [stdout]   34:     0x5d1925cbaada - std::thread::Builder::spawn_unchecked_::{{closure}}::{{closure}}::h4faa3f9db6133423
[INFO] [stdout]                                at /rustc/6067b36314ab5eb2eb47cecc464545ba58e1ad24/library/std/src/thread/mod.rs:559:17
[INFO] [stdout]   35:     0x5d1925cbaada - <core::panic::unwind_safe::AssertUnwindSafe<F> as core::ops::function::FnOnce<()>>::call_once::hf2e855a36a4ea846
[INFO] [stdout]                                at /rustc/6067b36314ab5eb2eb47cecc464545ba58e1ad24/library/core/src/panic/unwind_safe.rs:272:9
[INFO] [stdout]   36:     0x5d1925cbaada - std::panicking::try::do_call::h2f73af3616c35465
[INFO] [stdout]                                at /rustc/6067b36314ab5eb2eb47cecc464545ba58e1ad24/library/std/src/panicking.rs:587:40
[INFO] [stdout]   37:     0x5d1925cbaada - std::panicking::try::hd1660ce9efadef5a
[INFO] [stdout]                                at /rustc/6067b36314ab5eb2eb47cecc464545ba58e1ad24/library/std/src/panicking.rs:550:19
[INFO] [stdout]   38:     0x5d1925cbaada - std::panic::catch_unwind::h5ee8d7823b8ca744
[INFO] [stdout]                                at /rustc/6067b36314ab5eb2eb47cecc464545ba58e1ad24/library/std/src/panic.rs:358:14
[INFO] [stdout]   39:     0x5d1925cbaada - std::thread::Builder::spawn_unchecked_::{{closure}}::h53c3a1894dce8407
[INFO] [stdout]                                at /rustc/6067b36314ab5eb2eb47cecc464545ba58e1ad24/library/std/src/thread/mod.rs:557:30
[INFO] [stdout]   40:     0x5d1925cbaada - core::ops::function::FnOnce::call_once{{vtable.shim}}::h048ce291ad4f62bf
[INFO] [stdout]                                at /rustc/6067b36314ab5eb2eb47cecc464545ba58e1ad24/library/core/src/ops/function.rs:250:5
[INFO] [stdout]   41:     0x5d1925d2b87b - <alloc::boxed::Box<F,A> as core::ops::function::FnOnce<Args>>::call_once::ha52bedf99a3b4981
[INFO] [stdout]                                at /rustc/6067b36314ab5eb2eb47cecc464545ba58e1ad24/library/alloc/src/boxed.rs:2013:9
[INFO] [stdout]   42:     0x5d1925d2b87b - <alloc::boxed::Box<F,A> as core::ops::function::FnOnce<Args>>::call_once::h567748934d80ccf8
[INFO] [stdout]                                at /rustc/6067b36314ab5eb2eb47cecc464545ba58e1ad24/library/alloc/src/boxed.rs:2013:9
[INFO] [stdout]   43:     0x5d1925d2b87b - std::sys::pal::unix::thread::Thread::new::thread_start::h2d970728ae887adc
[INFO] [stdout]                                at /rustc/6067b36314ab5eb2eb47cecc464545ba58e1ad24/library/std/src/sys/pal/unix/thread.rs:106:17
[INFO] [stdout]   44:     0x78121766cac3 - <unknown>
[INFO] [stdout]   45:     0x7812176fda04 - clone
[INFO] [stdout]   46:                0x0 - <unknown>
[INFO] [stdout] 
[INFO] [stdout] ---- models::tests::correctly_computes_color_at_point_for_the_world2 stdout ----
[INFO] [stdout] 
[INFO] [stdout] thread 'models::tests::correctly_computes_color_at_point_for_the_world2' panicked at src/models/tests/mod.rs:944:5:
[INFO] [stdout] assertion `left == right` failed
[INFO] [stdout]   left: false
[INFO] [stdout]  right: true
[INFO] [stdout] stack backtrace:
[INFO] [stdout]    0:     0x5d1925d25a2a - std::backtrace_rs::backtrace::libunwind::trace::hb059275cfc8d6126
[INFO] [stdout]                                at /rustc/6067b36314ab5eb2eb47cecc464545ba58e1ad24/library/std/src/../../backtrace/src/backtrace/libunwind.rs:116:5
[INFO] [stdout]    1:     0x5d1925d25a2a - std::backtrace_rs::backtrace::trace_unsynchronized::h2da071e4327ce3ee
[INFO] [stdout]                                at /rustc/6067b36314ab5eb2eb47cecc464545ba58e1ad24/library/std/src/../../backtrace/src/backtrace/mod.rs:66:5
[INFO] [stdout]    2:     0x5d1925d25a2a - std::sys::backtrace::_print_fmt::h842a1474e6f8d23f
[INFO] [stdout]                                at /rustc/6067b36314ab5eb2eb47cecc464545ba58e1ad24/library/std/src/sys/backtrace.rs:66:9
[INFO] [stdout]    3:     0x5d1925d25a2a - <std::sys::backtrace::BacktraceLock::print::DisplayBacktrace as core::fmt::Display>::fmt::h71a62eb3b9696b12
[INFO] [stdout]                                at /rustc/6067b36314ab5eb2eb47cecc464545ba58e1ad24/library/std/src/sys/backtrace.rs:39:26
[INFO] [stdout]    4:     0x5d1925d4d453 - core::fmt::rt::Argument::fmt::hdb6b616786b41dc1
[INFO] [stdout]                                at /rustc/6067b36314ab5eb2eb47cecc464545ba58e1ad24/library/core/src/fmt/rt.rs:177:76
[INFO] [stdout]    5:     0x5d1925d4d453 - core::fmt::write::h2cc1698af7e2d686
[INFO] [stdout]                                at /rustc/6067b36314ab5eb2eb47cecc464545ba58e1ad24/library/core/src/fmt/mod.rs:1440:21
[INFO] [stdout]    6:     0x5d1925d22583 - std::io::Write::write_fmt::hab1b4cd059a79022
[INFO] [stdout]                                at /rustc/6067b36314ab5eb2eb47cecc464545ba58e1ad24/library/std/src/io/mod.rs:1887:15
[INFO] [stdout]    7:     0x5d1925d25872 - std::sys::backtrace::BacktraceLock::print::h147fe35b4ea13b08
[INFO] [stdout]                                at /rustc/6067b36314ab5eb2eb47cecc464545ba58e1ad24/library/std/src/sys/backtrace.rs:42:9
[INFO] [stdout]    8:     0x5d1925d26e4f - std::panicking::default_hook::{{closure}}::hbd44223dbdc0d208
[INFO] [stdout]                                at /rustc/6067b36314ab5eb2eb47cecc464545ba58e1ad24/library/std/src/panicking.rs:298:22
[INFO] [stdout]    9:     0x5d1925d26c68 - std::panicking::default_hook::h20f81eb0576efcec
[INFO] [stdout]                                at /rustc/6067b36314ab5eb2eb47cecc464545ba58e1ad24/library/std/src/panicking.rs:322:9
[INFO] [stdout]   10:     0x5d1925cefa83 - <alloc::boxed::Box<F,A> as core::ops::function::Fn<Args>>::call::hdb53814c496a4d34
[INFO] [stdout]                                at /rustc/6067b36314ab5eb2eb47cecc464545ba58e1ad24/library/alloc/src/boxed.rs:2027:9
[INFO] [stdout]   11:     0x5d1925cefa83 - test::test_main::{{closure}}::hc0a4963c59427c24
[INFO] [stdout]                                at /rustc/6067b36314ab5eb2eb47cecc464545ba58e1ad24/library/test/src/lib.rs:134:21
[INFO] [stdout]   12:     0x5d1925d27943 - <alloc::boxed::Box<F,A> as core::ops::function::Fn<Args>>::call::h591b2225413a77e9
[INFO] [stdout]                                at /rustc/6067b36314ab5eb2eb47cecc464545ba58e1ad24/library/alloc/src/boxed.rs:2027:9
[INFO] [stdout]   13:     0x5d1925d27943 - std::panicking::rust_panic_with_hook::h625eea43051b2edc
[INFO] [stdout]                                at /rustc/6067b36314ab5eb2eb47cecc464545ba58e1ad24/library/std/src/panicking.rs:839:13
[INFO] [stdout]   14:     0x5d1925d275fa - std::panicking::begin_panic_handler::{{closure}}::h4f9159cfbc3f6bd3
[INFO] [stdout]                                at /rustc/6067b36314ab5eb2eb47cecc464545ba58e1ad24/library/std/src/panicking.rs:704:13
[INFO] [stdout]   15:     0x5d1925d25f29 - std::sys::backtrace::__rust_end_short_backtrace::h0390abce48353151
[INFO] [stdout]                                at /rustc/6067b36314ab5eb2eb47cecc464545ba58e1ad24/library/std/src/sys/backtrace.rs:168:18
[INFO] [stdout]   16:     0x5d1925d2728d - rust_begin_unwind
[INFO] [stdout]                                at /rustc/6067b36314ab5eb2eb47cecc464545ba58e1ad24/library/std/src/panicking.rs:695:5
[INFO] [stdout]   17:     0x5d1925d4ba80 - core::panicking::panic_fmt::h9e7c637e9e5f29c9
[INFO] [stdout]                                at /rustc/6067b36314ab5eb2eb47cecc464545ba58e1ad24/library/core/src/panicking.rs:75:14
[INFO] [stdout]   18:     0x5d1925d4be72 - core::panicking::assert_failed_inner::h538bec7c1374cd9c
[INFO] [stdout]   19:     0x5d1925cb2920 - core::panicking::assert_failed::h514b531955d116f9
[INFO] [stdout]                                at /rustc/6067b36314ab5eb2eb47cecc464545ba58e1ad24/library/core/src/panicking.rs:364:5
[INFO] [stdout]   20:     0x5d1925ca6b97 - raytracer::models::tests::correctly_computes_color_at_point_for_the_world2::h7f0b50a521a1b37b
[INFO] [stdout]                                at /opt/rustwide/workdir/src/models/tests/mod.rs:944:5
[INFO] [stdout]   21:     0x5d1925ca69b7 - raytracer::models::tests::correctly_computes_color_at_point_for_the_world2::{{closure}}::h07bb296336cf593b
[INFO] [stdout]                                at /opt/rustwide/workdir/src/models/tests/mod.rs:939:54
[INFO] [stdout]   22:     0x5d1925cab666 - core::ops::function::FnOnce::call_once::h0f2c93620b7a5613
[INFO] [stdout]                                at /rustc/6067b36314ab5eb2eb47cecc464545ba58e1ad24/library/core/src/ops/function.rs:250:5
[INFO] [stdout]   23:     0x5d1925cf51db - core::ops::function::FnOnce::call_once::he27718dfdd183f43
[INFO] [stdout]                                at /rustc/6067b36314ab5eb2eb47cecc464545ba58e1ad24/library/core/src/ops/function.rs:250:5
[INFO] [stdout]   24:     0x5d1925cf51db - test::__rust_begin_short_backtrace::h4e84902998457a5d
[INFO] [stdout]                                at /rustc/6067b36314ab5eb2eb47cecc464545ba58e1ad24/library/test/src/lib.rs:632:18
[INFO] [stdout]   25:     0x5d1925cf4113 - test::run_test_in_process::{{closure}}::h7176fd18fc1feca0
[INFO] [stdout]                                at /rustc/6067b36314ab5eb2eb47cecc464545ba58e1ad24/library/test/src/lib.rs:655:60
[INFO] [stdout]   26:     0x5d1925cf4113 - <core::panic::unwind_safe::AssertUnwindSafe<F> as core::ops::function::FnOnce<()>>::call_once::hf79cff2a624d8cf7
[INFO] [stdout]                                at /rustc/6067b36314ab5eb2eb47cecc464545ba58e1ad24/library/core/src/panic/unwind_safe.rs:272:9
[INFO] [stdout]   27:     0x5d1925cf4113 - std::panicking::try::do_call::h3da0561d9ab99c25
[INFO] [stdout]                                at /rustc/6067b36314ab5eb2eb47cecc464545ba58e1ad24/library/std/src/panicking.rs:587:40
[INFO] [stdout]   28:     0x5d1925cf4113 - std::panicking::try::h41c9fa508bc61df6
[INFO] [stdout]                                at /rustc/6067b36314ab5eb2eb47cecc464545ba58e1ad24/library/std/src/panicking.rs:550:19
[INFO] [stdout]   29:     0x5d1925cf4113 - std::panic::catch_unwind::h6b3ff07bb5afad93
[INFO] [stdout]                                at /rustc/6067b36314ab5eb2eb47cecc464545ba58e1ad24/library/std/src/panic.rs:358:14
[INFO] [stdout]   30:     0x5d1925cf4113 - test::run_test_in_process::hc7253dd11b39b9f4
[INFO] [stdout]                                at /rustc/6067b36314ab5eb2eb47cecc464545ba58e1ad24/library/test/src/lib.rs:655:27
[INFO] [stdout]   31:     0x5d1925cf4113 - test::run_test::{{closure}}::hfb2007f8649c30bb
[INFO] [stdout]                                at /rustc/6067b36314ab5eb2eb47cecc464545ba58e1ad24/library/test/src/lib.rs:576:43
[INFO] [stdout]   32:     0x5d1925cb71f5 - test::run_test::{{closure}}::h56a17aa7a282a9f4
[INFO] [stdout]                                at /rustc/6067b36314ab5eb2eb47cecc464545ba58e1ad24/library/test/src/lib.rs:606:41
[INFO] [stdout]   33:     0x5d1925cb71f5 - std::sys::backtrace::__rust_begin_short_backtrace::hd2d2d2fb8e8c6aac
[INFO] [stdout]                                at /rustc/6067b36314ab5eb2eb47cecc464545ba58e1ad24/library/std/src/sys/backtrace.rs:152:18
[INFO] [stdout]   34:     0x5d1925cbaada - std::thread::Builder::spawn_unchecked_::{{closure}}::{{closure}}::h4faa3f9db6133423
[INFO] [stdout]                                at /rustc/6067b36314ab5eb2eb47cecc464545ba58e1ad24/library/std/src/thread/mod.rs:559:17
[INFO] [stdout]   35:     0x5d1925cbaada - <core::panic::unwind_safe::AssertUnwindSafe<F> as core::ops::function::FnOnce<()>>::call_once::hf2e855a36a4ea846
[INFO] [stdout]                                at /rustc/6067b36314ab5eb2eb47cecc464545ba58e1ad24/library/core/src/panic/unwind_safe.rs:272:9
[INFO] [stdout]   36:     0x5d1925cbaada - std::panicking::try::do_call::h2f73af3616c35465
[INFO] [stdout]                                at /rustc/6067b36314ab5eb2eb47cecc464545ba58e1ad24/library/std/src/panicking.rs:587:40
[INFO] [stdout]   37:     0x5d1925cbaada - std::panicking::try::hd1660ce9efadef5a
[INFO] [stdout]                                at /rustc/6067b36314ab5eb2eb47cecc464545ba58e1ad24/library/std/src/panicking.rs:550:19
[INFO] [stdout]   38:     0x5d1925cbaada - std::panic::catch_unwind::h5ee8d7823b8ca744
[INFO] [stdout]                                at /rustc/6067b36314ab5eb2eb47cecc464545ba58e1ad24/library/std/src/panic.rs:358:14
[INFO] [stdout]   39:     0x5d1925cbaada - std::thread::Builder::spawn_unchecked_::{{closure}}::h53c3a1894dce8407
[INFO] [stdout]                                at /rustc/6067b36314ab5eb2eb47cecc464545ba58e1ad24/library/std/src/thread/mod.rs:557:30
[INFO] [stdout]   40:     0x5d1925cbaada - core::ops::function::FnOnce::call_once{{vtable.shim}}::h048ce291ad4f62bf
[INFO] [stdout]                                at /rustc/6067b36314ab5eb2eb47cecc464545ba58e1ad24/library/core/src/ops/function.rs:250:5
[INFO] [stdout]   41:     0x5d1925d2b87b - <alloc::boxed::Box<F,A> as core::ops::function::FnOnce<Args>>::call_once::ha52bedf99a3b4981
[INFO] [stdout]                                at /rustc/6067b36314ab5eb2eb47cecc464545ba58e1ad24/library/alloc/src/boxed.rs:2013:9
[INFO] [stdout]   42:     0x5d1925d2b87b - <alloc::boxed::Box<F,A> as core::ops::function::FnOnce<Args>>::call_once::h567748934d80ccf8
[INFO] [stdout]                                at /rustc/6067b36314ab5eb2eb47cecc464545ba58e1ad24/library/alloc/src/boxed.rs:2013:9
[INFO] [stdout]   43:     0x5d1925d2b87b - std::sys::pal::unix::thread::Thread::new::thread_start::h2d970728ae887adc
[INFO] [stdout]                                at /rustc/6067b36314ab5eb2eb47cecc464545ba58e1ad24/library/std/src/sys/pal/unix/thread.rs:106:17
[INFO] [stdout]   44:     0x78121766cac3 - <unknown>
[INFO] [stdout]   45:     0x7812176fda04 - clone
[INFO] [stdout]   46:                0x0 - <unknown>
[INFO] [stdout] 
[INFO] [stdout] ---- models::tests::correctly_computes_color_at_compute stdout ----
[INFO] [stdout] 
[INFO] [stdout] thread 'models::tests::correctly_computes_color_at_compute' panicked at src/models/tests/mod.rs:913:5:
[INFO] [stdout] assertion `left == right` failed
[INFO] [stdout]   left: false
[INFO] [stdout]  right: true
[INFO] [stdout] stack backtrace:
[INFO] [stdout]    0:     0x5d1925d25a2a - std::backtrace_rs::backtrace::libunwind::trace::hb059275cfc8d6126
[INFO] [stdout]                                at /rustc/6067b36314ab5eb2eb47cecc464545ba58e1ad24/library/std/src/../../backtrace/src/backtrace/libunwind.rs:116:5
[INFO] [stdout]    1:     0x5d1925d25a2a - std::backtrace_rs::backtrace::trace_unsynchronized::h2da071e4327ce3ee
[INFO] [stdout]                                at /rustc/6067b36314ab5eb2eb47cecc464545ba58e1ad24/library/std/src/../../backtrace/src/backtrace/mod.rs:66:5
[INFO] [stdout]    2:     0x5d1925d25a2a - std::sys::backtrace::_print_fmt::h842a1474e6f8d23f
[INFO] [stdout]                                at /rustc/6067b36314ab5eb2eb47cecc464545ba58e1ad24/library/std/src/sys/backtrace.rs:66:9
[INFO] [stdout]    3:     0x5d1925d25a2a - <std::sys::backtrace::BacktraceLock::print::DisplayBacktrace as core::fmt::Display>::fmt::h71a62eb3b9696b12
[INFO] [stdout]                                at /rustc/6067b36314ab5eb2eb47cecc464545ba58e1ad24/library/std/src/sys/backtrace.rs:39:26
[INFO] [stdout]    4:     0x5d1925d4d453 - core::fmt::rt::Argument::fmt::hdb6b616786b41dc1
[INFO] [stdout]                                at /rustc/6067b36314ab5eb2eb47cecc464545ba58e1ad24/library/core/src/fmt/rt.rs:177:76
[INFO] [stdout]    5:     0x5d1925d4d453 - core::fmt::write::h2cc1698af7e2d686
[INFO] [stdout]                                at /rustc/6067b36314ab5eb2eb47cecc464545ba58e1ad24/library/core/src/fmt/mod.rs:1440:21
[INFO] [stdout]    6:     0x5d1925d22583 - std::io::Write::write_fmt::hab1b4cd059a79022
[INFO] [stdout]                                at /rustc/6067b36314ab5eb2eb47cecc464545ba58e1ad24/library/std/src/io/mod.rs:1887:15
[INFO] [stdout]    7:     0x5d1925d25872 - std::sys::backtrace::BacktraceLock::print::h147fe35b4ea13b08
[INFO] [stdout]                                at /rustc/6067b36314ab5eb2eb47cecc464545ba58e1ad24/library/std/src/sys/backtrace.rs:42:9
[INFO] [stdout]    8:     0x5d1925d26e4f - std::panicking::default_hook::{{closure}}::hbd44223dbdc0d208
[INFO] [stdout]                                at /rustc/6067b36314ab5eb2eb47cecc464545ba58e1ad24/library/std/src/panicking.rs:298:22
[INFO] [stdout]    9:     0x5d1925d26c68 - std::panicking::default_hook::h20f81eb0576efcec
[INFO] [stdout]                                at /rustc/6067b36314ab5eb2eb47cecc464545ba58e1ad24/library/std/src/panicking.rs:322:9
[INFO] [stdout]   10:     0x5d1925cefa83 - <alloc::boxed::Box<F,A> as core::ops::function::Fn<Args>>::call::hdb53814c496a4d34
[INFO] [stdout]                                at /rustc/6067b36314ab5eb2eb47cecc464545ba58e1ad24/library/alloc/src/boxed.rs:2027:9
[INFO] [stdout]   11:     0x5d1925cefa83 - test::test_main::{{closure}}::hc0a4963c59427c24
[INFO] [stdout]                                at /rustc/6067b36314ab5eb2eb47cecc464545ba58e1ad24/library/test/src/lib.rs:134:21
[INFO] [stdout]   12:     0x5d1925d27943 - <alloc::boxed::Box<F,A> as core::ops::function::Fn<Args>>::call::h591b2225413a77e9
[INFO] [stdout]                                at /rustc/6067b36314ab5eb2eb47cecc464545ba58e1ad24/library/alloc/src/boxed.rs:2027:9
[INFO] [stdout]   13:     0x5d1925d27943 - std::panicking::rust_panic_with_hook::h625eea43051b2edc
[INFO] [stdout]                                at /rustc/6067b36314ab5eb2eb47cecc464545ba58e1ad24/library/std/src/panicking.rs:839:13
[INFO] [stdout]   14:     0x5d1925d275fa - std::panicking::begin_panic_handler::{{closure}}::h4f9159cfbc3f6bd3
[INFO] [stdout]                                at /rustc/6067b36314ab5eb2eb47cecc464545ba58e1ad24/library/std/src/panicking.rs:704:13
[INFO] [stdout]   15:     0x5d1925d25f29 - std::sys::backtrace::__rust_end_short_backtrace::h0390abce48353151
[INFO] [stdout]                                at /rustc/6067b36314ab5eb2eb47cecc464545ba58e1ad24/library/std/src/sys/backtrace.rs:168:18
[INFO] [stdout]   16:     0x5d1925d2728d - rust_begin_unwind
[INFO] [stdout]                                at /rustc/6067b36314ab5eb2eb47cecc464545ba58e1ad24/library/std/src/panicking.rs:695:5
[INFO] [stdout]   17:     0x5d1925d4ba80 - core::panicking::panic_fmt::h9e7c637e9e5f29c9
[INFO] [stdout]                                at /rustc/6067b36314ab5eb2eb47cecc464545ba58e1ad24/library/core/src/panicking.rs:75:14
[INFO] [stdout]   18:     0x5d1925d4be72 - core::panicking::assert_failed_inner::h538bec7c1374cd9c
[INFO] [stdout]   19:     0x5d1925cb2920 - core::panicking::assert_failed::h514b531955d116f9
[INFO] [stdout]                                at /rustc/6067b36314ab5eb2eb47cecc464545ba58e1ad24/library/core/src/panicking.rs:364:5
[INFO] [stdout]   20:     0x5d1925ca63df - raytracer::models::tests::correctly_computes_color_at_compute::hfad078885a50ff15
[INFO] [stdout]                                at /opt/rustwide/workdir/src/models/tests/mod.rs:913:5
[INFO] [stdout]   21:     0x5d1925ca6137 - raytracer::models::tests::correctly_computes_color_at_compute::{{closure}}::h3b5e6e2298e13e53
[INFO] [stdout]                                at /opt/rustwide/workdir/src/models/tests/mod.rs:905:41
[INFO] [stdout]   22:     0x5d1925caba26 - core::ops::function::FnOnce::call_once::h37237e50b7a3482b
[INFO] [stdout]                                at /rustc/6067b36314ab5eb2eb47cecc464545ba58e1ad24/library/core/src/ops/function.rs:250:5
[INFO] [stdout]   23:     0x5d1925cf51db - core::ops::function::FnOnce::call_once::he27718dfdd183f43
[INFO] [stdout]                                at /rustc/6067b36314ab5eb2eb47cecc464545ba58e1ad24/library/core/src/ops/function.rs:250:5
[INFO] [stdout]   24:     0x5d1925cf51db - test::__rust_begin_short_backtrace::h4e84902998457a5d
[INFO] [stdout]                                at /rustc/6067b36314ab5eb2eb47cecc464545ba58e1ad24/library/test/src/lib.rs:632:18
[INFO] [stdout]   25:     0x5d1925cf4113 - test::run_test_in_process::{{closure}}::h7176fd18fc1feca0
[INFO] [stdout]                                at /rustc/6067b36314ab5eb2eb47cecc464545ba58e1ad24/library/test/src/lib.rs:655:60
[INFO] [stdout]   26:     0x5d1925cf4113 - <core::panic::unwind_safe::AssertUnwindSafe<F> as core::ops::function::FnOnce<()>>::call_once::hf79cff2a624d8cf7
[INFO] [stdout]                                at /rustc/6067b36314ab5eb2eb47cecc464545ba58e1ad24/library/core/src/panic/unwind_safe.rs:272:9
[INFO] [stdout]   27:     0x5d1925cf4113 - std::panicking::try::do_call::h3da0561d9ab99c25
[INFO] [stdout]                                at /rustc/6067b36314ab5eb2eb47cecc464545ba58e1ad24/library/std/src/panicking.rs:587:40
[INFO] [stdout]   28:     0x5d1925cf4113 - std::panicking::try::h41c9fa508bc61df6
[INFO] [stdout]                                at /rustc/6067b36314ab5eb2eb47cecc464545ba58e1ad24/library/std/src/panicking.rs:550:19
[INFO] [stdout]   29:     0x5d1925cf4113 - std::panic::catch_unwind::h6b3ff07bb5afad93
[INFO] [stdout]                                at /rustc/6067b36314ab5eb2eb47cecc464545ba58e1ad24/library/std/src/panic.rs:358:14
[INFO] [stdout]   30:     0x5d1925cf4113 - test::run_test_in_process::hc7253dd11b39b9f4
[INFO] [stdout]                                at /rustc/6067b36314ab5eb2eb47cecc464545ba58e1ad24/library/test/src/lib.rs:655:27
[INFO] [stdout]   31:     0x5d1925cf4113 - test::run_test::{{closure}}::hfb2007f8649c30bb
[INFO] [stdout]                                at /rustc/6067b36314ab5eb2eb47cecc464545ba58e1ad24/library/test/src/lib.rs:576:43
[INFO] [stdout]   32:     0x5d1925cb71f5 - test::run_test::{{closure}}::h56a17aa7a282a9f4
[INFO] [stdout]                                at /rustc/6067b36314ab5eb2eb47cecc464545ba58e1ad24/library/test/src/lib.rs:606:41
[INFO] [stdout]   33:     0x5d1925cb71f5 - std::sys::backtrace::__rust_begin_short_backtrace::hd2d2d2fb8e8c6aac
[INFO] [stdout]                                at /rustc/6067b36314ab5eb2eb47cecc464545ba58e1ad24/library/std/src/sys/backtrace.rs:152:18
[INFO] [stdout]   34:     0x5d1925cbaada - std::thread::Builder::spawn_unchecked_::{{closure}}::{{closure}}::h4faa3f9db6133423
[INFO] [stdout]                                at /rustc/6067b36314ab5eb2eb47cecc464545ba58e1ad24/library/std/src/thread/mod.rs:559:17
[INFO] [stdout]   35:     0x5d1925cbaada - <core::panic::unwind_safe::AssertUnwindSafe<F> as core::ops::function::FnOnce<()>>::call_once::hf2e855a36a4ea846
[INFO] [stdout]                                at /rustc/6067b36314ab5eb2eb47cecc464545ba58e1ad24/library/core/src/panic/unwind_safe.rs:272:9
[INFO] [stdout]   36:     0x5d1925cbaada - std::panicking::try::do_call::h2f73af3616c35465
[INFO] [stdout]                                at /rustc/6067b36314ab5eb2eb47cecc464545ba58e1ad24/library/std/src/panicking.rs:587:40
[INFO] [stdout]   37:     0x5d1925cbaada - std::panicking::try::hd1660ce9efadef5a
[INFO] [stdout]                                at /rustc/6067b36314ab5eb2eb47cecc464545ba58e1ad24/library/std/src/panicking.rs:550:19
[INFO] [stdout]   38:     0x5d1925cbaada - std::panic::catch_unwind::h5ee8d7823b8ca744
[INFO] [stdout]                                at /rustc/6067b36314ab5eb2eb47cecc464545ba58e1ad24/library/std/src/panic.rs:358:14
[INFO] [stdout]   39:     0x5d1925cbaada - std::thread::Builder::spawn_unchecked_::{{closure}}::h53c3a1894dce8407
[INFO] [stdout]                                at /rustc/6067b36314ab5eb2eb47cecc464545ba58e1ad24/library/std/src/thread/mod.rs:557:30
[INFO] [stdout]   40:     0x5d1925cbaada - core::ops::function::FnOnce::call_once{{vtable.shim}}::h048ce291ad4f62bf
[INFO] [stdout]                                at /rustc/6067b36314ab5eb2eb47cecc464545ba58e1ad24/library/core/src/ops/function.rs:250:5
[INFO] [stdout]   41:     0x5d1925d2b87b - <alloc::boxed::Box<F,A> as core::ops::function::FnOnce<Args>>::call_once::ha52bedf99a3b4981
[INFO] [stdout]                                at /rustc/6067b36314ab5eb2eb47cecc464545ba58e1ad24/library/alloc/src/boxed.rs:2013:9
[INFO] [stdout]   42:     0x5d1925d2b87b - <alloc::boxed::Box<F,A> as core::ops::function::FnOnce<Args>>::call_once::h567748934d80ccf8
[INFO] [stdout]                                at /rustc/6067b36314ab5eb2eb47cecc464545ba58e1ad24/library/alloc/src/boxed.rs:2013:9
[INFO] [stdout]   43:     0x5d1925d2b87b - std::sys::pal::unix::thread::Thread::new::thread_start::h2d970728ae887adc
[INFO] [stdout]                                at /rustc/6067b36314ab5eb2eb47cecc464545ba58e1ad24/library/std/src/sys/pal/unix/thread.rs:106:17
[INFO] [stdout]   44:     0x78121766cac3 - <unknown>
[INFO] [stdout]   45:     0x7812176fda04 - clone
[INFO] [stdout]   46:                0x0 - <unknown>
[INFO] [stdout] 
[INFO] [stdout] ---- models::tests::camera_crrectly_renders_world stdout ----
[INFO] [stdout] 
[INFO] [stdout] thread 'models::tests::camera_crrectly_renders_world' panicked at src/models/tests/mod.rs:1055:5:
[INFO] [stdout] assertion failed: image.pixel_at(5, 5).color.appr_equal(color(0.38066, 0.47583, 0.2855))
[INFO] [stdout] stack backtrace:
[INFO] [stdout]    0:     0x5d1925d25a2a - std::backtrace_rs::backtrace::libunwind::trace::hb059275cfc8d6126
[INFO] [stdout]                                at /rustc/6067b36314ab5eb2eb47cecc464545ba58e1ad24/library/std/src/../../backtrace/src/backtrace/libunwind.rs:116:5
[INFO] [stdout]    1:     0x5d1925d25a2a - std::backtrace_rs::backtrace::trace_unsynchronized::h2da071e4327ce3ee
[INFO] [stdout]                                at /rustc/6067b36314ab5eb2eb47cecc464545ba58e1ad24/library/std/src/../../backtrace/src/backtrace/mod.rs:66:5
[INFO] [stdout]    2:     0x5d1925d25a2a - std::sys::backtrace::_print_fmt::h842a1474e6f8d23f
[INFO] [stdout]                                at /rustc/6067b36314ab5eb2eb47cecc464545ba58e1ad24/library/std/src/sys/backtrace.rs:66:9
[INFO] [stdout]    3:     0x5d1925d25a2a - <std::sys::backtrace::BacktraceLock::print::DisplayBacktrace as core::fmt::Display>::fmt::h71a62eb3b9696b12
[INFO] [stdout]                                at /rustc/6067b36314ab5eb2eb47cecc464545ba58e1ad24/library/std/src/sys/backtrace.rs:39:26
[INFO] [stdout]    4:     0x5d1925d4d453 - core::fmt::rt::Argument::fmt::hdb6b616786b41dc1
[INFO] [stdout]                                at /rustc/6067b36314ab5eb2eb47cecc464545ba58e1ad24/library/core/src/fmt/rt.rs:177:76
[INFO] [stdout]    5:     0x5d1925d4d453 - core::fmt::write::h2cc1698af7e2d686
[INFO] [stdout]                                at /rustc/6067b36314ab5eb2eb47cecc464545ba58e1ad24/library/core/src/fmt/mod.rs:1440:21
[INFO] [stdout]    6:     0x5d1925d22583 - std::io::Write::write_fmt::hab1b4cd059a79022
[INFO] [stdout]                                at /rustc/6067b36314ab5eb2eb47cecc464545ba58e1ad24/library/std/src/io/mod.rs:1887:15
[INFO] [stdout]    7:     0x5d1925d25872 - std::sys::backtrace::BacktraceLock::print::h147fe35b4ea13b08
[INFO] [stdout]                                at /rustc/6067b36314ab5eb2eb47cecc464545ba58e1ad24/library/std/src/sys/backtrace.rs:42:9
[INFO] [stdout]    8:     0x5d1925d26e4f - std::panicking::default_hook::{{closure}}::hbd44223dbdc0d208
[INFO] [stdout]                                at /rustc/6067b36314ab5eb2eb47cecc464545ba58e1ad24/library/std/src/panicking.rs:298:22
[INFO] [stdout]    9:     0x5d1925d26c68 - std::panicking::default_hook::h20f81eb0576efcec
[INFO] [stdout]                                at /rustc/6067b36314ab5eb2eb47cecc464545ba58e1ad24/library/std/src/panicking.rs:322:9
[INFO] [stdout]   10:     0x5d1925cefa83 - <alloc::boxed::Box<F,A> as core::ops::function::Fn<Args>>::call::hdb53814c496a4d34
[INFO] [stdout]                                at /rustc/6067b36314ab5eb2eb47cecc464545ba58e1ad24/library/alloc/src/boxed.rs:2027:9
[INFO] [stdout]   11:     0x5d1925cefa83 - test::test_main::{{closure}}::hc0a4963c59427c24
[INFO] [stdout]                                at /rustc/6067b36314ab5eb2eb47cecc464545ba58e1ad24/library/test/src/lib.rs:134:21
[INFO] [stdout]   12:     0x5d1925d27943 - <alloc::boxed::Box<F,A> as core::ops::function::Fn<Args>>::call::h591b2225413a77e9
[INFO] [stdout]                                at /rustc/6067b36314ab5eb2eb47cecc464545ba58e1ad24/library/alloc/src/boxed.rs:2027:9
[INFO] [stdout]   13:     0x5d1925d27943 - std::panicking::rust_panic_with_hook::h625eea43051b2edc
[INFO] [stdout]                                at /rustc/6067b36314ab5eb2eb47cecc464545ba58e1ad24/library/std/src/panicking.rs:839:13
[INFO] [stdout]   14:     0x5d1925d275c6 - std::panicking::begin_panic_handler::{{closure}}::h4f9159cfbc3f6bd3
[INFO] [stdout]                                at /rustc/6067b36314ab5eb2eb47cecc464545ba58e1ad24/library/std/src/panicking.rs:697:13
[INFO] [stdout]   15:     0x5d1925d25f29 - std::sys::backtrace::__rust_end_short_backtrace::h0390abce48353151
[INFO] [stdout]                                at /rustc/6067b36314ab5eb2eb47cecc464545ba58e1ad24/library/std/src/sys/backtrace.rs:168:18
[INFO] [stdout]   16:     0x5d1925d2728d - rust_begin_unwind
[INFO] [stdout]                                at /rustc/6067b36314ab5eb2eb47cecc464545ba58e1ad24/library/std/src/panicking.rs:695:5
[INFO] [stdout]   17:     0x5d1925d4ba80 - core::panicking::panic_fmt::h9e7c637e9e5f29c9
[INFO] [stdout]                                at /rustc/6067b36314ab5eb2eb47cecc464545ba58e1ad24/library/core/src/panicking.rs:75:14
[INFO] [stdout]   18:     0x5d1925d4bb0c - core::panicking::panic::haa3255ea20181a33
[INFO] [stdout]                                at /rustc/6067b36314ab5eb2eb47cecc464545ba58e1ad24/library/core/src/panicking.rs:145:5
[INFO] [stdout]   19:     0x5d1925ca802f - raytracer::models::tests::camera_crrectly_renders_world::h2efec0cdd053d0f0
[INFO] [stdout]                                at /opt/rustwide/workdir/src/models/tests/mod.rs:1055:5
[INFO] [stdout]   20:     0x5d1925ca7db7 - raytracer::models::tests::camera_crrectly_renders_world::{{closure}}::he89050067fce4ff8
[INFO] [stdout]                                at /opt/rustwide/workdir/src/models/tests/mod.rs:1047:35
[INFO] [stdout]   21:     0x5d1925cacbb6 - core::ops::function::FnOnce::call_once::he3e5072878284112
[INFO] [stdout]                                at /rustc/6067b36314ab5eb2eb47cecc464545ba58e1ad24/library/core/src/ops/function.rs:250:5
[INFO] [stdout]   22:     0x5d1925cf51db - core::ops::function::FnOnce::call_once::he27718dfdd183f43
[INFO] [stdout]                                at /rustc/6067b36314ab5eb2eb47cecc464545ba58e1ad24/library/core/src/ops/function.rs:250:5
[INFO] [stdout]   23:     0x5d1925cf51db - test::__rust_begin_short_backtrace::h4e84902998457a5d
[INFO] [stdout]                                at /rustc/6067b36314ab5eb2eb47cecc464545ba58e1ad24/library/test/src/lib.rs:632:18
[INFO] [stdout]   24:     0x5d1925cf4113 - test::run_test_in_process::{{closure}}::h7176fd18fc1feca0
[INFO] [stdout]                                at /rustc/6067b36314ab5eb2eb47cecc464545ba58e1ad24/library/test/src/lib.rs:655:60
[INFO] [stdout]   25:     0x5d1925cf4113 - <core::panic::unwind_safe::AssertUnwindSafe<F> as core::ops::function::FnOnce<()>>::call_once::hf79cff2a624d8cf7
[INFO] [stdout]                                at /rustc/6067b36314ab5eb2eb47cecc464545ba58e1ad24/library/core/src/panic/unwind_safe.rs:272:9
[INFO] [stdout]   26:     0x5d1925cf4113 - std::panicking::try::do_call::h3da0561d9ab99c25
[INFO] [stdout]                                at /rustc/6067b36314ab5eb2eb47cecc464545ba58e1ad24/library/std/src/panicking.rs:587:40
[INFO] [stdout]   27:     0x5d1925cf4113 - std::panicking::try::h41c9fa508bc61df6
[INFO] [stdout]                                at /rustc/6067b36314ab5eb2eb47cecc464545ba58e1ad24/library/std/src/panicking.rs:550:19
[INFO] [stdout]   28:     0x5d1925cf4113 - std::panic::catch_unwind::h6b3ff07bb5afad93
[INFO] [stdout]                                at /rustc/6067b36314ab5eb2eb47cecc464545ba58e1ad24/library/std/src/panic.rs:358:14
[INFO] [stdout]   29:     0x5d1925cf4113 - test::run_test_in_process::hc7253dd11b39b9f4
[INFO] [stdout]                                at /rustc/6067b36314ab5eb2eb47cecc464545ba58e1ad24/library/test/src/lib.rs:655:27
[INFO] [stdout]   30:     0x5d1925cf4113 - test::run_test::{{closure}}::hfb2007f8649c30bb
[INFO] [stdout]                                at /rustc/6067b36314ab5eb2eb47cecc464545ba58e1ad24/library/test/src/lib.rs:576:43
[INFO] [stdout]   31:     0x5d1925cb71f5 - test::run_test::{{closure}}::h56a17aa7a282a9f4
[INFO] [stdout]                                at /rustc/6067b36314ab5eb2eb47cecc464545ba58e1ad24/library/test/src/lib.rs:606:41
[INFO] [stdout]   32:     0x5d1925cb71f5 - std::sys::backtrace::__rust_begin_short_backtrace::hd2d2d2fb8e8c6aac
[INFO] [stdout]                                at /rustc/6067b36314ab5eb2eb47cecc464545ba58e1ad24/library/std/src/sys/backtrace.rs:152:18
[INFO] [stdout]   33:     0x5d1925cbaada - std::thread::Builder::spawn_unchecked_::{{closure}}::{{closure}}::h4faa3f9db6133423
[INFO] [stdout]                                at /rustc/6067b36314ab5eb2eb47cecc464545ba58e1ad24/library/std/src/thread/mod.rs:559:17
[INFO] [stdout]   34:     0x5d1925cbaada - <core::panic::unwind_safe::AssertUnwindSafe<F> as core::ops::function::FnOnce<()>>::call_once::hf2e855a36a4ea846
[INFO] [stdout]                                at /rustc/6067b36314ab5eb2eb47cecc464545ba58e1ad24/library/core/src/panic/unwind_safe.rs:272:9
[INFO] [stdout]   35:     0x5d1925cbaada - std::panicking::try::do_call::h2f73af3616c35465
[INFO] [stdout]                                at /rustc/6067b36314ab5eb2eb47cecc464545ba58e1ad24/library/std/src/panicking.rs:587:40
[INFO] [stdout]   36:     0x5d1925cbaada - std::panicking::try::hd1660ce9efadef5a
[INFO] [stdout]                                at /rustc/6067b36314ab5eb2eb47cecc464545ba58e1ad24/library/std/src/panicking.rs:550:19
[INFO] [stdout]   37:     0x5d1925cbaada - std::panic::catch_unwind::h5ee8d7823b8ca744
[INFO] [stdout]                                at /rustc/6067b36314ab5eb2eb47cecc464545ba58e1ad24/library/std/src/panic.rs:358:14
[INFO] [stdout]   38:     0x5d1925cbaada - std::thread::Builder::spawn_unchecked_::{{closure}}::h53c3a1894dce8407
[INFO] [stdout]                                at /rustc/6067b36314ab5eb2eb47cecc464545ba58e1ad24/library/std/src/thread/mod.rs:557:30
[INFO] [stdout]   39:     0x5d1925cbaada - core::ops::function::FnOnce::call_once{{vtable.shim}}::h048ce291ad4f62bf
[INFO] [stdout]                                at /rustc/6067b36314ab5eb2eb47cecc464545ba58e1ad24/library/core/src/ops/function.rs:250:5
[INFO] [stdout]   40:     0x5d1925d2b87b - <alloc::boxed::Box<F,A> as core::ops::function::FnOnce<Args>>::call_once::ha52bedf99a3b4981
[INFO] [stdout]                                at /rustc/6067b36314ab5eb2eb47cecc464545ba58e1ad24/library/alloc/src/boxed.rs:2013:9
[INFO] [stdout]   41:     0x5d1925d2b87b - <alloc::boxed::Box<F,A> as core::ops::function::FnOnce<Args>>::call_once::h567748934d80ccf8
[INFO] [stdout]                                at /rustc/6067b36314ab5eb2eb47cecc464545ba58e1ad24/library/alloc/src/boxed.rs:2013:9
[INFO] [stdout]   42:     0x5d1925d2b87b - std::sys::pal::unix::thread::Thread::new::thread_start::h2d970728ae887adc
[INFO] [stdout]                                at /rustc/6067b36314ab5eb2eb47cecc464545ba58e1ad24/library/std/src/sys/pal/unix/thread.rs:106:17
[INFO] [stdout]   43:     0x78121766cac3 - <unknown>
[INFO] [stdout]   44:     0x7812176fda04 - clone
[INFO] [stdout]   45:                0x0 - <unknown>
[INFO] [stdout] 
[INFO] [stdout] 
[INFO] [stdout] failures:
[INFO] [stdout]     models::tests::camera_crrectly_renders_world
[INFO] [stdout]     models::tests::correctly_computes_color_at_compute
[INFO] [stdout]     models::tests::correctly_computes_color_at_compute2
[INFO] [stdout]     models::tests::correctly_computes_color_at_point_for_the_world2
[INFO] [stdout] 
[INFO] [stdout] test result: FAILED. 97 passed; 4 failed; 0 ignored; 0 measured; 0 filtered out; finished in 0.09s
[INFO] [stdout] 
[INFO] [stderr] error: test failed, to rerun pass `--bin raytracer`
[INFO] running `Command { std: "docker" "inspect" "cc73e728b828bf38e130c2b62c10f5fbae2ec1996b6ccfbee2f4d9e6c2f83af1", kill_on_drop: false }`
[INFO] running `Command { std: "docker" "rm" "-f" "cc73e728b828bf38e130c2b62c10f5fbae2ec1996b6ccfbee2f4d9e6c2f83af1", kill_on_drop: false }`
[INFO] [stdout] cc73e728b828bf38e130c2b62c10f5fbae2ec1996b6ccfbee2f4d9e6c2f83af1
