[INFO] cloning repository https://github.com/Ahmed9190/tcp_communication
[INFO] running `Command { std: "git" "-c" "credential.helper=" "-c" "credential.helper=/workspace/cargo-home/bin/git-credential-null" "clone" "--bare" "https://github.com/Ahmed9190/tcp_communication" "/workspace/cache/git-repos/https%3A%2F%2Fgithub.com%2FAhmed9190%2Ftcp_communication", kill_on_drop: false }`
[INFO] [stderr] Cloning into bare repository '/workspace/cache/git-repos/https%3A%2F%2Fgithub.com%2FAhmed9190%2Ftcp_communication'...
[INFO] running `Command { std: "git" "rev-parse" "HEAD", kill_on_drop: false }`
[INFO] [stdout] e010ca52732c6d49556f657826f07e5abf6b12fb
[INFO] testing Ahmed9190/tcp_communication against nightly-2025-01-18 for randomize-layout-2
[INFO] running `Command { std: "git" "clone" "/workspace/cache/git-repos/https%3A%2F%2Fgithub.com%2FAhmed9190%2Ftcp_communication" "/workspace/builds/worker-6-tc1/source", kill_on_drop: false }`
[INFO] [stderr] Cloning into '/workspace/builds/worker-6-tc1/source'...
[INFO] [stderr] done.
[INFO] validating manifest of git repo https://github.com/Ahmed9190/tcp_communication on toolchain nightly-2025-01-18
[INFO] running `Command { std: CARGO_HOME="/workspace/cargo-home" RUSTUP_HOME="/workspace/rustup-home" "/workspace/cargo-home/bin/cargo" "+nightly-2025-01-18" "metadata" "--manifest-path" "Cargo.toml" "--no-deps", kill_on_drop: false }`
[INFO] started tweaking git repo https://github.com/Ahmed9190/tcp_communication
[INFO] finished tweaking git repo https://github.com/Ahmed9190/tcp_communication
[INFO] tweaked toml for git repo https://github.com/Ahmed9190/tcp_communication written to /workspace/builds/worker-6-tc1/source/Cargo.toml
[INFO] crate git repo https://github.com/Ahmed9190/tcp_communication already has a lockfile, it will not be regenerated
[INFO] running `Command { std: CARGO_HOME="/workspace/cargo-home" RUSTUP_HOME="/workspace/rustup-home" "/workspace/cargo-home/bin/cargo" "+nightly-2025-01-18" "fetch" "--manifest-path" "Cargo.toml", kill_on_drop: false }`
[INFO] [stderr]  Downloading crates ...
[INFO] [stderr]   Downloaded env_filter v0.1.3
[INFO] [stderr]   Downloaded rustversion v1.0.18
[INFO] [stderr]   Downloaded axum v0.7.9
[INFO] [stderr]   Downloaded axum-core v0.4.5
[INFO] [stderr]   Downloaded env_logger v0.11.6
[INFO] [stderr]   Downloaded cc v1.2.5
[INFO] [stderr]   Downloaded syn v2.0.91
[INFO] [stderr]   Downloaded serde_json v1.0.134
[INFO] [stderr]   Downloaded matchit v0.7.3
[INFO] running `Command { std: "docker" "create" "-v" "/var/lib/crater-agent-workspace/builds/worker-6-tc1/target:/opt/rustwide/target:rw,Z" "-v" "/var/lib/crater-agent-workspace/builds/worker-6-tc1/source:/opt/rustwide/workdir:ro,Z" "-v" "/var/lib/crater-agent-workspace/cargo-home:/opt/rustwide/cargo-home:ro,Z" "-v" "/var/lib/crater-agent-workspace/rustup-home:/opt/rustwide/rustup-home:ro,Z" "-e" "SOURCE_DIR=/opt/rustwide/workdir" "-e" "CARGO_TARGET_DIR=/opt/rustwide/target" "-e" "CARGO_HOME=/opt/rustwide/cargo-home" "-e" "RUSTUP_HOME=/opt/rustwide/rustup-home" "-w" "/opt/rustwide/workdir" "-m" "1610612736" "--user" "0:0" "--network" "none" "ghcr.io/rust-lang/crates-build-env/linux@sha256:819108c5571ea2e421544af4d832f968d213c87fbe3707a016657f43d2f853bc" "/opt/rustwide/cargo-home/bin/cargo" "+nightly-2025-01-18" "metadata" "--no-deps" "--format-version=1", kill_on_drop: false }`
[INFO] [stdout] 7c41bc8e3d8c79ff2433d072b1e4b1380c0a7985d337bb5c450dcb53eba9cd02
[INFO] running `Command { std: "docker" "start" "-a" "7c41bc8e3d8c79ff2433d072b1e4b1380c0a7985d337bb5c450dcb53eba9cd02", kill_on_drop: false }`
[INFO] running `Command { std: "docker" "inspect" "7c41bc8e3d8c79ff2433d072b1e4b1380c0a7985d337bb5c450dcb53eba9cd02", kill_on_drop: false }`
[INFO] running `Command { std: "docker" "rm" "-f" "7c41bc8e3d8c79ff2433d072b1e4b1380c0a7985d337bb5c450dcb53eba9cd02", kill_on_drop: false }`
[INFO] [stdout] 7c41bc8e3d8c79ff2433d072b1e4b1380c0a7985d337bb5c450dcb53eba9cd02
[INFO] running `Command { std: "docker" "create" "-v" "/var/lib/crater-agent-workspace/builds/worker-6-tc1/target:/opt/rustwide/target:rw,Z" "-v" "/var/lib/crater-agent-workspace/builds/worker-6-tc1/source:/opt/rustwide/workdir:ro,Z" "-v" "/var/lib/crater-agent-workspace/cargo-home:/opt/rustwide/cargo-home:ro,Z" "-v" "/var/lib/crater-agent-workspace/rustup-home:/opt/rustwide/rustup-home:ro,Z" "-e" "SOURCE_DIR=/opt/rustwide/workdir" "-e" "CARGO_TARGET_DIR=/opt/rustwide/target" "-e" "CARGO_INCREMENTAL=0" "-e" "RUST_BACKTRACE=full" "-e" "RUSTFLAGS=--cap-lints=forbid" "-e" "RUSTDOCFLAGS=--cap-lints=forbid" "-e" "CARGO_HOME=/opt/rustwide/cargo-home" "-e" "RUSTUP_HOME=/opt/rustwide/rustup-home" "-w" "/opt/rustwide/workdir" "-m" "1610612736" "--user" "0:0" "--network" "none" "ghcr.io/rust-lang/crates-build-env/linux@sha256:819108c5571ea2e421544af4d832f968d213c87fbe3707a016657f43d2f853bc" "/opt/rustwide/cargo-home/bin/cargo" "+nightly-2025-01-18" "build" "--frozen" "--message-format=json", kill_on_drop: false }`
[INFO] [stdout] e02d7744159b1ac3cbafd0730b6e3689359040b56d9cbbc714e3e719c5b9e0a3
[INFO] running `Command { std: "docker" "start" "-a" "e02d7744159b1ac3cbafd0730b6e3689359040b56d9cbbc714e3e719c5b9e0a3", kill_on_drop: false }`
[INFO] [stderr]    Compiling proc-macro2 v1.0.92
[INFO] [stderr]    Compiling unicode-ident v1.0.14
[INFO] [stderr]    Compiling libc v0.2.169
[INFO] [stderr]    Compiling autocfg v1.4.0
[INFO] [stderr]    Compiling itoa v1.0.14
[INFO] [stderr]    Compiling pin-project-lite v0.2.15
[INFO] [stderr]    Compiling bytes v1.9.0
[INFO] [stderr]    Compiling futures-core v0.3.31
[INFO] [stderr]    Compiling parking_lot_core v0.9.10
[INFO] [stderr]    Compiling futures-task v0.3.31
[INFO] [stderr]    Compiling smallvec v1.13.2
[INFO] [stderr]    Compiling memchr v2.7.4
[INFO] [stderr]    Compiling serde v1.0.216
[INFO] [stderr]    Compiling once_cell v1.20.2
[INFO] [stderr]    Compiling httparse v1.9.5
[INFO] [stderr]    Compiling byteorder v1.5.0
[INFO] [stderr]    Compiling rustversion v1.0.18
[INFO] [stderr]    Compiling futures-util v0.3.31
[INFO] [stderr]    Compiling tower-service v0.3.3
[INFO] [stderr]    Compiling regex-syntax v0.8.5
[INFO] [stderr]    Compiling futures-channel v0.3.31
[INFO] [stderr]    Compiling tower-layer v0.3.3
[INFO] [stderr]    Compiling tracing-core v0.1.33
[INFO] [stderr]    Compiling ryu v1.0.18
[INFO] [stderr]    Compiling serde_json v1.0.134
[INFO] [stderr]    Compiling percent-encoding v2.3.1
[INFO] [stderr]    Compiling sync_wrapper v1.0.2
[INFO] [stderr]    Compiling anstyle-parse v0.2.6
[INFO] [stderr]    Compiling form_urlencoded v1.2.1
[INFO] [stderr]    Compiling http v1.2.0
[INFO] [stderr]    Compiling anstyle-query v1.1.2
[INFO] [stderr]    Compiling anstyle v1.0.10
[INFO] [stderr]    Compiling colorchoice v1.0.3
[INFO] [stderr]    Compiling matchit v0.7.3
[INFO] [stderr]    Compiling iana-time-zone v0.1.61
[INFO] [stderr]    Compiling lock_api v0.4.12
[INFO] [stderr]    Compiling num-traits v0.2.19
[INFO] [stderr]    Compiling anstream v0.6.18
[INFO] [stderr]    Compiling tracing v0.1.41
[INFO] [stderr]    Compiling aho-corasick v1.1.3
[INFO] [stderr]    Compiling quote v1.0.37
[INFO] [stderr]    Compiling syn v2.0.91
[INFO] [stderr]    Compiling http-body v1.0.1
[INFO] [stderr]    Compiling signal-hook-registry v1.4.2
[INFO] [stderr]    Compiling mio v1.0.3
[INFO] [stderr]    Compiling socket2 v0.5.8
[INFO] [stderr]    Compiling getrandom v0.2.15
[INFO] [stderr]    Compiling rand_core v0.6.4
[INFO] [stderr]    Compiling parking_lot v0.12.3
[INFO] [stderr]    Compiling chrono v0.4.39
[INFO] [stderr]    Compiling regex-automata v0.4.9
[INFO] [stderr]    Compiling http-body-util v0.1.2
[INFO] [stderr]    Compiling tokio-macros v2.4.0
[INFO] [stderr]    Compiling serde_derive v1.0.216
[INFO] [stderr]    Compiling zerocopy-derive v0.7.35
[INFO] [stderr]    Compiling async-trait v0.1.83
[INFO] [stderr]    Compiling regex v1.11.1
[INFO] [stderr]    Compiling tokio v1.42.0
[INFO] [stderr]    Compiling zerocopy v0.7.35
[INFO] [stderr]    Compiling axum-core v0.4.5
[INFO] [stderr]    Compiling env_filter v0.1.3
[INFO] [stderr]    Compiling env_logger v0.11.6
[INFO] [stderr]    Compiling ppv-lite86 v0.2.20
[INFO] [stderr]    Compiling rand_chacha v0.3.1
[INFO] [stderr]    Compiling rand v0.8.5
[INFO] [stderr]    Compiling hyper v1.5.2
[INFO] [stderr]    Compiling tower v0.5.2
[INFO] [stderr]    Compiling serde_urlencoded v0.7.1
[INFO] [stderr]    Compiling serde_path_to_error v0.1.16
[INFO] [stderr]    Compiling hyper-util v0.1.10
[INFO] [stderr]    Compiling axum v0.7.9
[INFO] [stderr]    Compiling tcp_communication v0.1.0 (/opt/rustwide/workdir)
[INFO] [stderr]     Finished `dev` profile [unoptimized + debuginfo] target(s) in 35.89s
[INFO] running `Command { std: "docker" "inspect" "e02d7744159b1ac3cbafd0730b6e3689359040b56d9cbbc714e3e719c5b9e0a3", kill_on_drop: false }`
[INFO] running `Command { std: "docker" "rm" "-f" "e02d7744159b1ac3cbafd0730b6e3689359040b56d9cbbc714e3e719c5b9e0a3", kill_on_drop: false }`
[INFO] [stdout] e02d7744159b1ac3cbafd0730b6e3689359040b56d9cbbc714e3e719c5b9e0a3
[INFO] running `Command { std: "docker" "create" "-v" "/var/lib/crater-agent-workspace/builds/worker-6-tc1/target:/opt/rustwide/target:rw,Z" "-v" "/var/lib/crater-agent-workspace/builds/worker-6-tc1/source:/opt/rustwide/workdir:ro,Z" "-v" "/var/lib/crater-agent-workspace/cargo-home:/opt/rustwide/cargo-home:ro,Z" "-v" "/var/lib/crater-agent-workspace/rustup-home:/opt/rustwide/rustup-home:ro,Z" "-e" "SOURCE_DIR=/opt/rustwide/workdir" "-e" "CARGO_TARGET_DIR=/opt/rustwide/target" "-e" "CARGO_INCREMENTAL=0" "-e" "RUST_BACKTRACE=full" "-e" "RUSTFLAGS=--cap-lints=forbid" "-e" "RUSTDOCFLAGS=--cap-lints=forbid" "-e" "CARGO_HOME=/opt/rustwide/cargo-home" "-e" "RUSTUP_HOME=/opt/rustwide/rustup-home" "-w" "/opt/rustwide/workdir" "-m" "1610612736" "--user" "0:0" "--network" "none" "ghcr.io/rust-lang/crates-build-env/linux@sha256:819108c5571ea2e421544af4d832f968d213c87fbe3707a016657f43d2f853bc" "/opt/rustwide/cargo-home/bin/cargo" "+nightly-2025-01-18" "test" "--frozen" "--no-run" "--message-format=json", kill_on_drop: false }`
[INFO] [stdout] 8e2f6b059fd5efd4a49ab3769aeb85167210e859eca8563e07d685cdaa652bed
[INFO] running `Command { std: "docker" "start" "-a" "8e2f6b059fd5efd4a49ab3769aeb85167210e859eca8563e07d685cdaa652bed", kill_on_drop: false }`
[INFO] [stderr]    Compiling tcp_communication v0.1.0 (/opt/rustwide/workdir)
[INFO] [stderr]     Finished `test` profile [unoptimized + debuginfo] target(s) in 1.09s
[INFO] running `Command { std: "docker" "inspect" "8e2f6b059fd5efd4a49ab3769aeb85167210e859eca8563e07d685cdaa652bed", kill_on_drop: false }`
[INFO] running `Command { std: "docker" "rm" "-f" "8e2f6b059fd5efd4a49ab3769aeb85167210e859eca8563e07d685cdaa652bed", kill_on_drop: false }`
[INFO] [stdout] 8e2f6b059fd5efd4a49ab3769aeb85167210e859eca8563e07d685cdaa652bed
[INFO] running `Command { std: "docker" "create" "-v" "/var/lib/crater-agent-workspace/builds/worker-6-tc1/target:/opt/rustwide/target:rw,Z" "-v" "/var/lib/crater-agent-workspace/builds/worker-6-tc1/source:/opt/rustwide/workdir:ro,Z" "-v" "/var/lib/crater-agent-workspace/cargo-home:/opt/rustwide/cargo-home:ro,Z" "-v" "/var/lib/crater-agent-workspace/rustup-home:/opt/rustwide/rustup-home:ro,Z" "-e" "SOURCE_DIR=/opt/rustwide/workdir" "-e" "CARGO_TARGET_DIR=/opt/rustwide/target" "-e" "CARGO_INCREMENTAL=0" "-e" "RUST_BACKTRACE=full" "-e" "RUSTFLAGS=--cap-lints=forbid" "-e" "RUSTDOCFLAGS=--cap-lints=forbid" "-e" "CARGO_HOME=/opt/rustwide/cargo-home" "-e" "RUSTUP_HOME=/opt/rustwide/rustup-home" "-w" "/opt/rustwide/workdir" "-m" "1610612736" "--user" "0:0" "--network" "none" "ghcr.io/rust-lang/crates-build-env/linux@sha256:819108c5571ea2e421544af4d832f968d213c87fbe3707a016657f43d2f853bc" "/opt/rustwide/cargo-home/bin/cargo" "+nightly-2025-01-18" "test" "--frozen", kill_on_drop: false }`
[INFO] [stdout] 994f4422b7b7f88efdb482374b7f287b85f338ad55614d259d7253ab2e830dd2
[INFO] running `Command { std: "docker" "start" "-a" "994f4422b7b7f88efdb482374b7f287b85f338ad55614d259d7253ab2e830dd2", kill_on_drop: false }`
[INFO] [stderr]     Finished `test` profile [unoptimized + debuginfo] target(s) in 0.08s
[INFO] [stderr]      Running unittests src/main.rs (/opt/rustwide/target/debug/deps/tcp_communication-ab5a779f76cda8d5)
[INFO] [stdout] 
[INFO] [stdout] running 89 tests
[INFO] [stdout] test commands::tests::alarm_command_tests::alarm_command_tests::test_alarm_type_with_invalid_high_value ... ok
[INFO] [stdout] test commands::tests::alarm_command_tests::alarm_command_tests::test_alarm_type_with_invalid_value ... ok
[INFO] [stdout] test commands::tests::alarm_command_tests::alarm_command_tests::test_alarm_type_with_valid_falling ... ok
[INFO] [stdout] test commands::tests::alarm_command_tests::alarm_command_tests::test_alarm_type_with_valid_illegal_demolition ... ok
[INFO] [stdout] test commands::tests::alarm_command_tests::alarm_command_tests::test_alarm_type_with_valid_illegal_removal ... ok
[INFO] [stdout] test commands::tests::alarm_command_tests::alarm_command_tests::test_alarm_type_with_valid_lifted_up ... ok
[INFO] [stdout] test commands::tests::alarm_command_tests::alarm_command_tests::test_alarm_type_with_valid_illegal_movement ... ok
[INFO] [stdout] test commands::tests::alarm_command_tests::alarm_command_tests::test_alarm_type_with_valid_low_power ... ok
[INFO] [stdout] test commands::tests::beep_command_tests::beep_command_tests::test_beep_play_content_with_invalid_high_value ... ok
[INFO] [stdout] test commands::tests::beep_command_tests::beep_command_tests::test_beep_play_content_with_invalid_low_value ... ok
[INFO] [stdout] test commands::tests::beep_command_tests::beep_command_tests::test_beep_play_content_with_valid_find_scooter_alert ... ok
[INFO] [stdout] test commands::tests::beep_command_tests::beep_command_tests::test_beep_play_content_with_valid_hold ... ok
[INFO] [stdout] test commands::tests::beep_command_tests::beep_command_tests::test_beep_play_content_with_valid_turn_off_voice ... ok
[INFO] [stdout] test commands::tests::beep_command_tests::beep_command_tests::test_beep_play_content_with_valid_turn_on_voice ... ok
[INFO] [stdout] test commands::tests::hearbeat_command_tests::hearbeat_command_tests::test_charging_status_with_invalid_value ... ok
[INFO] [stdout] test commands::tests::hearbeat_command_tests::hearbeat_command_tests::test_charging_status_with_valid_charging ... ok
[INFO] [stdout] test commands::tests::hearbeat_command_tests::hearbeat_command_tests::test_charging_status_with_valid_uncharged ... ok
[INFO] [stdout] test commands::tests::hearbeat_command_tests::hearbeat_command_tests::test_scooter_status_with_invalid_value ... ok
[INFO] [stdout] test commands::tests::hearbeat_command_tests::hearbeat_command_tests::test_scooter_status_with_valid_locked ... ok
[INFO] [stdout] test commands::tests::hearbeat_command_tests::hearbeat_command_tests::test_scooter_status_with_valid_unlocked ... ok
[INFO] [stdout] test commands::tests::parser_tests::parse_command_tests::test_parse_command_with_invalid_header ... ok
[INFO] [stdout] test commands::tests::parser_tests::parse_command_tests::test_parse_command_with_valid_data ... ok
[INFO] [stdout] test commands::tests::parser_tests::parse_date_tests::test_parse_date_with_invalid_day ... ok
[INFO] [stdout] test commands::tests::parser_tests::parse_date_tests::test_parse_date_with_valid_input ... ok
[INFO] [stdout] test commands::tests::parser_tests::parse_datetime_tests::test_parse_datetime_with_invalid_date ... ok
[INFO] [stdout] test commands::tests::parser_tests::parse_date_tests::test_parse_date_with_short_input_length ... ok
[INFO] [stdout] test commands::tests::parser_tests::parse_time_tests::test_parse_time_with_invalid_minutes ... ok
[INFO] [stdout] test commands::tests::parser_tests::parse_time_tests::test_parse_time_with_non_numeric_characters ... ok
[INFO] [stdout] test commands::tests::parser_tests::parse_datetime_tests::test_parse_datetime_with_valid_input ... ok
[INFO] [stdout] test commands::tests::parser_tests::parse_date_tests::test_parse_date_with_non_numeric_characters ... ok
[INFO] [stdout] test commands::tests::parser_tests::parse_time_tests::test_parse_time_with_invalid_hours ... ok
[INFO] [stdout] test commands::tests::parser_tests::parse_date_tests::test_parse_date_with_valid_leap_year ... ok
[INFO] [stdout] test commands::tests::parser_tests::parse_date_tests::test_parse_date_with_invalid_month ... ok
[INFO] [stdout] test commands::tests::parser_tests::parse_datetime_tests::test_parse_datetime_with_invalid_time ... ok
[INFO] [stdout] test commands::tests::parser_tests::parse_time_tests::test_parse_time_with_invalid_seconds ... ok
[INFO] [stdout] test commands::tests::parser_tests::parse_time_tests::test_parse_time_with_valid_input ... ok
[INFO] [stdout] test commands::tests::scooter_command_tests::operation_tests::test_operation_with_valid_lock ... ok
[INFO] [stdout] test commands::tests::scooter_command_tests::operation_tests::test_operation_with_valid_rfid_card_lock ... ok
[INFO] [stdout] test commands::tests::scooter_command_tests::operation_tests::test_operation_with_valid_unlock ... ok
[INFO] [stdout] test commands::tests::scooter_command_tests::operation_tests::test_operation_with_valid_rfid_card_unlock ... ok
[INFO] [stdout] test commands::tests::scooter_command_tests::scooter_command_tests::test_invalid_command_format_with_insufficient_parts ... ok
[INFO] [stdout] test commands::tests::parser_tests::parse_time_tests::test_parse_time_with_short_input_length ... ok
[INFO] [stdout] test commands::tests::positioning_command_tests::positioning_identifier_tests::test_positioning_identifier_with_invalid_value ... ok
[INFO] [stdout] test commands::tests::scooter_command_tests::scooter_command_tests::test_unlock_or_lock_response ... ok
[INFO] [stdout] test commands::tests::positioning_command_tests::positioning_identifier_tests::test_positioning_identifier_with_valid_obtain_positioning ... ok
[INFO] [stdout] test commands::tests::positioning_command_tests::positioning_identifier_tests::test_positioning_identifier_with_valid_position_tracking ... ok
[INFO] [stdout] test commands::tests::scooter_command_tests::scooter_command_tests::test_invalid_command ... ok
[INFO] [stdout] test commands::tests::scooter_command_tests::status_tests::test_status_with_invalid_value ... ok
[INFO] [stdout] test commands::tests::scooter_setting_command::scooter_setting_command_tests::test_taillights_flashing_with_invalid_value ... ok
[INFO] [stdout] test commands::tests::scooter_command_tests::status_tests::test_status_with_valid_key_error ... ok
[INFO] [stdout] test commands::tests::scooter_command_tests::status_tests::test_status_with_valid_failure ... ok
[INFO] [stdout] test commands::tests::scooter_setting_command::scooter_setting_command_tests::test_headlight_switch_with_invalid_value ... ok
[INFO] [stdout] test commands::tests::scooter_setting_command::scooter_setting_command_tests::test_headlight_switch_with_valid_values ... ok
[INFO] [stdout] test commands::tests::scooter_command_tests::status_tests::test_status_with_valid_success ... ok
[INFO] [stdout] test commands::tests::scooter_setting_command::scooter_setting_command_tests::test_mode_setting_with_valid_values ... ok
[INFO] [stdout] test commands::tests::scooter_setting_command::scooter_setting_command_tests::test_throttle_response_with_invalid_value ... ok
[INFO] [stdout] test commands::tests::scooter_setting_command::scooter_setting_command_tests::test_throttle_response_with_valid_values ... ok
[INFO] [stdout] test commands::tests::scooter_setting_command::scooter_setting_command_tests::test_mode_setting_with_invalid_value ... ok
[INFO] [stdout] test server::tests::commands_test::generate_command_tests::test_generate_command_empty_content ... ok
[INFO] [stdout] test commands::tests::scooter_setting_command::scooter_setting_command_tests::test_taillights_flashing_with_valid_values ... ok
[INFO] [stdout] test server::tests::commands_test::generate_command_tests::test_generate_command_with_special_characters_in_content ... ok
[INFO] [stdout] test server::tests::commands_test::generate_l0_command_tests::test_generate_l0_command_unlock ... ok
[INFO] [stdout] test server::tests::commands_test::generate_l1_ack_tests::test_generate_l1_ack ... ok
[INFO] [stdout] test server::tests::commands_test::generate_r0_command_tests::test_generate_r0_command_lock ... ok
[INFO] [stdout] test server::tests::commands_test::generate_command_tests::test_generate_command_with_simple_content ... ok
[INFO] [stdout] test server::tests::commands_test::generate_final_ack_tests::test_generate_final_ack ... ok
[INFO] [stdout] test server::tests::commands_test::generate_command_tests::test_generate_command_with_multiple_content_items ... ok
[INFO] [stdout] test server::tests::commands_test::generate_s7_command_tests::test_generate_s7_command ... ok
[INFO] [stdout] test commands::tests::parser_tests::parse_coordinates_tests::test_parse_coordinates_with_invalid_format ... ok
[INFO] [stdout] test server::tests::commands_test::generate_command_tests::test_generate_command_with_large_content ... ok
[INFO] [stdout] test server::tests::commands_test::generate_r0_command_tests::test_generate_r0_command_unlock ... ok
[INFO] [stdout] test commands::tests::parser_tests::parse_coordinates_tests::test_parse_coordinates_with_missing_decimal_point ... ok
[INFO] [stdout] test server::tests::commands_test::generate_l1_command_tests::test_generate_l1_command ... ok
[INFO] [stdout] test server::tests::protocol_test::validate_l0_response_tests::test_validate_l0_response_valid ... ok
[INFO] [stdout] test commands::tests::parser_tests::parse_coordinates_tests::test_parse_coordinates_with_valid_longitude ... ok
[INFO] [stdout] test commands::tests::parser_tests::parse_coordinates_tests::test_parse_coordinates_with_invalid_hemisphere ... ok
[INFO] [stdout] test server::tests::protocol_test::validate_l0_response_tests::test_validate_l0_response_invalid_content ... ok
[INFO] [stdout] test server::tests::protocol_test::validate_response_tests::test_validate_command_invalid_vendor ... ok
[INFO] [stdout] test server::tests::protocol_test::validate_r0_response_tests::test_validate_r0_response_invalid_format ... ok
[INFO] [stdout] test commands::tests::parser_tests::parse_coordinates_tests::test_parse_coordinates_with_valid_latitude ... ok
[INFO] [stdout] test server::tests::protocol_test::validate_response_tests::test_validate_command_valid ... ok
[INFO] [stdout] test server::tests::protocol_test::validate_s7_response_tests::test_validate_s7_response_valid ... ok
[INFO] [stdout] test server::tests::protocol_test::validate_l1_response_tests::test_validate_l1_response_valid ... ok
[INFO] [stdout] test server::tests::protocol_test::validate_response_tests::test_validate_command_invalid_content ... ok
[INFO] [stdout] test commands::tests::parser_tests::parse_coordinates_tests::test_parse_coordinates_with_western_hemisphere ... ok
[INFO] [stdout] test commands::tests::parser_tests::parse_coordinates_tests::test_parse_coordinates_with_southern_hemisphere ... ok
[INFO] [stdout] test server::tests::protocol_test::validate_r0_response_tests::test_validate_r0_response_unlock_valid ... ok
[INFO] [stdout] test server::tests::protocol_test::validate_r0_response_tests::test_validate_r0_response_lock_valid ... ok
[INFO] [stdout] test commands::tests::scooter_command_tests::operation_tests::test_operation_with_invalid_value ... FAILED
[INFO] [stdout] 
[INFO] [stdout] failures:
[INFO] [stdout] 
[INFO] [stdout] ---- commands::tests::scooter_command_tests::operation_tests::test_operation_with_invalid_value stdout ----
[INFO] [stdout] 
[INFO] [stdout] thread 'commands::tests::scooter_command_tests::operation_tests::test_operation_with_invalid_value' panicked at src/commands/tests/scooter_command_tests.rs:33:9:
[INFO] [stdout] assertion `left == right` failed
[INFO] [stdout]   left: "4"
[INFO] [stdout]  right: "Invalid operation: 4"
[INFO] [stdout] stack backtrace:
[INFO] [stdout]    0:     0x5c0ed8c6a7fa - std::backtrace_rs::backtrace::libunwind::trace::hb059275cfc8d6126
[INFO] [stdout]                                at /rustc/6067b36314ab5eb2eb47cecc464545ba58e1ad24/library/std/src/../../backtrace/src/backtrace/libunwind.rs:116:5
[INFO] [stdout]    1:     0x5c0ed8c6a7fa - std::backtrace_rs::backtrace::trace_unsynchronized::h2da071e4327ce3ee
[INFO] [stdout]                                at /rustc/6067b36314ab5eb2eb47cecc464545ba58e1ad24/library/std/src/../../backtrace/src/backtrace/mod.rs:66:5
[INFO] [stdout]    2:     0x5c0ed8c6a7fa - std::sys::backtrace::_print_fmt::h842a1474e6f8d23f
[INFO] [stdout]                                at /rustc/6067b36314ab5eb2eb47cecc464545ba58e1ad24/library/std/src/sys/backtrace.rs:66:9
[INFO] [stdout]    3:     0x5c0ed8c6a7fa - <std::sys::backtrace::BacktraceLock::print::DisplayBacktrace as core::fmt::Display>::fmt::h71a62eb3b9696b12
[INFO] [stdout]                                at /rustc/6067b36314ab5eb2eb47cecc464545ba58e1ad24/library/std/src/sys/backtrace.rs:39:26
[INFO] [stdout]    4:     0x5c0ed8c94993 - core::fmt::rt::Argument::fmt::hdb6b616786b41dc1
[INFO] [stdout]                                at /rustc/6067b36314ab5eb2eb47cecc464545ba58e1ad24/library/core/src/fmt/rt.rs:177:76
[INFO] [stdout]    5:     0x5c0ed8c94993 - core::fmt::write::h2cc1698af7e2d686
[INFO] [stdout]                                at /rustc/6067b36314ab5eb2eb47cecc464545ba58e1ad24/library/core/src/fmt/mod.rs:1440:21
[INFO] [stdout]    6:     0x5c0ed8c67353 - std::io::Write::write_fmt::hab1b4cd059a79022
[INFO] [stdout]                                at /rustc/6067b36314ab5eb2eb47cecc464545ba58e1ad24/library/std/src/io/mod.rs:1887:15
[INFO] [stdout]    7:     0x5c0ed8c6a642 - std::sys::backtrace::BacktraceLock::print::h147fe35b4ea13b08
[INFO] [stdout]                                at /rustc/6067b36314ab5eb2eb47cecc464545ba58e1ad24/library/std/src/sys/backtrace.rs:42:9
[INFO] [stdout]    8:     0x5c0ed8c6bc1f - std::panicking::default_hook::{{closure}}::hbd44223dbdc0d208
[INFO] [stdout]                                at /rustc/6067b36314ab5eb2eb47cecc464545ba58e1ad24/library/std/src/panicking.rs:298:22
[INFO] [stdout]    9:     0x5c0ed8c6ba38 - std::panicking::default_hook::h20f81eb0576efcec
[INFO] [stdout]                                at /rustc/6067b36314ab5eb2eb47cecc464545ba58e1ad24/library/std/src/panicking.rs:322:9
[INFO] [stdout]   10:     0x5c0ed89ac0d3 - <alloc::boxed::Box<F,A> as core::ops::function::Fn<Args>>::call::hdb53814c496a4d34
[INFO] [stdout]                                at /rustc/6067b36314ab5eb2eb47cecc464545ba58e1ad24/library/alloc/src/boxed.rs:2027:9
[INFO] [stdout]   11:     0x5c0ed89ac0d3 - test::test_main::{{closure}}::hc0a4963c59427c24
[INFO] [stdout]                                at /rustc/6067b36314ab5eb2eb47cecc464545ba58e1ad24/library/test/src/lib.rs:134:21
[INFO] [stdout]   12:     0x5c0ed8c6c713 - <alloc::boxed::Box<F,A> as core::ops::function::Fn<Args>>::call::h591b2225413a77e9
[INFO] [stdout]                                at /rustc/6067b36314ab5eb2eb47cecc464545ba58e1ad24/library/alloc/src/boxed.rs:2027:9
[INFO] [stdout]   13:     0x5c0ed8c6c713 - std::panicking::rust_panic_with_hook::h625eea43051b2edc
[INFO] [stdout]                                at /rustc/6067b36314ab5eb2eb47cecc464545ba58e1ad24/library/std/src/panicking.rs:839:13
[INFO] [stdout]   14:     0x5c0ed8c6c3ca - std::panicking::begin_panic_handler::{{closure}}::h4f9159cfbc3f6bd3
[INFO] [stdout]                                at /rustc/6067b36314ab5eb2eb47cecc464545ba58e1ad24/library/std/src/panicking.rs:704:13
[INFO] [stdout]   15:     0x5c0ed8c6acf9 - std::sys::backtrace::__rust_end_short_backtrace::h0390abce48353151
[INFO] [stdout]                                at /rustc/6067b36314ab5eb2eb47cecc464545ba58e1ad24/library/std/src/sys/backtrace.rs:168:18
[INFO] [stdout]   16:     0x5c0ed8c6c05d - rust_begin_unwind
[INFO] [stdout]                                at /rustc/6067b36314ab5eb2eb47cecc464545ba58e1ad24/library/std/src/panicking.rs:695:5
[INFO] [stdout]   17:     0x5c0ed8c92210 - core::panicking::panic_fmt::h9e7c637e9e5f29c9
[INFO] [stdout]                                at /rustc/6067b36314ab5eb2eb47cecc464545ba58e1ad24/library/core/src/panicking.rs:75:14
[INFO] [stdout]   18:     0x5c0ed8c92602 - core::panicking::assert_failed_inner::h538bec7c1374cd9c
[INFO] [stdout]   19:     0x5c0ed89334c1 - core::panicking::assert_failed::h08797f358aeee138
[INFO] [stdout]                                at /rustc/6067b36314ab5eb2eb47cecc464545ba58e1ad24/library/core/src/panicking.rs:364:5
[INFO] [stdout]   20:     0x5c0ed8937c15 - tcp_communication::commands::tests::scooter_command_tests::operation_tests::test_operation_with_invalid_value::h12ecebb7f51a417e
[INFO] [stdout]                                at /opt/rustwide/workdir/src/commands/tests/scooter_command_tests.rs:33:9
[INFO] [stdout]   21:     0x5c0ed8937b47 - tcp_communication::commands::tests::scooter_command_tests::operation_tests::test_operation_with_invalid_value::{{closure}}::hf7be5085f644989b
[INFO] [stdout]                                at /opt/rustwide/workdir/src/commands/tests/scooter_command_tests.rs:30:43
[INFO] [stdout]   22:     0x5c0ed8931756 - core::ops::function::FnOnce::call_once::h3292c7acad318ffc
[INFO] [stdout]                                at /rustc/6067b36314ab5eb2eb47cecc464545ba58e1ad24/library/core/src/ops/function.rs:250:5
[INFO] [stdout]   23:     0x5c0ed89b182b - core::ops::function::FnOnce::call_once::he27718dfdd183f43
[INFO] [stdout]                                at /rustc/6067b36314ab5eb2eb47cecc464545ba58e1ad24/library/core/src/ops/function.rs:250:5
[INFO] [stdout]   24:     0x5c0ed89b182b - test::__rust_begin_short_backtrace::h4e84902998457a5d
[INFO] [stdout]                                at /rustc/6067b36314ab5eb2eb47cecc464545ba58e1ad24/library/test/src/lib.rs:632:18
[INFO] [stdout]   25:     0x5c0ed89b0763 - test::run_test_in_process::{{closure}}::h7176fd18fc1feca0
[INFO] [stdout]                                at /rustc/6067b36314ab5eb2eb47cecc464545ba58e1ad24/library/test/src/lib.rs:655:60
[INFO] [stdout]   26:     0x5c0ed89b0763 - <core::panic::unwind_safe::AssertUnwindSafe<F> as core::ops::function::FnOnce<()>>::call_once::hf79cff2a624d8cf7
[INFO] [stdout]                                at /rustc/6067b36314ab5eb2eb47cecc464545ba58e1ad24/library/core/src/panic/unwind_safe.rs:272:9
[INFO] [stdout]   27:     0x5c0ed89b0763 - std::panicking::try::do_call::h3da0561d9ab99c25
[INFO] [stdout]                                at /rustc/6067b36314ab5eb2eb47cecc464545ba58e1ad24/library/std/src/panicking.rs:587:40
[INFO] [stdout]   28:     0x5c0ed89b0763 - std::panicking::try::h41c9fa508bc61df6
[INFO] [stdout]                                at /rustc/6067b36314ab5eb2eb47cecc464545ba58e1ad24/library/std/src/panicking.rs:550:19
[INFO] [stdout]   29:     0x5c0ed89b0763 - std::panic::catch_unwind::h6b3ff07bb5afad93
[INFO] [stdout]                                at /rustc/6067b36314ab5eb2eb47cecc464545ba58e1ad24/library/std/src/panic.rs:358:14
[INFO] [stdout]   30:     0x5c0ed89b0763 - test::run_test_in_process::hc7253dd11b39b9f4
[INFO] [stdout]                                at /rustc/6067b36314ab5eb2eb47cecc464545ba58e1ad24/library/test/src/lib.rs:655:27
[INFO] [stdout]   31:     0x5c0ed89b0763 - test::run_test::{{closure}}::hfb2007f8649c30bb
[INFO] [stdout]                                at /rustc/6067b36314ab5eb2eb47cecc464545ba58e1ad24/library/test/src/lib.rs:576:43
[INFO] [stdout]   32:     0x5c0ed8973845 - test::run_test::{{closure}}::h56a17aa7a282a9f4
[INFO] [stdout]                                at /rustc/6067b36314ab5eb2eb47cecc464545ba58e1ad24/library/test/src/lib.rs:606:41
[INFO] [stdout]   33:     0x5c0ed8973845 - std::sys::backtrace::__rust_begin_short_backtrace::hd2d2d2fb8e8c6aac
[INFO] [stdout]                                at /rustc/6067b36314ab5eb2eb47cecc464545ba58e1ad24/library/std/src/sys/backtrace.rs:152:18
[INFO] [stdout]   34:     0x5c0ed897712a - std::thread::Builder::spawn_unchecked_::{{closure}}::{{closure}}::h4faa3f9db6133423
[INFO] [stdout]                                at /rustc/6067b36314ab5eb2eb47cecc464545ba58e1ad24/library/std/src/thread/mod.rs:559:17
[INFO] [stdout]   35:     0x5c0ed897712a - <core::panic::unwind_safe::AssertUnwindSafe<F> as core::ops::function::FnOnce<()>>::call_once::hf2e855a36a4ea846
[INFO] [stdout]                                at /rustc/6067b36314ab5eb2eb47cecc464545ba58e1ad24/library/core/src/panic/unwind_safe.rs:272:9
[INFO] [stdout]   36:     0x5c0ed897712a - std::panicking::try::do_call::h2f73af3616c35465
[INFO] [stdout]                                at /rustc/6067b36314ab5eb2eb47cecc464545ba58e1ad24/library/std/src/panicking.rs:587:40
[INFO] [stdout]   37:     0x5c0ed897712a - std::panicking::try::hd1660ce9efadef5a
[INFO] [stdout]                                at /rustc/6067b36314ab5eb2eb47cecc464545ba58e1ad24/library/std/src/panicking.rs:550:19
[INFO] [stdout]   38:     0x5c0ed897712a - std::panic::catch_unwind::h5ee8d7823b8ca744
[INFO] [stdout]                                at /rustc/6067b36314ab5eb2eb47cecc464545ba58e1ad24/library/std/src/panic.rs:358:14
[INFO] [stdout]   39:     0x5c0ed897712a - std::thread::Builder::spawn_unchecked_::{{closure}}::h53c3a1894dce8407
[INFO] [stdout]                                at /rustc/6067b36314ab5eb2eb47cecc464545ba58e1ad24/library/std/src/thread/mod.rs:557:30
[INFO] [stdout]   40:     0x5c0ed897712a - core::ops::function::FnOnce::call_once{{vtable.shim}}::h048ce291ad4f62bf
[INFO] [stdout]                                at /rustc/6067b36314ab5eb2eb47cecc464545ba58e1ad24/library/core/src/ops/function.rs:250:5
[INFO] [stdout]   41:     0x5c0ed8c7064b - <alloc::boxed::Box<F,A> as core::ops::function::FnOnce<Args>>::call_once::ha52bedf99a3b4981
[INFO] [stdout]                                at /rustc/6067b36314ab5eb2eb47cecc464545ba58e1ad24/library/alloc/src/boxed.rs:2013:9
[INFO] [stdout]   42:     0x5c0ed8c7064b - <alloc::boxed::Box<F,A> as core::ops::function::FnOnce<Args>>::call_once::h567748934d80ccf8
[INFO] [stdout]                                at /rustc/6067b36314ab5eb2eb47cecc464545ba58e1ad24/library/alloc/src/boxed.rs:2013:9
[INFO] [stdout]   43:     0x5c0ed8c7064b - std::sys::pal::unix::thread::Thread::new::thread_start::h2d970728ae887adc
[INFO] [stdout]                                at /rustc/6067b36314ab5eb2eb47cecc464545ba58e1ad24/library/std/src/sys/pal/unix/thread.rs:106:17
[INFO] [stdout]   44:     0x71c7382bbac3 - <unknown>
[INFO] [stdout]   45:     0x71c73834ca04 - clone
[INFO] [stdout]   46:                0x0 - <unknown>
[INFO] [stdout] 
[INFO] [stdout] 
[INFO] [stdout] failures:
[INFO] [stdout]     commands::tests::scooter_command_tests::operation_tests::test_operation_with_invalid_value
[INFO] [stdout] 
[INFO] [stdout] test result: FAILED. 88 passed; 1 failed; 0 ignored; 0 measured; 0 filtered out; finished in 0.05s
[INFO] [stdout] 
[INFO] [stderr] error: test failed, to rerun pass `--bin tcp_communication`
[INFO] running `Command { std: "docker" "inspect" "994f4422b7b7f88efdb482374b7f287b85f338ad55614d259d7253ab2e830dd2", kill_on_drop: false }`
[INFO] running `Command { std: "docker" "rm" "-f" "994f4422b7b7f88efdb482374b7f287b85f338ad55614d259d7253ab2e830dd2", kill_on_drop: false }`
[INFO] [stdout] 994f4422b7b7f88efdb482374b7f287b85f338ad55614d259d7253ab2e830dd2
