[INFO] cloning repository https://github.com/AdityaSanap1821/insurance-claim-dapp-backend-contract
[INFO] running `Command { std: "git" "-c" "credential.helper=" "-c" "credential.helper=/workspace/cargo-home/bin/git-credential-null" "clone" "--bare" "https://github.com/AdityaSanap1821/insurance-claim-dapp-backend-contract" "/workspace/cache/git-repos/https%3A%2F%2Fgithub.com%2FAdityaSanap1821%2Finsurance-claim-dapp-backend-contract", kill_on_drop: false }`
[INFO] [stderr] Cloning into bare repository '/workspace/cache/git-repos/https%3A%2F%2Fgithub.com%2FAdityaSanap1821%2Finsurance-claim-dapp-backend-contract'...
[INFO] running `Command { std: "git" "rev-parse" "HEAD", kill_on_drop: false }`
[INFO] [stdout] 68cdcadda8fc95c2b4c7b3944f20532f1ecae00e
[INFO] testing AdityaSanap1821/insurance-claim-dapp-backend-contract against nightly-2025-01-18+rustflags=-Zrandomize-layout for randomize-layout-2
[INFO] running `Command { std: "git" "clone" "/workspace/cache/git-repos/https%3A%2F%2Fgithub.com%2FAdityaSanap1821%2Finsurance-claim-dapp-backend-contract" "/workspace/builds/worker-7-tc2/source", kill_on_drop: false }`
[INFO] [stderr] Cloning into '/workspace/builds/worker-7-tc2/source'...
[INFO] [stderr] done.
[INFO] validating manifest of git repo https://github.com/AdityaSanap1821/insurance-claim-dapp-backend-contract on toolchain nightly-2025-01-18
[INFO] running `Command { std: CARGO_HOME="/workspace/cargo-home" RUSTUP_HOME="/workspace/rustup-home" "/workspace/cargo-home/bin/cargo" "+nightly-2025-01-18" "metadata" "--manifest-path" "Cargo.toml" "--no-deps", kill_on_drop: false }`
[INFO] removed /workspace/builds/worker-7-tc2/source/.cargo/config.toml
[INFO] started tweaking git repo https://github.com/AdityaSanap1821/insurance-claim-dapp-backend-contract
[INFO] finished tweaking git repo https://github.com/AdityaSanap1821/insurance-claim-dapp-backend-contract
[INFO] tweaked toml for git repo https://github.com/AdityaSanap1821/insurance-claim-dapp-backend-contract written to /workspace/builds/worker-7-tc2/source/Cargo.toml
[INFO] crate git repo https://github.com/AdityaSanap1821/insurance-claim-dapp-backend-contract already has a lockfile, it will not be regenerated
[INFO] running `Command { std: CARGO_HOME="/workspace/cargo-home" RUSTUP_HOME="/workspace/rustup-home" "/workspace/cargo-home/bin/cargo" "+nightly-2025-01-18" "fetch" "--manifest-path" "Cargo.toml", kill_on_drop: false }`
[INFO] running `Command { std: "docker" "create" "-v" "/var/lib/crater-agent-workspace/builds/worker-7-tc2/target:/opt/rustwide/target:rw,Z" "-v" "/var/lib/crater-agent-workspace/builds/worker-7-tc2/source:/opt/rustwide/workdir:ro,Z" "-v" "/var/lib/crater-agent-workspace/cargo-home:/opt/rustwide/cargo-home:ro,Z" "-v" "/var/lib/crater-agent-workspace/rustup-home:/opt/rustwide/rustup-home:ro,Z" "-e" "SOURCE_DIR=/opt/rustwide/workdir" "-e" "CARGO_TARGET_DIR=/opt/rustwide/target" "-e" "CARGO_HOME=/opt/rustwide/cargo-home" "-e" "RUSTUP_HOME=/opt/rustwide/rustup-home" "-w" "/opt/rustwide/workdir" "-m" "1610612736" "--user" "0:0" "--network" "none" "ghcr.io/rust-lang/crates-build-env/linux@sha256:819108c5571ea2e421544af4d832f968d213c87fbe3707a016657f43d2f853bc" "/opt/rustwide/cargo-home/bin/cargo" "+nightly-2025-01-18" "metadata" "--no-deps" "--format-version=1", kill_on_drop: false }`
[INFO] [stdout] 33d803e18203cde7ca420fcbc63fcfc18ff3e86e13477f004065854f585912b4
[INFO] running `Command { std: "docker" "start" "-a" "33d803e18203cde7ca420fcbc63fcfc18ff3e86e13477f004065854f585912b4", kill_on_drop: false }`
[INFO] running `Command { std: "docker" "inspect" "33d803e18203cde7ca420fcbc63fcfc18ff3e86e13477f004065854f585912b4", kill_on_drop: false }`
[INFO] running `Command { std: "docker" "rm" "-f" "33d803e18203cde7ca420fcbc63fcfc18ff3e86e13477f004065854f585912b4", kill_on_drop: false }`
[INFO] [stdout] 33d803e18203cde7ca420fcbc63fcfc18ff3e86e13477f004065854f585912b4
[INFO] running `Command { std: "docker" "create" "-v" "/var/lib/crater-agent-workspace/builds/worker-7-tc2/target:/opt/rustwide/target:rw,Z" "-v" "/var/lib/crater-agent-workspace/builds/worker-7-tc2/source:/opt/rustwide/workdir:ro,Z" "-v" "/var/lib/crater-agent-workspace/cargo-home:/opt/rustwide/cargo-home:ro,Z" "-v" "/var/lib/crater-agent-workspace/rustup-home:/opt/rustwide/rustup-home:ro,Z" "-e" "SOURCE_DIR=/opt/rustwide/workdir" "-e" "CARGO_TARGET_DIR=/opt/rustwide/target" "-e" "CARGO_INCREMENTAL=0" "-e" "RUST_BACKTRACE=full" "-e" "RUSTFLAGS=--cap-lints=forbid -Zrandomize-layout" "-e" "RUSTDOCFLAGS=--cap-lints=forbid" "-e" "CARGO_HOME=/opt/rustwide/cargo-home" "-e" "RUSTUP_HOME=/opt/rustwide/rustup-home" "-w" "/opt/rustwide/workdir" "-m" "1610612736" "--user" "0:0" "--network" "none" "ghcr.io/rust-lang/crates-build-env/linux@sha256:819108c5571ea2e421544af4d832f968d213c87fbe3707a016657f43d2f853bc" "/opt/rustwide/cargo-home/bin/cargo" "+nightly-2025-01-18" "build" "--frozen" "--message-format=json", kill_on_drop: false }`
[INFO] [stdout] 3f09a6fbfd808bfa8f38f4573525028e7c9cdf2fa8c60f1675cc8f94d215a25a
[INFO] running `Command { std: "docker" "start" "-a" "3f09a6fbfd808bfa8f38f4573525028e7c9cdf2fa8c60f1675cc8f94d215a25a", kill_on_drop: false }`
[INFO] [stderr]    Compiling proc-macro2 v1.0.88
[INFO] [stderr]    Compiling unicode-ident v1.0.13
[INFO] [stderr]    Compiling libc v0.2.161
[INFO] [stderr]    Compiling subtle v2.6.1
[INFO] [stderr]    Compiling const-oid v0.9.6
[INFO] [stderr]    Compiling byteorder v1.5.0
[INFO] [stderr]    Compiling syn v1.0.109
[INFO] [stderr]    Compiling either v1.13.0
[INFO] [stderr]    Compiling once_cell v1.20.2
[INFO] [stderr]    Compiling generic-array v0.14.7
[INFO] [stderr]    Compiling num-traits v0.2.19
[INFO] [stderr]    Compiling base16ct v0.2.0
[INFO] [stderr]    Compiling curve25519-dalek v4.1.3
[INFO] [stderr]    Compiling serde_json v1.0.131
[INFO] [stderr]    Compiling schemars v0.8.21
[INFO] [stderr]    Compiling dyn-clone v1.0.17
[INFO] [stderr]    Compiling unicode-xid v0.2.6
[INFO] [stderr]    Compiling hex v0.4.3
[INFO] [stderr]    Compiling cosmwasm-core v2.1.4
[INFO] [stderr]    Compiling bech32 v0.11.0
[INFO] [stderr]    Compiling semver v1.0.23
[INFO] [stderr]    Compiling base64 v0.22.1
[INFO] [stderr]    Compiling bnum v0.11.0
[INFO] [stderr]    Compiling bech32 v0.8.1
[INFO] [stderr]    Compiling rayon v1.10.0
[INFO] [stderr]    Compiling itertools v0.10.5
[INFO] [stderr]    Compiling quote v1.0.37
[INFO] [stderr]    Compiling syn v2.0.79
[INFO] [stderr]    Compiling num-integer v0.1.46
[INFO] [stderr]    Compiling getrandom v0.2.15
[INFO] [stderr]    Compiling num-bigint v0.4.6
[INFO] [stderr]    Compiling rand_core v0.6.4
[INFO] [stderr]    Compiling ff v0.13.0
[INFO] [stderr]    Compiling group v0.13.0
[INFO] [stderr]    Compiling serde_derive_internals v0.29.1
[INFO] [stderr]    Compiling ark-serialize-derive v0.4.2
[INFO] [stderr]    Compiling derivative v2.2.0
[INFO] [stderr]    Compiling ark-ff-asm v0.4.2
[INFO] [stderr]    Compiling ark-ff-macros v0.4.2
[INFO] [stderr]    Compiling zeroize_derive v1.4.2
[INFO] [stderr]    Compiling zerocopy-derive v0.7.35
[INFO] [stderr]    Compiling serde_derive v1.0.210
[INFO] [stderr]    Compiling curve25519-dalek-derive v0.1.1
[INFO] [stderr]    Compiling thiserror-impl v1.0.64
[INFO] [stderr]    Compiling derive_more-impl v1.0.0
[INFO] [stderr]    Compiling cosmwasm-derive v2.1.4
[INFO] [stderr]    Compiling cosmwasm-schema-derive v2.1.4
[INFO] [stderr]    Compiling schemars_derive v0.8.21
[INFO] [stderr]    Compiling zerocopy v0.7.35
[INFO] [stderr]    Compiling zeroize v1.8.1
[INFO] [stderr]    Compiling der v0.7.9
[INFO] [stderr]    Compiling thiserror v1.0.64
[INFO] [stderr]    Compiling ppv-lite86 v0.2.20
[INFO] [stderr]    Compiling ahash v0.8.11
[INFO] [stderr]    Compiling derive_more v1.0.0
[INFO] [stderr]    Compiling hashbrown v0.13.2
[INFO] [stderr]    Compiling hashbrown v0.14.5
[INFO] [stderr]    Compiling block-buffer v0.10.4
[INFO] [stderr]    Compiling crypto-common v0.1.6
[INFO] [stderr]    Compiling crypto-bigint v0.5.5
[INFO] [stderr]    Compiling sec1 v0.7.3
[INFO] [stderr]    Compiling digest v0.10.7
[INFO] [stderr]    Compiling rand_chacha v0.3.1
[INFO] [stderr]    Compiling signature v2.2.0
[INFO] [stderr]    Compiling hmac v0.12.1
[INFO] [stderr]    Compiling sha2 v0.10.8
[INFO] [stderr]    Compiling ed25519 v2.2.3
[INFO] [stderr]    Compiling rand v0.8.5
[INFO] [stderr]    Compiling rfc6979 v0.4.0
[INFO] [stderr]    Compiling ark-std v0.4.0
[INFO] [stderr]    Compiling ark-serialize v0.4.2
[INFO] [stderr]    Compiling ark-ff v0.4.2
[INFO] [stderr]    Compiling serde v1.0.210
[INFO] [stderr]    Compiling ed25519-zebra v4.0.3
[INFO] [stderr]    Compiling elliptic-curve v0.13.8
[INFO] [stderr]    Compiling ecdsa v0.16.9
[INFO] [stderr]    Compiling primeorder v0.13.6
[INFO] [stderr]    Compiling p256 v0.13.2
[INFO] [stderr]    Compiling k256 v0.13.4
[INFO] [stderr]    Compiling serde-json-wasm v1.0.1
[INFO] [stderr]    Compiling cosmwasm-schema v2.1.4
[INFO] [stderr]    Compiling ark-poly v0.4.2
[INFO] [stderr]    Compiling ark-ec v0.4.2
[INFO] [stderr]    Compiling ark-bls12-381 v0.4.0
[INFO] [stderr]    Compiling cosmwasm-crypto v2.1.4
[INFO] [stderr]    Compiling cosmwasm-std v2.1.4
[INFO] [stderr]    Compiling cw-storage-plus v2.0.0
[INFO] [stderr]    Compiling cw2 v2.0.0
[INFO] [stderr]    Compiling insurance-dapp v0.1.0 (/opt/rustwide/workdir)
[INFO] [stdout] warning: unused imports: `Addr`, `message_info`, `mock_dependencies`, and `mock_env`
[INFO] [stdout]  --> src/contract.rs:7:15
[INFO] [stdout]   |
[INFO] [stdout] 7 |     testing::{message_info, mock_dependencies, mock_env},
[INFO] [stdout]   |               ^^^^^^^^^^^^  ^^^^^^^^^^^^^^^^^  ^^^^^^^^
[INFO] [stdout] 8 |     Addr, Binary, Deps, DepsMut, Env, MessageInfo, Response,
[INFO] [stdout]   |     ^^^^
[INFO] [stdout]   |
[INFO] [stdout]   = note: `#[warn(unused_imports)]` on by default
[INFO] [stdout] 
[INFO] [stdout] 
[INFO] [stdout] warning: unused variable: `info`
[INFO] [stdout]   --> src/contract.rs:43:5
[INFO] [stdout]    |
[INFO] [stdout] 43 |     info: MessageInfo,
[INFO] [stdout]    |     ^^^^ help: if this is intentional, prefix it with an underscore: `_info`
[INFO] [stdout]    |
[INFO] [stdout]    = note: `#[warn(unused_variables)]` on by default
[INFO] [stdout] 
[INFO] [stdout] 
[INFO] [stderr]     Finished `dev` profile [unoptimized + debuginfo] target(s) in 35.89s
[INFO] running `Command { std: "docker" "inspect" "3f09a6fbfd808bfa8f38f4573525028e7c9cdf2fa8c60f1675cc8f94d215a25a", kill_on_drop: false }`
[INFO] running `Command { std: "docker" "rm" "-f" "3f09a6fbfd808bfa8f38f4573525028e7c9cdf2fa8c60f1675cc8f94d215a25a", kill_on_drop: false }`
[INFO] [stdout] 3f09a6fbfd808bfa8f38f4573525028e7c9cdf2fa8c60f1675cc8f94d215a25a
[INFO] running `Command { std: "docker" "create" "-v" "/var/lib/crater-agent-workspace/builds/worker-7-tc2/target:/opt/rustwide/target:rw,Z" "-v" "/var/lib/crater-agent-workspace/builds/worker-7-tc2/source:/opt/rustwide/workdir:ro,Z" "-v" "/var/lib/crater-agent-workspace/cargo-home:/opt/rustwide/cargo-home:ro,Z" "-v" "/var/lib/crater-agent-workspace/rustup-home:/opt/rustwide/rustup-home:ro,Z" "-e" "SOURCE_DIR=/opt/rustwide/workdir" "-e" "CARGO_TARGET_DIR=/opt/rustwide/target" "-e" "CARGO_INCREMENTAL=0" "-e" "RUST_BACKTRACE=full" "-e" "RUSTFLAGS=--cap-lints=forbid -Zrandomize-layout" "-e" "RUSTDOCFLAGS=--cap-lints=forbid" "-e" "CARGO_HOME=/opt/rustwide/cargo-home" "-e" "RUSTUP_HOME=/opt/rustwide/rustup-home" "-w" "/opt/rustwide/workdir" "-m" "1610612736" "--user" "0:0" "--network" "none" "ghcr.io/rust-lang/crates-build-env/linux@sha256:819108c5571ea2e421544af4d832f968d213c87fbe3707a016657f43d2f853bc" "/opt/rustwide/cargo-home/bin/cargo" "+nightly-2025-01-18" "test" "--frozen" "--no-run" "--message-format=json", kill_on_drop: false }`
[INFO] [stdout] 8449083cea9d4cb59964cc57b5c6475b114c83fa0bb8766e81665dfccafa8fc4
[INFO] running `Command { std: "docker" "start" "-a" "8449083cea9d4cb59964cc57b5c6475b114c83fa0bb8766e81665dfccafa8fc4", kill_on_drop: false }`
[INFO] [stderr]    Compiling anyhow v1.0.90
[INFO] [stderr]    Compiling itertools v0.13.0
[INFO] [stderr]    Compiling bytes v1.7.2
[INFO] [stderr]    Compiling cw-utils v2.0.0
[INFO] [stdout] warning: unused imports: `Addr`, `message_info`, `mock_dependencies`, and `mock_env`
[INFO] [stdout]  --> src/contract.rs:7:15
[INFO] [stdout]   |
[INFO] [stdout] 7 |     testing::{message_info, mock_dependencies, mock_env},
[INFO] [stdout]   |               ^^^^^^^^^^^^  ^^^^^^^^^^^^^^^^^  ^^^^^^^^
[INFO] [stdout] 8 |     Addr, Binary, Deps, DepsMut, Env, MessageInfo, Response,
[INFO] [stdout]   |     ^^^^
[INFO] [stdout]   |
[INFO] [stdout]   = note: `#[warn(unused_imports)]` on by default
[INFO] [stdout] 
[INFO] [stdout] 
[INFO] [stdout] warning: unused variable: `info`
[INFO] [stdout]   --> src/contract.rs:43:5
[INFO] [stdout]    |
[INFO] [stdout] 43 |     info: MessageInfo,
[INFO] [stdout]    |     ^^^^ help: if this is intentional, prefix it with an underscore: `_info`
[INFO] [stdout]    |
[INFO] [stdout]    = note: `#[warn(unused_variables)]` on by default
[INFO] [stdout] 
[INFO] [stdout] 
[INFO] [stderr]    Compiling prost-derive v0.13.3
[INFO] [stderr]    Compiling prost v0.13.3
[INFO] [stderr]    Compiling cw-multi-test v2.1.1
[INFO] [stderr]    Compiling insurance-dapp v0.1.0 (/opt/rustwide/workdir)
[INFO] [stdout] warning: unused imports: `Addr`, `mock_dependencies`, and `mock_env`
[INFO] [stdout]  --> src/contract.rs:7:29
[INFO] [stdout]   |
[INFO] [stdout] 7 |     testing::{message_info, mock_dependencies, mock_env},
[INFO] [stdout]   |                             ^^^^^^^^^^^^^^^^^  ^^^^^^^^
[INFO] [stdout] 8 |     Addr, Binary, Deps, DepsMut, Env, MessageInfo, Response,
[INFO] [stdout]   |     ^^^^
[INFO] [stdout]   |
[INFO] [stdout]   = note: `#[warn(unused_imports)]` on by default
[INFO] [stdout] 
[INFO] [stdout] 
[INFO] [stdout] warning: unused import: `StdError`
[INFO] [stdout]    --> src/contract.rs:102:36
[INFO] [stdout]     |
[INFO] [stdout] 102 |     use cosmwasm_std::{attr, Addr, StdError};
[INFO] [stdout]     |                                    ^^^^^^^^
[INFO] [stdout] 
[INFO] [stdout] 
[INFO] [stdout] warning: unused variable: `info`
[INFO] [stdout]   --> src/contract.rs:43:5
[INFO] [stdout]    |
[INFO] [stdout] 43 |     info: MessageInfo,
[INFO] [stdout]    |     ^^^^ help: if this is intentional, prefix it with an underscore: `_info`
[INFO] [stdout]    |
[INFO] [stdout]    = note: `#[warn(unused_variables)]` on by default
[INFO] [stdout] 
[INFO] [stdout] 
[INFO] [stderr]     Finished `test` profile [unoptimized + debuginfo] target(s) in 4.32s
[INFO] running `Command { std: "docker" "inspect" "8449083cea9d4cb59964cc57b5c6475b114c83fa0bb8766e81665dfccafa8fc4", kill_on_drop: false }`
[INFO] running `Command { std: "docker" "rm" "-f" "8449083cea9d4cb59964cc57b5c6475b114c83fa0bb8766e81665dfccafa8fc4", kill_on_drop: false }`
[INFO] [stdout] 8449083cea9d4cb59964cc57b5c6475b114c83fa0bb8766e81665dfccafa8fc4
[INFO] running `Command { std: "docker" "create" "-v" "/var/lib/crater-agent-workspace/builds/worker-7-tc2/target:/opt/rustwide/target:rw,Z" "-v" "/var/lib/crater-agent-workspace/builds/worker-7-tc2/source:/opt/rustwide/workdir:ro,Z" "-v" "/var/lib/crater-agent-workspace/cargo-home:/opt/rustwide/cargo-home:ro,Z" "-v" "/var/lib/crater-agent-workspace/rustup-home:/opt/rustwide/rustup-home:ro,Z" "-e" "SOURCE_DIR=/opt/rustwide/workdir" "-e" "CARGO_TARGET_DIR=/opt/rustwide/target" "-e" "CARGO_INCREMENTAL=0" "-e" "RUST_BACKTRACE=full" "-e" "RUSTFLAGS=--cap-lints=forbid -Zrandomize-layout" "-e" "RUSTDOCFLAGS=--cap-lints=forbid" "-e" "CARGO_HOME=/opt/rustwide/cargo-home" "-e" "RUSTUP_HOME=/opt/rustwide/rustup-home" "-w" "/opt/rustwide/workdir" "-m" "1610612736" "--user" "0:0" "--network" "none" "ghcr.io/rust-lang/crates-build-env/linux@sha256:819108c5571ea2e421544af4d832f968d213c87fbe3707a016657f43d2f853bc" "/opt/rustwide/cargo-home/bin/cargo" "+nightly-2025-01-18" "test" "--frozen", kill_on_drop: false }`
[INFO] [stdout] d9a0f7c93089e0e3e2ba0f71abf33ebdcbf620d4c933995147e4d6539cc8bdbf
[INFO] running `Command { std: "docker" "start" "-a" "d9a0f7c93089e0e3e2ba0f71abf33ebdcbf620d4c933995147e4d6539cc8bdbf", kill_on_drop: false }`
[INFO] [stderr] warning: unused imports: `Addr`, `message_info`, `mock_dependencies`, and `mock_env`
[INFO] [stderr]  --> src/contract.rs:7:15
[INFO] [stderr]   |
[INFO] [stderr] 7 |     testing::{message_info, mock_dependencies, mock_env},
[INFO] [stderr]   |               ^^^^^^^^^^^^  ^^^^^^^^^^^^^^^^^  ^^^^^^^^
[INFO] [stderr] 8 |     Addr, Binary, Deps, DepsMut, Env, MessageInfo, Response,
[INFO] [stderr]   |     ^^^^
[INFO] [stderr]   |
[INFO] [stderr]   = note: `#[warn(unused_imports)]` on by default
[INFO] [stderr] 
[INFO] [stderr] warning: unused variable: `info`
[INFO] [stderr]   --> src/contract.rs:43:5
[INFO] [stderr]    |
[INFO] [stderr] 43 |     info: MessageInfo,
[INFO] [stderr]    |     ^^^^ help: if this is intentional, prefix it with an underscore: `_info`
[INFO] [stderr]    |
[INFO] [stderr]    = note: `#[warn(unused_variables)]` on by default
[INFO] [stderr] 
[INFO] [stderr] warning: unused imports: `Addr`, `mock_dependencies`, and `mock_env`
[INFO] [stderr]  --> src/contract.rs:7:29
[INFO] [stderr]   |
[INFO] [stderr] 7 |     testing::{message_info, mock_dependencies, mock_env},
[INFO] [stderr]   |                             ^^^^^^^^^^^^^^^^^  ^^^^^^^^
[INFO] [stderr] 8 |     Addr, Binary, Deps, DepsMut, Env, MessageInfo, Response,
[INFO] [stderr]   |     ^^^^
[INFO] [stderr]   |
[INFO] [stderr]   = note: `#[warn(unused_imports)]` on by default
[INFO] [stderr] 
[INFO] [stderr] warning: unused import: `StdError`
[INFO] [stderr]    --> src/contract.rs:102:36
[INFO] [stderr]     |
[INFO] [stderr] 102 |     use cosmwasm_std::{attr, Addr, StdError};
[INFO] [stderr]     |                                    ^^^^^^^^
[INFO] [stderr] 
[INFO] [stderr] warning: `insurance-dapp` (lib) generated 2 warnings (run `cargo fix --lib -p insurance-dapp` to apply 1 suggestion)
[INFO] [stderr] warning: `insurance-dapp` (lib test) generated 3 warnings (1 duplicate) (run `cargo fix --lib -p insurance-dapp --tests` to apply 2 suggestions)
[INFO] [stderr]     Finished `test` profile [unoptimized + debuginfo] target(s) in 0.14s
[INFO] [stderr]      Running unittests src/lib.rs (/opt/rustwide/target/debug/deps/insurance_dapp-f4b7aa5a8b96b722)
[INFO] [stdout] 
[INFO] [stdout] running 6 tests
[INFO] [stdout] test contract::tests::test_instantiate ... ok
[INFO] [stdout] test contract::tests::test_double_approval_error ... FAILED
[INFO] [stdout] test contract::tests::test_submit_claim ... FAILED
[INFO] [stdout] test contract::tests::test_unauthorized_approve ... FAILED
[INFO] [stdout] test contract::tests::test_submit_duplicate_claim ... FAILED
[INFO] [stdout] test contract::tests::test_approve_claim ... FAILED
[INFO] [stdout] 
[INFO] [stdout] failures:
[INFO] [stdout] 
[INFO] [stdout] ---- contract::tests::test_double_approval_error stdout ----
[INFO] [stdout] 
[INFO] [stdout] thread 'contract::tests::test_double_approval_error' panicked at src/contract.rs:230:71:
[INFO] [stdout] called `Result::unwrap()` on an `Err` value: Std(GenericErr { msg: "Error decoding bech32", backtrace: Backtrace [{ fn: "cosmwasm_std::errors::backtrace::BT::capture", file: "/opt/rustwide/cargo-home/registry/src/index.crates.io-1949cf8c6b5b557f/cosmwasm-std-2.1.4/src/errors/backtrace.rs", line: 18 }, { fn: "cosmwasm_std::errors::std_error::StdError::generic_err", file: "/opt/rustwide/cargo-home/registry/src/index.crates.io-1949cf8c6b5b557f/cosmwasm-std-2.1.4/src/errors/std_error.rs", line: 108 }, { fn: "<cosmwasm_std::testing::mock::MockApi as cosmwasm_std::traits::Api>::addr_canonicalize::{{closure}}", file: "/opt/rustwide/cargo-home/registry/src/index.crates.io-1949cf8c6b5b557f/cosmwasm-std-2.1.4/src/testing/mock.rs", line: 130 }, { fn: "core::result::Result<T,E>::map_err", file: "/rustc/6067b36314ab5eb2eb47cecc464545ba58e1ad24/library/core/src/result.rs", line: 856 }, { fn: "<cosmwasm_std::testing::mock::MockApi as cosmwasm_std::traits::Api>::addr_canonicalize", file: "/opt/rustwide/cargo-home/registry/src/index.crates.io-1949cf8c6b5b557f/cosmwasm-std-2.1.4/src/testing/mock.rs", line: 129 }, { fn: "<cosmwasm_std::testing::mock::MockApi as cosmwasm_std::traits::Api>::addr_validate", file: "/opt/rustwide/cargo-home/registry/src/index.crates.io-1949cf8c6b5b557f/cosmwasm-std-2.1.4/src/testing/mock.rs", line: 118 }, { fn: "insurance_dapp::contract::execute_submit_claim", file: "./src/contract.rs", line: 47 }, { fn: "insurance_dapp::contract::execute", file: "./src/contract.rs", line: 35 }, { fn: "insurance_dapp::contract::tests::test_double_approval_error", file: "./src/contract.rs", line: 230 }, { fn: "insurance_dapp::contract::tests::test_double_approval_error::{{closure}}", file: "./src/contract.rs", line: 215 }, { fn: "core::ops::function::FnOnce::call_once", file: "/rustc/6067b36314ab5eb2eb47cecc464545ba58e1ad24/library/core/src/ops/function.rs", line: 250 }, { fn: "core::ops::function::FnOnce::call_once", file: "/rustc/6067b36314ab5eb2eb47cecc464545ba58e1ad24/library/core/src/ops/function.rs", line: 250 }, { fn: "test::__rust_begin_short_backtrace", file: "/rustc/6067b36314ab5eb2eb47cecc464545ba58e1ad24/library/test/src/lib.rs", line: 632 }, { fn: "test::run_test_in_process::{{closure}}", file: "/rustc/6067b36314ab5eb2eb47cecc464545ba58e1ad24/library/test/src/lib.rs", line: 655 }, { fn: "<core::panic::unwind_safe::AssertUnwindSafe<F> as core::ops::function::FnOnce<()>>::call_once", file: "/rustc/6067b36314ab5eb2eb47cecc464545ba58e1ad24/library/core/src/panic/unwind_safe.rs", line: 272 }, { fn: "std::panicking::try::do_call", file: "/rustc/6067b36314ab5eb2eb47cecc464545ba58e1ad24/library/std/src/panicking.rs", line: 587 }, { fn: "std::panicking::try", file: "/rustc/6067b36314ab5eb2eb47cecc464545ba58e1ad24/library/std/src/panicking.rs", line: 550 }, { fn: "std::panic::catch_unwind", file: "/rustc/6067b36314ab5eb2eb47cecc464545ba58e1ad24/library/std/src/panic.rs", line: 358 }, { fn: "test::run_test_in_process", file: "/rustc/6067b36314ab5eb2eb47cecc464545ba58e1ad24/library/test/src/lib.rs", line: 655 }, { fn: "test::run_test::{{closure}}", file: "/rustc/6067b36314ab5eb2eb47cecc464545ba58e1ad24/library/test/src/lib.rs", line: 576 }, { fn: "test::run_test::{{closure}}", file: "/rustc/6067b36314ab5eb2eb47cecc464545ba58e1ad24/library/test/src/lib.rs", line: 606 }, { fn: "std::sys::backtrace::__rust_begin_short_backtrace", file: "/rustc/6067b36314ab5eb2eb47cecc464545ba58e1ad24/library/std/src/sys/backtrace.rs", line: 152 }, { fn: "std::thread::Builder::spawn_unchecked_::{{closure}}::{{closure}}", file: "/rustc/6067b36314ab5eb2eb47cecc464545ba58e1ad24/library/std/src/thread/mod.rs", line: 559 }, { fn: "<core::panic::unwind_safe::AssertUnwindSafe<F> as core::ops::function::FnOnce<()>>::call_once", file: "/rustc/6067b36314ab5eb2eb47cecc464545ba58e1ad24/library/core/src/panic/unwind_safe.rs", line: 272 }, { fn: "std::panicking::try::do_call", file: "/rustc/6067b36314ab5eb2eb47cecc464545ba58e1ad24/library/std/src/panicking.rs", line: 587 }, { fn: "std::panicking::try", file: "/rustc/6067b36314ab5eb2eb47cecc464545ba58e1ad24/library/std/src/panicking.rs", line: 550 }, { fn: "std::panic::catch_unwind", file: "/rustc/6067b36314ab5eb2eb47cecc464545ba58e1ad24/library/std/src/panic.rs", line: 358 }, { fn: "std::thread::Builder::spawn_unchecked_::{{closure}}", file: "/rustc/6067b36314ab5eb2eb47cecc464545ba58e1ad24/library/std/src/thread/mod.rs", line: 557 }, { fn: "core::ops::function::FnOnce::call_once{{vtable.shim}}", file: "/rustc/6067b36314ab5eb2eb47cecc464545ba58e1ad24/library/core/src/ops/function.rs", line: 250 }, { fn: "<alloc::boxed::Box<F,A> as core::ops::function::FnOnce<Args>>::call_once", file: "/rustc/6067b36314ab5eb2eb47cecc464545ba58e1ad24/library/alloc/src/boxed.rs", line: 2013 }, { fn: "<alloc::boxed::Box<F,A> as core::ops::function::FnOnce<Args>>::call_once", file: "/rustc/6067b36314ab5eb2eb47cecc464545ba58e1ad24/library/alloc/src/boxed.rs", line: 2013 }, { fn: "std::sys::pal::unix::thread::Thread::new::thread_start", file: "/rustc/6067b36314ab5eb2eb47cecc464545ba58e1ad24/library/std/src/sys/pal/unix/thread.rs", line: 106 }, { fn: "clone" }] })
[INFO] [stdout] stack backtrace:
[INFO] [stdout]    0:     0x59470a89170a - std::backtrace_rs::backtrace::libunwind::trace::hb059275cfc8d6126
[INFO] [stdout]                                at /rustc/6067b36314ab5eb2eb47cecc464545ba58e1ad24/library/std/src/../../backtrace/src/backtrace/libunwind.rs:116:5
[INFO] [stdout]    1:     0x59470a89170a - std::backtrace_rs::backtrace::trace_unsynchronized::h2da071e4327ce3ee
[INFO] [stdout]                                at /rustc/6067b36314ab5eb2eb47cecc464545ba58e1ad24/library/std/src/../../backtrace/src/backtrace/mod.rs:66:5
[INFO] [stdout]    2:     0x59470a89170a - std::sys::backtrace::_print_fmt::h842a1474e6f8d23f
[INFO] [stdout]                                at /rustc/6067b36314ab5eb2eb47cecc464545ba58e1ad24/library/std/src/sys/backtrace.rs:66:9
[INFO] [stdout]    3:     0x59470a89170a - <std::sys::backtrace::BacktraceLock::print::DisplayBacktrace as core::fmt::Display>::fmt::h71a62eb3b9696b12
[INFO] [stdout]                                at /rustc/6067b36314ab5eb2eb47cecc464545ba58e1ad24/library/std/src/sys/backtrace.rs:39:26
[INFO] [stdout]    4:     0x59470a8b95d3 - core::fmt::rt::Argument::fmt::hdb6b616786b41dc1
[INFO] [stdout]                                at /rustc/6067b36314ab5eb2eb47cecc464545ba58e1ad24/library/core/src/fmt/rt.rs:177:76
[INFO] [stdout]    5:     0x59470a8b95d3 - core::fmt::write::h2cc1698af7e2d686
[INFO] [stdout]                                at /rustc/6067b36314ab5eb2eb47cecc464545ba58e1ad24/library/core/src/fmt/mod.rs:1440:21
[INFO] [stdout]    6:     0x59470a88e003 - std::io::Write::write_fmt::hab1b4cd059a79022
[INFO] [stdout]                                at /rustc/6067b36314ab5eb2eb47cecc464545ba58e1ad24/library/std/src/io/mod.rs:1887:15
[INFO] [stdout]    7:     0x59470a891552 - std::sys::backtrace::BacktraceLock::print::h147fe35b4ea13b08
[INFO] [stdout]                                at /rustc/6067b36314ab5eb2eb47cecc464545ba58e1ad24/library/std/src/sys/backtrace.rs:42:9
[INFO] [stdout]    8:     0x59470a892b2f - std::panicking::default_hook::{{closure}}::hbd44223dbdc0d208
[INFO] [stdout]                                at /rustc/6067b36314ab5eb2eb47cecc464545ba58e1ad24/library/std/src/panicking.rs:298:22
[INFO] [stdout]    9:     0x59470a892948 - std::panicking::default_hook::h20f81eb0576efcec
[INFO] [stdout]                                at /rustc/6067b36314ab5eb2eb47cecc464545ba58e1ad24/library/std/src/panicking.rs:322:9
[INFO] [stdout]   10:     0x59470a546f33 - <alloc::boxed::Box<F,A> as core::ops::function::Fn<Args>>::call::hdb53814c496a4d34
[INFO] [stdout]                                at /rustc/6067b36314ab5eb2eb47cecc464545ba58e1ad24/library/alloc/src/boxed.rs:2027:9
[INFO] [stdout]   11:     0x59470a546f33 - test::test_main::{{closure}}::hc0a4963c59427c24
[INFO] [stdout]                                at /rustc/6067b36314ab5eb2eb47cecc464545ba58e1ad24/library/test/src/lib.rs:134:21
[INFO] [stdout]   12:     0x59470a893623 - <alloc::boxed::Box<F,A> as core::ops::function::Fn<Args>>::call::h591b2225413a77e9
[INFO] [stdout]                                at /rustc/6067b36314ab5eb2eb47cecc464545ba58e1ad24/library/alloc/src/boxed.rs:2027:9
[INFO] [stdout]   13:     0x59470a893623 - std::panicking::rust_panic_with_hook::h625eea43051b2edc
[INFO] [stdout]                                at /rustc/6067b36314ab5eb2eb47cecc464545ba58e1ad24/library/std/src/panicking.rs:839:13
[INFO] [stdout]   14:     0x59470a8932da - std::panicking::begin_panic_handler::{{closure}}::h4f9159cfbc3f6bd3
[INFO] [stdout]                                at /rustc/6067b36314ab5eb2eb47cecc464545ba58e1ad24/library/std/src/panicking.rs:704:13
[INFO] [stdout]   15:     0x59470a891c09 - std::sys::backtrace::__rust_end_short_backtrace::h0390abce48353151
[INFO] [stdout]                                at /rustc/6067b36314ab5eb2eb47cecc464545ba58e1ad24/library/std/src/sys/backtrace.rs:168:18
[INFO] [stdout]   16:     0x59470a892f6d - rust_begin_unwind
[INFO] [stdout]                                at /rustc/6067b36314ab5eb2eb47cecc464545ba58e1ad24/library/std/src/panicking.rs:695:5
[INFO] [stdout]   17:     0x59470a8b7a50 - core::panicking::panic_fmt::h9e7c637e9e5f29c9
[INFO] [stdout]                                at /rustc/6067b36314ab5eb2eb47cecc464545ba58e1ad24/library/core/src/panicking.rs:75:14
[INFO] [stdout]   18:     0x59470a8b7ec6 - core::result::unwrap_failed::h7979f09313fe1849
[INFO] [stdout]                                at /rustc/6067b36314ab5eb2eb47cecc464545ba58e1ad24/library/core/src/result.rs:1704:5
[INFO] [stdout]   19:     0x59470a4fbbc8 - core::result::Result<T,E>::unwrap::ha7e5613521463018
[INFO] [stdout]                                at /rustc/6067b36314ab5eb2eb47cecc464545ba58e1ad24/library/core/src/result.rs:1109:23
[INFO] [stdout]   20:     0x59470a4fbbc8 - insurance_dapp::contract::tests::test_double_approval_error::h047eda2e43461faf
[INFO] [stdout]                                at /opt/rustwide/workdir/src/contract.rs:230:9
[INFO] [stdout]   21:     0x59470a4fb5b7 - insurance_dapp::contract::tests::test_double_approval_error::{{closure}}::h6db4fa77a08ead47
[INFO] [stdout]                                at /opt/rustwide/workdir/src/contract.rs:215:36
[INFO] [stdout]   22:     0x59470a4d7376 - core::ops::function::FnOnce::call_once::h3b87bf80d5d406b4
[INFO] [stdout]                                at /rustc/6067b36314ab5eb2eb47cecc464545ba58e1ad24/library/core/src/ops/function.rs:250:5
[INFO] [stdout]   23:     0x59470a54c68b - core::ops::function::FnOnce::call_once::he27718dfdd183f43
[INFO] [stdout]                                at /rustc/6067b36314ab5eb2eb47cecc464545ba58e1ad24/library/core/src/ops/function.rs:250:5
[INFO] [stdout]   24:     0x59470a54c68b - test::__rust_begin_short_backtrace::h4e84902998457a5d
[INFO] [stdout]                                at /rustc/6067b36314ab5eb2eb47cecc464545ba58e1ad24/library/test/src/lib.rs:632:18
[INFO] [stdout]   25:     0x59470a54b5c3 - test::run_test_in_process::{{closure}}::h7176fd18fc1feca0
[INFO] [stdout]                                at /rustc/6067b36314ab5eb2eb47cecc464545ba58e1ad24/library/test/src/lib.rs:655:60
[INFO] [stdout]   26:     0x59470a54b5c3 - <core::panic::unwind_safe::AssertUnwindSafe<F> as core::ops::function::FnOnce<()>>::call_once::hf79cff2a624d8cf7
[INFO] [stdout]                                at /rustc/6067b36314ab5eb2eb47cecc464545ba58e1ad24/library/core/src/panic/unwind_safe.rs:272:9
[INFO] [stdout]   27:     0x59470a54b5c3 - std::panicking::try::do_call::h3da0561d9ab99c25
[INFO] [stdout]                                at /rustc/6067b36314ab5eb2eb47cecc464545ba58e1ad24/library/std/src/panicking.rs:587:40
[INFO] [stdout]   28:     0x59470a54b5c3 - std::panicking::try::h41c9fa508bc61df6
[INFO] [stdout]                                at /rustc/6067b36314ab5eb2eb47cecc464545ba58e1ad24/library/std/src/panicking.rs:550:19
[INFO] [stdout]   29:     0x59470a54b5c3 - std::panic::catch_unwind::h6b3ff07bb5afad93
[INFO] [stdout]                                at /rustc/6067b36314ab5eb2eb47cecc464545ba58e1ad24/library/std/src/panic.rs:358:14
[INFO] [stdout]   30:     0x59470a54b5c3 - test::run_test_in_process::hc7253dd11b39b9f4
[INFO] [stdout]                                at /rustc/6067b36314ab5eb2eb47cecc464545ba58e1ad24/library/test/src/lib.rs:655:27
[INFO] [stdout]   31:     0x59470a54b5c3 - test::run_test::{{closure}}::hfb2007f8649c30bb
[INFO] [stdout]                                at /rustc/6067b36314ab5eb2eb47cecc464545ba58e1ad24/library/test/src/lib.rs:576:43
[INFO] [stdout]   32:     0x59470a50e6a5 - test::run_test::{{closure}}::h56a17aa7a282a9f4
[INFO] [stdout]                                at /rustc/6067b36314ab5eb2eb47cecc464545ba58e1ad24/library/test/src/lib.rs:606:41
[INFO] [stdout]   33:     0x59470a50e6a5 - std::sys::backtrace::__rust_begin_short_backtrace::hd2d2d2fb8e8c6aac
[INFO] [stdout]                                at /rustc/6067b36314ab5eb2eb47cecc464545ba58e1ad24/library/std/src/sys/backtrace.rs:152:18
[INFO] [stdout]   34:     0x59470a511f8a - std::thread::Builder::spawn_unchecked_::{{closure}}::{{closure}}::h4faa3f9db6133423
[INFO] [stdout]                                at /rustc/6067b36314ab5eb2eb47cecc464545ba58e1ad24/library/std/src/thread/mod.rs:559:17
[INFO] [stdout]   35:     0x59470a511f8a - <core::panic::unwind_safe::AssertUnwindSafe<F> as core::ops::function::FnOnce<()>>::call_once::hf2e855a36a4ea846
[INFO] [stdout]                                at /rustc/6067b36314ab5eb2eb47cecc464545ba58e1ad24/library/core/src/panic/unwind_safe.rs:272:9
[INFO] [stdout]   36:     0x59470a511f8a - std::panicking::try::do_call::h2f73af3616c35465
[INFO] [stdout]                                at /rustc/6067b36314ab5eb2eb47cecc464545ba58e1ad24/library/std/src/panicking.rs:587:40
[INFO] [stdout]   37:     0x59470a511f8a - std::panicking::try::hd1660ce9efadef5a
[INFO] [stdout]                                at /rustc/6067b36314ab5eb2eb47cecc464545ba58e1ad24/library/std/src/panicking.rs:550:19
[INFO] [stdout]   38:     0x59470a511f8a - std::panic::catch_unwind::h5ee8d7823b8ca744
[INFO] [stdout]                                at /rustc/6067b36314ab5eb2eb47cecc464545ba58e1ad24/library/std/src/panic.rs:358:14
[INFO] [stdout]   39:     0x59470a511f8a - std::thread::Builder::spawn_unchecked_::{{closure}}::h53c3a1894dce8407
[INFO] [stdout]                                at /rustc/6067b36314ab5eb2eb47cecc464545ba58e1ad24/library/std/src/thread/mod.rs:557:30
[INFO] [stdout]   40:     0x59470a511f8a - core::ops::function::FnOnce::call_once{{vtable.shim}}::h048ce291ad4f62bf
[INFO] [stdout]                                at /rustc/6067b36314ab5eb2eb47cecc464545ba58e1ad24/library/core/src/ops/function.rs:250:5
[INFO] [stdout]   41:     0x59470a89765b - <alloc::boxed::Box<F,A> as core::ops::function::FnOnce<Args>>::call_once::ha52bedf99a3b4981
[INFO] [stdout]                                at /rustc/6067b36314ab5eb2eb47cecc464545ba58e1ad24/library/alloc/src/boxed.rs:2013:9
[INFO] [stdout]   42:     0x59470a89765b - <alloc::boxed::Box<F,A> as core::ops::function::FnOnce<Args>>::call_once::h567748934d80ccf8
[INFO] [stdout]                                at /rustc/6067b36314ab5eb2eb47cecc464545ba58e1ad24/library/alloc/src/boxed.rs:2013:9
[INFO] [stdout]   43:     0x59470a89765b - std::sys::pal::unix::thread::Thread::new::thread_start::h2d970728ae887adc
[INFO] [stdout]                                at /rustc/6067b36314ab5eb2eb47cecc464545ba58e1ad24/library/std/src/sys/pal/unix/thread.rs:106:17
[INFO] [stdout]   44:     0x7aa926bb4ac3 - <unknown>
[INFO] [stdout]   45:     0x7aa926c45a04 - clone
[INFO] [stdout]   46:                0x0 - <unknown>
[INFO] [stdout] 
[INFO] [stdout] ---- contract::tests::test_submit_claim stdout ----
[INFO] [stdout] 
[INFO] [stdout] thread 'contract::tests::test_submit_claim' panicked at src/contract.rs:137:74:
[INFO] [stdout] called `Result::unwrap()` on an `Err` value: Std(GenericErr { msg: "Error decoding bech32", backtrace: Backtrace [{ fn: "cosmwasm_std::errors::backtrace::BT::capture", file: "/opt/rustwide/cargo-home/registry/src/index.crates.io-1949cf8c6b5b557f/cosmwasm-std-2.1.4/src/errors/backtrace.rs", line: 18 }, { fn: "cosmwasm_std::errors::std_error::StdError::generic_err", file: "/opt/rustwide/cargo-home/registry/src/index.crates.io-1949cf8c6b5b557f/cosmwasm-std-2.1.4/src/errors/std_error.rs", line: 108 }, { fn: "<cosmwasm_std::testing::mock::MockApi as cosmwasm_std::traits::Api>::addr_canonicalize::{{closure}}", file: "/opt/rustwide/cargo-home/registry/src/index.crates.io-1949cf8c6b5b557f/cosmwasm-std-2.1.4/src/testing/mock.rs", line: 130 }, { fn: "core::result::Result<T,E>::map_err", file: "/rustc/6067b36314ab5eb2eb47cecc464545ba58e1ad24/library/core/src/result.rs", line: 856 }, { fn: "<cosmwasm_std::testing::mock::MockApi as cosmwasm_std::traits::Api>::addr_canonicalize", file: "/opt/rustwide/cargo-home/registry/src/index.crates.io-1949cf8c6b5b557f/cosmwasm-std-2.1.4/src/testing/mock.rs", line: 129 }, { fn: "<cosmwasm_std::testing::mock::MockApi as cosmwasm_std::traits::Api>::addr_validate", file: "/opt/rustwide/cargo-home/registry/src/index.crates.io-1949cf8c6b5b557f/cosmwasm-std-2.1.4/src/testing/mock.rs", line: 118 }, { fn: "insurance_dapp::contract::execute_submit_claim", file: "./src/contract.rs", line: 47 }, { fn: "insurance_dapp::contract::execute", file: "./src/contract.rs", line: 35 }, { fn: "insurance_dapp::contract::tests::test_submit_claim", file: "./src/contract.rs", line: 137 }, { fn: "insurance_dapp::contract::tests::test_submit_claim::{{closure}}", file: "./src/contract.rs", line: 120 }, { fn: "core::ops::function::FnOnce::call_once", file: "/rustc/6067b36314ab5eb2eb47cecc464545ba58e1ad24/library/core/src/ops/function.rs", line: 250 }, { fn: "core::ops::function::FnOnce::call_once", file: "/rustc/6067b36314ab5eb2eb47cecc464545ba58e1ad24/library/core/src/ops/function.rs", line: 250 }, { fn: "test::__rust_begin_short_backtrace", file: "/rustc/6067b36314ab5eb2eb47cecc464545ba58e1ad24/library/test/src/lib.rs", line: 632 }, { fn: "test::run_test_in_process::{{closure}}", file: "/rustc/6067b36314ab5eb2eb47cecc464545ba58e1ad24/library/test/src/lib.rs", line: 655 }, { fn: "<core::panic::unwind_safe::AssertUnwindSafe<F> as core::ops::function::FnOnce<()>>::call_once", file: "/rustc/6067b36314ab5eb2eb47cecc464545ba58e1ad24/library/core/src/panic/unwind_safe.rs", line: 272 }, { fn: "std::panicking::try::do_call", file: "/rustc/6067b36314ab5eb2eb47cecc464545ba58e1ad24/library/std/src/panicking.rs", line: 587 }, { fn: "std::panicking::try", file: "/rustc/6067b36314ab5eb2eb47cecc464545ba58e1ad24/library/std/src/panicking.rs", line: 550 }, { fn: "std::panic::catch_unwind", file: "/rustc/6067b36314ab5eb2eb47cecc464545ba58e1ad24/library/std/src/panic.rs", line: 358 }, { fn: "test::run_test_in_process", file: "/rustc/6067b36314ab5eb2eb47cecc464545ba58e1ad24/library/test/src/lib.rs", line: 655 }, { fn: "test::run_test::{{closure}}", file: "/rustc/6067b36314ab5eb2eb47cecc464545ba58e1ad24/library/test/src/lib.rs", line: 576 }, { fn: "test::run_test::{{closure}}", file: "/rustc/6067b36314ab5eb2eb47cecc464545ba58e1ad24/library/test/src/lib.rs", line: 606 }, { fn: "std::sys::backtrace::__rust_begin_short_backtrace", file: "/rustc/6067b36314ab5eb2eb47cecc464545ba58e1ad24/library/std/src/sys/backtrace.rs", line: 152 }, { fn: "std::thread::Builder::spawn_unchecked_::{{closure}}::{{closure}}", file: "/rustc/6067b36314ab5eb2eb47cecc464545ba58e1ad24/library/std/src/thread/mod.rs", line: 559 }, { fn: "<core::panic::unwind_safe::AssertUnwindSafe<F> as core::ops::function::FnOnce<()>>::call_once", file: "/rustc/6067b36314ab5eb2eb47cecc464545ba58e1ad24/library/core/src/panic/unwind_safe.rs", line: 272 }, { fn: "std::panicking::try::do_call", file: "/rustc/6067b36314ab5eb2eb47cecc464545ba58e1ad24/library/std/src/panicking.rs", line: 587 }, { fn: "std::panicking::try", file: "/rustc/6067b36314ab5eb2eb47cecc464545ba58e1ad24/library/std/src/panicking.rs", line: 550 }, { fn: "std::panic::catch_unwind", file: "/rustc/6067b36314ab5eb2eb47cecc464545ba58e1ad24/library/std/src/panic.rs", line: 358 }, { fn: "std::thread::Builder::spawn_unchecked_::{{closure}}", file: "/rustc/6067b36314ab5eb2eb47cecc464545ba58e1ad24/library/std/src/thread/mod.rs", line: 557 }, { fn: "core::ops::function::FnOnce::call_once{{vtable.shim}}", file: "/rustc/6067b36314ab5eb2eb47cecc464545ba58e1ad24/library/core/src/ops/function.rs", line: 250 }, { fn: "<alloc::boxed::Box<F,A> as core::ops::function::FnOnce<Args>>::call_once", file: "/rustc/6067b36314ab5eb2eb47cecc464545ba58e1ad24/library/alloc/src/boxed.rs", line: 2013 }, { fn: "<alloc::boxed::Box<F,A> as core::ops::function::FnOnce<Args>>::call_once", file: "/rustc/6067b36314ab5eb2eb47cecc464545ba58e1ad24/library/alloc/src/boxed.rs", line: 2013 }, { fn: "std::sys::pal::unix::thread::Thread::new::thread_start", file: "/rustc/6067b36314ab5eb2eb47cecc464545ba58e1ad24/library/std/src/sys/pal/unix/thread.rs", line: 106 }, { fn: "clone" }] })
[INFO] [stdout] stack backtrace:
[INFO] [stdout]    0:     0x59470a89170a - std::backtrace_rs::backtrace::libunwind::trace::hb059275cfc8d6126
[INFO] [stdout]                                at /rustc/6067b36314ab5eb2eb47cecc464545ba58e1ad24/library/std/src/../../backtrace/src/backtrace/libunwind.rs:116:5
[INFO] [stdout]    1:     0x59470a89170a - std::backtrace_rs::backtrace::trace_unsynchronized::h2da071e4327ce3ee
[INFO] [stdout]                                at /rustc/6067b36314ab5eb2eb47cecc464545ba58e1ad24/library/std/src/../../backtrace/src/backtrace/mod.rs:66:5
[INFO] [stdout]    2:     0x59470a89170a - std::sys::backtrace::_print_fmt::h842a1474e6f8d23f
[INFO] [stdout]                                at /rustc/6067b36314ab5eb2eb47cecc464545ba58e1ad24/library/std/src/sys/backtrace.rs:66:9
[INFO] [stdout]    3:     0x59470a89170a - <std::sys::backtrace::BacktraceLock::print::DisplayBacktrace as core::fmt::Display>::fmt::h71a62eb3b9696b12
[INFO] [stdout]                                at /rustc/6067b36314ab5eb2eb47cecc464545ba58e1ad24/library/std/src/sys/backtrace.rs:39:26
[INFO] [stdout]    4:     0x59470a8b95d3 - core::fmt::rt::Argument::fmt::hdb6b616786b41dc1
[INFO] [stdout]                                at /rustc/6067b36314ab5eb2eb47cecc464545ba58e1ad24/library/core/src/fmt/rt.rs:177:76
[INFO] [stdout]    5:     0x59470a8b95d3 - core::fmt::write::h2cc1698af7e2d686
[INFO] [stdout]                                at /rustc/6067b36314ab5eb2eb47cecc464545ba58e1ad24/library/core/src/fmt/mod.rs:1440:21
[INFO] [stdout]    6:     0x59470a88e003 - std::io::Write::write_fmt::hab1b4cd059a79022
[INFO] [stdout]                                at /rustc/6067b36314ab5eb2eb47cecc464545ba58e1ad24/library/std/src/io/mod.rs:1887:15
[INFO] [stdout]    7:     0x59470a891552 - std::sys::backtrace::BacktraceLock::print::h147fe35b4ea13b08
[INFO] [stdout]                                at /rustc/6067b36314ab5eb2eb47cecc464545ba58e1ad24/library/std/src/sys/backtrace.rs:42:9
[INFO] [stdout]    8:     0x59470a892b2f - std::panicking::default_hook::{{closure}}::hbd44223dbdc0d208
[INFO] [stdout]                                at /rustc/6067b36314ab5eb2eb47cecc464545ba58e1ad24/library/std/src/panicking.rs:298:22
[INFO] [stdout]    9:     0x59470a892948 - std::panicking::default_hook::h20f81eb0576efcec
[INFO] [stdout]                                at /rustc/6067b36314ab5eb2eb47cecc464545ba58e1ad24/library/std/src/panicking.rs:322:9
[INFO] [stdout]   10:     0x59470a546f33 - <alloc::boxed::Box<F,A> as core::ops::function::Fn<Args>>::call::hdb53814c496a4d34
[INFO] [stdout]                                at /rustc/6067b36314ab5eb2eb47cecc464545ba58e1ad24/library/alloc/src/boxed.rs:2027:9
[INFO] [stdout]   11:     0x59470a546f33 - test::test_main::{{closure}}::hc0a4963c59427c24
[INFO] [stdout]                                at /rustc/6067b36314ab5eb2eb47cecc464545ba58e1ad24/library/test/src/lib.rs:134:21
[INFO] [stdout]   12:     0x59470a893623 - <alloc::boxed::Box<F,A> as core::ops::function::Fn<Args>>::call::h591b2225413a77e9
[INFO] [stdout]                                at /rustc/6067b36314ab5eb2eb47cecc464545ba58e1ad24/library/alloc/src/boxed.rs:2027:9
[INFO] [stdout]   13:     0x59470a893623 - std::panicking::rust_panic_with_hook::h625eea43051b2edc
[INFO] [stdout]                                at /rustc/6067b36314ab5eb2eb47cecc464545ba58e1ad24/library/std/src/panicking.rs:839:13
[INFO] [stdout]   14:     0x59470a8932da - std::panicking::begin_panic_handler::{{closure}}::h4f9159cfbc3f6bd3
[INFO] [stdout]                                at /rustc/6067b36314ab5eb2eb47cecc464545ba58e1ad24/library/std/src/panicking.rs:704:13
[INFO] [stdout]   15:     0x59470a891c09 - std::sys::backtrace::__rust_end_short_backtrace::h0390abce48353151
[INFO] [stdout]                                at /rustc/6067b36314ab5eb2eb47cecc464545ba58e1ad24/library/std/src/sys/backtrace.rs:168:18
[INFO] [stdout]   16:     0x59470a892f6d - rust_begin_unwind
[INFO] [stdout]                                at /rustc/6067b36314ab5eb2eb47cecc464545ba58e1ad24/library/std/src/panicking.rs:695:5
[INFO] [stdout]   17:     0x59470a8b7a50 - core::panicking::panic_fmt::h9e7c637e9e5f29c9
[INFO] [stdout]                                at /rustc/6067b36314ab5eb2eb47cecc464545ba58e1ad24/library/core/src/panicking.rs:75:14
[INFO] [stdout]   18:     0x59470a8b7ec6 - core::result::unwrap_failed::h7979f09313fe1849
[INFO] [stdout]                                at /rustc/6067b36314ab5eb2eb47cecc464545ba58e1ad24/library/core/src/result.rs:1704:5
[INFO] [stdout]   19:     0x59470a4f9858 - core::result::Result<T,E>::unwrap::ha7e5613521463018
[INFO] [stdout]                                at /rustc/6067b36314ab5eb2eb47cecc464545ba58e1ad24/library/core/src/result.rs:1109:23
[INFO] [stdout]   20:     0x59470a4f9858 - insurance_dapp::contract::tests::test_submit_claim::hdc4252db08994b26
[INFO] [stdout]                                at /opt/rustwide/workdir/src/contract.rs:137:19
[INFO] [stdout]   21:     0x59470a4f9267 - insurance_dapp::contract::tests::test_submit_claim::{{closure}}::h706bc1e8082993d2
[INFO] [stdout]                                at /opt/rustwide/workdir/src/contract.rs:120:27
[INFO] [stdout]   22:     0x59470a4d76f6 - core::ops::function::FnOnce::call_once::he5a851997b5f91df
[INFO] [stdout]                                at /rustc/6067b36314ab5eb2eb47cecc464545ba58e1ad24/library/core/src/ops/function.rs:250:5
[INFO] [stdout]   23:     0x59470a54c68b - core::ops::function::FnOnce::call_once::he27718dfdd183f43
[INFO] [stdout]                                at /rustc/6067b36314ab5eb2eb47cecc464545ba58e1ad24/library/core/src/ops/function.rs:250:5
[INFO] [stdout]   24:     0x59470a54c68b - test::__rust_begin_short_backtrace::h4e84902998457a5d
[INFO] [stdout]                                at /rustc/6067b36314ab5eb2eb47cecc464545ba58e1ad24/library/test/src/lib.rs:632:18
[INFO] [stdout]   25:     0x59470a54b5c3 - test::run_test_in_process::{{closure}}::h7176fd18fc1feca0
[INFO] [stdout]                                at /rustc/6067b36314ab5eb2eb47cecc464545ba58e1ad24/library/test/src/lib.rs:655:60
[INFO] [stdout]   26:     0x59470a54b5c3 - <core::panic::unwind_safe::AssertUnwindSafe<F> as core::ops::function::FnOnce<()>>::call_once::hf79cff2a624d8cf7
[INFO] [stdout]                                at /rustc/6067b36314ab5eb2eb47cecc464545ba58e1ad24/library/core/src/panic/unwind_safe.rs:272:9
[INFO] [stdout]   27:     0x59470a54b5c3 - std::panicking::try::do_call::h3da0561d9ab99c25
[INFO] [stdout]                                at /rustc/6067b36314ab5eb2eb47cecc464545ba58e1ad24/library/std/src/panicking.rs:587:40
[INFO] [stdout]   28:     0x59470a54b5c3 - std::panicking::try::h41c9fa508bc61df6
[INFO] [stdout]                                at /rustc/6067b36314ab5eb2eb47cecc464545ba58e1ad24/library/std/src/panicking.rs:550:19
[INFO] [stdout]   29:     0x59470a54b5c3 - std::panic::catch_unwind::h6b3ff07bb5afad93
[INFO] [stdout]                                at /rustc/6067b36314ab5eb2eb47cecc464545ba58e1ad24/library/std/src/panic.rs:358:14
[INFO] [stdout]   30:     0x59470a54b5c3 - test::run_test_in_process::hc7253dd11b39b9f4
[INFO] [stdout]                                at /rustc/6067b36314ab5eb2eb47cecc464545ba58e1ad24/library/test/src/lib.rs:655:27
[INFO] [stdout]   31:     0x59470a54b5c3 - test::run_test::{{closure}}::hfb2007f8649c30bb
[INFO] [stdout]                                at /rustc/6067b36314ab5eb2eb47cecc464545ba58e1ad24/library/test/src/lib.rs:576:43
[INFO] [stdout]   32:     0x59470a50e6a5 - test::run_test::{{closure}}::h56a17aa7a282a9f4
[INFO] [stdout]                                at /rustc/6067b36314ab5eb2eb47cecc464545ba58e1ad24/library/test/src/lib.rs:606:41
[INFO] [stdout]   33:     0x59470a50e6a5 - std::sys::backtrace::__rust_begin_short_backtrace::hd2d2d2fb8e8c6aac
[INFO] [stdout]                                at /rustc/6067b36314ab5eb2eb47cecc464545ba58e1ad24/library/std/src/sys/backtrace.rs:152:18
[INFO] [stdout]   34:     0x59470a511f8a - std::thread::Builder::spawn_unchecked_::{{closure}}::{{closure}}::h4faa3f9db6133423
[INFO] [stdout]                                at /rustc/6067b36314ab5eb2eb47cecc464545ba58e1ad24/library/std/src/thread/mod.rs:559:17
[INFO] [stdout]   35:     0x59470a511f8a - <core::panic::unwind_safe::AssertUnwindSafe<F> as core::ops::function::FnOnce<()>>::call_once::hf2e855a36a4ea846
[INFO] [stdout]                                at /rustc/6067b36314ab5eb2eb47cecc464545ba58e1ad24/library/core/src/panic/unwind_safe.rs:272:9
[INFO] [stdout]   36:     0x59470a511f8a - std::panicking::try::do_call::h2f73af3616c35465
[INFO] [stdout]                                at /rustc/6067b36314ab5eb2eb47cecc464545ba58e1ad24/library/std/src/panicking.rs:587:40
[INFO] [stdout]   37:     0x59470a511f8a - std::panicking::try::hd1660ce9efadef5a
[INFO] [stdout]                                at /rustc/6067b36314ab5eb2eb47cecc464545ba58e1ad24/library/std/src/panicking.rs:550:19
[INFO] [stdout]   38:     0x59470a511f8a - std::panic::catch_unwind::h5ee8d7823b8ca744
[INFO] [stdout]                                at /rustc/6067b36314ab5eb2eb47cecc464545ba58e1ad24/library/std/src/panic.rs:358:14
[INFO] [stdout]   39:     0x59470a511f8a - std::thread::Builder::spawn_unchecked_::{{closure}}::h53c3a1894dce8407
[INFO] [stdout]                                at /rustc/6067b36314ab5eb2eb47cecc464545ba58e1ad24/library/std/src/thread/mod.rs:557:30
[INFO] [stdout]   40:     0x59470a511f8a - core::ops::function::FnOnce::call_once{{vtable.shim}}::h048ce291ad4f62bf
[INFO] [stdout]                                at /rustc/6067b36314ab5eb2eb47cecc464545ba58e1ad24/library/core/src/ops/function.rs:250:5
[INFO] [stdout]   41:     0x59470a89765b - <alloc::boxed::Box<F,A> as core::ops::function::FnOnce<Args>>::call_once::ha52bedf99a3b4981
[INFO] [stdout]                                at /rustc/6067b36314ab5eb2eb47cecc464545ba58e1ad24/library/alloc/src/boxed.rs:2013:9
[INFO] [stdout]   42:     0x59470a89765b - <alloc::boxed::Box<F,A> as core::ops::function::FnOnce<Args>>::call_once::h567748934d80ccf8
[INFO] [stdout]                                at /rustc/6067b36314ab5eb2eb47cecc464545ba58e1ad24/library/alloc/src/boxed.rs:2013:9
[INFO] [stdout]   43:     0x59470a89765b - std::sys::pal::unix::thread::Thread::new::thread_start::h2d970728ae887adc
[INFO] [stdout]                                at /rustc/6067b36314ab5eb2eb47cecc464545ba58e1ad24/library/std/src/sys/pal/unix/thread.rs:106:17
[INFO] [stdout]   44:     0x7aa926bb4ac3 - <unknown>
[INFO] [stdout]   45:     0x7aa926c45a04 - clone
[INFO] [stdout]   46:                0x0 - <unknown>
[INFO] [stdout] 
[INFO] [stdout] ---- contract::tests::test_unauthorized_approve stdout ----
[INFO] [stdout] 
[INFO] [stdout] thread 'contract::tests::test_unauthorized_approve' panicked at src/contract.rs:272:71:
[INFO] [stdout] called `Result::unwrap()` on an `Err` value: Std(GenericErr { msg: "Error decoding bech32", backtrace: Backtrace [{ fn: "cosmwasm_std::errors::backtrace::BT::capture", file: "/opt/rustwide/cargo-home/registry/src/index.crates.io-1949cf8c6b5b557f/cosmwasm-std-2.1.4/src/errors/backtrace.rs", line: 18 }, { fn: "cosmwasm_std::errors::std_error::StdError::generic_err", file: "/opt/rustwide/cargo-home/registry/src/index.crates.io-1949cf8c6b5b557f/cosmwasm-std-2.1.4/src/errors/std_error.rs", line: 108 }, { fn: "<cosmwasm_std::testing::mock::MockApi as cosmwasm_std::traits::Api>::addr_canonicalize::{{closure}}", file: "/opt/rustwide/cargo-home/registry/src/index.crates.io-1949cf8c6b5b557f/cosmwasm-std-2.1.4/src/testing/mock.rs", line: 130 }, { fn: "core::result::Result<T,E>::map_err", file: "/rustc/6067b36314ab5eb2eb47cecc464545ba58e1ad24/library/core/src/result.rs", line: 856 }, { fn: "<cosmwasm_std::testing::mock::MockApi as cosmwasm_std::traits::Api>::addr_canonicalize", file: "/opt/rustwide/cargo-home/registry/src/index.crates.io-1949cf8c6b5b557f/cosmwasm-std-2.1.4/src/testing/mock.rs", line: 129 }, { fn: "<cosmwasm_std::testing::mock::MockApi as cosmwasm_std::traits::Api>::addr_validate", file: "/opt/rustwide/cargo-home/registry/src/index.crates.io-1949cf8c6b5b557f/cosmwasm-std-2.1.4/src/testing/mock.rs", line: 118 }, { fn: "insurance_dapp::contract::execute_submit_claim", file: "./src/contract.rs", line: 47 }, { fn: "insurance_dapp::contract::execute", file: "./src/contract.rs", line: 35 }, { fn: "insurance_dapp::contract::tests::test_unauthorized_approve", file: "./src/contract.rs", line: 272 }, { fn: "insurance_dapp::contract::tests::test_unauthorized_approve::{{closure}}", file: "./src/contract.rs", line: 257 }, { fn: "core::ops::function::FnOnce::call_once", file: "/rustc/6067b36314ab5eb2eb47cecc464545ba58e1ad24/library/core/src/ops/function.rs", line: 250 }, { fn: "core::ops::function::FnOnce::call_once", file: "/rustc/6067b36314ab5eb2eb47cecc464545ba58e1ad24/library/core/src/ops/function.rs", line: 250 }, { fn: "test::__rust_begin_short_backtrace", file: "/rustc/6067b36314ab5eb2eb47cecc464545ba58e1ad24/library/test/src/lib.rs", line: 632 }, { fn: "test::run_test_in_process::{{closure}}", file: "/rustc/6067b36314ab5eb2eb47cecc464545ba58e1ad24/library/test/src/lib.rs", line: 655 }, { fn: "<core::panic::unwind_safe::AssertUnwindSafe<F> as core::ops::function::FnOnce<()>>::call_once", file: "/rustc/6067b36314ab5eb2eb47cecc464545ba58e1ad24/library/core/src/panic/unwind_safe.rs", line: 272 }, { fn: "std::panicking::try::do_call", file: "/rustc/6067b36314ab5eb2eb47cecc464545ba58e1ad24/library/std/src/panicking.rs", line: 587 }, { fn: "std::panicking::try", file: "/rustc/6067b36314ab5eb2eb47cecc464545ba58e1ad24/library/std/src/panicking.rs", line: 550 }, { fn: "std::panic::catch_unwind", file: "/rustc/6067b36314ab5eb2eb47cecc464545ba58e1ad24/library/std/src/panic.rs", line: 358 }, { fn: "test::run_test_in_process", file: "/rustc/6067b36314ab5eb2eb47cecc464545ba58e1ad24/library/test/src/lib.rs", line: 655 }, { fn: "test::run_test::{{closure}}", file: "/rustc/6067b36314ab5eb2eb47cecc464545ba58e1ad24/library/test/src/lib.rs", line: 576 }, { fn: "test::run_test::{{closure}}", file: "/rustc/6067b36314ab5eb2eb47cecc464545ba58e1ad24/library/test/src/lib.rs", line: 606 }, { fn: "std::sys::backtrace::__rust_begin_short_backtrace", file: "/rustc/6067b36314ab5eb2eb47cecc464545ba58e1ad24/library/std/src/sys/backtrace.rs", line: 152 }, { fn: "std::thread::Builder::spawn_unchecked_::{{closure}}::{{closure}}", file: "/rustc/6067b36314ab5eb2eb47cecc464545ba58e1ad24/library/std/src/thread/mod.rs", line: 559 }, { fn: "<core::panic::unwind_safe::AssertUnwindSafe<F> as core::ops::function::FnOnce<()>>::call_once", file: "/rustc/6067b36314ab5eb2eb47cecc464545ba58e1ad24/library/core/src/panic/unwind_safe.rs", line: 272 }, { fn: "std::panicking::try::do_call", file: "/rustc/6067b36314ab5eb2eb47cecc464545ba58e1ad24/library/std/src/panicking.rs", line: 587 }, { fn: "std::panicking::try", file: "/rustc/6067b36314ab5eb2eb47cecc464545ba58e1ad24/library/std/src/panicking.rs", line: 550 }, { fn: "std::panic::catch_unwind", file: "/rustc/6067b36314ab5eb2eb47cecc464545ba58e1ad24/library/std/src/panic.rs", line: 358 }, { fn: "std::thread::Builder::spawn_unchecked_::{{closure}}", file: "/rustc/6067b36314ab5eb2eb47cecc464545ba58e1ad24/library/std/src/thread/mod.rs", line: 557 }, { fn: "core::ops::function::FnOnce::call_once{{vtable.shim}}", file: "/rustc/6067b36314ab5eb2eb47cecc464545ba58e1ad24/library/core/src/ops/function.rs", line: 250 }, { fn: "<alloc::boxed::Box<F,A> as core::ops::function::FnOnce<Args>>::call_once", file: "/rustc/6067b36314ab5eb2eb47cecc464545ba58e1ad24/library/alloc/src/boxed.rs", line: 2013 }, { fn: "<alloc::boxed::Box<F,A> as core::ops::function::FnOnce<Args>>::call_once", file: "/rustc/6067b36314ab5eb2eb47cecc464545ba58e1ad24/library/alloc/src/boxed.rs", line: 2013 }, { fn: "std::sys::pal::unix::thread::Thread::new::thread_start", file: "/rustc/6067b36314ab5eb2eb47cecc464545ba58e1ad24/library/std/src/sys/pal/unix/thread.rs", line: 106 }, { fn: "clone" }] })
[INFO] [stdout] stack backtrace:
[INFO] [stdout]    0:     0x59470a89170a - std::backtrace_rs::backtrace::libunwind::trace::hb059275cfc8d6126
[INFO] [stdout]                                at /rustc/6067b36314ab5eb2eb47cecc464545ba58e1ad24/library/std/src/../../backtrace/src/backtrace/libunwind.rs:116:5
[INFO] [stdout]    1:     0x59470a89170a - std::backtrace_rs::backtrace::trace_unsynchronized::h2da071e4327ce3ee
[INFO] [stdout]                                at /rustc/6067b36314ab5eb2eb47cecc464545ba58e1ad24/library/std/src/../../backtrace/src/backtrace/mod.rs:66:5
[INFO] [stdout]    2:     0x59470a89170a - std::sys::backtrace::_print_fmt::h842a1474e6f8d23f
[INFO] [stdout]                                at /rustc/6067b36314ab5eb2eb47cecc464545ba58e1ad24/library/std/src/sys/backtrace.rs:66:9
[INFO] [stdout]    3:     0x59470a89170a - <std::sys::backtrace::BacktraceLock::print::DisplayBacktrace as core::fmt::Display>::fmt::h71a62eb3b9696b12
[INFO] [stdout]                                at /rustc/6067b36314ab5eb2eb47cecc464545ba58e1ad24/library/std/src/sys/backtrace.rs:39:26
[INFO] [stdout]    4:     0x59470a8b95d3 - core::fmt::rt::Argument::fmt::hdb6b616786b41dc1
[INFO] [stdout]                                at /rustc/6067b36314ab5eb2eb47cecc464545ba58e1ad24/library/core/src/fmt/rt.rs:177:76
[INFO] [stdout]    5:     0x59470a8b95d3 - core::fmt::write::h2cc1698af7e2d686
[INFO] [stdout]                                at /rustc/6067b36314ab5eb2eb47cecc464545ba58e1ad24/library/core/src/fmt/mod.rs:1440:21
[INFO] [stdout]    6:     0x59470a88e003 - std::io::Write::write_fmt::hab1b4cd059a79022
[INFO] [stdout]                                at /rustc/6067b36314ab5eb2eb47cecc464545ba58e1ad24/library/std/src/io/mod.rs:1887:15
[INFO] [stdout]    7:     0x59470a891552 - std::sys::backtrace::BacktraceLock::print::h147fe35b4ea13b08
[INFO] [stdout]                                at /rustc/6067b36314ab5eb2eb47cecc464545ba58e1ad24/library/std/src/sys/backtrace.rs:42:9
[INFO] [stdout]    8:     0x59470a892b2f - std::panicking::default_hook::{{closure}}::hbd44223dbdc0d208
[INFO] [stdout]                                at /rustc/6067b36314ab5eb2eb47cecc464545ba58e1ad24/library/std/src/panicking.rs:298:22
[INFO] [stdout]    9:     0x59470a892948 - std::panicking::default_hook::h20f81eb0576efcec
[INFO] [stdout]                                at /rustc/6067b36314ab5eb2eb47cecc464545ba58e1ad24/library/std/src/panicking.rs:322:9
[INFO] [stdout]   10:     0x59470a546f33 - <alloc::boxed::Box<F,A> as core::ops::function::Fn<Args>>::call::hdb53814c496a4d34
[INFO] [stdout]                                at /rustc/6067b36314ab5eb2eb47cecc464545ba58e1ad24/library/alloc/src/boxed.rs:2027:9
[INFO] [stdout]   11:     0x59470a546f33 - test::test_main::{{closure}}::hc0a4963c59427c24
[INFO] [stdout]                                at /rustc/6067b36314ab5eb2eb47cecc464545ba58e1ad24/library/test/src/lib.rs:134:21
[INFO] [stdout]   12:     0x59470a893623 - <alloc::boxed::Box<F,A> as core::ops::function::Fn<Args>>::call::h591b2225413a77e9
[INFO] [stdout]                                at /rustc/6067b36314ab5eb2eb47cecc464545ba58e1ad24/library/alloc/src/boxed.rs:2027:9
[INFO] [stdout]   13:     0x59470a893623 - std::panicking::rust_panic_with_hook::h625eea43051b2edc
[INFO] [stdout]                                at /rustc/6067b36314ab5eb2eb47cecc464545ba58e1ad24/library/std/src/panicking.rs:839:13
[INFO] [stdout]   14:     0x59470a8932da - std::panicking::begin_panic_handler::{{closure}}::h4f9159cfbc3f6bd3
[INFO] [stdout]                                at /rustc/6067b36314ab5eb2eb47cecc464545ba58e1ad24/library/std/src/panicking.rs:704:13
[INFO] [stdout]   15:     0x59470a891c09 - std::sys::backtrace::__rust_end_short_backtrace::h0390abce48353151
[INFO] [stdout]                                at /rustc/6067b36314ab5eb2eb47cecc464545ba58e1ad24/library/std/src/sys/backtrace.rs:168:18
[INFO] [stdout]   16:     0x59470a892f6d - rust_begin_unwind
[INFO] [stdout]                                at /rustc/6067b36314ab5eb2eb47cecc464545ba58e1ad24/library/std/src/panicking.rs:695:5
[INFO] [stdout]   17:     0x59470a8b7a50 - core::panicking::panic_fmt::h9e7c637e9e5f29c9
[INFO] [stdout]                                at /rustc/6067b36314ab5eb2eb47cecc464545ba58e1ad24/library/core/src/panicking.rs:75:14
[INFO] [stdout]   18:     0x59470a8b7ec6 - core::result::unwrap_failed::h7979f09313fe1849
[INFO] [stdout]                                at /rustc/6067b36314ab5eb2eb47cecc464545ba58e1ad24/library/core/src/result.rs:1704:5
[INFO] [stdout]   19:     0x59470a4fc7c8 - core::result::Result<T,E>::unwrap::ha7e5613521463018
[INFO] [stdout]                                at /rustc/6067b36314ab5eb2eb47cecc464545ba58e1ad24/library/core/src/result.rs:1109:23
[INFO] [stdout]   20:     0x59470a4fc7c8 - insurance_dapp::contract::tests::test_unauthorized_approve::h148d244e585accb7
[INFO] [stdout]                                at /opt/rustwide/workdir/src/contract.rs:272:9
[INFO] [stdout]   21:     0x59470a4fc1c7 - insurance_dapp::contract::tests::test_unauthorized_approve::{{closure}}::h81c2cdfd17c063a1
[INFO] [stdout]                                at /opt/rustwide/workdir/src/contract.rs:257:35
[INFO] [stdout]   22:     0x59470a4d77a6 - core::ops::function::FnOnce::call_once::hfecfbf699b5d5715
[INFO] [stdout]                                at /rustc/6067b36314ab5eb2eb47cecc464545ba58e1ad24/library/core/src/ops/function.rs:250:5
[INFO] [stdout]   23:     0x59470a54c68b - core::ops::function::FnOnce::call_once::he27718dfdd183f43
[INFO] [stdout]                                at /rustc/6067b36314ab5eb2eb47cecc464545ba58e1ad24/library/core/src/ops/function.rs:250:5
[INFO] [stdout]   24:     0x59470a54c68b - test::__rust_begin_short_backtrace::h4e84902998457a5d
[INFO] [stdout]                                at /rustc/6067b36314ab5eb2eb47cecc464545ba58e1ad24/library/test/src/lib.rs:632:18
[INFO] [stdout]   25:     0x59470a54b5c3 - test::run_test_in_process::{{closure}}::h7176fd18fc1feca0
[INFO] [stdout]                                at /rustc/6067b36314ab5eb2eb47cecc464545ba58e1ad24/library/test/src/lib.rs:655:60
[INFO] [stdout]   26:     0x59470a54b5c3 - <core::panic::unwind_safe::AssertUnwindSafe<F> as core::ops::function::FnOnce<()>>::call_once::hf79cff2a624d8cf7
[INFO] [stdout]                                at /rustc/6067b36314ab5eb2eb47cecc464545ba58e1ad24/library/core/src/panic/unwind_safe.rs:272:9
[INFO] [stdout]   27:     0x59470a54b5c3 - std::panicking::try::do_call::h3da0561d9ab99c25
[INFO] [stdout]                                at /rustc/6067b36314ab5eb2eb47cecc464545ba58e1ad24/library/std/src/panicking.rs:587:40
[INFO] [stdout]   28:     0x59470a54b5c3 - std::panicking::try::h41c9fa508bc61df6
[INFO] [stdout]                                at /rustc/6067b36314ab5eb2eb47cecc464545ba58e1ad24/library/std/src/panicking.rs:550:19
[INFO] [stdout]   29:     0x59470a54b5c3 - std::panic::catch_unwind::h6b3ff07bb5afad93
[INFO] [stdout]                                at /rustc/6067b36314ab5eb2eb47cecc464545ba58e1ad24/library/std/src/panic.rs:358:14
[INFO] [stdout]   30:     0x59470a54b5c3 - test::run_test_in_process::hc7253dd11b39b9f4
[INFO] [stdout]                                at /rustc/6067b36314ab5eb2eb47cecc464545ba58e1ad24/library/test/src/lib.rs:655:27
[INFO] [stdout]   31:     0x59470a54b5c3 - test::run_test::{{closure}}::hfb2007f8649c30bb
[INFO] [stdout]                                at /rustc/6067b36314ab5eb2eb47cecc464545ba58e1ad24/library/test/src/lib.rs:576:43
[INFO] [stdout]   32:     0x59470a50e6a5 - test::run_test::{{closure}}::h56a17aa7a282a9f4
[INFO] [stdout]                                at /rustc/6067b36314ab5eb2eb47cecc464545ba58e1ad24/library/test/src/lib.rs:606:41
[INFO] [stdout]   33:     0x59470a50e6a5 - std::sys::backtrace::__rust_begin_short_backtrace::hd2d2d2fb8e8c6aac
[INFO] [stdout]                                at /rustc/6067b36314ab5eb2eb47cecc464545ba58e1ad24/library/std/src/sys/backtrace.rs:152:18
[INFO] [stdout]   34:     0x59470a511f8a - std::thread::Builder::spawn_unchecked_::{{closure}}::{{closure}}::h4faa3f9db6133423
[INFO] [stdout]                                at /rustc/6067b36314ab5eb2eb47cecc464545ba58e1ad24/library/std/src/thread/mod.rs:559:17
[INFO] [stdout]   35:     0x59470a511f8a - <core::panic::unwind_safe::AssertUnwindSafe<F> as core::ops::function::FnOnce<()>>::call_once::hf2e855a36a4ea846
[INFO] [stdout]                                at /rustc/6067b36314ab5eb2eb47cecc464545ba58e1ad24/library/core/src/panic/unwind_safe.rs:272:9
[INFO] [stdout]   36:     0x59470a511f8a - std::panicking::try::do_call::h2f73af3616c35465
[INFO] [stdout]                                at /rustc/6067b36314ab5eb2eb47cecc464545ba58e1ad24/library/std/src/panicking.rs:587:40
[INFO] [stdout]   37:     0x59470a511f8a - std::panicking::try::hd1660ce9efadef5a
[INFO] [stdout]                                at /rustc/6067b36314ab5eb2eb47cecc464545ba58e1ad24/library/std/src/panicking.rs:550:19
[INFO] [stdout]   38:     0x59470a511f8a - std::panic::catch_unwind::h5ee8d7823b8ca744
[INFO] [stdout]                                at /rustc/6067b36314ab5eb2eb47cecc464545ba58e1ad24/library/std/src/panic.rs:358:14
[INFO] [stdout]   39:     0x59470a511f8a - std::thread::Builder::spawn_unchecked_::{{closure}}::h53c3a1894dce8407
[INFO] [stdout]                                at /rustc/6067b36314ab5eb2eb47cecc464545ba58e1ad24/library/std/src/thread/mod.rs:557:30
[INFO] [stdout]   40:     0x59470a511f8a - core::ops::function::FnOnce::call_once{{vtable.shim}}::h048ce291ad4f62bf
[INFO] [stdout]                                at /rustc/6067b36314ab5eb2eb47cecc464545ba58e1ad24/library/core/src/ops/function.rs:250:5
[INFO] [stdout]   41:     0x59470a89765b - <alloc::boxed::Box<F,A> as core::ops::function::FnOnce<Args>>::call_once::ha52bedf99a3b4981
[INFO] [stdout]                                at /rustc/6067b36314ab5eb2eb47cecc464545ba58e1ad24/library/alloc/src/boxed.rs:2013:9
[INFO] [stdout]   42:     0x59470a89765b - <alloc::boxed::Box<F,A> as core::ops::function::FnOnce<Args>>::call_once::h567748934d80ccf8
[INFO] [stdout]                                at /rustc/6067b36314ab5eb2eb47cecc464545ba58e1ad24/library/alloc/src/boxed.rs:2013:9
[INFO] [stdout]   43:     0x59470a89765b - std::sys::pal::unix::thread::Thread::new::thread_start::h2d970728ae887adc
[INFO] [stdout]                                at /rustc/6067b36314ab5eb2eb47cecc464545ba58e1ad24/library/std/src/sys/pal/unix/thread.rs:106:17
[INFO] [stdout]   44:     0x7aa926bb4ac3 - <unknown>
[INFO] [stdout]   45:     0x7aa926c45a04 - clone
[INFO] [stdout]   46:                0x0 - <unknown>
[INFO] [stdout] 
[INFO] [stdout] ---- contract::tests::test_submit_duplicate_claim stdout ----
[INFO] [stdout] 
[INFO] [stdout] thread 'contract::tests::test_submit_duplicate_claim' panicked at src/contract.rs:165:71:
[INFO] [stdout] called `Result::unwrap()` on an `Err` value: Std(GenericErr { msg: "Error decoding bech32", backtrace: Backtrace [{ fn: "cosmwasm_std::errors::backtrace::BT::capture", file: "/opt/rustwide/cargo-home/registry/src/index.crates.io-1949cf8c6b5b557f/cosmwasm-std-2.1.4/src/errors/backtrace.rs", line: 18 }, { fn: "cosmwasm_std::errors::std_error::StdError::generic_err", file: "/opt/rustwide/cargo-home/registry/src/index.crates.io-1949cf8c6b5b557f/cosmwasm-std-2.1.4/src/errors/std_error.rs", line: 108 }, { fn: "<cosmwasm_std::testing::mock::MockApi as cosmwasm_std::traits::Api>::addr_canonicalize::{{closure}}", file: "/opt/rustwide/cargo-home/registry/src/index.crates.io-1949cf8c6b5b557f/cosmwasm-std-2.1.4/src/testing/mock.rs", line: 130 }, { fn: "core::result::Result<T,E>::map_err", file: "/rustc/6067b36314ab5eb2eb47cecc464545ba58e1ad24/library/core/src/result.rs", line: 856 }, { fn: "<cosmwasm_std::testing::mock::MockApi as cosmwasm_std::traits::Api>::addr_canonicalize", file: "/opt/rustwide/cargo-home/registry/src/index.crates.io-1949cf8c6b5b557f/cosmwasm-std-2.1.4/src/testing/mock.rs", line: 129 }, { fn: "<cosmwasm_std::testing::mock::MockApi as cosmwasm_std::traits::Api>::addr_validate", file: "/opt/rustwide/cargo-home/registry/src/index.crates.io-1949cf8c6b5b557f/cosmwasm-std-2.1.4/src/testing/mock.rs", line: 118 }, { fn: "insurance_dapp::contract::execute_submit_claim", file: "./src/contract.rs", line: 47 }, { fn: "insurance_dapp::contract::execute", file: "./src/contract.rs", line: 35 }, { fn: "insurance_dapp::contract::tests::test_submit_duplicate_claim", file: "./src/contract.rs", line: 165 }, { fn: "insurance_dapp::contract::tests::test_submit_duplicate_claim::{{closure}}", file: "./src/contract.rs", line: 149 }, { fn: "core::ops::function::FnOnce::call_once", file: "/rustc/6067b36314ab5eb2eb47cecc464545ba58e1ad24/library/core/src/ops/function.rs", line: 250 }, { fn: "core::ops::function::FnOnce::call_once", file: "/rustc/6067b36314ab5eb2eb47cecc464545ba58e1ad24/library/core/src/ops/function.rs", line: 250 }, { fn: "test::__rust_begin_short_backtrace", file: "/rustc/6067b36314ab5eb2eb47cecc464545ba58e1ad24/library/test/src/lib.rs", line: 632 }, { fn: "test::run_test_in_process::{{closure}}", file: "/rustc/6067b36314ab5eb2eb47cecc464545ba58e1ad24/library/test/src/lib.rs", line: 655 }, { fn: "<core::panic::unwind_safe::AssertUnwindSafe<F> as core::ops::function::FnOnce<()>>::call_once", file: "/rustc/6067b36314ab5eb2eb47cecc464545ba58e1ad24/library/core/src/panic/unwind_safe.rs", line: 272 }, { fn: "std::panicking::try::do_call", file: "/rustc/6067b36314ab5eb2eb47cecc464545ba58e1ad24/library/std/src/panicking.rs", line: 587 }, { fn: "std::panicking::try", file: "/rustc/6067b36314ab5eb2eb47cecc464545ba58e1ad24/library/std/src/panicking.rs", line: 550 }, { fn: "std::panic::catch_unwind", file: "/rustc/6067b36314ab5eb2eb47cecc464545ba58e1ad24/library/std/src/panic.rs", line: 358 }, { fn: "test::run_test_in_process", file: "/rustc/6067b36314ab5eb2eb47cecc464545ba58e1ad24/library/test/src/lib.rs", line: 655 }, { fn: "test::run_test::{{closure}}", file: "/rustc/6067b36314ab5eb2eb47cecc464545ba58e1ad24/library/test/src/lib.rs", line: 576 }, { fn: "test::run_test::{{closure}}", file: "/rustc/6067b36314ab5eb2eb47cecc464545ba58e1ad24/library/test/src/lib.rs", line: 606 }, { fn: "std::sys::backtrace::__rust_begin_short_backtrace", file: "/rustc/6067b36314ab5eb2eb47cecc464545ba58e1ad24/library/std/src/sys/backtrace.rs", line: 152 }, { fn: "std::thread::Builder::spawn_unchecked_::{{closure}}::{{closure}}", file: "/rustc/6067b36314ab5eb2eb47cecc464545ba58e1ad24/library/std/src/thread/mod.rs", line: 559 }, { fn: "<core::panic::unwind_safe::AssertUnwindSafe<F> as core::ops::function::FnOnce<()>>::call_once", file: "/rustc/6067b36314ab5eb2eb47cecc464545ba58e1ad24/library/core/src/panic/unwind_safe.rs", line: 272 }, { fn: "std::panicking::try::do_call", file: "/rustc/6067b36314ab5eb2eb47cecc464545ba58e1ad24/library/std/src/panicking.rs", line: 587 }, { fn: "std::panicking::try", file: "/rustc/6067b36314ab5eb2eb47cecc464545ba58e1ad24/library/std/src/panicking.rs", line: 550 }, { fn: "std::panic::catch_unwind", file: "/rustc/6067b36314ab5eb2eb47cecc464545ba58e1ad24/library/std/src/panic.rs", line: 358 }, { fn: "std::thread::Builder::spawn_unchecked_::{{closure}}", file: "/rustc/6067b36314ab5eb2eb47cecc464545ba58e1ad24/library/std/src/thread/mod.rs", line: 557 }, { fn: "core::ops::function::FnOnce::call_once{{vtable.shim}}", file: "/rustc/6067b36314ab5eb2eb47cecc464545ba58e1ad24/library/core/src/ops/function.rs", line: 250 }, { fn: "<alloc::boxed::Box<F,A> as core::ops::function::FnOnce<Args>>::call_once", file: "/rustc/6067b36314ab5eb2eb47cecc464545ba58e1ad24/library/alloc/src/boxed.rs", line: 2013 }, { fn: "<alloc::boxed::Box<F,A> as core::ops::function::FnOnce<Args>>::call_once", file: "/rustc/6067b36314ab5eb2eb47cecc464545ba58e1ad24/library/alloc/src/boxed.rs", line: 2013 }, { fn: "std::sys::pal::unix::thread::Thread::new::thread_start", file: "/rustc/6067b36314ab5eb2eb47cecc464545ba58e1ad24/library/std/src/sys/pal/unix/thread.rs", line: 106 }, { fn: "clone" }] })
[INFO] [stdout] stack backtrace:
[INFO] [stdout]    0:     0x59470a89170a - std::backtrace_rs::backtrace::libunwind::trace::hb059275cfc8d6126
[INFO] [stdout]                                at /rustc/6067b36314ab5eb2eb47cecc464545ba58e1ad24/library/std/src/../../backtrace/src/backtrace/libunwind.rs:116:5
[INFO] [stdout]    1:     0x59470a89170a - std::backtrace_rs::backtrace::trace_unsynchronized::h2da071e4327ce3ee
[INFO] [stdout]                                at /rustc/6067b36314ab5eb2eb47cecc464545ba58e1ad24/library/std/src/../../backtrace/src/backtrace/mod.rs:66:5
[INFO] [stdout]    2:     0x59470a89170a - std::sys::backtrace::_print_fmt::h842a1474e6f8d23f
[INFO] [stdout]                                at /rustc/6067b36314ab5eb2eb47cecc464545ba58e1ad24/library/std/src/sys/backtrace.rs:66:9
[INFO] [stdout]    3:     0x59470a89170a - <std::sys::backtrace::BacktraceLock::print::DisplayBacktrace as core::fmt::Display>::fmt::h71a62eb3b9696b12
[INFO] [stdout]                                at /rustc/6067b36314ab5eb2eb47cecc464545ba58e1ad24/library/std/src/sys/backtrace.rs:39:26
[INFO] [stdout]    4:     0x59470a8b95d3 - core::fmt::rt::Argument::fmt::hdb6b616786b41dc1
[INFO] [stdout]                                at /rustc/6067b36314ab5eb2eb47cecc464545ba58e1ad24/library/core/src/fmt/rt.rs:177:76
[INFO] [stdout]    5:     0x59470a8b95d3 - core::fmt::write::h2cc1698af7e2d686
[INFO] [stdout]                                at /rustc/6067b36314ab5eb2eb47cecc464545ba58e1ad24/library/core/src/fmt/mod.rs:1440:21
[INFO] [stdout]    6:     0x59470a88e003 - std::io::Write::write_fmt::hab1b4cd059a79022
[INFO] [stdout]                                at /rustc/6067b36314ab5eb2eb47cecc464545ba58e1ad24/library/std/src/io/mod.rs:1887:15
[INFO] [stdout]    7:     0x59470a891552 - std::sys::backtrace::BacktraceLock::print::h147fe35b4ea13b08
[INFO] [stdout]                                at /rustc/6067b36314ab5eb2eb47cecc464545ba58e1ad24/library/std/src/sys/backtrace.rs:42:9
[INFO] [stdout]    8:     0x59470a892b2f - std::panicking::default_hook::{{closure}}::hbd44223dbdc0d208
[INFO] [stdout]                                at /rustc/6067b36314ab5eb2eb47cecc464545ba58e1ad24/library/std/src/panicking.rs:298:22
[INFO] [stdout]    9:     0x59470a892948 - std::panicking::default_hook::h20f81eb0576efcec
[INFO] [stdout]                                at /rustc/6067b36314ab5eb2eb47cecc464545ba58e1ad24/library/std/src/panicking.rs:322:9
[INFO] [stdout]   10:     0x59470a546f33 - <alloc::boxed::Box<F,A> as core::ops::function::Fn<Args>>::call::hdb53814c496a4d34
[INFO] [stdout]                                at /rustc/6067b36314ab5eb2eb47cecc464545ba58e1ad24/library/alloc/src/boxed.rs:2027:9
[INFO] [stdout]   11:     0x59470a546f33 - test::test_main::{{closure}}::hc0a4963c59427c24
[INFO] [stdout]                                at /rustc/6067b36314ab5eb2eb47cecc464545ba58e1ad24/library/test/src/lib.rs:134:21
[INFO] [stdout]   12:     0x59470a893623 - <alloc::boxed::Box<F,A> as core::ops::function::Fn<Args>>::call::h591b2225413a77e9
[INFO] [stdout]                                at /rustc/6067b36314ab5eb2eb47cecc464545ba58e1ad24/library/alloc/src/boxed.rs:2027:9
[INFO] [stdout]   13:     0x59470a893623 - std::panicking::rust_panic_with_hook::h625eea43051b2edc
[INFO] [stdout]                                at /rustc/6067b36314ab5eb2eb47cecc464545ba58e1ad24/library/std/src/panicking.rs:839:13
[INFO] [stdout]   14:     0x59470a8932da - std::panicking::begin_panic_handler::{{closure}}::h4f9159cfbc3f6bd3
[INFO] [stdout]                                at /rustc/6067b36314ab5eb2eb47cecc464545ba58e1ad24/library/std/src/panicking.rs:704:13
[INFO] [stdout]   15:     0x59470a891c09 - std::sys::backtrace::__rust_end_short_backtrace::h0390abce48353151
[INFO] [stdout]                                at /rustc/6067b36314ab5eb2eb47cecc464545ba58e1ad24/library/std/src/sys/backtrace.rs:168:18
[INFO] [stdout]   16:     0x59470a892f6d - rust_begin_unwind
[INFO] [stdout]                                at /rustc/6067b36314ab5eb2eb47cecc464545ba58e1ad24/library/std/src/panicking.rs:695:5
[INFO] [stdout]   17:     0x59470a8b7a50 - core::panicking::panic_fmt::h9e7c637e9e5f29c9
[INFO] [stdout]                                at /rustc/6067b36314ab5eb2eb47cecc464545ba58e1ad24/library/core/src/panicking.rs:75:14
[INFO] [stdout]   18:     0x59470a8b7ec6 - core::result::unwrap_failed::h7979f09313fe1849
[INFO] [stdout]                                at /rustc/6067b36314ab5eb2eb47cecc464545ba58e1ad24/library/core/src/result.rs:1704:5
[INFO] [stdout]   19:     0x59470a4fa488 - core::result::Result<T,E>::unwrap::ha7e5613521463018
[INFO] [stdout]                                at /rustc/6067b36314ab5eb2eb47cecc464545ba58e1ad24/library/core/src/result.rs:1109:23
[INFO] [stdout]   20:     0x59470a4fa488 - insurance_dapp::contract::tests::test_submit_duplicate_claim::h85131e94457289ce
[INFO] [stdout]                                at /opt/rustwide/workdir/src/contract.rs:165:9
[INFO] [stdout]   21:     0x59470a4f9e87 - insurance_dapp::contract::tests::test_submit_duplicate_claim::{{closure}}::h5830fdd67720f044
[INFO] [stdout]                                at /opt/rustwide/workdir/src/contract.rs:149:37
[INFO] [stdout]   22:     0x59470a4d7656 - core::ops::function::FnOnce::call_once::hcce3b5d3c55f45c6
[INFO] [stdout]                                at /rustc/6067b36314ab5eb2eb47cecc464545ba58e1ad24/library/core/src/ops/function.rs:250:5
[INFO] [stdout]   23:     0x59470a54c68b - core::ops::function::FnOnce::call_once::he27718dfdd183f43
[INFO] [stdout]                                at /rustc/6067b36314ab5eb2eb47cecc464545ba58e1ad24/library/core/src/ops/function.rs:250:5
[INFO] [stdout]   24:     0x59470a54c68b - test::__rust_begin_short_backtrace::h4e84902998457a5d
[INFO] [stdout]                                at /rustc/6067b36314ab5eb2eb47cecc464545ba58e1ad24/library/test/src/lib.rs:632:18
[INFO] [stdout]   25:     0x59470a54b5c3 - test::run_test_in_process::{{closure}}::h7176fd18fc1feca0
[INFO] [stdout]                                at /rustc/6067b36314ab5eb2eb47cecc464545ba58e1ad24/library/test/src/lib.rs:655:60
[INFO] [stdout]   26:     0x59470a54b5c3 - <core::panic::unwind_safe::AssertUnwindSafe<F> as core::ops::function::FnOnce<()>>::call_once::hf79cff2a624d8cf7
[INFO] [stdout]                                at /rustc/6067b36314ab5eb2eb47cecc464545ba58e1ad24/library/core/src/panic/unwind_safe.rs:272:9
[INFO] [stdout]   27:     0x59470a54b5c3 - std::panicking::try::do_call::h3da0561d9ab99c25
[INFO] [stdout]                                at /rustc/6067b36314ab5eb2eb47cecc464545ba58e1ad24/library/std/src/panicking.rs:587:40
[INFO] [stdout]   28:     0x59470a54b5c3 - std::panicking::try::h41c9fa508bc61df6
[INFO] [stdout]                                at /rustc/6067b36314ab5eb2eb47cecc464545ba58e1ad24/library/std/src/panicking.rs:550:19
[INFO] [stdout]   29:     0x59470a54b5c3 - std::panic::catch_unwind::h6b3ff07bb5afad93
[INFO] [stdout]                                at /rustc/6067b36314ab5eb2eb47cecc464545ba58e1ad24/library/std/src/panic.rs:358:14
[INFO] [stdout]   30:     0x59470a54b5c3 - test::run_test_in_process::hc7253dd11b39b9f4
[INFO] [stdout]                                at /rustc/6067b36314ab5eb2eb47cecc464545ba58e1ad24/library/test/src/lib.rs:655:27
[INFO] [stdout]   31:     0x59470a54b5c3 - test::run_test::{{closure}}::hfb2007f8649c30bb
[INFO] [stdout]                                at /rustc/6067b36314ab5eb2eb47cecc464545ba58e1ad24/library/test/src/lib.rs:576:43
[INFO] [stdout]   32:     0x59470a50e6a5 - test::run_test::{{closure}}::h56a17aa7a282a9f4
[INFO] [stdout]                                at /rustc/6067b36314ab5eb2eb47cecc464545ba58e1ad24/library/test/src/lib.rs:606:41
[INFO] [stdout]   33:     0x59470a50e6a5 - std::sys::backtrace::__rust_begin_short_backtrace::hd2d2d2fb8e8c6aac
[INFO] [stdout]                                at /rustc/6067b36314ab5eb2eb47cecc464545ba58e1ad24/library/std/src/sys/backtrace.rs:152:18
[INFO] [stdout]   34:     0x59470a511f8a - std::thread::Builder::spawn_unchecked_::{{closure}}::{{closure}}::h4faa3f9db6133423
[INFO] [stdout]                                at /rustc/6067b36314ab5eb2eb47cecc464545ba58e1ad24/library/std/src/thread/mod.rs:559:17
[INFO] [stdout]   35:     0x59470a511f8a - <core::panic::unwind_safe::AssertUnwindSafe<F> as core::ops::function::FnOnce<()>>::call_once::hf2e855a36a4ea846
[INFO] [stdout]                                at /rustc/6067b36314ab5eb2eb47cecc464545ba58e1ad24/library/core/src/panic/unwind_safe.rs:272:9
[INFO] [stdout]   36:     0x59470a511f8a - std::panicking::try::do_call::h2f73af3616c35465
[INFO] [stdout]                                at /rustc/6067b36314ab5eb2eb47cecc464545ba58e1ad24/library/std/src/panicking.rs:587:40
[INFO] [stdout]   37:     0x59470a511f8a - std::panicking::try::hd1660ce9efadef5a
[INFO] [stdout]                                at /rustc/6067b36314ab5eb2eb47cecc464545ba58e1ad24/library/std/src/panicking.rs:550:19
[INFO] [stdout]   38:     0x59470a511f8a - std::panic::catch_unwind::h5ee8d7823b8ca744
[INFO] [stdout]                                at /rustc/6067b36314ab5eb2eb47cecc464545ba58e1ad24/library/std/src/panic.rs:358:14
[INFO] [stdout]   39:     0x59470a511f8a - std::thread::Builder::spawn_unchecked_::{{closure}}::h53c3a1894dce8407
[INFO] [stdout]                                at /rustc/6067b36314ab5eb2eb47cecc464545ba58e1ad24/library/std/src/thread/mod.rs:557:30
[INFO] [stdout]   40:     0x59470a511f8a - core::ops::function::FnOnce::call_once{{vtable.shim}}::h048ce291ad4f62bf
[INFO] [stdout]                                at /rustc/6067b36314ab5eb2eb47cecc464545ba58e1ad24/library/core/src/ops/function.rs:250:5
[INFO] [stdout]   41:     0x59470a89765b - <alloc::boxed::Box<F,A> as core::ops::function::FnOnce<Args>>::call_once::ha52bedf99a3b4981
[INFO] [stdout]                                at /rustc/6067b36314ab5eb2eb47cecc464545ba58e1ad24/library/alloc/src/boxed.rs:2013:9
[INFO] [stdout]   42:     0x59470a89765b - <alloc::boxed::Box<F,A> as core::ops::function::FnOnce<Args>>::call_once::h567748934d80ccf8
[INFO] [stdout]                                at /rustc/6067b36314ab5eb2eb47cecc464545ba58e1ad24/library/alloc/src/boxed.rs:2013:9
[INFO] [stdout]   43:     0x59470a89765b - std::sys::pal::unix::thread::Thread::new::thread_start::h2d970728ae887adc
[INFO] [stdout]                                at /rustc/6067b36314ab5eb2eb47cecc464545ba58e1ad24/library/std/src/sys/pal/unix/thread.rs:106:17
[INFO] [stdout]   44:     0x7aa926bb4ac3 - <unknown>
[INFO] [stdout]   45:     0x7aa926c45a04 - clone
[INFO] [stdout]   46:                0x0 - <unknown>
[INFO] [stdout] 
[INFO] [stdout] ---- contract::tests::test_approve_claim stdout ----
[INFO] [stdout] 
[INFO] [stdout] thread 'contract::tests::test_approve_claim' panicked at src/contract.rs:199:71:
[INFO] [stdout] called `Result::unwrap()` on an `Err` value: Std(GenericErr { msg: "Error decoding bech32", backtrace: Backtrace [{ fn: "cosmwasm_std::errors::backtrace::BT::capture", file: "/opt/rustwide/cargo-home/registry/src/index.crates.io-1949cf8c6b5b557f/cosmwasm-std-2.1.4/src/errors/backtrace.rs", line: 18 }, { fn: "cosmwasm_std::errors::std_error::StdError::generic_err", file: "/opt/rustwide/cargo-home/registry/src/index.crates.io-1949cf8c6b5b557f/cosmwasm-std-2.1.4/src/errors/std_error.rs", line: 108 }, { fn: "<cosmwasm_std::testing::mock::MockApi as cosmwasm_std::traits::Api>::addr_canonicalize::{{closure}}", file: "/opt/rustwide/cargo-home/registry/src/index.crates.io-1949cf8c6b5b557f/cosmwasm-std-2.1.4/src/testing/mock.rs", line: 130 }, { fn: "core::result::Result<T,E>::map_err", file: "/rustc/6067b36314ab5eb2eb47cecc464545ba58e1ad24/library/core/src/result.rs", line: 856 }, { fn: "<cosmwasm_std::testing::mock::MockApi as cosmwasm_std::traits::Api>::addr_canonicalize", file: "/opt/rustwide/cargo-home/registry/src/index.crates.io-1949cf8c6b5b557f/cosmwasm-std-2.1.4/src/testing/mock.rs", line: 129 }, { fn: "<cosmwasm_std::testing::mock::MockApi as cosmwasm_std::traits::Api>::addr_validate", file: "/opt/rustwide/cargo-home/registry/src/index.crates.io-1949cf8c6b5b557f/cosmwasm-std-2.1.4/src/testing/mock.rs", line: 118 }, { fn: "insurance_dapp::contract::execute_submit_claim", file: "./src/contract.rs", line: 47 }, { fn: "insurance_dapp::contract::execute", file: "./src/contract.rs", line: 35 }, { fn: "insurance_dapp::contract::tests::test_approve_claim", file: "./src/contract.rs", line: 199 }, { fn: "insurance_dapp::contract::tests::test_approve_claim::{{closure}}", file: "./src/contract.rs", line: 184 }, { fn: "core::ops::function::FnOnce::call_once", file: "/rustc/6067b36314ab5eb2eb47cecc464545ba58e1ad24/library/core/src/ops/function.rs", line: 250 }, { fn: "core::ops::function::FnOnce::call_once", file: "/rustc/6067b36314ab5eb2eb47cecc464545ba58e1ad24/library/core/src/ops/function.rs", line: 250 }, { fn: "test::__rust_begin_short_backtrace", file: "/rustc/6067b36314ab5eb2eb47cecc464545ba58e1ad24/library/test/src/lib.rs", line: 632 }, { fn: "test::run_test_in_process::{{closure}}", file: "/rustc/6067b36314ab5eb2eb47cecc464545ba58e1ad24/library/test/src/lib.rs", line: 655 }, { fn: "<core::panic::unwind_safe::AssertUnwindSafe<F> as core::ops::function::FnOnce<()>>::call_once", file: "/rustc/6067b36314ab5eb2eb47cecc464545ba58e1ad24/library/core/src/panic/unwind_safe.rs", line: 272 }, { fn: "std::panicking::try::do_call", file: "/rustc/6067b36314ab5eb2eb47cecc464545ba58e1ad24/library/std/src/panicking.rs", line: 587 }, { fn: "std::panicking::try", file: "/rustc/6067b36314ab5eb2eb47cecc464545ba58e1ad24/library/std/src/panicking.rs", line: 550 }, { fn: "std::panic::catch_unwind", file: "/rustc/6067b36314ab5eb2eb47cecc464545ba58e1ad24/library/std/src/panic.rs", line: 358 }, { fn: "test::run_test_in_process", file: "/rustc/6067b36314ab5eb2eb47cecc464545ba58e1ad24/library/test/src/lib.rs", line: 655 }, { fn: "test::run_test::{{closure}}", file: "/rustc/6067b36314ab5eb2eb47cecc464545ba58e1ad24/library/test/src/lib.rs", line: 576 }, { fn: "test::run_test::{{closure}}", file: "/rustc/6067b36314ab5eb2eb47cecc464545ba58e1ad24/library/test/src/lib.rs", line: 606 }, { fn: "std::sys::backtrace::__rust_begin_short_backtrace", file: "/rustc/6067b36314ab5eb2eb47cecc464545ba58e1ad24/library/std/src/sys/backtrace.rs", line: 152 }, { fn: "std::thread::Builder::spawn_unchecked_::{{closure}}::{{closure}}", file: "/rustc/6067b36314ab5eb2eb47cecc464545ba58e1ad24/library/std/src/thread/mod.rs", line: 559 }, { fn: "<core::panic::unwind_safe::AssertUnwindSafe<F> as core::ops::function::FnOnce<()>>::call_once", file: "/rustc/6067b36314ab5eb2eb47cecc464545ba58e1ad24/library/core/src/panic/unwind_safe.rs", line: 272 }, { fn: "std::panicking::try::do_call", file: "/rustc/6067b36314ab5eb2eb47cecc464545ba58e1ad24/library/std/src/panicking.rs", line: 587 }, { fn: "std::panicking::try", file: "/rustc/6067b36314ab5eb2eb47cecc464545ba58e1ad24/library/std/src/panicking.rs", line: 550 }, { fn: "std::panic::catch_unwind", file: "/rustc/6067b36314ab5eb2eb47cecc464545ba58e1ad24/library/std/src/panic.rs", line: 358 }, { fn: "std::thread::Builder::spawn_unchecked_::{{closure}}", file: "/rustc/6067b36314ab5eb2eb47cecc464545ba58e1ad24/library/std/src/thread/mod.rs", line: 557 }, { fn: "core::ops::function::FnOnce::call_once{{vtable.shim}}", file: "/rustc/6067b36314ab5eb2eb47cecc464545ba58e1ad24/library/core/src/ops/function.rs", line: 250 }, { fn: "<alloc::boxed::Box<F,A> as core::ops::function::FnOnce<Args>>::call_once", file: "/rustc/6067b36314ab5eb2eb47cecc464545ba58e1ad24/library/alloc/src/boxed.rs", line: 2013 }, { fn: "<alloc::boxed::Box<F,A> as core::ops::function::FnOnce<Args>>::call_once", file: "/rustc/6067b36314ab5eb2eb47cecc464545ba58e1ad24/library/alloc/src/boxed.rs", line: 2013 }, { fn: "std::sys::pal::unix::thread::Thread::new::thread_start", file: "/rustc/6067b36314ab5eb2eb47cecc464545ba58e1ad24/library/std/src/sys/pal/unix/thread.rs", line: 106 }, { fn: "clone" }] })
[INFO] [stdout] stack backtrace:
[INFO] [stdout]    0:     0x59470a89170a - std::backtrace_rs::backtrace::libunwind::trace::hb059275cfc8d6126
[INFO] [stdout]                                at /rustc/6067b36314ab5eb2eb47cecc464545ba58e1ad24/library/std/src/../../backtrace/src/backtrace/libunwind.rs:116:5
[INFO] [stdout]    1:     0x59470a89170a - std::backtrace_rs::backtrace::trace_unsynchronized::h2da071e4327ce3ee
[INFO] [stdout]                                at /rustc/6067b36314ab5eb2eb47cecc464545ba58e1ad24/library/std/src/../../backtrace/src/backtrace/mod.rs:66:5
[INFO] [stdout]    2:     0x59470a89170a - std::sys::backtrace::_print_fmt::h842a1474e6f8d23f
[INFO] [stdout]                                at /rustc/6067b36314ab5eb2eb47cecc464545ba58e1ad24/library/std/src/sys/backtrace.rs:66:9
[INFO] [stdout]    3:     0x59470a89170a - <std::sys::backtrace::BacktraceLock::print::DisplayBacktrace as core::fmt::Display>::fmt::h71a62eb3b9696b12
[INFO] [stdout]                                at /rustc/6067b36314ab5eb2eb47cecc464545ba58e1ad24/library/std/src/sys/backtrace.rs:39:26
[INFO] [stdout]    4:     0x59470a8b95d3 - core::fmt::rt::Argument::fmt::hdb6b616786b41dc1
[INFO] [stdout]                                at /rustc/6067b36314ab5eb2eb47cecc464545ba58e1ad24/library/core/src/fmt/rt.rs:177:76
[INFO] [stdout]    5:     0x59470a8b95d3 - core::fmt::write::h2cc1698af7e2d686
[INFO] [stdout]                                at /rustc/6067b36314ab5eb2eb47cecc464545ba58e1ad24/library/core/src/fmt/mod.rs:1440:21
[INFO] [stdout]    6:     0x59470a88e003 - std::io::Write::write_fmt::hab1b4cd059a79022
[INFO] [stdout]                                at /rustc/6067b36314ab5eb2eb47cecc464545ba58e1ad24/library/std/src/io/mod.rs:1887:15
[INFO] [stdout]    7:     0x59470a891552 - std::sys::backtrace::BacktraceLock::print::h147fe35b4ea13b08
[INFO] [stdout]                                at /rustc/6067b36314ab5eb2eb47cecc464545ba58e1ad24/library/std/src/sys/backtrace.rs:42:9
[INFO] [stdout]    8:     0x59470a892b2f - std::panicking::default_hook::{{closure}}::hbd44223dbdc0d208
[INFO] [stdout]                                at /rustc/6067b36314ab5eb2eb47cecc464545ba58e1ad24/library/std/src/panicking.rs:298:22
[INFO] [stdout]    9:     0x59470a892948 - std::panicking::default_hook::h20f81eb0576efcec
[INFO] [stdout]                                at /rustc/6067b36314ab5eb2eb47cecc464545ba58e1ad24/library/std/src/panicking.rs:322:9
[INFO] [stdout]   10:     0x59470a546f33 - <alloc::boxed::Box<F,A> as core::ops::function::Fn<Args>>::call::hdb53814c496a4d34
[INFO] [stdout]                                at /rustc/6067b36314ab5eb2eb47cecc464545ba58e1ad24/library/alloc/src/boxed.rs:2027:9
[INFO] [stdout]   11:     0x59470a546f33 - test::test_main::{{closure}}::hc0a4963c59427c24
[INFO] [stdout]                                at /rustc/6067b36314ab5eb2eb47cecc464545ba58e1ad24/library/test/src/lib.rs:134:21
[INFO] [stdout]   12:     0x59470a893623 - <alloc::boxed::Box<F,A> as core::ops::function::Fn<Args>>::call::h591b2225413a77e9
[INFO] [stdout]                                at /rustc/6067b36314ab5eb2eb47cecc464545ba58e1ad24/library/alloc/src/boxed.rs:2027:9
[INFO] [stdout]   13:     0x59470a893623 - std::panicking::rust_panic_with_hook::h625eea43051b2edc
[INFO] [stdout]                                at /rustc/6067b36314ab5eb2eb47cecc464545ba58e1ad24/library/std/src/panicking.rs:839:13
[INFO] [stdout]   14:     0x59470a8932da - std::panicking::begin_panic_handler::{{closure}}::h4f9159cfbc3f6bd3
[INFO] [stdout]                                at /rustc/6067b36314ab5eb2eb47cecc464545ba58e1ad24/library/std/src/panicking.rs:704:13
[INFO] [stdout]   15:     0x59470a891c09 - std::sys::backtrace::__rust_end_short_backtrace::h0390abce48353151
[INFO] [stdout]                                at /rustc/6067b36314ab5eb2eb47cecc464545ba58e1ad24/library/std/src/sys/backtrace.rs:168:18
[INFO] [stdout]   16:     0x59470a892f6d - rust_begin_unwind
[INFO] [stdout]                                at /rustc/6067b36314ab5eb2eb47cecc464545ba58e1ad24/library/std/src/panicking.rs:695:5
[INFO] [stdout]   17:     0x59470a8b7a50 - core::panicking::panic_fmt::h9e7c637e9e5f29c9
[INFO] [stdout]                                at /rustc/6067b36314ab5eb2eb47cecc464545ba58e1ad24/library/core/src/panicking.rs:75:14
[INFO] [stdout]   18:     0x59470a8b7ec6 - core::result::unwrap_failed::h7979f09313fe1849
[INFO] [stdout]                                at /rustc/6067b36314ab5eb2eb47cecc464545ba58e1ad24/library/core/src/result.rs:1704:5
[INFO] [stdout]   19:     0x59470a4fae68 - core::result::Result<T,E>::unwrap::ha7e5613521463018
[INFO] [stdout]                                at /rustc/6067b36314ab5eb2eb47cecc464545ba58e1ad24/library/core/src/result.rs:1109:23
[INFO] [stdout]   20:     0x59470a4fae68 - insurance_dapp::contract::tests::test_approve_claim::h372b1e31f08774f4
[INFO] [stdout]                                at /opt/rustwide/workdir/src/contract.rs:199:9
[INFO] [stdout]   21:     0x59470a4fa867 - insurance_dapp::contract::tests::test_approve_claim::{{closure}}::h06954a2e4c42bdae
[INFO] [stdout]                                at /opt/rustwide/workdir/src/contract.rs:184:28
[INFO] [stdout]   22:     0x59470a4d7416 - core::ops::function::FnOnce::call_once::h62d6f28c3656a69a
[INFO] [stdout]                                at /rustc/6067b36314ab5eb2eb47cecc464545ba58e1ad24/library/core/src/ops/function.rs:250:5
[INFO] [stdout]   23:     0x59470a54c68b - core::ops::function::FnOnce::call_once::he27718dfdd183f43
[INFO] [stdout]                                at /rustc/6067b36314ab5eb2eb47cecc464545ba58e1ad24/library/core/src/ops/function.rs:250:5
[INFO] [stdout]   24:     0x59470a54c68b - test::__rust_begin_short_backtrace::h4e84902998457a5d
[INFO] [stdout]                                at /rustc/6067b36314ab5eb2eb47cecc464545ba58e1ad24/library/test/src/lib.rs:632:18
[INFO] [stdout]   25:     0x59470a54b5c3 - test::run_test_in_process::{{closure}}::h7176fd18fc1feca0
[INFO] [stdout]                                at /rustc/6067b36314ab5eb2eb47cecc464545ba58e1ad24/library/test/src/lib.rs:655:60
[INFO] [stdout]   26:     0x59470a54b5c3 - <core::panic::unwind_safe::AssertUnwindSafe<F> as core::ops::function::FnOnce<()>>::call_once::hf79cff2a624d8cf7
[INFO] [stdout]                                at /rustc/6067b36314ab5eb2eb47cecc464545ba58e1ad24/library/core/src/panic/unwind_safe.rs:272:9
[INFO] [stdout]   27:     0x59470a54b5c3 - std::panicking::try::do_call::h3da0561d9ab99c25
[INFO] [stdout]                                at /rustc/6067b36314ab5eb2eb47cecc464545ba58e1ad24/library/std/src/panicking.rs:587:40
[INFO] [stdout]   28:     0x59470a54b5c3 - std::panicking::try::h41c9fa508bc61df6
[INFO] [stdout]                                at /rustc/6067b36314ab5eb2eb47cecc464545ba58e1ad24/library/std/src/panicking.rs:550:19
[INFO] [stdout]   29:     0x59470a54b5c3 - std::panic::catch_unwind::h6b3ff07bb5afad93
[INFO] [stdout]                                at /rustc/6067b36314ab5eb2eb47cecc464545ba58e1ad24/library/std/src/panic.rs:358:14
[INFO] [stdout]   30:     0x59470a54b5c3 - test::run_test_in_process::hc7253dd11b39b9f4
[INFO] [stdout]                                at /rustc/6067b36314ab5eb2eb47cecc464545ba58e1ad24/library/test/src/lib.rs:655:27
[INFO] [stdout]   31:     0x59470a54b5c3 - test::run_test::{{closure}}::hfb2007f8649c30bb
[INFO] [stdout]                                at /rustc/6067b36314ab5eb2eb47cecc464545ba58e1ad24/library/test/src/lib.rs:576:43
[INFO] [stdout]   32:     0x59470a50e6a5 - test::run_test::{{closure}}::h56a17aa7a282a9f4
[INFO] [stdout]                                at /rustc/6067b36314ab5eb2eb47cecc464545ba58e1ad24/library/test/src/lib.rs:606:41
[INFO] [stdout]   33:     0x59470a50e6a5 - std::sys::backtrace::__rust_begin_short_backtrace::hd2d2d2fb8e8c6aac
[INFO] [stdout]                                at /rustc/6067b36314ab5eb2eb47cecc464545ba58e1ad24/library/std/src/sys/backtrace.rs:152:18
[INFO] [stdout]   34:     0x59470a511f8a - std::thread::Builder::spawn_unchecked_::{{closure}}::{{closure}}::h4faa3f9db6133423
[INFO] [stdout]                                at /rustc/6067b36314ab5eb2eb47cecc464545ba58e1ad24/library/std/src/thread/mod.rs:559:17
[INFO] [stdout]   35:     0x59470a511f8a - <core::panic::unwind_safe::AssertUnwindSafe<F> as core::ops::function::FnOnce<()>>::call_once::hf2e855a36a4ea846
[INFO] [stdout]                                at /rustc/6067b36314ab5eb2eb47cecc464545ba58e1ad24/library/core/src/panic/unwind_safe.rs:272:9
[INFO] [stdout]   36:     0x59470a511f8a - std::panicking::try::do_call::h2f73af3616c35465
[INFO] [stdout]                                at /rustc/6067b36314ab5eb2eb47cecc464545ba58e1ad24/library/std/src/panicking.rs:587:40
[INFO] [stdout]   37:     0x59470a511f8a - std::panicking::try::hd1660ce9efadef5a
[INFO] [stdout]                                at /rustc/6067b36314ab5eb2eb47cecc464545ba58e1ad24/library/std/src/panicking.rs:550:19
[INFO] [stdout]   38:     0x59470a511f8a - std::panic::catch_unwind::h5ee8d7823b8ca744
[INFO] [stdout]                                at /rustc/6067b36314ab5eb2eb47cecc464545ba58e1ad24/library/std/src/panic.rs:358:14
[INFO] [stdout]   39:     0x59470a511f8a - std::thread::Builder::spawn_unchecked_::{{closure}}::h53c3a1894dce8407
[INFO] [stdout]                                at /rustc/6067b36314ab5eb2eb47cecc464545ba58e1ad24/library/std/src/thread/mod.rs:557:30
[INFO] [stdout]   40:     0x59470a511f8a - core::ops::function::FnOnce::call_once{{vtable.shim}}::h048ce291ad4f62bf
[INFO] [stdout]                                at /rustc/6067b36314ab5eb2eb47cecc464545ba58e1ad24/library/core/src/ops/function.rs:250:5
[INFO] [stdout]   41:     0x59470a89765b - <alloc::boxed::Box<F,A> as core::ops::function::FnOnce<Args>>::call_once::ha52bedf99a3b4981
[INFO] [stdout]                                at /rustc/6067b36314ab5eb2eb47cecc464545ba58e1ad24/library/alloc/src/boxed.rs:2013:9
[INFO] [stdout]   42:     0x59470a89765b - <alloc::boxed::Box<F,A> as core::ops::function::FnOnce<Args>>::call_once::h567748934d80ccf8
[INFO] [stdout]                                at /rustc/6067b36314ab5eb2eb47cecc464545ba58e1ad24/library/alloc/src/boxed.rs:2013:9
[INFO] [stdout]   43:     0x59470a89765b - std::sys::pal::unix::thread::Thread::new::thread_start::h2d970728ae887adc
[INFO] [stdout]                                at /rustc/6067b36314ab5eb2eb47cecc464545ba58e1ad24/library/std/src/sys/pal/unix/thread.rs:106:17
[INFO] [stdout]   44:     0x7aa926bb4ac3 - <unknown>
[INFO] [stdout]   45:     0x7aa926c45a04 - clone
[INFO] [stdout]   46:                0x0 - <unknown>
[INFO] [stdout] 
[INFO] [stdout] 
[INFO] [stdout] failures:
[INFO] [stdout]     contract::tests::test_approve_claim
[INFO] [stdout]     contract::tests::test_double_approval_error
[INFO] [stdout]     contract::tests::test_submit_claim
[INFO] [stdout]     contract::tests::test_submit_duplicate_claim
[INFO] [stdout]     contract::tests::test_unauthorized_approve
[INFO] [stdout] 
[INFO] [stdout] test result: FAILED. 1 passed; 5 failed; 0 ignored; 0 measured; 0 filtered out; finished in 0.05s
[INFO] [stdout] 
[INFO] [stderr] error: test failed, to rerun pass `--lib`
[INFO] running `Command { std: "docker" "inspect" "d9a0f7c93089e0e3e2ba0f71abf33ebdcbf620d4c933995147e4d6539cc8bdbf", kill_on_drop: false }`
[INFO] running `Command { std: "docker" "rm" "-f" "d9a0f7c93089e0e3e2ba0f71abf33ebdcbf620d4c933995147e4d6539cc8bdbf", kill_on_drop: false }`
[INFO] [stdout] d9a0f7c93089e0e3e2ba0f71abf33ebdcbf620d4c933995147e4d6539cc8bdbf
