[INFO] cloning repository https://github.com/Abdullah1491/staking-contract
[INFO] running `Command { std: "git" "-c" "credential.helper=" "-c" "credential.helper=/workspace/cargo-home/bin/git-credential-null" "clone" "--bare" "https://github.com/Abdullah1491/staking-contract" "/workspace/cache/git-repos/https%3A%2F%2Fgithub.com%2FAbdullah1491%2Fstaking-contract", kill_on_drop: false }`
[INFO] [stderr] Cloning into bare repository '/workspace/cache/git-repos/https%3A%2F%2Fgithub.com%2FAbdullah1491%2Fstaking-contract'...
[INFO] running `Command { std: "git" "rev-parse" "HEAD", kill_on_drop: false }`
[INFO] [stdout] 88b46c77f2d5c85874e9dc5e3f324cd147cc4797
[INFO] testing Abdullah1491/staking-contract against nightly-2025-01-18+rustflags=-Zrandomize-layout for randomize-layout-2
[INFO] running `Command { std: "git" "clone" "/workspace/cache/git-repos/https%3A%2F%2Fgithub.com%2FAbdullah1491%2Fstaking-contract" "/workspace/builds/worker-1-tc2/source", kill_on_drop: false }`
[INFO] [stderr] Cloning into '/workspace/builds/worker-1-tc2/source'...
[INFO] [stderr] done.
[INFO] [stderr] Updating files:  51% (989/1936)
Updating files:  52% (1007/1936)
Updating files:  53% (1027/1936)
Updating files:  54% (1046/1936)
Updating files:  55% (1065/1936)
Updating files:  55% (1080/1936)
Updating files:  56% (1085/1936)
Updating files:  56% (1093/1936)
Updating files:  57% (1104/1936)
Updating files:  58% (1123/1936)
Updating files:  59% (1143/1936)
Updating files:  60% (1162/1936)
Updating files:  60% (1166/1936)
Updating files:  61% (1181/1936)
Updating files:  61% (1186/1936)
Updating files:  62% (1201/1936)
Updating files:  63% (1220/1936)
Updating files:  64% (1240/1936)
Updating files:  64% (1250/1936)
Updating files:  65% (1259/1936)
Updating files:  66% (1278/1936)
Updating files:  67% (1298/1936)
Updating files:  68% (1317/1936)
Updating files:  69% (1336/1936)
Updating files:  70% (1356/1936)
Updating files:  71% (1375/1936)
Updating files:  72% (1394/1936)
Updating files:  73% (1414/1936)
Updating files:  74% (1433/1936)
Updating files:  75% (1452/1936)
Updating files:  76% (1472/1936)
Updating files:  77% (1491/1936)
Updating files:  78% (1511/1936)
Updating files:  79% (1530/1936)
Updating files:  80% (1549/1936)
Updating files:  81% (1569/1936)
Updating files:  82% (1588/1936)
Updating files:  83% (1607/1936)
Updating files:  84% (1627/1936)
Updating files:  85% (1646/1936)
Updating files:  86% (1665/1936)
Updating files:  87% (1685/1936)
Updating files:  88% (1704/1936)
Updating files:  88% (1723/1936)
Updating files:  89% (1724/1936)
Updating files:  90% (1743/1936)
Updating files:  91% (1762/1936)
Updating files:  92% (1782/1936)
Updating files:  93% (1801/1936)
Updating files:  94% (1820/1936)
Updating files:  95% (1840/1936)
Updating files:  96% (1859/1936)
Updating files:  97% (1878/1936)
Updating files:  98% (1898/1936)
Updating files:  99% (1917/1936)
Updating files: 100% (1936/1936)
Updating files: 100% (1936/1936), done.
[INFO] validating manifest of git repo https://github.com/Abdullah1491/staking-contract on toolchain nightly-2025-01-18
[INFO] running `Command { std: CARGO_HOME="/workspace/cargo-home" RUSTUP_HOME="/workspace/rustup-home" "/workspace/cargo-home/bin/cargo" "+nightly-2025-01-18" "metadata" "--manifest-path" "Cargo.toml" "--no-deps", kill_on_drop: false }`
[INFO] started tweaking git repo https://github.com/Abdullah1491/staking-contract
[INFO] finished tweaking git repo https://github.com/Abdullah1491/staking-contract
[INFO] tweaked toml for git repo https://github.com/Abdullah1491/staking-contract written to /workspace/builds/worker-1-tc2/source/Cargo.toml
[INFO] crate git repo https://github.com/Abdullah1491/staking-contract already has a lockfile, it will not be regenerated
[INFO] running `Command { std: CARGO_HOME="/workspace/cargo-home" RUSTUP_HOME="/workspace/rustup-home" "/workspace/cargo-home/bin/cargo" "+nightly-2025-01-18" "fetch" "--manifest-path" "Cargo.toml", kill_on_drop: false }`
[INFO] running `Command { std: "docker" "create" "-v" "/var/lib/crater-agent-workspace/builds/worker-1-tc2/target:/opt/rustwide/target:rw,Z" "-v" "/var/lib/crater-agent-workspace/builds/worker-1-tc2/source:/opt/rustwide/workdir:ro,Z" "-v" "/var/lib/crater-agent-workspace/cargo-home:/opt/rustwide/cargo-home:ro,Z" "-v" "/var/lib/crater-agent-workspace/rustup-home:/opt/rustwide/rustup-home:ro,Z" "-e" "SOURCE_DIR=/opt/rustwide/workdir" "-e" "CARGO_TARGET_DIR=/opt/rustwide/target" "-e" "CARGO_HOME=/opt/rustwide/cargo-home" "-e" "RUSTUP_HOME=/opt/rustwide/rustup-home" "-w" "/opt/rustwide/workdir" "-m" "1610612736" "--user" "0:0" "--network" "none" "ghcr.io/rust-lang/crates-build-env/linux@sha256:819108c5571ea2e421544af4d832f968d213c87fbe3707a016657f43d2f853bc" "/opt/rustwide/cargo-home/bin/cargo" "+nightly-2025-01-18" "metadata" "--no-deps" "--format-version=1", kill_on_drop: false }`
[INFO] [stdout] f5208cde20d4248f5c4b49e833a09669c6ea0681a0d589501092ea0c1a9164cd
[INFO] running `Command { std: "docker" "start" "-a" "f5208cde20d4248f5c4b49e833a09669c6ea0681a0d589501092ea0c1a9164cd", kill_on_drop: false }`
[INFO] running `Command { std: "docker" "inspect" "f5208cde20d4248f5c4b49e833a09669c6ea0681a0d589501092ea0c1a9164cd", kill_on_drop: false }`
[INFO] running `Command { std: "docker" "rm" "-f" "f5208cde20d4248f5c4b49e833a09669c6ea0681a0d589501092ea0c1a9164cd", kill_on_drop: false }`
[INFO] [stdout] f5208cde20d4248f5c4b49e833a09669c6ea0681a0d589501092ea0c1a9164cd
[INFO] running `Command { std: "docker" "create" "-v" "/var/lib/crater-agent-workspace/builds/worker-1-tc2/target:/opt/rustwide/target:rw,Z" "-v" "/var/lib/crater-agent-workspace/builds/worker-1-tc2/source:/opt/rustwide/workdir:ro,Z" "-v" "/var/lib/crater-agent-workspace/cargo-home:/opt/rustwide/cargo-home:ro,Z" "-v" "/var/lib/crater-agent-workspace/rustup-home:/opt/rustwide/rustup-home:ro,Z" "-e" "SOURCE_DIR=/opt/rustwide/workdir" "-e" "CARGO_TARGET_DIR=/opt/rustwide/target" "-e" "CARGO_INCREMENTAL=0" "-e" "RUST_BACKTRACE=full" "-e" "RUSTFLAGS=--cap-lints=forbid -Zrandomize-layout" "-e" "RUSTDOCFLAGS=--cap-lints=forbid" "-e" "CARGO_HOME=/opt/rustwide/cargo-home" "-e" "RUSTUP_HOME=/opt/rustwide/rustup-home" "-w" "/opt/rustwide/workdir" "-m" "1610612736" "--user" "0:0" "--network" "none" "ghcr.io/rust-lang/crates-build-env/linux@sha256:819108c5571ea2e421544af4d832f968d213c87fbe3707a016657f43d2f853bc" "/opt/rustwide/cargo-home/bin/cargo" "+nightly-2025-01-18" "build" "--frozen" "--message-format=json", kill_on_drop: false }`
[INFO] [stdout] b90962165d2cda014591682a673260fbfa0ae61f2fadd0d8b49437eb09e9d68a
[INFO] running `Command { std: "docker" "start" "-a" "b90962165d2cda014591682a673260fbfa0ae61f2fadd0d8b49437eb09e9d68a", kill_on_drop: false }`
[INFO] [stderr]    Compiling proc-macro2 v1.0.86
[INFO] [stderr]    Compiling hex v0.4.3
[INFO] [stderr]    Compiling smallvec v1.13.2
[INFO] [stderr]    Compiling unwrap-infallible v0.1.5
[INFO] [stderr]    Compiling num-traits v0.2.19
[INFO] [stderr]    Compiling endian-type v0.1.2
[INFO] [stderr]    Compiling hex-literal v0.4.1
[INFO] [stderr]    Compiling nibble_vec v0.1.0
[INFO] [stderr]    Compiling radix_trie v0.2.1
[INFO] [stderr]    Compiling quote v1.0.37
[INFO] [stderr]    Compiling syn v2.0.77
[INFO] [stderr]    Compiling multiversx-sc-codec-derive v0.21.1
[INFO] [stderr]    Compiling multiversx-sc-derive v0.54.6
[INFO] [stderr]    Compiling multiversx-sc-codec v0.21.1
[INFO] [stderr]    Compiling multiversx-chain-core v0.11.1
[INFO] [stderr]    Compiling multiversx-sc v0.54.6
[INFO] [stderr]    Compiling staking-contract v0.0.0 (/opt/rustwide/workdir)
[INFO] [stderr]     Finished `dev` profile [unoptimized + debuginfo] target(s) in 26.72s
[INFO] running `Command { std: "docker" "inspect" "b90962165d2cda014591682a673260fbfa0ae61f2fadd0d8b49437eb09e9d68a", kill_on_drop: false }`
[INFO] running `Command { std: "docker" "rm" "-f" "b90962165d2cda014591682a673260fbfa0ae61f2fadd0d8b49437eb09e9d68a", kill_on_drop: false }`
[INFO] [stdout] b90962165d2cda014591682a673260fbfa0ae61f2fadd0d8b49437eb09e9d68a
[INFO] running `Command { std: "docker" "create" "-v" "/var/lib/crater-agent-workspace/builds/worker-1-tc2/target:/opt/rustwide/target:rw,Z" "-v" "/var/lib/crater-agent-workspace/builds/worker-1-tc2/source:/opt/rustwide/workdir:ro,Z" "-v" "/var/lib/crater-agent-workspace/cargo-home:/opt/rustwide/cargo-home:ro,Z" "-v" "/var/lib/crater-agent-workspace/rustup-home:/opt/rustwide/rustup-home:ro,Z" "-e" "SOURCE_DIR=/opt/rustwide/workdir" "-e" "CARGO_TARGET_DIR=/opt/rustwide/target" "-e" "CARGO_INCREMENTAL=0" "-e" "RUST_BACKTRACE=full" "-e" "RUSTFLAGS=--cap-lints=forbid -Zrandomize-layout" "-e" "RUSTDOCFLAGS=--cap-lints=forbid" "-e" "CARGO_HOME=/opt/rustwide/cargo-home" "-e" "RUSTUP_HOME=/opt/rustwide/rustup-home" "-w" "/opt/rustwide/workdir" "-m" "1610612736" "--user" "0:0" "--network" "none" "ghcr.io/rust-lang/crates-build-env/linux@sha256:819108c5571ea2e421544af4d832f968d213c87fbe3707a016657f43d2f853bc" "/opt/rustwide/cargo-home/bin/cargo" "+nightly-2025-01-18" "test" "--frozen" "--no-run" "--message-format=json", kill_on_drop: false }`
[INFO] [stdout] 8aa16f9d4c4a8c7653f70ad08f4d9c5371068d55b074ec968c3bc793c8849c1d
[INFO] running `Command { std: "docker" "start" "-a" "8aa16f9d4c4a8c7653f70ad08f4d9c5371068d55b074ec968c3bc793c8849c1d", kill_on_drop: false }`
[INFO] [stderr]    Compiling serde v1.0.210
[INFO] [stderr]    Compiling serde_derive v1.0.210
[INFO] [stderr]    Compiling generic-array v0.14.7
[INFO] [stderr]    Compiling semver v1.0.24
[INFO] [stderr]    Compiling zerocopy-derive v0.7.35
[INFO] [stderr]    Compiling byteorder v1.5.0
[INFO] [stderr]    Compiling hex v0.4.3
[INFO] [stderr]    Compiling libc v0.2.169
[INFO] [stderr]    Compiling ahash v0.8.11
[INFO] [stderr]    Compiling num-traits v0.2.19
[INFO] [stderr]    Compiling wasm-encoder v0.222.0
[INFO] [stderr]    Compiling once_cell v1.20.2
[INFO] [stderr]    Compiling leb128 v0.2.5
[INFO] [stderr]    Compiling cpufeatures v0.2.16
[INFO] [stderr]    Compiling serde_json v1.0.134
[INFO] [stderr]    Compiling curve25519-dalek-derive v0.1.1
[INFO] [stderr]    Compiling unicode-width v0.2.0
[INFO] [stderr]    Compiling bumpalo v3.16.0
[INFO] [stderr]    Compiling subtle v2.6.1
[INFO] [stderr]    Compiling zeroize v1.8.1
[INFO] [stderr]    Compiling winnow v0.6.20
[INFO] [stderr]    Compiling signature v2.2.0
[INFO] [stderr]    Compiling clap_builder v4.5.23
[INFO] [stderr]    Compiling colored v2.2.0
[INFO] [stderr]    Compiling ed25519 v2.2.3
[INFO] [stderr]    Compiling clap_derive v4.5.18
[INFO] [stderr]    Compiling multiversx-sc-codec-derive v0.21.1
[INFO] [stderr]    Compiling multiversx-sc-derive v0.54.6
[INFO] [stderr]    Compiling unicode-segmentation v1.12.0
[INFO] [stderr]    Compiling either v1.13.0
[INFO] [stderr]    Compiling rustc_version v0.4.1
[INFO] [stderr]    Compiling crypto-common v0.1.6
[INFO] [stderr]    Compiling block-buffer v0.10.4
[INFO] [stderr]    Compiling itertools v0.13.0
[INFO] [stderr]    Compiling multiversx-chain-vm-executor v0.2.0
[INFO] [stderr]    Compiling bech32 v0.11.0
[INFO] [stderr]    Compiling zerocopy v0.7.35
[INFO] [stderr]    Compiling num-integer v0.1.46
[INFO] [stderr]    Compiling digest v0.10.7
[INFO] [stderr]    Compiling convert_case v0.6.0
[INFO] [stderr]    Compiling log v0.4.22
[INFO] [stderr]    Compiling curve25519-dalek v4.1.3
[INFO] [stderr]    Compiling sha3 v0.10.8
[INFO] [stderr]    Compiling sha2 v0.10.8
[INFO] [stderr]    Compiling num-bigint v0.4.6
[INFO] [stderr]    Compiling pathdiff v0.2.3
[INFO] [stderr]    Compiling wast v222.0.0
[INFO] [stderr]    Compiling getrandom v0.2.15
[INFO] [stderr]    Compiling ppv-lite86 v0.2.20
[INFO] [stderr]    Compiling rand_core v0.6.4
[INFO] [stderr]    Compiling rand_seeder v0.3.0
[INFO] [stderr]    Compiling rand_chacha v0.3.1
[INFO] [stderr]    Compiling ed25519-dalek v2.1.1
[INFO] [stderr]    Compiling rand v0.8.5
[INFO] [stderr]    Compiling clap v4.5.23
[INFO] [stderr]    Compiling multiversx-sc-codec v0.21.1
[INFO] [stderr]    Compiling multiversx-chain-core v0.11.1
[INFO] [stderr]    Compiling multiversx-sc v0.54.6
[INFO] [stderr]    Compiling multiversx-chain-vm v0.11.1
[INFO] [stderr]    Compiling indexmap v2.7.0
[INFO] [stderr]    Compiling hashbrown v0.14.5
[INFO] [stderr]    Compiling serde_spanned v0.6.8
[INFO] [stderr]    Compiling toml_datetime v0.6.8
[INFO] [stderr]    Compiling wat v1.222.0
[INFO] [stderr]    Compiling toml_edit v0.22.22
[INFO] [stderr]    Compiling wasmparser v0.216.0
[INFO] [stderr]    Compiling multiversx-chain-scenario-format v0.23.0
[INFO] [stderr]    Compiling toml v0.8.19
[INFO] [stderr]    Compiling wasmprinter v0.216.0
[INFO] [stderr]    Compiling multiversx-sc-meta-lib v0.54.6
[INFO] [stderr]    Compiling staking-contract v0.0.0 (/opt/rustwide/workdir)
[INFO] [stderr]    Compiling multiversx-sc-scenario v0.54.6
[INFO] [stdout] warning: unused import: `codec::multi_types::OptionalValue`
[INFO] [stdout]  --> tests/empty_rust_test.rs:1:21
[INFO] [stdout]   |
[INFO] [stdout] 1 | use multiversx_sc::{codec::multi_types::OptionalValue, types::Address};
[INFO] [stdout]   |                     ^^^^^^^^^^^^^^^^^^^^^^^^^^^^^^^^^
[INFO] [stdout]   |
[INFO] [stdout]   = note: `#[warn(unused_imports)]` on by default
[INFO] [stdout] 
[INFO] [stdout] 
[INFO] [stdout] warning: field `owner_address` is never read
[INFO] [stdout]   --> tests/empty_rust_test.rs:19:9
[INFO] [stdout]    |
[INFO] [stdout] 14 | struct ContractSetup<ContractObjBuilder>
[INFO] [stdout]    |        ------------- field in this struct
[INFO] [stdout] ...
[INFO] [stdout] 19 |     pub owner_address: Address,
[INFO] [stdout]    |         ^^^^^^^^^^^^^
[INFO] [stdout]    |
[INFO] [stdout]    = note: `#[warn(dead_code)]` on by default
[INFO] [stdout] 
[INFO] [stdout] 
[INFO] [stderr]     Finished `test` profile [unoptimized + debuginfo] target(s) in 49.61s
[INFO] running `Command { std: "docker" "inspect" "8aa16f9d4c4a8c7653f70ad08f4d9c5371068d55b074ec968c3bc793c8849c1d", kill_on_drop: false }`
[INFO] running `Command { std: "docker" "rm" "-f" "8aa16f9d4c4a8c7653f70ad08f4d9c5371068d55b074ec968c3bc793c8849c1d", kill_on_drop: false }`
[INFO] [stdout] 8aa16f9d4c4a8c7653f70ad08f4d9c5371068d55b074ec968c3bc793c8849c1d
[INFO] running `Command { std: "docker" "create" "-v" "/var/lib/crater-agent-workspace/builds/worker-1-tc2/target:/opt/rustwide/target:rw,Z" "-v" "/var/lib/crater-agent-workspace/builds/worker-1-tc2/source:/opt/rustwide/workdir:ro,Z" "-v" "/var/lib/crater-agent-workspace/cargo-home:/opt/rustwide/cargo-home:ro,Z" "-v" "/var/lib/crater-agent-workspace/rustup-home:/opt/rustwide/rustup-home:ro,Z" "-e" "SOURCE_DIR=/opt/rustwide/workdir" "-e" "CARGO_TARGET_DIR=/opt/rustwide/target" "-e" "CARGO_INCREMENTAL=0" "-e" "RUST_BACKTRACE=full" "-e" "RUSTFLAGS=--cap-lints=forbid -Zrandomize-layout" "-e" "RUSTDOCFLAGS=--cap-lints=forbid" "-e" "CARGO_HOME=/opt/rustwide/cargo-home" "-e" "RUSTUP_HOME=/opt/rustwide/rustup-home" "-w" "/opt/rustwide/workdir" "-m" "1610612736" "--user" "0:0" "--network" "none" "ghcr.io/rust-lang/crates-build-env/linux@sha256:819108c5571ea2e421544af4d832f968d213c87fbe3707a016657f43d2f853bc" "/opt/rustwide/cargo-home/bin/cargo" "+nightly-2025-01-18" "test" "--frozen", kill_on_drop: false }`
[INFO] [stdout] 459a968748a1b7e3fb3d9fe76687307532aafa1de1bcae9e82f50694ab141ed2
[INFO] running `Command { std: "docker" "start" "-a" "459a968748a1b7e3fb3d9fe76687307532aafa1de1bcae9e82f50694ab141ed2", kill_on_drop: false }`
[INFO] [stderr] warning: unused import: `codec::multi_types::OptionalValue`
[INFO] [stderr]  --> tests/empty_rust_test.rs:1:21
[INFO] [stderr]   |
[INFO] [stderr] 1 | use multiversx_sc::{codec::multi_types::OptionalValue, types::Address};
[INFO] [stderr]   |                     ^^^^^^^^^^^^^^^^^^^^^^^^^^^^^^^^^
[INFO] [stderr]   |
[INFO] [stderr]   = note: `#[warn(unused_imports)]` on by default
[INFO] [stderr] 
[INFO] [stderr] warning: field `owner_address` is never read
[INFO] [stderr]   --> tests/empty_rust_test.rs:19:9
[INFO] [stderr]    |
[INFO] [stderr] 14 | struct ContractSetup<ContractObjBuilder>
[INFO] [stderr]    |        ------------- field in this struct
[INFO] [stderr] ...
[INFO] [stderr] 19 |     pub owner_address: Address,
[INFO] [stderr]    |         ^^^^^^^^^^^^^
[INFO] [stderr]    |
[INFO] [stderr]    = note: `#[warn(dead_code)]` on by default
[INFO] [stderr] 
[INFO] [stderr] warning: `staking-contract` (test "empty_rust_test") generated 2 warnings (run `cargo fix --test "empty_rust_test"` to apply 1 suggestion)
[INFO] [stderr]     Finished `test` profile [unoptimized + debuginfo] target(s) in 0.18s
[INFO] [stderr]      Running unittests src/staking_contract.rs (/opt/rustwide/target/debug/deps/staking_contract-131eff609c32bd2d)
[INFO] [stdout] 
[INFO] [stdout] running 0 tests
[INFO] [stdout] 
[INFO] [stdout] test result: ok. 0 passed; 0 failed; 0 ignored; 0 measured; 0 filtered out; finished in 0.00s
[INFO] [stdout] 
[INFO] [stderr]      Running tests/empty_rust_test.rs (/opt/rustwide/target/debug/deps/empty_rust_test-0dea932bc7b7a36f)
[INFO] [stdout] 
[INFO] [stdout] running 1 test
[INFO] [stdout] test rewards_test ... ok
[INFO] [stdout] 
[INFO] [stdout] test result: ok. 1 passed; 0 failed; 0 ignored; 0 measured; 0 filtered out; finished in 0.00s
[INFO] [stdout] 
[INFO] [stderr]      Running tests/staking_contract_scenario_go_test.rs (/opt/rustwide/target/debug/deps/staking_contract_scenario_go_test-73ba4474a3a2ecfd)
[INFO] [stdout] 
[INFO] [stdout] running 1 test
[INFO] [stdout] test empty_go ... ok
[INFO] [stdout] 
[INFO] [stdout] test result: ok. 1 passed; 0 failed; 0 ignored; 0 measured; 0 filtered out; finished in 0.00s
[INFO] [stdout] 
[INFO] [stderr]      Running tests/staking_contract_scenario_rs_test.rs (/opt/rustwide/target/debug/deps/staking_contract_scenario_rs_test-c473ef4b847a87fb)
[INFO] [stdout] 
[INFO] [stdout] running 1 test
[INFO] [stdout] test empty_rs ... FAILED
[INFO] [stdout] 
[INFO] [stdout] failures:
[INFO] [stdout] 
[INFO] [stdout] ---- empty_rs stdout ----
[INFO] [stdout] wrong number of arguments
[INFO] [stdout] 
[INFO] [stdout] thread 'empty_rs' panicked at /opt/rustwide/cargo-home/registry/src/index.crates.io-1949cf8c6b5b557f/multiversx-chain-vm-0.11.1/src/vm_hooks/vh_impl/vh_debug_api.rs:46:9:
[INFO] [stdout] Box<dyn Any>
[INFO] [stdout] stack backtrace:
[INFO] [stdout]    0:     0x5865387e1d8a - std::backtrace_rs::backtrace::libunwind::trace::hb059275cfc8d6126
[INFO] [stdout]                                at /rustc/6067b36314ab5eb2eb47cecc464545ba58e1ad24/library/std/src/../../backtrace/src/backtrace/libunwind.rs:116:5
[INFO] [stdout]    1:     0x5865387e1d8a - std::backtrace_rs::backtrace::trace_unsynchronized::h2da071e4327ce3ee
[INFO] [stdout]                                at /rustc/6067b36314ab5eb2eb47cecc464545ba58e1ad24/library/std/src/../../backtrace/src/backtrace/mod.rs:66:5
[INFO] [stdout]    2:     0x5865387e1d8a - std::sys::backtrace::_print_fmt::h842a1474e6f8d23f
[INFO] [stdout]                                at /rustc/6067b36314ab5eb2eb47cecc464545ba58e1ad24/library/std/src/sys/backtrace.rs:66:9
[INFO] [stdout]    3:     0x5865387e1d8a - <std::sys::backtrace::BacktraceLock::print::DisplayBacktrace as core::fmt::Display>::fmt::h71a62eb3b9696b12
[INFO] [stdout]                                at /rustc/6067b36314ab5eb2eb47cecc464545ba58e1ad24/library/std/src/sys/backtrace.rs:39:26
[INFO] [stdout]    4:     0x58653880a4d3 - core::fmt::rt::Argument::fmt::hdb6b616786b41dc1
[INFO] [stdout]                                at /rustc/6067b36314ab5eb2eb47cecc464545ba58e1ad24/library/core/src/fmt/rt.rs:177:76
[INFO] [stdout]    5:     0x58653880a4d3 - core::fmt::write::h2cc1698af7e2d686
[INFO] [stdout]                                at /rustc/6067b36314ab5eb2eb47cecc464545ba58e1ad24/library/core/src/fmt/mod.rs:1440:21
[INFO] [stdout]    6:     0x5865387de693 - std::io::Write::write_fmt::hab1b4cd059a79022
[INFO] [stdout]                                at /rustc/6067b36314ab5eb2eb47cecc464545ba58e1ad24/library/std/src/io/mod.rs:1887:15
[INFO] [stdout]    7:     0x5865387e1bd2 - std::sys::backtrace::BacktraceLock::print::h147fe35b4ea13b08
[INFO] [stdout]                                at /rustc/6067b36314ab5eb2eb47cecc464545ba58e1ad24/library/std/src/sys/backtrace.rs:42:9
[INFO] [stdout]    8:     0x5865387e31af - std::panicking::default_hook::{{closure}}::hbd44223dbdc0d208
[INFO] [stdout]                                at /rustc/6067b36314ab5eb2eb47cecc464545ba58e1ad24/library/std/src/panicking.rs:298:22
[INFO] [stdout]    9:     0x5865387e2fc8 - std::panicking::default_hook::h20f81eb0576efcec
[INFO] [stdout]                                at /rustc/6067b36314ab5eb2eb47cecc464545ba58e1ad24/library/std/src/panicking.rs:322:9
[INFO] [stdout]   10:     0x5865384a5e93 - <alloc::boxed::Box<F,A> as core::ops::function::Fn<Args>>::call::hdb53814c496a4d34
[INFO] [stdout]                                at /rustc/6067b36314ab5eb2eb47cecc464545ba58e1ad24/library/alloc/src/boxed.rs:2027:9
[INFO] [stdout]   11:     0x5865384a5e93 - test::test_main::{{closure}}::hc0a4963c59427c24
[INFO] [stdout]                                at /rustc/6067b36314ab5eb2eb47cecc464545ba58e1ad24/library/test/src/lib.rs:134:21
[INFO] [stdout]   12:     0x5865387e3ca3 - <alloc::boxed::Box<F,A> as core::ops::function::Fn<Args>>::call::h591b2225413a77e9
[INFO] [stdout]                                at /rustc/6067b36314ab5eb2eb47cecc464545ba58e1ad24/library/alloc/src/boxed.rs:2027:9
[INFO] [stdout]   13:     0x5865387e3ca3 - std::panicking::rust_panic_with_hook::h625eea43051b2edc
[INFO] [stdout]                                at /rustc/6067b36314ab5eb2eb47cecc464545ba58e1ad24/library/std/src/panicking.rs:839:13
[INFO] [stdout]   14:     0x58653870380c - std::panicking::begin_panic::{{closure}}::hede9381ba1a6aa05
[INFO] [stdout]                                at /rustc/6067b36314ab5eb2eb47cecc464545ba58e1ad24/library/std/src/panicking.rs:768:9
[INFO] [stdout]   15:     0x5865386b3aec - std::sys::backtrace::__rust_end_short_backtrace::hfd3a20bf7f1f94f1
[INFO] [stdout]                                at /rustc/6067b36314ab5eb2eb47cecc464545ba58e1ad24/library/std/src/sys/backtrace.rs:168:18
[INFO] [stdout]   16:     0x5865387037cb - std::panicking::begin_panic::h91a917d8648b20a3
[INFO] [stdout]                                at /rustc/6067b36314ab5eb2eb47cecc464545ba58e1ad24/library/std/src/panicking.rs:767:5
[INFO] [stdout]   17:     0x5865386cb9f4 - std::panic::panic_any::h8b20b1782b62f6cb
[INFO] [stdout]                                at /rustc/6067b36314ab5eb2eb47cecc464545ba58e1ad24/library/std/src/panic.rs:259:5
[INFO] [stdout]   18:     0x5865386c82b8 - <multiversx_chain_vm::vm_hooks::vh_impl::vh_debug_api::DebugApiVMHooksHandler as multiversx_chain_vm::vm_hooks::vh_source::VMHooksHandlerSource>::halt_with_error::ha4538e89f2ea67bf
[INFO] [stdout]                                at /opt/rustwide/cargo-home/registry/src/index.crates.io-1949cf8c6b5b557f/multiversx-chain-vm-0.11.1/src/vm_hooks/vh_impl/vh_debug_api.rs:46:9
[INFO] [stdout]   19:     0x586538449c1d - multiversx_chain_vm::vm_hooks::vh_handler::vh_error::VMHooksError::signal_error::h68654861d18033a5
[INFO] [stdout]                                at /opt/rustwide/cargo-home/registry/src/index.crates.io-1949cf8c6b5b557f/multiversx-chain-vm-0.11.1/src/vm_hooks/vh_handler/vh_error.rs:13:9
[INFO] [stdout]   20:     0x5865386dd6c5 - <multiversx_chain_vm::vm_hooks::vh_dispatcher::VMHooksDispatcher as multiversx_chain_vm_executor::vm_hooks::VMHooks>::signal_error::{{closure}}::h00aed3472d1c5502
[INFO] [stdout]                                at /opt/rustwide/cargo-home/registry/src/index.crates.io-1949cf8c6b5b557f/multiversx-chain-vm-0.11.1/src/vm_hooks/vh_dispatcher.rs:64:17
[INFO] [stdout]   21:     0x5865386cf4c0 - multiversx_chain_vm::mem_conv::with_bytes::h2aba80e35e1d84f7
[INFO] [stdout]                                at /opt/rustwide/cargo-home/registry/src/index.crates.io-1949cf8c6b5b557f/multiversx-chain-vm-0.11.1/src/mem_conv.rs:27:5
[INFO] [stdout]   22:     0x5865386dd678 - <multiversx_chain_vm::vm_hooks::vh_dispatcher::VMHooksDispatcher as multiversx_chain_vm_executor::vm_hooks::VMHooks>::signal_error::h227153132be6c710
[INFO] [stdout]                                at /opt/rustwide/cargo-home/registry/src/index.crates.io-1949cf8c6b5b557f/multiversx-chain-vm-0.11.1/src/vm_hooks/vh_dispatcher.rs:63:13
[INFO] [stdout]   23:     0x58653846a75f - multiversx_sc_scenario::api::core_api_vh::error_api_vh::<impl multiversx_sc::api::error_api::ErrorApiImpl for multiversx_sc_scenario::api::impl_vh::vm_hooks_api::VMHooksApi<VHB>>::signal_error::{{closure}}::{{closure}}::hc6f3aecbf033a69b
[INFO] [stdout]                                at /opt/rustwide/cargo-home/registry/src/index.crates.io-1949cf8c6b5b557f/multiversx-sc-scenario-0.54.6/src/api/core_api_vh/error_api_vh.rs:18:17
[INFO] [stdout]   24:     0x58653846a3c7 - multiversx_chain_vm::mem_conv::with_mem_ptr::h1952671c1e127a9d
[INFO] [stdout]                                at /opt/rustwide/cargo-home/registry/src/index.crates.io-1949cf8c6b5b557f/multiversx-chain-vm-0.11.1/src/mem_conv.rs:7:5
[INFO] [stdout]   25:     0x58653846a717 - multiversx_sc_scenario::api::core_api_vh::error_api_vh::<impl multiversx_sc::api::error_api::ErrorApiImpl for multiversx_sc_scenario::api::impl_vh::vm_hooks_api::VMHooksApi<VHB>>::signal_error::{{closure}}::h203a15a077150175
[INFO] [stdout]                                at /opt/rustwide/cargo-home/registry/src/index.crates.io-1949cf8c6b5b557f/multiversx-sc-scenario-0.54.6/src/api/core_api_vh/error_api_vh.rs:17:13
[INFO] [stdout]   26:     0x58653846575b - <multiversx_sc_scenario::api::impl_vh::debug_api::DebugApiBackend as multiversx_sc_scenario::api::impl_vh::vm_hooks_backend::VMHooksApiBackend>::with_vm_hooks::h37a57b9a4207e974
[INFO] [stdout]                                at /opt/rustwide/cargo-home/registry/src/index.crates.io-1949cf8c6b5b557f/multiversx-sc-scenario-0.54.6/src/api/impl_vh/debug_api.rs:27:9
[INFO] [stdout]   27:     0x586538450360 - multiversx_sc_scenario::api::impl_vh::vm_hooks_api::VMHooksApi<VHB>::with_vm_hooks::h2ea0d3fd421f1fd8
[INFO] [stdout]                                at /opt/rustwide/cargo-home/registry/src/index.crates.io-1949cf8c6b5b557f/multiversx-sc-scenario-0.54.6/src/api/impl_vh/vm_hooks_api.rs:27:9
[INFO] [stdout]   28:     0x58653844ed17 - multiversx_sc_scenario::api::core_api_vh::error_api_vh::<impl multiversx_sc::api::error_api::ErrorApiImpl for multiversx_sc_scenario::api::impl_vh::vm_hooks_api::VMHooksApi<VHB>>::signal_error::hf16398275537cb0a
[INFO] [stdout]                                at /opt/rustwide/cargo-home/registry/src/index.crates.io-1949cf8c6b5b557f/multiversx-sc-scenario-0.54.6/src/api/core_api_vh/error_api_vh.rs:16:9
[INFO] [stdout]   29:     0x58653845e938 - multiversx_sc::io::arg_nested_tuple::check_num_arguments_eq::h7d104ad70758fdb0
[INFO] [stdout]                                at /opt/rustwide/cargo-home/registry/src/index.crates.io-1949cf8c6b5b557f/multiversx-sc-0.54.6/src/io/arg_nested_tuple.rs:37:9
[INFO] [stdout]   30:     0x58653844e75a - <() as multiversx_sc::io::arg_nested_tuple::ArgNestedTuple<AA>>::check_num_single_args::he77f4d87fd1b2350
[INFO] [stdout]                                at /opt/rustwide/cargo-home/registry/src/index.crates.io-1949cf8c6b5b557f/multiversx-sc-0.54.6/src/io/arg_nested_tuple.rs:152:9
[INFO] [stdout]   31:     0x58653844e75a - <(Head,Tail) as multiversx_sc::io::arg_nested_tuple::ArgNestedTuple<AA>>::check_num_single_args::h97ef992423418cb7
[INFO] [stdout]                                at /opt/rustwide/cargo-home/registry/src/index.crates.io-1949cf8c6b5b557f/multiversx-sc-0.54.6/src/io/arg_nested_tuple.rs:115:13
[INFO] [stdout]   32:     0x58653844e75a - multiversx_sc::io::arg_nested_tuple::load_endpoint_args::h1905098766a15d38
[INFO] [stdout]                                at /opt/rustwide/cargo-home/registry/src/index.crates.io-1949cf8c6b5b557f/multiversx-sc-0.54.6/src/io/arg_nested_tuple.rs:171:5
[INFO] [stdout]   33:     0x58653844e75a - staking_contract::EndpointWrappers::call_init::he1f5c71b6d2308a7
[INFO] [stdout]                                at /opt/rustwide/workdir/src/staking_contract.rs:16:1
[INFO] [stdout]   34:     0x58653844e604 - staking_contract::EndpointWrappers::call::h82ede290e8283cb8
[INFO] [stdout]                                at /opt/rustwide/workdir/src/staking_contract.rs:16:1
[INFO] [stdout]   35:     0x58653844aaa7 - <staking_contract::ContractObj<A> as multiversx_sc::contract_base::callable_contract::CallableContract>::call::h3f8b2fd845545ad1
[INFO] [stdout]                                at /opt/rustwide/workdir/src/staking_contract.rs:16:1
[INFO] [stdout]   36:     0x5865385423f7 - multiversx_sc_scenario::debug_executor::contract_container::ContractContainer::call::h4682a0ceaf0da71f
[INFO] [stdout]                                at /opt/rustwide/cargo-home/registry/src/index.crates.io-1949cf8c6b5b557f/multiversx-sc-scenario-0.54.6/src/debug_executor/contract_container.rs:42:13
[INFO] [stdout]   37:     0x5865385427b0 - <multiversx_sc_scenario::debug_executor::contract_container::ContractContainerRef as multiversx_chain_vm_executor::instance::Instance>::call::{{closure}}::hff785cdd03cf867a
[INFO] [stdout]                                at /opt/rustwide/cargo-home/registry/src/index.crates.io-1949cf8c6b5b557f/multiversx-sc-scenario-0.54.6/src/debug_executor/contract_container.rs:80:35
[INFO] [stdout]   38:     0x586538544f7a - <core::panic::unwind_safe::AssertUnwindSafe<F> as core::ops::function::FnOnce<()>>::call_once::h24702eece772a8e3
[INFO] [stdout]                                at /rustc/6067b36314ab5eb2eb47cecc464545ba58e1ad24/library/core/src/panic/unwind_safe.rs:272:9
[INFO] [stdout]   39:     0x5865384e0cf4 - std::panicking::try::do_call::h4dd07b0312f4c47b
[INFO] [stdout]                                at /rustc/6067b36314ab5eb2eb47cecc464545ba58e1ad24/library/std/src/panicking.rs:587:40
[INFO] [stdout]   40:     0x5865384c7bcb - __rust_try
[INFO] [stdout]   41:     0x5865384c201d - std::panicking::try::he2549c75a6dbe363
[INFO] [stdout]                                at /rustc/6067b36314ab5eb2eb47cecc464545ba58e1ad24/library/std/src/panicking.rs:550:19
[INFO] [stdout]   42:     0x5865384c201d - std::panic::catch_unwind::h764e5a38f0f1b120
[INFO] [stdout]                                at /rustc/6067b36314ab5eb2eb47cecc464545ba58e1ad24/library/std/src/panic.rs:358:14
[INFO] [stdout]   43:     0x58653851fe7a - multiversx_sc_scenario::debug_executor::catch_tx_panic::catch_tx_panic::h634296542979ac42
[INFO] [stdout]                                at /opt/rustwide/cargo-home/registry/src/index.crates.io-1949cf8c6b5b557f/multiversx-sc-scenario-0.54.6/src/debug_executor/catch_tx_panic.rs:14:18
[INFO] [stdout]   44:     0x5865385424bf - multiversx_sc_scenario::debug_executor::contract_container::contract_instance_wrapped_execution::h7f0053b9063386dd
[INFO] [stdout]                                at /opt/rustwide/cargo-home/registry/src/index.crates.io-1949cf8c6b5b557f/multiversx-sc-scenario-0.54.6/src/debug_executor/contract_container.rs:57:18
[INFO] [stdout]   45:     0x58653854273e - <multiversx_sc_scenario::debug_executor::contract_container::ContractContainerRef as multiversx_chain_vm_executor::instance::Instance>::call::h9bcbf8bcba1dd568
[INFO] [stdout]                                at /opt/rustwide/cargo-home/registry/src/index.crates.io-1949cf8c6b5b557f/multiversx-sc-scenario-0.54.6/src/debug_executor/contract_container.rs:79:9
[INFO] [stdout]   46:     0x5865387144f8 - multiversx_chain_vm::tx_execution::exec_call::execute_current_tx_context_input::hc2774c0eff89294f
[INFO] [stdout]                                at /opt/rustwide/cargo-home/registry/src/index.crates.io-1949cf8c6b5b557f/multiversx-chain-vm-0.11.1/src/tx_execution/exec_call.rs:26:5
[INFO] [stdout]   47:     0x586538704637 - core::ops::function::FnOnce::call_once::h7fb6ceead3bb6d9e
[INFO] [stdout]                                at /rustc/6067b36314ab5eb2eb47cecc464545ba58e1ad24/library/core/src/ops/function.rs:250:5
[INFO] [stdout]   48:     0x5865386dd3d5 - multiversx_chain_vm::tx_mock::tx_context_stack::TxContextStack::execute_on_vm_stack::{{closure}}::h145252b23607bc9a
[INFO] [stdout]                                at /opt/rustwide/cargo-home/registry/src/index.crates.io-1949cf8c6b5b557f/multiversx-chain-vm-0.11.1/src/tx_mock/tx_context_stack.rs:46:26
[INFO] [stdout]   49:     0x5865386bf0e1 - multiversx_chain_vm::with_shared::shareable::Shareable<T>::with_shared::hb539ebace8fc99dd
[INFO] [stdout]                                at /opt/rustwide/cargo-home/registry/src/index.crates.io-1949cf8c6b5b557f/multiversx-chain-vm-0.11.1/src/with_shared/shareable.rs:116:22
[INFO] [stdout]   50:     0x5865386dd37f - multiversx_chain_vm::tx_mock::tx_context_stack::TxContextStack::execute_on_vm_stack::hc81e9453ee602785
[INFO] [stdout]                                at /opt/rustwide/cargo-home/registry/src/index.crates.io-1949cf8c6b5b557f/multiversx-chain-vm-0.11.1/src/tx_mock/tx_context_stack.rs:43:9
[INFO] [stdout]   51:     0x5865386ebad1 - multiversx_chain_vm::tx_execution::exec_general_tx::<impl multiversx_chain_vm::tx_execution::blockchain_vm::BlockchainVMRef>::deploy_contract::h15f335534d94f409
[INFO] [stdout]                                at /opt/rustwide/cargo-home/registry/src/index.crates.io-1949cf8c6b5b557f/multiversx-chain-vm-0.11.1/src/tx_execution/exec_general_tx.rs:165:9
[INFO] [stdout]   52:     0x5865384e059d - multiversx_chain_vm::tx_execution::exec_create::<impl multiversx_chain_vm::tx_execution::blockchain_vm::BlockchainVMRef>::sc_create::{{closure}}::h147569efaca4cfe8
[INFO] [stdout]                                at /opt/rustwide/cargo-home/registry/src/index.crates.io-1949cf8c6b5b557f/multiversx-chain-vm-0.11.1/src/tx_execution/exec_create.rs:30:13
[INFO] [stdout]   53:     0x5865384dfd9e - multiversx_chain_vm::with_shared::shareable::Shareable<T>::with_shared::h2ae8952c414c493e
[INFO] [stdout]                                at /opt/rustwide/cargo-home/registry/src/index.crates.io-1949cf8c6b5b557f/multiversx-chain-vm-0.11.1/src/with_shared/shareable.rs:116:22
[INFO] [stdout]   54:     0x5865384e0176 - multiversx_chain_vm::tx_execution::exec_create::<impl multiversx_chain_vm::tx_execution::blockchain_vm::BlockchainVMRef>::sc_create::hd1ed718e610bd2be
[INFO] [stdout]                                at /opt/rustwide/cargo-home/registry/src/index.crates.io-1949cf8c6b5b557f/multiversx-chain-vm-0.11.1/src/tx_execution/exec_create.rs:27:60
[INFO] [stdout]   55:     0x5865384ff571 - multiversx_sc_scenario::scenario::run_vm::sc_deploy::<impl multiversx_sc_scenario::scenario::run_vm::vm_runner::ScenarioVMRunner>::perform_sc_deploy_lambda::h48f977a38c088e01
[INFO] [stdout]                                at /opt/rustwide/cargo-home/registry/src/index.crates.io-1949cf8c6b5b557f/multiversx-sc-scenario-0.54.6/src/scenario/run_vm/sc_deploy.rs:35:40
[INFO] [stdout]   56:     0x5865384ff714 - multiversx_sc_scenario::scenario::run_vm::sc_deploy::<impl multiversx_sc_scenario::scenario::run_vm::vm_runner::ScenarioVMRunner>::perform_sc_deploy_lambda_and_check::h00dc9d13ad4e0c2c
[INFO] [stdout]                                at /opt/rustwide/cargo-home/registry/src/index.crates.io-1949cf8c6b5b557f/multiversx-sc-scenario-0.54.6/src/scenario/run_vm/sc_deploy.rs:57:40
[INFO] [stdout]   57:     0x5865384ff24b - multiversx_sc_scenario::scenario::run_vm::sc_deploy::<impl multiversx_sc_scenario::scenario::run_vm::vm_runner::ScenarioVMRunner>::perform_sc_deploy_update_results::h140a51d802ae1967
[INFO] [stdout]                                at /opt/rustwide/cargo-home/registry/src/index.crates.io-1949cf8c6b5b557f/multiversx-sc-scenario-0.54.6/src/scenario/run_vm/sc_deploy.rs:19:13
[INFO] [stdout]   58:     0x5865384fff64 - <multiversx_sc_scenario::scenario::run_vm::vm_runner::ScenarioVMRunner as multiversx_sc_scenario::scenario::scenario_runner::ScenarioRunner>::run_sc_deploy_step::hd3d5b8502982849a
[INFO] [stdout]                                at /opt/rustwide/cargo-home/registry/src/index.crates.io-1949cf8c6b5b557f/multiversx-sc-scenario-0.54.6/src/scenario/run_vm/vm_runner.rs:56:9
[INFO] [stdout]   59:     0x58653852d1ea - <multiversx_sc_scenario::facade::debugger_backend::DebuggerBackend as multiversx_sc_scenario::scenario::scenario_runner::ScenarioRunner>::run_sc_deploy_step::h3b7ccfcbe8695f8f
[INFO] [stdout]                                at /opt/rustwide/cargo-home/registry/src/index.crates.io-1949cf8c6b5b557f/multiversx-sc-scenario-0.54.6/src/facade/debugger_backend.rs:58:9
[INFO] [stdout]   60:     0x58653852d611 - multiversx_sc_scenario::facade::debugger_backend::DebuggerBackend::run_scenario_file::hb7a19612e868cc92
[INFO] [stdout]                                at /opt/rustwide/cargo-home/registry/src/index.crates.io-1949cf8c6b5b557f/multiversx-sc-scenario-0.54.6/src/facade/debugger_backend.rs:113:21
[INFO] [stdout]   61:     0x586538451ddf - multiversx_sc_scenario::facade::scenario_world::ScenarioWorld::run::h86382d198c0592e8
[INFO] [stdout]                                at /opt/rustwide/cargo-home/registry/src/index.crates.io-1949cf8c6b5b557f/multiversx-sc-scenario-0.54.6/src/facade/scenario_world.rs:65:17
[INFO] [stdout]   62:     0x58653845bd54 - staking_contract_scenario_rs_test::empty_rs::h03e11529684063b8
[INFO] [stdout]                                at /opt/rustwide/workdir/tests/staking_contract_scenario_rs_test.rs:13:5
[INFO] [stdout]   63:     0x58653845bd17 - staking_contract_scenario_rs_test::empty_rs::{{closure}}::hf5195b6c77937eb8
[INFO] [stdout]                                at /opt/rustwide/workdir/tests/staking_contract_scenario_rs_test.rs:12:14
[INFO] [stdout]   64:     0x586538452646 - core::ops::function::FnOnce::call_once::h1891f5f4d8583cb6
[INFO] [stdout]                                at /rustc/6067b36314ab5eb2eb47cecc464545ba58e1ad24/library/core/src/ops/function.rs:250:5
[INFO] [stdout]   65:     0x5865384ab5eb - core::ops::function::FnOnce::call_once::he27718dfdd183f43
[INFO] [stdout]                                at /rustc/6067b36314ab5eb2eb47cecc464545ba58e1ad24/library/core/src/ops/function.rs:250:5
[INFO] [stdout]   66:     0x5865384ab5eb - test::__rust_begin_short_backtrace::h4e84902998457a5d
[INFO] [stdout]                                at /rustc/6067b36314ab5eb2eb47cecc464545ba58e1ad24/library/test/src/lib.rs:632:18
[INFO] [stdout]   67:     0x5865384aa523 - test::run_test_in_process::{{closure}}::h7176fd18fc1feca0
[INFO] [stdout]                                at /rustc/6067b36314ab5eb2eb47cecc464545ba58e1ad24/library/test/src/lib.rs:655:60
[INFO] [stdout]   68:     0x5865384aa523 - <core::panic::unwind_safe::AssertUnwindSafe<F> as core::ops::function::FnOnce<()>>::call_once::hf79cff2a624d8cf7
[INFO] [stdout]                                at /rustc/6067b36314ab5eb2eb47cecc464545ba58e1ad24/library/core/src/panic/unwind_safe.rs:272:9
[INFO] [stdout]   69:     0x5865384aa523 - std::panicking::try::do_call::h3da0561d9ab99c25
[INFO] [stdout]                                at /rustc/6067b36314ab5eb2eb47cecc464545ba58e1ad24/library/std/src/panicking.rs:587:40
[INFO] [stdout]   70:     0x5865384aa523 - std::panicking::try::h41c9fa508bc61df6
[INFO] [stdout]                                at /rustc/6067b36314ab5eb2eb47cecc464545ba58e1ad24/library/std/src/panicking.rs:550:19
[INFO] [stdout]   71:     0x5865384aa523 - std::panic::catch_unwind::h6b3ff07bb5afad93
[INFO] [stdout]                                at /rustc/6067b36314ab5eb2eb47cecc464545ba58e1ad24/library/std/src/panic.rs:358:14
[INFO] [stdout]   72:     0x5865384aa523 - test::run_test_in_process::hc7253dd11b39b9f4
[INFO] [stdout]                                at /rustc/6067b36314ab5eb2eb47cecc464545ba58e1ad24/library/test/src/lib.rs:655:27
[INFO] [stdout]   73:     0x5865384aa523 - test::run_test::{{closure}}::hfb2007f8649c30bb
[INFO] [stdout]                                at /rustc/6067b36314ab5eb2eb47cecc464545ba58e1ad24/library/test/src/lib.rs:576:43
[INFO] [stdout]   74:     0x58653846d605 - test::run_test::{{closure}}::h56a17aa7a282a9f4
[INFO] [stdout]                                at /rustc/6067b36314ab5eb2eb47cecc464545ba58e1ad24/library/test/src/lib.rs:606:41
[INFO] [stdout]   75:     0x58653846d605 - std::sys::backtrace::__rust_begin_short_backtrace::hd2d2d2fb8e8c6aac
[INFO] [stdout]                                at /rustc/6067b36314ab5eb2eb47cecc464545ba58e1ad24/library/std/src/sys/backtrace.rs:152:18
[INFO] [stdout]   76:     0x586538470eea - std::thread::Builder::spawn_unchecked_::{{closure}}::{{closure}}::h4faa3f9db6133423
[INFO] [stdout]                                at /rustc/6067b36314ab5eb2eb47cecc464545ba58e1ad24/library/std/src/thread/mod.rs:559:17
[INFO] [stdout]   77:     0x586538470eea - <core::panic::unwind_safe::AssertUnwindSafe<F> as core::ops::function::FnOnce<()>>::call_once::hf2e855a36a4ea846
[INFO] [stdout]                                at /rustc/6067b36314ab5eb2eb47cecc464545ba58e1ad24/library/core/src/panic/unwind_safe.rs:272:9
[INFO] [stdout]   78:     0x586538470eea - std::panicking::try::do_call::h2f73af3616c35465
[INFO] [stdout]                                at /rustc/6067b36314ab5eb2eb47cecc464545ba58e1ad24/library/std/src/panicking.rs:587:40
[INFO] [stdout]   79:     0x586538470eea - std::panicking::try::hd1660ce9efadef5a
[INFO] [stdout]                                at /rustc/6067b36314ab5eb2eb47cecc464545ba58e1ad24/library/std/src/panicking.rs:550:19
[INFO] [stdout]   80:     0x586538470eea - std::panic::catch_unwind::h5ee8d7823b8ca744
[INFO] [stdout]                                at /rustc/6067b36314ab5eb2eb47cecc464545ba58e1ad24/library/std/src/panic.rs:358:14
[INFO] [stdout]   81:     0x586538470eea - std::thread::Builder::spawn_unchecked_::{{closure}}::h53c3a1894dce8407
[INFO] [stdout]                                at /rustc/6067b36314ab5eb2eb47cecc464545ba58e1ad24/library/std/src/thread/mod.rs:557:30
[INFO] [stdout]   82:     0x586538470eea - core::ops::function::FnOnce::call_once{{vtable.shim}}::h048ce291ad4f62bf
[INFO] [stdout]                                at /rustc/6067b36314ab5eb2eb47cecc464545ba58e1ad24/library/core/src/ops/function.rs:250:5
[INFO] [stdout]   83:     0x5865387e7bdb - <alloc::boxed::Box<F,A> as core::ops::function::FnOnce<Args>>::call_once::ha52bedf99a3b4981
[INFO] [stdout]                                at /rustc/6067b36314ab5eb2eb47cecc464545ba58e1ad24/library/alloc/src/boxed.rs:2013:9
[INFO] [stdout]   84:     0x5865387e7bdb - <alloc::boxed::Box<F,A> as core::ops::function::FnOnce<Args>>::call_once::h567748934d80ccf8
[INFO] [stdout]                                at /rustc/6067b36314ab5eb2eb47cecc464545ba58e1ad24/library/alloc/src/boxed.rs:2013:9
[INFO] [stdout]   85:     0x5865387e7bdb - std::sys::pal::unix::thread::Thread::new::thread_start::h2d970728ae887adc
[INFO] [stdout]                                at /rustc/6067b36314ab5eb2eb47cecc464545ba58e1ad24/library/std/src/sys/pal/unix/thread.rs:106:17
[INFO] [stdout]   86:     0x7983810faac3 - <unknown>
[INFO] [stdout]   87:     0x79838118ba04 - clone
[INFO] [stdout]   88:                0x0 - <unknown>
[INFO] [stdout] 
[INFO] [stdout] thread 'empty_rs' panicked at /opt/rustwide/cargo-home/registry/src/index.crates.io-1949cf8c6b5b557f/multiversx-sc-scenario-0.54.6/src/scenario/run_vm/tx_output_check.rs:10:5:
[INFO] [stdout] result code mismatch. Tx id: 'deploy'. Want: "". Have: 4. Message: wrong number of arguments
[INFO] [stdout] stack backtrace:
[INFO] [stdout]    0:     0x5865387e1d8a - std::backtrace_rs::backtrace::libunwind::trace::hb059275cfc8d6126
[INFO] [stdout]                                at /rustc/6067b36314ab5eb2eb47cecc464545ba58e1ad24/library/std/src/../../backtrace/src/backtrace/libunwind.rs:116:5
[INFO] [stdout]    1:     0x5865387e1d8a - std::backtrace_rs::backtrace::trace_unsynchronized::h2da071e4327ce3ee
[INFO] [stdout]                                at /rustc/6067b36314ab5eb2eb47cecc464545ba58e1ad24/library/std/src/../../backtrace/src/backtrace/mod.rs:66:5
[INFO] [stdout]    2:     0x5865387e1d8a - std::sys::backtrace::_print_fmt::h842a1474e6f8d23f
[INFO] [stdout]                                at /rustc/6067b36314ab5eb2eb47cecc464545ba58e1ad24/library/std/src/sys/backtrace.rs:66:9
[INFO] [stdout]    3:     0x5865387e1d8a - <std::sys::backtrace::BacktraceLock::print::DisplayBacktrace as core::fmt::Display>::fmt::h71a62eb3b9696b12
[INFO] [stdout]                                at /rustc/6067b36314ab5eb2eb47cecc464545ba58e1ad24/library/std/src/sys/backtrace.rs:39:26
[INFO] [stdout]    4:     0x58653880a4d3 - core::fmt::rt::Argument::fmt::hdb6b616786b41dc1
[INFO] [stdout]                                at /rustc/6067b36314ab5eb2eb47cecc464545ba58e1ad24/library/core/src/fmt/rt.rs:177:76
[INFO] [stdout]    5:     0x58653880a4d3 - core::fmt::write::h2cc1698af7e2d686
[INFO] [stdout]                                at /rustc/6067b36314ab5eb2eb47cecc464545ba58e1ad24/library/core/src/fmt/mod.rs:1440:21
[INFO] [stdout]    6:     0x5865387de693 - std::io::Write::write_fmt::hab1b4cd059a79022
[INFO] [stdout]                                at /rustc/6067b36314ab5eb2eb47cecc464545ba58e1ad24/library/std/src/io/mod.rs:1887:15
[INFO] [stdout]    7:     0x5865387e1bd2 - std::sys::backtrace::BacktraceLock::print::h147fe35b4ea13b08
[INFO] [stdout]                                at /rustc/6067b36314ab5eb2eb47cecc464545ba58e1ad24/library/std/src/sys/backtrace.rs:42:9
[INFO] [stdout]    8:     0x5865387e31af - std::panicking::default_hook::{{closure}}::hbd44223dbdc0d208
[INFO] [stdout]                                at /rustc/6067b36314ab5eb2eb47cecc464545ba58e1ad24/library/std/src/panicking.rs:298:22
[INFO] [stdout]    9:     0x5865387e2fc8 - std::panicking::default_hook::h20f81eb0576efcec
[INFO] [stdout]                                at /rustc/6067b36314ab5eb2eb47cecc464545ba58e1ad24/library/std/src/panicking.rs:322:9
[INFO] [stdout]   10:     0x5865384a5e93 - <alloc::boxed::Box<F,A> as core::ops::function::Fn<Args>>::call::hdb53814c496a4d34
[INFO] [stdout]                                at /rustc/6067b36314ab5eb2eb47cecc464545ba58e1ad24/library/alloc/src/boxed.rs:2027:9
[INFO] [stdout]   11:     0x5865384a5e93 - test::test_main::{{closure}}::hc0a4963c59427c24
[INFO] [stdout]                                at /rustc/6067b36314ab5eb2eb47cecc464545ba58e1ad24/library/test/src/lib.rs:134:21
[INFO] [stdout]   12:     0x5865387e3ca3 - <alloc::boxed::Box<F,A> as core::ops::function::Fn<Args>>::call::h591b2225413a77e9
[INFO] [stdout]                                at /rustc/6067b36314ab5eb2eb47cecc464545ba58e1ad24/library/alloc/src/boxed.rs:2027:9
[INFO] [stdout]   13:     0x5865387e3ca3 - std::panicking::rust_panic_with_hook::h625eea43051b2edc
[INFO] [stdout]                                at /rustc/6067b36314ab5eb2eb47cecc464545ba58e1ad24/library/std/src/panicking.rs:839:13
[INFO] [stdout]   14:     0x5865387e395a - std::panicking::begin_panic_handler::{{closure}}::h4f9159cfbc3f6bd3
[INFO] [stdout]                                at /rustc/6067b36314ab5eb2eb47cecc464545ba58e1ad24/library/std/src/panicking.rs:704:13
[INFO] [stdout]   15:     0x5865387e2289 - std::sys::backtrace::__rust_end_short_backtrace::h0390abce48353151
[INFO] [stdout]                                at /rustc/6067b36314ab5eb2eb47cecc464545ba58e1ad24/library/std/src/sys/backtrace.rs:168:18
[INFO] [stdout]   16:     0x5865387e35ed - rust_begin_unwind
[INFO] [stdout]                                at /rustc/6067b36314ab5eb2eb47cecc464545ba58e1ad24/library/std/src/panicking.rs:695:5
[INFO] [stdout]   17:     0x5865388087d0 - core::panicking::panic_fmt::h9e7c637e9e5f29c9
[INFO] [stdout]                                at /rustc/6067b36314ab5eb2eb47cecc464545ba58e1ad24/library/core/src/panicking.rs:75:14
[INFO] [stdout]   18:     0x586538526581 - multiversx_sc_scenario::scenario::run_vm::tx_output_check::check_tx_output::h262e10663c16b647
[INFO] [stdout]                                at /opt/rustwide/cargo-home/registry/src/index.crates.io-1949cf8c6b5b557f/multiversx-sc-scenario-0.54.6/src/scenario/run_vm/tx_output_check.rs:10:5
[INFO] [stdout]   19:     0x5865384ff85f - multiversx_sc_scenario::scenario::run_vm::sc_deploy::<impl multiversx_sc_scenario::scenario::run_vm::vm_runner::ScenarioVMRunner>::perform_sc_deploy_lambda_and_check::h00dc9d13ad4e0c2c
[INFO] [stdout]                                at /opt/rustwide/cargo-home/registry/src/index.crates.io-1949cf8c6b5b557f/multiversx-sc-scenario-0.54.6/src/scenario/run_vm/sc_deploy.rs:59:13
[INFO] [stdout]   20:     0x5865384ff24b - multiversx_sc_scenario::scenario::run_vm::sc_deploy::<impl multiversx_sc_scenario::scenario::run_vm::vm_runner::ScenarioVMRunner>::perform_sc_deploy_update_results::h140a51d802ae1967
[INFO] [stdout]                                at /opt/rustwide/cargo-home/registry/src/index.crates.io-1949cf8c6b5b557f/multiversx-sc-scenario-0.54.6/src/scenario/run_vm/sc_deploy.rs:19:13
[INFO] [stdout]   21:     0x5865384fff64 - <multiversx_sc_scenario::scenario::run_vm::vm_runner::ScenarioVMRunner as multiversx_sc_scenario::scenario::scenario_runner::ScenarioRunner>::run_sc_deploy_step::hd3d5b8502982849a
[INFO] [stdout]                                at /opt/rustwide/cargo-home/registry/src/index.crates.io-1949cf8c6b5b557f/multiversx-sc-scenario-0.54.6/src/scenario/run_vm/vm_runner.rs:56:9
[INFO] [stdout]   22:     0x58653852d1ea - <multiversx_sc_scenario::facade::debugger_backend::DebuggerBackend as multiversx_sc_scenario::scenario::scenario_runner::ScenarioRunner>::run_sc_deploy_step::h3b7ccfcbe8695f8f
[INFO] [stdout]                                at /opt/rustwide/cargo-home/registry/src/index.crates.io-1949cf8c6b5b557f/multiversx-sc-scenario-0.54.6/src/facade/debugger_backend.rs:58:9
[INFO] [stdout]   23:     0x58653852d611 - multiversx_sc_scenario::facade::debugger_backend::DebuggerBackend::run_scenario_file::hb7a19612e868cc92
[INFO] [stdout]                                at /opt/rustwide/cargo-home/registry/src/index.crates.io-1949cf8c6b5b557f/multiversx-sc-scenario-0.54.6/src/facade/debugger_backend.rs:113:21
[INFO] [stdout]   24:     0x586538451ddf - multiversx_sc_scenario::facade::scenario_world::ScenarioWorld::run::h86382d198c0592e8
[INFO] [stdout]                                at /opt/rustwide/cargo-home/registry/src/index.crates.io-1949cf8c6b5b557f/multiversx-sc-scenario-0.54.6/src/facade/scenario_world.rs:65:17
[INFO] [stdout]   25:     0x58653845bd54 - staking_contract_scenario_rs_test::empty_rs::h03e11529684063b8
[INFO] [stdout]                                at /opt/rustwide/workdir/tests/staking_contract_scenario_rs_test.rs:13:5
[INFO] [stdout]   26:     0x58653845bd17 - staking_contract_scenario_rs_test::empty_rs::{{closure}}::hf5195b6c77937eb8
[INFO] [stdout]                                at /opt/rustwide/workdir/tests/staking_contract_scenario_rs_test.rs:12:14
[INFO] [stdout]   27:     0x586538452646 - core::ops::function::FnOnce::call_once::h1891f5f4d8583cb6
[INFO] [stdout]                                at /rustc/6067b36314ab5eb2eb47cecc464545ba58e1ad24/library/core/src/ops/function.rs:250:5
[INFO] [stdout]   28:     0x5865384ab5eb - core::ops::function::FnOnce::call_once::he27718dfdd183f43
[INFO] [stdout]                                at /rustc/6067b36314ab5eb2eb47cecc464545ba58e1ad24/library/core/src/ops/function.rs:250:5
[INFO] [stdout]   29:     0x5865384ab5eb - test::__rust_begin_short_backtrace::h4e84902998457a5d
[INFO] [stdout]                                at /rustc/6067b36314ab5eb2eb47cecc464545ba58e1ad24/library/test/src/lib.rs:632:18
[INFO] [stdout]   30:     0x5865384aa523 - test::run_test_in_process::{{closure}}::h7176fd18fc1feca0
[INFO] [stdout]                                at /rustc/6067b36314ab5eb2eb47cecc464545ba58e1ad24/library/test/src/lib.rs:655:60
[INFO] [stdout]   31:     0x5865384aa523 - <core::panic::unwind_safe::AssertUnwindSafe<F> as core::ops::function::FnOnce<()>>::call_once::hf79cff2a624d8cf7
[INFO] [stdout]                                at /rustc/6067b36314ab5eb2eb47cecc464545ba58e1ad24/library/core/src/panic/unwind_safe.rs:272:9
[INFO] [stdout]   32:     0x5865384aa523 - std::panicking::try::do_call::h3da0561d9ab99c25
[INFO] [stdout]                                at /rustc/6067b36314ab5eb2eb47cecc464545ba58e1ad24/library/std/src/panicking.rs:587:40
[INFO] [stdout]   33:     0x5865384aa523 - std::panicking::try::h41c9fa508bc61df6
[INFO] [stdout]                                at /rustc/6067b36314ab5eb2eb47cecc464545ba58e1ad24/library/std/src/panicking.rs:550:19
[INFO] [stdout]   34:     0x5865384aa523 - std::panic::catch_unwind::h6b3ff07bb5afad93
[INFO] [stdout]                                at /rustc/6067b36314ab5eb2eb47cecc464545ba58e1ad24/library/std/src/panic.rs:358:14
[INFO] [stdout]   35:     0x5865384aa523 - test::run_test_in_process::hc7253dd11b39b9f4
[INFO] [stdout]                                at /rustc/6067b36314ab5eb2eb47cecc464545ba58e1ad24/library/test/src/lib.rs:655:27
[INFO] [stdout]   36:     0x5865384aa523 - test::run_test::{{closure}}::hfb2007f8649c30bb
[INFO] [stdout]                                at /rustc/6067b36314ab5eb2eb47cecc464545ba58e1ad24/library/test/src/lib.rs:576:43
[INFO] [stdout]   37:     0x58653846d605 - test::run_test::{{closure}}::h56a17aa7a282a9f4
[INFO] [stdout]                                at /rustc/6067b36314ab5eb2eb47cecc464545ba58e1ad24/library/test/src/lib.rs:606:41
[INFO] [stdout]   38:     0x58653846d605 - std::sys::backtrace::__rust_begin_short_backtrace::hd2d2d2fb8e8c6aac
[INFO] [stdout]                                at /rustc/6067b36314ab5eb2eb47cecc464545ba58e1ad24/library/std/src/sys/backtrace.rs:152:18
[INFO] [stdout]   39:     0x586538470eea - std::thread::Builder::spawn_unchecked_::{{closure}}::{{closure}}::h4faa3f9db6133423
[INFO] [stdout]                                at /rustc/6067b36314ab5eb2eb47cecc464545ba58e1ad24/library/std/src/thread/mod.rs:559:17
[INFO] [stdout]   40:     0x586538470eea - <core::panic::unwind_safe::AssertUnwindSafe<F> as core::ops::function::FnOnce<()>>::call_once::hf2e855a36a4ea846
[INFO] [stdout]                                at /rustc/6067b36314ab5eb2eb47cecc464545ba58e1ad24/library/core/src/panic/unwind_safe.rs:272:9
[INFO] [stdout]   41:     0x586538470eea - std::panicking::try::do_call::h2f73af3616c35465
[INFO] [stdout]                                at /rustc/6067b36314ab5eb2eb47cecc464545ba58e1ad24/library/std/src/panicking.rs:587:40
[INFO] [stdout]   42:     0x586538470eea - std::panicking::try::hd1660ce9efadef5a
[INFO] [stdout]                                at /rustc/6067b36314ab5eb2eb47cecc464545ba58e1ad24/library/std/src/panicking.rs:550:19
[INFO] [stdout]   43:     0x586538470eea - std::panic::catch_unwind::h5ee8d7823b8ca744
[INFO] [stdout]                                at /rustc/6067b36314ab5eb2eb47cecc464545ba58e1ad24/library/std/src/panic.rs:358:14
[INFO] [stdout]   44:     0x586538470eea - std::thread::Builder::spawn_unchecked_::{{closure}}::h53c3a1894dce8407
[INFO] [stdout]                                at /rustc/6067b36314ab5eb2eb47cecc464545ba58e1ad24/library/std/src/thread/mod.rs:557:30
[INFO] [stdout]   45:     0x586538470eea - core::ops::function::FnOnce::call_once{{vtable.shim}}::h048ce291ad4f62bf
[INFO] [stdout]                                at /rustc/6067b36314ab5eb2eb47cecc464545ba58e1ad24/library/core/src/ops/function.rs:250:5
[INFO] [stdout]   46:     0x5865387e7bdb - <alloc::boxed::Box<F,A> as core::ops::function::FnOnce<Args>>::call_once::ha52bedf99a3b4981
[INFO] [stdout]                                at /rustc/6067b36314ab5eb2eb47cecc464545ba58e1ad24/library/alloc/src/boxed.rs:2013:9
[INFO] [stdout]   47:     0x5865387e7bdb - <alloc::boxed::Box<F,A> as core::ops::function::FnOnce<Args>>::call_once::h567748934d80ccf8
[INFO] [stdout]                                at /rustc/6067b36314ab5eb2eb47cecc464545ba58e1ad24/library/alloc/src/boxed.rs:2013:9
[INFO] [stdout]   48:     0x5865387e7bdb - std::sys::pal::unix::thread::Thread::new::thread_start::h2d970728ae887adc
[INFO] [stdout]                                at /rustc/6067b36314ab5eb2eb47cecc464545ba58e1ad24/library/std/src/sys/pal/unix/thread.rs:106:17
[INFO] [stdout]   49:     0x7983810faac3 - <unknown>
[INFO] [stdout]   50:     0x79838118ba04 - clone
[INFO] [stdout]   51:                0x0 - <unknown>
[INFO] [stdout] 
[INFO] [stdout] 
[INFO] [stdout] failures:
[INFO] [stdout]     empty_rs
[INFO] [stdout] 
[INFO] [stdout] test result: FAILED. 0 passed; 1 failed; 0 ignored; 0 measured; 0 filtered out; finished in 0.05s
[INFO] [stdout] 
[INFO] [stderr] error: test failed, to rerun pass `--test staking_contract_scenario_rs_test`
[INFO] running `Command { std: "docker" "inspect" "459a968748a1b7e3fb3d9fe76687307532aafa1de1bcae9e82f50694ab141ed2", kill_on_drop: false }`
[INFO] running `Command { std: "docker" "rm" "-f" "459a968748a1b7e3fb3d9fe76687307532aafa1de1bcae9e82f50694ab141ed2", kill_on_drop: false }`
[INFO] [stdout] 459a968748a1b7e3fb3d9fe76687307532aafa1de1bcae9e82f50694ab141ed2
