[INFO] cloning repository https://github.com/Aavtic/ass_parser
[INFO] running `Command { std: "git" "-c" "credential.helper=" "-c" "credential.helper=/workspace/cargo-home/bin/git-credential-null" "clone" "--bare" "https://github.com/Aavtic/ass_parser" "/workspace/cache/git-repos/https%3A%2F%2Fgithub.com%2FAavtic%2Fass_parser", kill_on_drop: false }`
[INFO] [stderr] Cloning into bare repository '/workspace/cache/git-repos/https%3A%2F%2Fgithub.com%2FAavtic%2Fass_parser'...
[INFO] running `Command { std: "git" "rev-parse" "HEAD", kill_on_drop: false }`
[INFO] [stdout] c7b84d608e830fe5b2efb3faa2ff51b6cbac5f9e
[INFO] testing Aavtic/ass_parser against nightly-2025-01-18 for randomize-layout-2
[INFO] running `Command { std: "git" "clone" "/workspace/cache/git-repos/https%3A%2F%2Fgithub.com%2FAavtic%2Fass_parser" "/workspace/builds/worker-2-tc1/source", kill_on_drop: false }`
[INFO] [stderr] Cloning into '/workspace/builds/worker-2-tc1/source'...
[INFO] [stderr] done.
[INFO] validating manifest of git repo https://github.com/Aavtic/ass_parser on toolchain nightly-2025-01-18
[INFO] running `Command { std: CARGO_HOME="/workspace/cargo-home" RUSTUP_HOME="/workspace/rustup-home" "/workspace/cargo-home/bin/cargo" "+nightly-2025-01-18" "metadata" "--manifest-path" "Cargo.toml" "--no-deps", kill_on_drop: false }`
[INFO] started tweaking git repo https://github.com/Aavtic/ass_parser
[INFO] finished tweaking git repo https://github.com/Aavtic/ass_parser
[INFO] tweaked toml for git repo https://github.com/Aavtic/ass_parser written to /workspace/builds/worker-2-tc1/source/Cargo.toml
[INFO] crate git repo https://github.com/Aavtic/ass_parser already has a lockfile, it will not be regenerated
[INFO] running `Command { std: CARGO_HOME="/workspace/cargo-home" RUSTUP_HOME="/workspace/rustup-home" "/workspace/cargo-home/bin/cargo" "+nightly-2025-01-18" "fetch" "--manifest-path" "Cargo.toml", kill_on_drop: false }`
[INFO] [stderr]     Blocking waiting for file lock on package cache
[INFO] [stderr]     Blocking waiting for file lock on package cache
[INFO] [stderr]  Downloading crates ...
[INFO] [stderr]   Downloaded syn v2.0.75
[INFO] running `Command { std: "docker" "create" "-v" "/var/lib/crater-agent-workspace/builds/worker-2-tc1/target:/opt/rustwide/target:rw,Z" "-v" "/var/lib/crater-agent-workspace/builds/worker-2-tc1/source:/opt/rustwide/workdir:ro,Z" "-v" "/var/lib/crater-agent-workspace/cargo-home:/opt/rustwide/cargo-home:ro,Z" "-v" "/var/lib/crater-agent-workspace/rustup-home:/opt/rustwide/rustup-home:ro,Z" "-e" "SOURCE_DIR=/opt/rustwide/workdir" "-e" "CARGO_TARGET_DIR=/opt/rustwide/target" "-e" "CARGO_HOME=/opt/rustwide/cargo-home" "-e" "RUSTUP_HOME=/opt/rustwide/rustup-home" "-w" "/opt/rustwide/workdir" "-m" "1610612736" "--user" "0:0" "--network" "none" "ghcr.io/rust-lang/crates-build-env/linux@sha256:819108c5571ea2e421544af4d832f968d213c87fbe3707a016657f43d2f853bc" "/opt/rustwide/cargo-home/bin/cargo" "+nightly-2025-01-18" "metadata" "--no-deps" "--format-version=1", kill_on_drop: false }`
[INFO] [stdout] dddaabe261636f86a358192fd4abb126b7021ea58099a9484dbf9f9f52a26cd5
[INFO] running `Command { std: "docker" "start" "-a" "dddaabe261636f86a358192fd4abb126b7021ea58099a9484dbf9f9f52a26cd5", kill_on_drop: false }`
[INFO] running `Command { std: "docker" "inspect" "dddaabe261636f86a358192fd4abb126b7021ea58099a9484dbf9f9f52a26cd5", kill_on_drop: false }`
[INFO] running `Command { std: "docker" "rm" "-f" "dddaabe261636f86a358192fd4abb126b7021ea58099a9484dbf9f9f52a26cd5", kill_on_drop: false }`
[INFO] [stdout] dddaabe261636f86a358192fd4abb126b7021ea58099a9484dbf9f9f52a26cd5
[INFO] running `Command { std: "docker" "create" "-v" "/var/lib/crater-agent-workspace/builds/worker-2-tc1/target:/opt/rustwide/target:rw,Z" "-v" "/var/lib/crater-agent-workspace/builds/worker-2-tc1/source:/opt/rustwide/workdir:ro,Z" "-v" "/var/lib/crater-agent-workspace/cargo-home:/opt/rustwide/cargo-home:ro,Z" "-v" "/var/lib/crater-agent-workspace/rustup-home:/opt/rustwide/rustup-home:ro,Z" "-e" "SOURCE_DIR=/opt/rustwide/workdir" "-e" "CARGO_TARGET_DIR=/opt/rustwide/target" "-e" "CARGO_INCREMENTAL=0" "-e" "RUST_BACKTRACE=full" "-e" "RUSTFLAGS=--cap-lints=forbid" "-e" "RUSTDOCFLAGS=--cap-lints=forbid" "-e" "CARGO_HOME=/opt/rustwide/cargo-home" "-e" "RUSTUP_HOME=/opt/rustwide/rustup-home" "-w" "/opt/rustwide/workdir" "-m" "1610612736" "--user" "0:0" "--network" "none" "ghcr.io/rust-lang/crates-build-env/linux@sha256:819108c5571ea2e421544af4d832f968d213c87fbe3707a016657f43d2f853bc" "/opt/rustwide/cargo-home/bin/cargo" "+nightly-2025-01-18" "build" "--frozen" "--message-format=json", kill_on_drop: false }`
[INFO] [stdout] bbc6a8c70606fa6e515b44335a6bf7ff7fd1307ea698716124b93f0bb9d649f9
[INFO] running `Command { std: "docker" "start" "-a" "bbc6a8c70606fa6e515b44335a6bf7ff7fd1307ea698716124b93f0bb9d649f9", kill_on_drop: false }`
[INFO] [stderr]    Compiling libc v0.2.158
[INFO] [stderr]    Compiling quote v1.0.36
[INFO] [stderr]    Compiling syn v2.0.75
[INFO] [stderr]    Compiling getrandom v0.2.15
[INFO] [stderr]    Compiling rand_core v0.6.4
[INFO] [stderr]    Compiling zerocopy-derive v0.7.35
[INFO] [stderr]    Compiling zerocopy v0.7.35
[INFO] [stderr]    Compiling ppv-lite86 v0.2.20
[INFO] [stderr]    Compiling rand_chacha v0.3.1
[INFO] [stderr]    Compiling rand v0.8.5
[INFO] [stderr]    Compiling hex_color v3.0.0
[INFO] [stderr]    Compiling ass_parser v0.2.1 (/opt/rustwide/workdir)
[INFO] [stderr]     Finished `dev` profile [unoptimized + debuginfo] target(s) in 6.11s
[INFO] running `Command { std: "docker" "inspect" "bbc6a8c70606fa6e515b44335a6bf7ff7fd1307ea698716124b93f0bb9d649f9", kill_on_drop: false }`
[INFO] running `Command { std: "docker" "rm" "-f" "bbc6a8c70606fa6e515b44335a6bf7ff7fd1307ea698716124b93f0bb9d649f9", kill_on_drop: false }`
[INFO] [stdout] bbc6a8c70606fa6e515b44335a6bf7ff7fd1307ea698716124b93f0bb9d649f9
[INFO] running `Command { std: "docker" "create" "-v" "/var/lib/crater-agent-workspace/builds/worker-2-tc1/target:/opt/rustwide/target:rw,Z" "-v" "/var/lib/crater-agent-workspace/builds/worker-2-tc1/source:/opt/rustwide/workdir:ro,Z" "-v" "/var/lib/crater-agent-workspace/cargo-home:/opt/rustwide/cargo-home:ro,Z" "-v" "/var/lib/crater-agent-workspace/rustup-home:/opt/rustwide/rustup-home:ro,Z" "-e" "SOURCE_DIR=/opt/rustwide/workdir" "-e" "CARGO_TARGET_DIR=/opt/rustwide/target" "-e" "CARGO_INCREMENTAL=0" "-e" "RUST_BACKTRACE=full" "-e" "RUSTFLAGS=--cap-lints=forbid" "-e" "RUSTDOCFLAGS=--cap-lints=forbid" "-e" "CARGO_HOME=/opt/rustwide/cargo-home" "-e" "RUSTUP_HOME=/opt/rustwide/rustup-home" "-w" "/opt/rustwide/workdir" "-m" "1610612736" "--user" "0:0" "--network" "none" "ghcr.io/rust-lang/crates-build-env/linux@sha256:819108c5571ea2e421544af4d832f968d213c87fbe3707a016657f43d2f853bc" "/opt/rustwide/cargo-home/bin/cargo" "+nightly-2025-01-18" "test" "--frozen" "--no-run" "--message-format=json", kill_on_drop: false }`
[INFO] [stdout] 8da3ef9049fb1efb0e2693593ed0ddcdc91f55003f0ea9b5b5c057746e79f918
[INFO] running `Command { std: "docker" "start" "-a" "8da3ef9049fb1efb0e2693593ed0ddcdc91f55003f0ea9b5b5c057746e79f918", kill_on_drop: false }`
[INFO] [stderr]    Compiling ass_parser v0.2.1 (/opt/rustwide/workdir)
[INFO] [stderr]     Finished `test` profile [unoptimized + debuginfo] target(s) in 0.96s
[INFO] running `Command { std: "docker" "inspect" "8da3ef9049fb1efb0e2693593ed0ddcdc91f55003f0ea9b5b5c057746e79f918", kill_on_drop: false }`
[INFO] running `Command { std: "docker" "rm" "-f" "8da3ef9049fb1efb0e2693593ed0ddcdc91f55003f0ea9b5b5c057746e79f918", kill_on_drop: false }`
[INFO] [stdout] 8da3ef9049fb1efb0e2693593ed0ddcdc91f55003f0ea9b5b5c057746e79f918
[INFO] running `Command { std: "docker" "create" "-v" "/var/lib/crater-agent-workspace/builds/worker-2-tc1/target:/opt/rustwide/target:rw,Z" "-v" "/var/lib/crater-agent-workspace/builds/worker-2-tc1/source:/opt/rustwide/workdir:ro,Z" "-v" "/var/lib/crater-agent-workspace/cargo-home:/opt/rustwide/cargo-home:ro,Z" "-v" "/var/lib/crater-agent-workspace/rustup-home:/opt/rustwide/rustup-home:ro,Z" "-e" "SOURCE_DIR=/opt/rustwide/workdir" "-e" "CARGO_TARGET_DIR=/opt/rustwide/target" "-e" "CARGO_INCREMENTAL=0" "-e" "RUST_BACKTRACE=full" "-e" "RUSTFLAGS=--cap-lints=forbid" "-e" "RUSTDOCFLAGS=--cap-lints=forbid" "-e" "CARGO_HOME=/opt/rustwide/cargo-home" "-e" "RUSTUP_HOME=/opt/rustwide/rustup-home" "-w" "/opt/rustwide/workdir" "-m" "1610612736" "--user" "0:0" "--network" "none" "ghcr.io/rust-lang/crates-build-env/linux@sha256:819108c5571ea2e421544af4d832f968d213c87fbe3707a016657f43d2f853bc" "/opt/rustwide/cargo-home/bin/cargo" "+nightly-2025-01-18" "test" "--frozen", kill_on_drop: false }`
[INFO] [stdout] 16e772a3cccf1950784cdfb632588246ae11a7a9db0e5e4bb8ad424ea882d11e
[INFO] running `Command { std: "docker" "start" "-a" "16e772a3cccf1950784cdfb632588246ae11a7a9db0e5e4bb8ad424ea882d11e", kill_on_drop: false }`
[INFO] [stderr]     Finished `test` profile [unoptimized + debuginfo] target(s) in 0.03s
[INFO] [stderr]      Running unittests src/lib.rs (/opt/rustwide/target/debug/deps/ass_parser-21f5cb4526bffe60)
[INFO] [stdout] 
[INFO] [stdout] running 2 tests
[INFO] [stdout] test tests::test_from_file_wrong ... ok
[INFO] [stdout] test tests::test_file_contents ... ok
[INFO] [stdout] 
[INFO] [stdout] test result: ok. 2 passed; 0 failed; 0 ignored; 0 measured; 0 filtered out; finished in 0.00s
[INFO] [stdout] 
[INFO] [stderr]    Doc-tests ass_parser
[INFO] [stdout] 
[INFO] [stdout] running 22 tests
[INFO] [stdout] test src/lib.rs - HexColor (line 241) ... FAILED
[INFO] [stdout] test src/lib.rs - Events::add_n_dialogue (line 938) ... FAILED
[INFO] [stdout] test src/lib.rs - Events::add_first_dialogue (line 899) ... FAILED
[INFO] [stdout] test src/lib.rs - Events::add_dialogue (line 957) ... FAILED
[INFO] [stdout] test src/lib.rs - AssFile::from_file (line 1607) ... FAILED
[INFO] [stdout] test src/lib.rs - Events::add_last_dialogue (line 919) ... FAILED
[INFO] [stdout] test src/lib.rs - HexColor (line 120) ... FAILED
[INFO] [stdout] test src/lib.rs - Events::get_dialogues (line 840) ... FAILED
[INFO] [stdout] test src/lib.rs - HexColor (line 46) ... FAILED
[INFO] [stdout] test src/lib.rs - HexColor (line 163) ... FAILED
[INFO] [stdout] test src/lib.rs - AssFile::save_file (line 1634) ... FAILED
[INFO] [stdout] test src/lib.rs - Events::create (line 883) ... FAILED
[INFO] [stdout] test src/lib.rs - HexColor (line 21) ... FAILED
[INFO] [stdout] test src/lib.rs - HexColor (line 263) ... FAILED
[INFO] [stdout] test src/lib.rs - AssFile::from_srt (line 1295) ... FAILED
[INFO] [stdout] test src/lib.rs - V4Format::set_primarycolour (line 602) ... FAILED
[INFO] [stdout] test src/lib.rs - V4Format::set_secondarycolour (line 629) ... FAILED
[INFO] [stdout] test src/lib.rs - V4Format::set_backcolour (line 683) ... FAILED
[INFO] [stdout] test src/lib.rs - HexColor (line 66) ... FAILED
[INFO] [stdout] test src/lib.rs - V4Format::set_outlinecolour (line 656) ... FAILED
[INFO] [stdout] test src/lib.rs - HexColor (line 194) ... FAILED
[INFO] [stdout] test src/lib.rs - HexColor (line 137) ... FAILED
[INFO] [stdout] 
[INFO] [stdout] failures:
[INFO] [stdout] 
[INFO] [stdout] ---- src/lib.rs - HexColor (line 241) stdout ----
[INFO] [stdout] error: expected identifier, found `:`
[INFO] [stdout]  --> src/lib.rs:242:11
[INFO] [stdout]   |
[INFO] [stdout] 3 | ScriptType: FFMPEG
[INFO] [stdout]   |           ^ expected identifier
[INFO] [stdout] 
[INFO] [stdout] error: aborting due to 1 previous error
[INFO] [stdout] 
[INFO] [stdout] Couldn't compile the test.
[INFO] [stdout] ---- src/lib.rs - Events::add_n_dialogue (line 938) stdout ----
[INFO] [stdout] error[E0433]: failed to resolve: use of undeclared type `Dialogue`
[INFO] [stdout]  --> src/lib.rs:939:16
[INFO] [stdout]   |
[INFO] [stdout] 3 | let dialogue = Dialogue::default();
[INFO] [stdout]   |                ^^^^^^^^ use of undeclared type `Dialogue`
[INFO] [stdout]   |
[INFO] [stdout] help: consider importing this struct
[INFO] [stdout]   |
[INFO] [stdout] 2 + use ass_parser::Dialogue;
[INFO] [stdout]   |
[INFO] [stdout] 
[INFO] [stdout] error[E0433]: failed to resolve: use of undeclared type `Events`
[INFO] [stdout]  --> src/lib.rs:940:15
[INFO] [stdout]   |
[INFO] [stdout] 4 |  let events = Events::new()
[INFO] [stdout]   |               ^^^^^^ use of undeclared type `Events`
[INFO] [stdout]   |
[INFO] [stdout] help: consider importing this struct
[INFO] [stdout]   |
[INFO] [stdout] 2 + use ass_parser::Events;
[INFO] [stdout]   |
[INFO] [stdout] 
[INFO] [stdout] error: aborting due to 2 previous errors
[INFO] [stdout] 
[INFO] [stdout] For more information about this error, try `rustc --explain E0433`.
[INFO] [stdout] Couldn't compile the test.
[INFO] [stdout] ---- src/lib.rs - Events::add_first_dialogue (line 899) stdout ----
[INFO] [stdout] error[E0433]: failed to resolve: use of undeclared type `Dialogue`
[INFO] [stdout]  --> src/lib.rs:900:16
[INFO] [stdout]   |
[INFO] [stdout] 3 | let dialogue = Dialogue::default();
[INFO] [stdout]   |                ^^^^^^^^ use of undeclared type `Dialogue`
[INFO] [stdout]   |
[INFO] [stdout] help: consider importing this struct
[INFO] [stdout]   |
[INFO] [stdout] 2 + use ass_parser::Dialogue;
[INFO] [stdout]   |
[INFO] [stdout] 
[INFO] [stdout] error[E0433]: failed to resolve: use of undeclared type `Events`
[INFO] [stdout]  --> src/lib.rs:901:15
[INFO] [stdout]   |
[INFO] [stdout] 4 |  let events = Events::new()
[INFO] [stdout]   |               ^^^^^^ use of undeclared type `Events`
[INFO] [stdout]   |
[INFO] [stdout] help: consider importing this struct
[INFO] [stdout]   |
[INFO] [stdout] 2 + use ass_parser::Events;
[INFO] [stdout]   |
[INFO] [stdout] 
[INFO] [stdout] error: aborting due to 2 previous errors
[INFO] [stdout] 
[INFO] [stdout] For more information about this error, try `rustc --explain E0433`.
[INFO] [stdout] Couldn't compile the test.
[INFO] [stdout] ---- src/lib.rs - Events::add_dialogue (line 957) stdout ----
[INFO] [stdout] error[E0433]: failed to resolve: use of undeclared type `Dialogue`
[INFO] [stdout]  --> src/lib.rs:958:16
[INFO] [stdout]   |
[INFO] [stdout] 3 | let dialogue = Dialogue::default();
[INFO] [stdout]   |                ^^^^^^^^ use of undeclared type `Dialogue`
[INFO] [stdout]   |
[INFO] [stdout] help: consider importing this struct
[INFO] [stdout]   |
[INFO] [stdout] 2 + use ass_parser::Dialogue;
[INFO] [stdout]   |
[INFO] [stdout] 
[INFO] [stdout] error[E0433]: failed to resolve: use of undeclared type `Events`
[INFO] [stdout]  --> src/lib.rs:959:15
[INFO] [stdout]   |
[INFO] [stdout] 4 |  let events = Events::new()
[INFO] [stdout]   |               ^^^^^^ use of undeclared type `Events`
[INFO] [stdout]   |
[INFO] [stdout] help: consider importing this struct
[INFO] [stdout]   |
[INFO] [stdout] 2 + use ass_parser::Events;
[INFO] [stdout]   |
[INFO] [stdout] 
[INFO] [stdout] error: aborting due to 2 previous errors
[INFO] [stdout] 
[INFO] [stdout] For more information about this error, try `rustc --explain E0433`.
[INFO] [stdout] Couldn't compile the test.
[INFO] [stdout] ---- src/lib.rs - AssFile::from_file (line 1607) stdout ----
[INFO] [stdout] error[E0308]: mismatched types
[INFO] [stdout]     --> src/lib.rs:1610:51
[INFO] [stdout]      |
[INFO] [stdout] 6    | let mut ass_file = ass_parser::AssFile::from_file("src/subtitles.ass".to_string()).expect("error while reading file.");
[INFO] [stdout]      |                    ------------------------------ ^^^^^^^^^^^^^^^^^^^^^^^^^^^^^^^ expected `&str`, found `String`
[INFO] [stdout]      |                    |
[INFO] [stdout]      |                    arguments to this function are incorrect
[INFO] [stdout]      |
[INFO] [stdout] note: associated function defined here
[INFO] [stdout]     --> /opt/rustwide/workdir/src/lib.rs:1611:12
[INFO] [stdout]      |
[INFO] [stdout] 1611 |     pub fn from_file(filename: &str) -> std::result::Result<AssFile, std::io::Error> {
[INFO] [stdout]      |            ^^^^^^^^^
[INFO] [stdout] help: try removing the method call
[INFO] [stdout]      |
[INFO] [stdout] 6    - let mut ass_file = ass_parser::AssFile::from_file("src/subtitles.ass".to_string()).expect("error while reading file.");
[INFO] [stdout] 6    + let mut ass_file = ass_parser::AssFile::from_file("src/subtitles.ass").expect("error while reading file.");
[INFO] [stdout]      |
[INFO] [stdout] 
[INFO] [stdout] error: aborting due to 1 previous error
[INFO] [stdout] 
[INFO] [stdout] For more information about this error, try `rustc --explain E0308`.
[INFO] [stdout] Couldn't compile the test.
[INFO] [stdout] ---- src/lib.rs - Events::add_last_dialogue (line 919) stdout ----
[INFO] [stdout] error[E0433]: failed to resolve: use of undeclared type `Dialogue`
[INFO] [stdout]  --> src/lib.rs:920:16
[INFO] [stdout]   |
[INFO] [stdout] 3 | let dialogue = Dialogue::default();
[INFO] [stdout]   |                ^^^^^^^^ use of undeclared type `Dialogue`
[INFO] [stdout]   |
[INFO] [stdout] help: consider importing this struct
[INFO] [stdout]   |
[INFO] [stdout] 2 + use ass_parser::Dialogue;
[INFO] [stdout]   |
[INFO] [stdout] 
[INFO] [stdout] error[E0433]: failed to resolve: use of undeclared type `Events`
[INFO] [stdout]  --> src/lib.rs:921:15
[INFO] [stdout]   |
[INFO] [stdout] 4 |  let events = Events::new()
[INFO] [stdout]   |               ^^^^^^ use of undeclared type `Events`
[INFO] [stdout]   |
[INFO] [stdout] help: consider importing this struct
[INFO] [stdout]   |
[INFO] [stdout] 2 + use ass_parser::Events;
[INFO] [stdout]   |
[INFO] [stdout] 
[INFO] [stdout] error: aborting due to 2 previous errors
[INFO] [stdout] 
[INFO] [stdout] For more information about this error, try `rustc --explain E0433`.
[INFO] [stdout] Couldn't compile the test.
[INFO] [stdout] ---- src/lib.rs - HexColor (line 120) stdout ----
[INFO] [stdout] error[E0412]: cannot find type `HexColor` in this scope
[INFO] [stdout]  --> src/lib.rs:122:18
[INFO] [stdout]   |
[INFO] [stdout] 4 | let random_color:HexColor = rand::random();
[INFO] [stdout]   |                  ^^^^^^^^ not found in this scope
[INFO] [stdout]   |
[INFO] [stdout] help: consider importing this struct
[INFO] [stdout]   |
[INFO] [stdout] 3 + use hex_color::HexColor;
[INFO] [stdout]   |
[INFO] [stdout] 
[INFO] [stdout] error[E0433]: failed to resolve: use of undeclared type `Dialogue`
[INFO] [stdout]  --> src/lib.rs:124:16
[INFO] [stdout]   |
[INFO] [stdout] 6 | let dialogue = Dialogue::default()
[INFO] [stdout]   |                ^^^^^^^^ use of undeclared type `Dialogue`
[INFO] [stdout]   |
[INFO] [stdout] help: consider importing this struct
[INFO] [stdout]   |
[INFO] [stdout] 3 + use ass_parser::Dialogue;
[INFO] [stdout]   |
[INFO] [stdout] 
[INFO] [stdout] error[E0423]: expected value, found built-in attribute `start`
[INFO] [stdout]  --> src/lib.rs:125:16
[INFO] [stdout]   |
[INFO] [stdout] 7 |    .set_start(&start)
[INFO] [stdout]   |                ^^^^^ not a value
[INFO] [stdout] 
[INFO] [stdout] error[E0425]: cannot find value `end` in this scope
[INFO] [stdout]  --> src/lib.rs:126:14
[INFO] [stdout]   |
[INFO] [stdout] 8 |    .set_end(&end)
[INFO] [stdout]   |              ^^^ not found in this scope
[INFO] [stdout] 
[INFO] [stdout] error[E0425]: cannot find value `text` in this scope
[INFO] [stdout]  --> src/lib.rs:127:15
[INFO] [stdout]   |
[INFO] [stdout] 9 |    .set_text(&text)
[INFO] [stdout]   |               ^^^^ not found in this scope
[INFO] [stdout] 
[INFO] [stdout] error[E0425]: cannot find value `event` in this scope
[INFO] [stdout]   --> src/lib.rs:130:1
[INFO] [stdout]    |
[INFO] [stdout] 12 | event.add_dialogue(dialogue);
[INFO] [stdout]    | ^^^^^ not found in this scope
[INFO] [stdout] 
[INFO] [stdout] error: aborting due to 6 previous errors
[INFO] [stdout] 
[INFO] [stdout] Some errors have detailed explanations: E0412, E0423, E0425, E0433.
[INFO] [stdout] For more information about an error, try `rustc --explain E0412`.
[INFO] [stdout] Couldn't compile the test.
[INFO] [stdout] ---- src/lib.rs - Events::get_dialogues (line 840) stdout ----
[INFO] [stdout] error[E0425]: cannot find value `ass_file` in this scope
[INFO] [stdout]  --> src/lib.rs:841:17
[INFO] [stdout]   |
[INFO] [stdout] 3 | let dialogues = ass_file.events.get_dialogues().dialogues.clone();
[INFO] [stdout]   |                 ^^^^^^^^ not found in this scope
[INFO] [stdout] 
[INFO] [stdout] error: aborting due to 1 previous error
[INFO] [stdout] 
[INFO] [stdout] For more information about this error, try `rustc --explain E0425`.
[INFO] [stdout] Couldn't compile the test.
[INFO] [stdout] ---- src/lib.rs - HexColor (line 46) stdout ----
[INFO] [stdout] error: expected identifier, found `:`
[INFO] [stdout]  --> src/lib.rs:47:11
[INFO] [stdout]   |
[INFO] [stdout] 3 | ScriptType: v4.00+
[INFO] [stdout]   |           ^ expected identifier
[INFO] [stdout] 
[INFO] [stdout] error: aborting due to 1 previous error
[INFO] [stdout] 
[INFO] [stdout] Couldn't compile the test.
[INFO] [stdout] ---- src/lib.rs - HexColor (line 163) stdout ----
[INFO] [stdout] error[E0277]: the `?` operator can only be used in a function that returns `Result` or `Option` (or another type that implements `FromResidual`)
[INFO] [stdout]  --> src/lib.rs:167:60
[INFO] [stdout]   |
[INFO] [stdout] 4 | fn main() { #[allow(non_snake_case)] fn _doctest_main_src_lib_rs_163_0() {
[INFO] [stdout]   |                                      ----------------------------------- this function should return `Result` or `Option` to accept `?`
[INFO] [stdout] ...
[INFO] [stdout] 7 | let ass_file = AssFile::from_file("examples/subtitles.ass")?;
[INFO] [stdout]   |                                                            ^ cannot use the `?` operator in a function that returns `()`
[INFO] [stdout]   |
[INFO] [stdout]   = help: the trait `FromResidual<Result<Infallible, std::io::Error>>` is not implemented for `()`
[INFO] [stdout] help: consider adding return type
[INFO] [stdout]   |
[INFO] [stdout] 4 | fn main() { #[allow(non_snake_case)] fn _doctest_main_src_lib_rs_163_0() -> Result<(), Box<dyn std::error::Error>> {
[INFO] [stdout]   |                                                                          +++++++++++++++++++++++++++++++++++++++++
[INFO] [stdout] 
[INFO] [stdout] error: aborting due to 1 previous error
[INFO] [stdout] 
[INFO] [stdout] For more information about this error, try `rustc --explain E0277`.
[INFO] [stdout] Couldn't compile the test.
[INFO] [stdout] ---- src/lib.rs - AssFile::save_file (line 1634) stdout ----
[INFO] [stdout] error[E0254]: the name `ass_parser` is defined multiple times
[INFO] [stdout]  --> src/lib.rs:1637:5
[INFO] [stdout]   |
[INFO] [stdout] 3 | extern crate r#ass_parser;
[INFO] [stdout]   | -------------------------- previous import of the extern crate `ass_parser` here
[INFO] [stdout] 4 | use hex_color::HexColor;
[INFO] [stdout] 5 | use ass_parser;
[INFO] [stdout]   |     ^^^^^^^^^^ `ass_parser` reimported here
[INFO] [stdout]   |
[INFO] [stdout]   = note: `ass_parser` must be defined only once in the type namespace of this module
[INFO] [stdout] 
[INFO] [stdout] error[E0308]: mismatched types
[INFO] [stdout]     --> src/lib.rs:1641:54
[INFO] [stdout]      |
[INFO] [stdout] 9    |    let mut ass_file = ass_parser::AssFile::from_file("subtitles.ass".to_string())?;
[INFO] [stdout]      |                       ------------------------------ ^^^^^^^^^^^^^^^^^^^^^^^^^^^ expected `&str`, found `String`
[INFO] [stdout]      |                       |
[INFO] [stdout]      |                       arguments to this function are incorrect
[INFO] [stdout]      |
[INFO] [stdout] note: associated function defined here
[INFO] [stdout]     --> /opt/rustwide/workdir/src/lib.rs:1611:12
[INFO] [stdout]      |
[INFO] [stdout] 1611 |     pub fn from_file(filename: &str) -> std::result::Result<AssFile, std::io::Error> {
[INFO] [stdout]      |            ^^^^^^^^^
[INFO] [stdout] help: try removing the method call
[INFO] [stdout]      |
[INFO] [stdout] 9    -    let mut ass_file = ass_parser::AssFile::from_file("subtitles.ass".to_string())?;
[INFO] [stdout] 9    +    let mut ass_file = ass_parser::AssFile::from_file("subtitles.ass")?;
[INFO] [stdout]      |
[INFO] [stdout] 
[INFO] [stdout] error[E0308]: mismatched types
[INFO] [stdout]    --> src/lib.rs:1643:24
[INFO] [stdout]     |
[INFO] [stdout] 11  |        .set_scripttype("v4.00+".to_string())
[INFO] [stdout]     |         -------------- ^^^^^^^^^^^^^^^^^^^^ expected `&str`, found `String`
[INFO] [stdout]     |         |
[INFO] [stdout]     |         arguments to this method are incorrect
[INFO] [stdout]     |
[INFO] [stdout] note: method defined here
[INFO] [stdout]    --> /opt/rustwide/workdir/src/lib.rs:407:12
[INFO] [stdout]     |
[INFO] [stdout] 407 |     pub fn set_scripttype(&mut self, value: &str) -> &mut Self {
[INFO] [stdout]     |            ^^^^^^^^^^^^^^
[INFO] [stdout] help: try removing the method call
[INFO] [stdout]     |
[INFO] [stdout] 11  -        .set_scripttype("v4.00+".to_string())
[INFO] [stdout] 11  +        .set_scripttype("v4.00+")
[INFO] [stdout]     |
[INFO] [stdout] 
[INFO] [stdout] error[E0308]: mismatched types
[INFO] [stdout]    --> src/lib.rs:1644:22
[INFO] [stdout]     |
[INFO] [stdout] 12  |        .set_playresx("384".to_string())
[INFO] [stdout]     |         ------------ ^^^^^^^^^^^^^^^^^ expected `&str`, found `String`
[INFO] [stdout]     |         |
[INFO] [stdout]     |         arguments to this method are incorrect
[INFO] [stdout]     |
[INFO] [stdout] note: method defined here
[INFO] [stdout]    --> /opt/rustwide/workdir/src/lib.rs:417:12
[INFO] [stdout]     |
[INFO] [stdout] 417 |     pub fn set_playresx(&mut self, value: &str) -> &mut Self {
[INFO] [stdout]     |            ^^^^^^^^^^^^
[INFO] [stdout] help: try removing the method call
[INFO] [stdout]     |
[INFO] [stdout] 12  -        .set_playresx("384".to_string())
[INFO] [stdout] 12  +        .set_playresx("384")
[INFO] [stdout]     |
[INFO] [stdout] 
[INFO] [stdout] error[E0308]: mismatched types
[INFO] [stdout]    --> src/lib.rs:1645:22
[INFO] [stdout]     |
[INFO] [stdout] 13  |        .set_playresy("288".to_string())
[INFO] [stdout]     |         ------------ ^^^^^^^^^^^^^^^^^ expected `&str`, found `String`
[INFO] [stdout]     |         |
[INFO] [stdout]     |         arguments to this method are incorrect
[INFO] [stdout]     |
[INFO] [stdout] note: method defined here
[INFO] [stdout]    --> /opt/rustwide/workdir/src/lib.rs:428:12
[INFO] [stdout]     |
[INFO] [stdout] 428 |     pub fn set_playresy(&mut self, value: &str) -> &mut Self {
[INFO] [stdout]     |            ^^^^^^^^^^^^
[INFO] [stdout] help: try removing the method call
[INFO] [stdout]     |
[INFO] [stdout] 13  -        .set_playresy("288".to_string())
[INFO] [stdout] 13  +        .set_playresy("288")
[INFO] [stdout]     |
[INFO] [stdout] 
[INFO] [stdout] error[E0308]: mismatched types
[INFO] [stdout]    --> src/lib.rs:1646:35
[INFO] [stdout]     |
[INFO] [stdout] 14  |        .set_scaledborderandshadow("yes".to_string())
[INFO] [stdout]     |         ------------------------- ^^^^^^^^^^^^^^^^^ expected `&str`, found `String`
[INFO] [stdout]     |         |
[INFO] [stdout]     |         arguments to this method are incorrect
[INFO] [stdout]     |
[INFO] [stdout] note: method defined here
[INFO] [stdout]    --> /opt/rustwide/workdir/src/lib.rs:435:12
[INFO] [stdout]     |
[INFO] [stdout] 435 |     pub fn set_scaledborderandshadow(&mut self, value: &str) -> &mut Self {
[INFO] [stdout]     |            ^^^^^^^^^^^^^^^^^^^^^^^^^
[INFO] [stdout] help: try removing the method call
[INFO] [stdout]     |
[INFO] [stdout] 14  -        .set_scaledborderandshadow("yes".to_string())
[INFO] [stdout] 14  +        .set_scaledborderandshadow("yes")
[INFO] [stdout]     |
[INFO] [stdout] 
[INFO] [stdout] error[E0308]: mismatched types
[INFO] [stdout]    --> src/lib.rs:1647:26
[INFO] [stdout]     |
[INFO] [stdout] 15  |        .set_ycbcr_matrix("None".to_string());
[INFO] [stdout]     |         ---------------- ^^^^^^^^^^^^^^^^^^ expected `&str`, found `String`
[INFO] [stdout]     |         |
[INFO] [stdout]     |         arguments to this method are incorrect
[INFO] [stdout]     |
[INFO] [stdout] note: method defined here
[INFO] [stdout]    --> /opt/rustwide/workdir/src/lib.rs:442:12
[INFO] [stdout]     |
[INFO] [stdout] 442 |     pub fn set_ycbcr_matrix(&mut self, value: &str) -> &mut Self {
[INFO] [stdout]     |            ^^^^^^^^^^^^^^^^
[INFO] [stdout] help: try removing the method call
[INFO] [stdout]     |
[INFO] [stdout] 15  -        .set_ycbcr_matrix("None".to_string());
[INFO] [stdout] 15  +        .set_ycbcr_matrix("None");
[INFO] [stdout]     |
[INFO] [stdout] 
[INFO] [stdout] error[E0308]: mismatched types
[INFO] [stdout]  --> src/lib.rs:1640:14
[INFO] [stdout]   |
[INFO] [stdout] 8 | fn main() -> Result<(), std::io::Error>{
[INFO] [stdout]   |    ----      ^^^^^^^^^^^^^^^^^^^^^^^^^^ expected `Result<(), Error>`, found `()`
[INFO] [stdout]   |    |
[INFO] [stdout]   |    implicitly returns `()` as its body has no tail or `return` expression
[INFO] [stdout]   |
[INFO] [stdout]   = note:   expected enum `Result<(), std::io::Error>`
[INFO] [stdout]           found unit type `()`
[INFO] [stdout] 
[INFO] [stdout] error: aborting due to 8 previous errors
[INFO] [stdout] 
[INFO] [stdout] Some errors have detailed explanations: E0254, E0308.
[INFO] [stdout] For more information about an error, try `rustc --explain E0254`.
[INFO] [stdout] Couldn't compile the test.
[INFO] [stdout] ---- src/lib.rs - Events::create (line 883) stdout ----
[INFO] [stdout] error[E0433]: failed to resolve: use of undeclared type `Dialogue`
[INFO] [stdout]  --> src/lib.rs:884:16
[INFO] [stdout]   |
[INFO] [stdout] 3 | let dialogue = Dialogue::default();
[INFO] [stdout]   |                ^^^^^^^^ use of undeclared type `Dialogue`
[INFO] [stdout]   |
[INFO] [stdout] help: consider importing this struct
[INFO] [stdout]   |
[INFO] [stdout] 2 + use ass_parser::Dialogue;
[INFO] [stdout]   |
[INFO] [stdout] 
[INFO] [stdout] error[E0433]: failed to resolve: use of undeclared type `Events`
[INFO] [stdout]  --> src/lib.rs:885:15
[INFO] [stdout]   |
[INFO] [stdout] 4 |  let events = Events::new()
[INFO] [stdout]   |               ^^^^^^ use of undeclared type `Events`
[INFO] [stdout]   |
[INFO] [stdout] help: consider importing this struct
[INFO] [stdout]   |
[INFO] [stdout] 2 + use ass_parser::Events;
[INFO] [stdout]   |
[INFO] [stdout] 
[INFO] [stdout] error: aborting due to 2 previous errors
[INFO] [stdout] 
[INFO] [stdout] For more information about this error, try `rustc --explain E0433`.
[INFO] [stdout] Couldn't compile the test.
[INFO] [stdout] ---- src/lib.rs - HexColor (line 21) stdout ----
[INFO] [stdout] error[E0254]: the name `ass_parser` is defined multiple times
[INFO] [stdout]  --> src/lib.rs:23:18
[INFO] [stdout]   |
[INFO] [stdout] 3 | extern crate r#ass_parser;
[INFO] [stdout]   | -------------------------- previous import of the extern crate `ass_parser` here
[INFO] [stdout] 4 | use ass_parser::{self, AssFile, ScriptInfo, V4Format, Events, AssFileOptions};
[INFO] [stdout]   |                  ^^^^--
[INFO] [stdout]   |                  |
[INFO] [stdout]   |                  `ass_parser` reimported here
[INFO] [stdout]   |                  help: remove unnecessary import
[INFO] [stdout]   |
[INFO] [stdout]   = note: `ass_parser` must be defined only once in the type namespace of this module
[INFO] [stdout] 
[INFO] [stdout] error: aborting due to 1 previous error
[INFO] [stdout] 
[INFO] [stdout] For more information about this error, try `rustc --explain E0254`.
[INFO] [stdout] Couldn't compile the test.
[INFO] [stdout] ---- src/lib.rs - HexColor (line 263) stdout ----
[INFO] [stdout] error[E0433]: failed to resolve: use of undeclared type `Dialogue`
[INFO] [stdout]  --> src/lib.rs:264:22
[INFO] [stdout]   |
[INFO] [stdout] 3 | let first_dialogue = Dialogue::default()
[INFO] [stdout]   |                      ^^^^^^^^ use of undeclared type `Dialogue`
[INFO] [stdout]   |
[INFO] [stdout] help: consider importing this struct
[INFO] [stdout]   |
[INFO] [stdout] 2 + use ass_parser::Dialogue;
[INFO] [stdout]   |
[INFO] [stdout] 
[INFO] [stdout] error[E0433]: failed to resolve: use of undeclared type `Dialogue`
[INFO] [stdout]  --> src/lib.rs:268:23
[INFO] [stdout]   |
[INFO] [stdout] 7 | let second_dialogue = Dialogue::default()
[INFO] [stdout]   |                       ^^^^^^^^ use of undeclared type `Dialogue`
[INFO] [stdout]   |
[INFO] [stdout] help: consider importing this struct
[INFO] [stdout]   |
[INFO] [stdout] 2 + use ass_parser::Dialogue;
[INFO] [stdout]   |
[INFO] [stdout] 
[INFO] [stdout] error[E0433]: failed to resolve: use of undeclared type `Dialogue`
[INFO] [stdout]   --> src/lib.rs:272:22
[INFO] [stdout]    |
[INFO] [stdout] 11 | let third_dialogue = Dialogue::default()
[INFO] [stdout]    |                      ^^^^^^^^ use of undeclared type `Dialogue`
[INFO] [stdout]    |
[INFO] [stdout] help: consider importing this struct
[INFO] [stdout]    |
[INFO] [stdout] 2  + use ass_parser::Dialogue;
[INFO] [stdout]    |
[INFO] [stdout] 
[INFO] [stdout] error[E0433]: failed to resolve: use of undeclared type `Events`
[INFO] [stdout]   --> src/lib.rs:276:14
[INFO] [stdout]    |
[INFO] [stdout] 15 | let events = Events::new()
[INFO] [stdout]    |              ^^^^^^ use of undeclared type `Events`
[INFO] [stdout]    |
[INFO] [stdout] help: consider importing this struct
[INFO] [stdout]    |
[INFO] [stdout] 2  + use ass_parser::Events;
[INFO] [stdout]    |
[INFO] [stdout] 
[INFO] [stdout] error: aborting due to 4 previous errors
[INFO] [stdout] 
[INFO] [stdout] For more information about this error, try `rustc --explain E0433`.
[INFO] [stdout] Couldn't compile the test.
[INFO] [stdout] ---- src/lib.rs - AssFile::from_srt (line 1295) stdout ----
[INFO] [stdout] error: unknown start of token: `
[INFO] [stdout]   --> src/lib.rs:1305:3
[INFO] [stdout]    |
[INFO] [stdout] 12 | } ```
[INFO] [stdout]    |   ^^^
[INFO] [stdout]    |
[INFO] [stdout]    = note: character appears 2 more times
[INFO] [stdout] help: Unicode character '`' (Grave Accent) looks like ''' (Single Quote), but it is not
[INFO] [stdout]    |
[INFO] [stdout] 12 | } '''
[INFO] [stdout]    |   ~~~
[INFO] [stdout] 
[INFO] [stdout] error[E0433]: failed to resolve: use of undeclared type `AssFile`
[INFO] [stdout]  --> src/lib.rs:1296:16
[INFO] [stdout]   |
[INFO] [stdout] 3 | let srt_file = AssFile::from_srt("sample.srt");
[INFO] [stdout]   |                ^^^^^^^ use of undeclared type `AssFile`
[INFO] [stdout]   |
[INFO] [stdout] help: consider importing this struct
[INFO] [stdout]   |
[INFO] [stdout] 2 + use ass_parser::AssFile;
[INFO] [stdout]   |
[INFO] [stdout] 
[INFO] [stdout] error: aborting due to 2 previous errors
[INFO] [stdout] 
[INFO] [stdout] For more information about this error, try `rustc --explain E0433`.
[INFO] [stdout] Couldn't compile the test.
[INFO] [stdout] ---- src/lib.rs - V4Format::set_primarycolour (line 602) stdout ----
[INFO] [stdout] error[E0254]: the name `ass_parser` is defined multiple times
[INFO] [stdout]  --> src/lib.rs:604:18
[INFO] [stdout]   |
[INFO] [stdout] 3 | extern crate r#ass_parser;
[INFO] [stdout]   | -------------------------- previous import of the extern crate `ass_parser` here
[INFO] [stdout] 4 | use ass_parser::{self, AssFile, ScriptInfo, V4Format, Events, AssFileOptions};
[INFO] [stdout]   |                  ^^^^--
[INFO] [stdout]   |                  |
[INFO] [stdout]   |                  `ass_parser` reimported here
[INFO] [stdout]   |                  help: remove unnecessary import
[INFO] [stdout]   |
[INFO] [stdout]   = note: `ass_parser` must be defined only once in the type namespace of this module
[INFO] [stdout] 
[INFO] [stdout] error: aborting due to 1 previous error
[INFO] [stdout] 
[INFO] [stdout] For more information about this error, try `rustc --explain E0254`.
[INFO] [stdout] Couldn't compile the test.
[INFO] [stdout] ---- src/lib.rs - V4Format::set_secondarycolour (line 629) stdout ----
[INFO] [stdout] error[E0254]: the name `ass_parser` is defined multiple times
[INFO] [stdout]  --> src/lib.rs:631:18
[INFO] [stdout]   |
[INFO] [stdout] 3 | extern crate r#ass_parser;
[INFO] [stdout]   | -------------------------- previous import of the extern crate `ass_parser` here
[INFO] [stdout] 4 | use ass_parser::{self, AssFile, ScriptInfo, V4Format, Events, AssFileOptions};
[INFO] [stdout]   |                  ^^^^--
[INFO] [stdout]   |                  |
[INFO] [stdout]   |                  `ass_parser` reimported here
[INFO] [stdout]   |                  help: remove unnecessary import
[INFO] [stdout]   |
[INFO] [stdout]   = note: `ass_parser` must be defined only once in the type namespace of this module
[INFO] [stdout] 
[INFO] [stdout] error: aborting due to 1 previous error
[INFO] [stdout] 
[INFO] [stdout] For more information about this error, try `rustc --explain E0254`.
[INFO] [stdout] Couldn't compile the test.
[INFO] [stdout] ---- src/lib.rs - V4Format::set_backcolour (line 683) stdout ----
[INFO] [stdout] error[E0254]: the name `ass_parser` is defined multiple times
[INFO] [stdout]  --> src/lib.rs:685:18
[INFO] [stdout]   |
[INFO] [stdout] 3 | extern crate r#ass_parser;
[INFO] [stdout]   | -------------------------- previous import of the extern crate `ass_parser` here
[INFO] [stdout] 4 | use ass_parser::{self, AssFile, ScriptInfo, V4Format, Events, AssFileOptions};
[INFO] [stdout]   |                  ^^^^--
[INFO] [stdout]   |                  |
[INFO] [stdout]   |                  `ass_parser` reimported here
[INFO] [stdout]   |                  help: remove unnecessary import
[INFO] [stdout]   |
[INFO] [stdout]   = note: `ass_parser` must be defined only once in the type namespace of this module
[INFO] [stdout] 
[INFO] [stdout] error: aborting due to 1 previous error
[INFO] [stdout] 
[INFO] [stdout] For more information about this error, try `rustc --explain E0254`.
[INFO] [stdout] Couldn't compile the test.
[INFO] [stdout] ---- src/lib.rs - HexColor (line 66) stdout ----
[INFO] [stdout] error[E0254]: the name `ass_parser` is defined multiple times
[INFO] [stdout]  --> src/lib.rs:68:18
[INFO] [stdout]   |
[INFO] [stdout] 3 | extern crate r#ass_parser;
[INFO] [stdout]   | -------------------------- previous import of the extern crate `ass_parser` here
[INFO] [stdout] 4 | use ass_parser::{self, AssFile, ScriptInfo, V4Format, Events, AssFileOptions, Dialogue};
[INFO] [stdout]   |                  ^^^^--
[INFO] [stdout]   |                  |
[INFO] [stdout]   |                  `ass_parser` reimported here
[INFO] [stdout]   |                  help: remove unnecessary import
[INFO] [stdout]   |
[INFO] [stdout]   = note: `ass_parser` must be defined only once in the type namespace of this module
[INFO] [stdout] 
[INFO] [stdout] error: aborting due to 1 previous error
[INFO] [stdout] 
[INFO] [stdout] For more information about this error, try `rustc --explain E0254`.
[INFO] [stdout] Couldn't compile the test.
[INFO] [stdout] ---- src/lib.rs - V4Format::set_outlinecolour (line 656) stdout ----
[INFO] [stdout] error[E0254]: the name `ass_parser` is defined multiple times
[INFO] [stdout]  --> src/lib.rs:658:18
[INFO] [stdout]   |
[INFO] [stdout] 3 | extern crate r#ass_parser;
[INFO] [stdout]   | -------------------------- previous import of the extern crate `ass_parser` here
[INFO] [stdout] 4 | use ass_parser::{self, AssFile, ScriptInfo, V4Format, Events, AssFileOptions};
[INFO] [stdout]   |                  ^^^^--
[INFO] [stdout]   |                  |
[INFO] [stdout]   |                  `ass_parser` reimported here
[INFO] [stdout]   |                  help: remove unnecessary import
[INFO] [stdout]   |
[INFO] [stdout]   = note: `ass_parser` must be defined only once in the type namespace of this module
[INFO] [stdout] 
[INFO] [stdout] error: aborting due to 1 previous error
[INFO] [stdout] 
[INFO] [stdout] For more information about this error, try `rustc --explain E0254`.
[INFO] [stdout] Couldn't compile the test.
[INFO] [stdout] ---- src/lib.rs - HexColor (line 194) stdout ----
[INFO] [stdout] Test executable failed (exit status: 101).
[INFO] [stdout] 
[INFO] [stdout] stderr:
[INFO] [stdout] 
[INFO] [stdout] thread 'main' panicked at src/lib.rs:1307:52:
[INFO] [stdout] called `Result::unwrap()` on an `Err` value: Kind(NotFound)
[INFO] [stdout] stack backtrace:
[INFO] [stdout]    0:     0x590e891fd20a - std::backtrace_rs::backtrace::libunwind::trace::hb059275cfc8d6126
[INFO] [stdout]                                at /rustc/6067b36314ab5eb2eb47cecc464545ba58e1ad24/library/std/src/../../backtrace/src/backtrace/libunwind.rs:116:5
[INFO] [stdout]    1:     0x590e891fd20a - std::backtrace_rs::backtrace::trace_unsynchronized::h2da071e4327ce3ee
[INFO] [stdout]                                at /rustc/6067b36314ab5eb2eb47cecc464545ba58e1ad24/library/std/src/../../backtrace/src/backtrace/mod.rs:66:5
[INFO] [stdout]    2:     0x590e891fd20a - std::sys::backtrace::_print_fmt::h842a1474e6f8d23f
[INFO] [stdout]                                at /rustc/6067b36314ab5eb2eb47cecc464545ba58e1ad24/library/std/src/sys/backtrace.rs:66:9
[INFO] [stdout]    3:     0x590e891fd20a - <std::sys::backtrace::BacktraceLock::print::DisplayBacktrace as core::fmt::Display>::fmt::h71a62eb3b9696b12
[INFO] [stdout]                                at /rustc/6067b36314ab5eb2eb47cecc464545ba58e1ad24/library/std/src/sys/backtrace.rs:39:26
[INFO] [stdout]    4:     0x590e8921b043 - core::fmt::rt::Argument::fmt::hdb6b616786b41dc1
[INFO] [stdout]                                at /rustc/6067b36314ab5eb2eb47cecc464545ba58e1ad24/library/core/src/fmt/rt.rs:177:76
[INFO] [stdout]    5:     0x590e8921b043 - core::fmt::write::h2cc1698af7e2d686
[INFO] [stdout]                                at /rustc/6067b36314ab5eb2eb47cecc464545ba58e1ad24/library/core/src/fmt/mod.rs:1440:21
[INFO] [stdout]    6:     0x590e891fa873 - std::io::Write::write_fmt::h00c8700df393f328
[INFO] [stdout]                                at /rustc/6067b36314ab5eb2eb47cecc464545ba58e1ad24/library/std/src/io/mod.rs:1887:15
[INFO] [stdout]    7:     0x590e891fd052 - std::sys::backtrace::BacktraceLock::print::h147fe35b4ea13b08
[INFO] [stdout]                                at /rustc/6067b36314ab5eb2eb47cecc464545ba58e1ad24/library/std/src/sys/backtrace.rs:42:9
[INFO] [stdout]    8:     0x590e891fdf9f - std::panicking::default_hook::{{closure}}::hbd44223dbdc0d208
[INFO] [stdout]                                at /rustc/6067b36314ab5eb2eb47cecc464545ba58e1ad24/library/std/src/panicking.rs:298:22
[INFO] [stdout]    9:     0x590e891fde0a - std::panicking::default_hook::h20f81eb0576efcec
[INFO] [stdout]                                at /rustc/6067b36314ab5eb2eb47cecc464545ba58e1ad24/library/std/src/panicking.rs:325:9
[INFO] [stdout]   10:     0x590e891fe872 - std::panicking::rust_panic_with_hook::h625eea43051b2edc
[INFO] [stdout]                                at /rustc/6067b36314ab5eb2eb47cecc464545ba58e1ad24/library/std/src/panicking.rs:831:13
[INFO] [stdout]   11:     0x590e891fe70a - std::panicking::begin_panic_handler::{{closure}}::h4f9159cfbc3f6bd3
[INFO] [stdout]                                at /rustc/6067b36314ab5eb2eb47cecc464545ba58e1ad24/library/std/src/panicking.rs:704:13
[INFO] [stdout]   12:     0x590e891fd709 - std::sys::backtrace::__rust_end_short_backtrace::h0390abce48353151
[INFO] [stdout]                                at /rustc/6067b36314ab5eb2eb47cecc464545ba58e1ad24/library/std/src/sys/backtrace.rs:168:18
[INFO] [stdout]   13:     0x590e891fe39d - rust_begin_unwind
[INFO] [stdout]                                at /rustc/6067b36314ab5eb2eb47cecc464545ba58e1ad24/library/std/src/panicking.rs:695:5
[INFO] [stdout]   14:     0x590e8921a1a0 - core::panicking::panic_fmt::h9e7c637e9e5f29c9
[INFO] [stdout]                                at /rustc/6067b36314ab5eb2eb47cecc464545ba58e1ad24/library/core/src/panicking.rs:75:14
[INFO] [stdout]   15:     0x590e8921a616 - core::result::unwrap_failed::h7979f09313fe1849
[INFO] [stdout]                                at /rustc/6067b36314ab5eb2eb47cecc464545ba58e1ad24/library/core/src/result.rs:1704:5
[INFO] [stdout]   16:     0x590e891923eb - core::result::Result<T,E>::unwrap::h235264556886d502
[INFO] [stdout]                                at /rustc/6067b36314ab5eb2eb47cecc464545ba58e1ad24/library/core/src/result.rs:1109:23
[INFO] [stdout]   17:     0x590e891923eb - ass_parser::AssFile::from_srt::hc8bd1bcaaca78aef
[INFO] [stdout]                                at /opt/rustwide/workdir/src/lib.rs:1307:29
[INFO] [stdout]   18:     0x590e8918d505 - rust_out::main::he88f0b9b281d54e0
[INFO] [stdout]   19:     0x590e8918cf13 - core::ops::function::FnOnce::call_once::hcf3829d8b58d0254
[INFO] [stdout]   20:     0x590e8918cef6 - std::sys::backtrace::__rust_begin_short_backtrace::h5e1527399e8d5bd4
[INFO] [stdout]   21:     0x590e8918ced9 - std::rt::lang_start::{{closure}}::h2c234101ed7b1b74
[INFO] [stdout]   22:     0x590e891f7e20 - core::ops::function::impls::<impl core::ops::function::FnOnce<A> for &F>::call_once::h1b085b6c1d2518b2
[INFO] [stdout]                                at /rustc/6067b36314ab5eb2eb47cecc464545ba58e1ad24/library/core/src/ops/function.rs:284:13
[INFO] [stdout]   23:     0x590e891f7e20 - std::panicking::try::do_call::h382f964a5a23b565
[INFO] [stdout]                                at /rustc/6067b36314ab5eb2eb47cecc464545ba58e1ad24/library/std/src/panicking.rs:587:40
[INFO] [stdout]   24:     0x590e891f7e20 - std::panicking::try::h57f991055eb622f9
[INFO] [stdout]                                at /rustc/6067b36314ab5eb2eb47cecc464545ba58e1ad24/library/std/src/panicking.rs:550:19
[INFO] [stdout]   25:     0x590e891f7e20 - std::panic::catch_unwind::h4d9a74ef04456343
[INFO] [stdout]                                at /rustc/6067b36314ab5eb2eb47cecc464545ba58e1ad24/library/std/src/panic.rs:358:14
[INFO] [stdout]   26:     0x590e891f7e20 - std::rt::lang_start_internal::{{closure}}::h2faa8ae84a93f314
[INFO] [stdout]                                at /rustc/6067b36314ab5eb2eb47cecc464545ba58e1ad24/library/std/src/rt.rs:163:24
[INFO] [stdout]   27:     0x590e891f7e20 - std::panicking::try::do_call::h0f8932bf638a9bf5
[INFO] [stdout]                                at /rustc/6067b36314ab5eb2eb47cecc464545ba58e1ad24/library/std/src/panicking.rs:587:40
[INFO] [stdout]   28:     0x590e891f7e20 - std::panicking::try::h683416ea756b175d
[INFO] [stdout]                                at /rustc/6067b36314ab5eb2eb47cecc464545ba58e1ad24/library/std/src/panicking.rs:550:19
[INFO] [stdout]   29:     0x590e891f7e20 - std::panic::catch_unwind::h56189fac8994979f
[INFO] [stdout]                                at /rustc/6067b36314ab5eb2eb47cecc464545ba58e1ad24/library/std/src/panic.rs:358:14
[INFO] [stdout]   30:     0x590e891f7e20 - std::rt::lang_start_internal::h8bbc1061691274fe
[INFO] [stdout]                                at /rustc/6067b36314ab5eb2eb47cecc464545ba58e1ad24/library/std/src/rt.rs:159:5
[INFO] [stdout]   31:     0x590e8918cec1 - std::rt::lang_start::h601b10a269c70ef7
[INFO] [stdout]   32:     0x590e8918da75 - main
[INFO] [stdout]   33:     0x7801c45e5d90 - <unknown>
[INFO] [stdout]   34:     0x7801c45e5e40 - __libc_start_main
[INFO] [stdout]   35:     0x590e8918cdd5 - _start
[INFO] [stdout]   36:                0x0 - <unknown>
[INFO] [stdout] 
[INFO] [stdout] 
[INFO] [stdout] ---- src/lib.rs - HexColor (line 137) stdout ----
[INFO] [stdout] Test executable failed (exit status: 1).
[INFO] [stdout] 
[INFO] [stdout] stderr:
[INFO] [stdout] Error: Kind(NotFound)
[INFO] [stdout] 
[INFO] [stdout] 
[INFO] [stdout] 
[INFO] [stdout] failures:
[INFO] [stdout]     src/lib.rs - AssFile::from_file (line 1607)
[INFO] [stdout]     src/lib.rs - AssFile::from_srt (line 1295)
[INFO] [stdout]     src/lib.rs - AssFile::save_file (line 1634)
[INFO] [stdout]     src/lib.rs - Events::add_dialogue (line 957)
[INFO] [stdout]     src/lib.rs - Events::add_first_dialogue (line 899)
[INFO] [stdout]     src/lib.rs - Events::add_last_dialogue (line 919)
[INFO] [stdout]     src/lib.rs - Events::add_n_dialogue (line 938)
[INFO] [stdout]     src/lib.rs - Events::create (line 883)
[INFO] [stdout]     src/lib.rs - Events::get_dialogues (line 840)
[INFO] [stdout]     src/lib.rs - HexColor (line 120)
[INFO] [stdout]     src/lib.rs - HexColor (line 137)
[INFO] [stdout]     src/lib.rs - HexColor (line 163)
[INFO] [stdout]     src/lib.rs - HexColor (line 194)
[INFO] [stdout]     src/lib.rs - HexColor (line 21)
[INFO] [stdout]     src/lib.rs - HexColor (line 241)
[INFO] [stdout]     src/lib.rs - HexColor (line 263)
[INFO] [stdout]     src/lib.rs - HexColor (line 46)
[INFO] [stdout]     src/lib.rs - HexColor (line 66)
[INFO] [stdout]     src/lib.rs - V4Format::set_backcolour (line 683)
[INFO] [stdout]     src/lib.rs - V4Format::set_outlinecolour (line 656)
[INFO] [stdout]     src/lib.rs - V4Format::set_primarycolour (line 602)
[INFO] [stdout]     src/lib.rs - V4Format::set_secondarycolour (line 629)
[INFO] [stdout] 
[INFO] [stdout] test result: FAILED. 0 passed; 22 failed; 0 ignored; 0 measured; 0 filtered out; finished in 0.54s
[INFO] [stdout] 
[INFO] [stderr] error: doctest failed, to rerun pass `--doc`
[INFO] running `Command { std: "docker" "inspect" "16e772a3cccf1950784cdfb632588246ae11a7a9db0e5e4bb8ad424ea882d11e", kill_on_drop: false }`
[INFO] running `Command { std: "docker" "rm" "-f" "16e772a3cccf1950784cdfb632588246ae11a7a9db0e5e4bb8ad424ea882d11e", kill_on_drop: false }`
[INFO] [stdout] 16e772a3cccf1950784cdfb632588246ae11a7a9db0e5e4bb8ad424ea882d11e
