[INFO] cloning repository https://github.com/AaronLeon/eecs395-rust-hw4
[INFO] running `Command { std: "git" "-c" "credential.helper=" "-c" "credential.helper=/workspace/cargo-home/bin/git-credential-null" "clone" "--bare" "https://github.com/AaronLeon/eecs395-rust-hw4" "/workspace/cache/git-repos/https%3A%2F%2Fgithub.com%2FAaronLeon%2Feecs395-rust-hw4", kill_on_drop: false }`
[INFO] [stderr] Cloning into bare repository '/workspace/cache/git-repos/https%3A%2F%2Fgithub.com%2FAaronLeon%2Feecs395-rust-hw4'...
[INFO] running `Command { std: "git" "rev-parse" "HEAD", kill_on_drop: false }`
[INFO] [stdout] bb9565dc2f9b7fb45222cd68899960e2b442378b
[INFO] testing AaronLeon/eecs395-rust-hw4 against nightly-2025-01-18 for randomize-layout-2
[INFO] running `Command { std: "git" "clone" "/workspace/cache/git-repos/https%3A%2F%2Fgithub.com%2FAaronLeon%2Feecs395-rust-hw4" "/workspace/builds/worker-5-tc1/source", kill_on_drop: false }`
[INFO] [stderr] Cloning into '/workspace/builds/worker-5-tc1/source'...
[INFO] [stderr] done.
[INFO] validating manifest of git repo https://github.com/AaronLeon/eecs395-rust-hw4 on toolchain nightly-2025-01-18
[INFO] running `Command { std: CARGO_HOME="/workspace/cargo-home" RUSTUP_HOME="/workspace/rustup-home" "/workspace/cargo-home/bin/cargo" "+nightly-2025-01-18" "metadata" "--manifest-path" "Cargo.toml" "--no-deps", kill_on_drop: false }`
[INFO] started tweaking git repo https://github.com/AaronLeon/eecs395-rust-hw4
[INFO] finished tweaking git repo https://github.com/AaronLeon/eecs395-rust-hw4
[INFO] tweaked toml for git repo https://github.com/AaronLeon/eecs395-rust-hw4 written to /workspace/builds/worker-5-tc1/source/Cargo.toml
[INFO] crate git repo https://github.com/AaronLeon/eecs395-rust-hw4 already has a lockfile, it will not be regenerated
[INFO] running `Command { std: CARGO_HOME="/workspace/cargo-home" RUSTUP_HOME="/workspace/rustup-home" "/workspace/cargo-home/bin/cargo" "+nightly-2025-01-18" "fetch" "--manifest-path" "Cargo.toml", kill_on_drop: false }`
[INFO] [stderr] warning: no edition set: defaulting to the 2015 edition while the latest is 2024
[INFO] [stderr]  Downloading crates ...
[INFO] [stderr]   Downloaded num-iter v0.1.33
[INFO] [stderr]   Downloaded num v0.1.37
[INFO] [stderr]   Downloaded time v0.1.37
[INFO] [stderr]   Downloaded num-integer v0.1.34
[INFO] [stderr]   Downloaded libc v0.2.22
[INFO] [stderr]   Downloaded num-traits v0.1.37
[INFO] [stderr]   Downloaded redox_syscall v0.1.17
[INFO] [stderr]   Downloaded chrono v0.3.1
[INFO] running `Command { std: "docker" "create" "-v" "/var/lib/crater-agent-workspace/builds/worker-5-tc1/target:/opt/rustwide/target:rw,Z" "-v" "/var/lib/crater-agent-workspace/builds/worker-5-tc1/source:/opt/rustwide/workdir:ro,Z" "-v" "/var/lib/crater-agent-workspace/cargo-home:/opt/rustwide/cargo-home:ro,Z" "-v" "/var/lib/crater-agent-workspace/rustup-home:/opt/rustwide/rustup-home:ro,Z" "-e" "SOURCE_DIR=/opt/rustwide/workdir" "-e" "CARGO_TARGET_DIR=/opt/rustwide/target" "-e" "CARGO_HOME=/opt/rustwide/cargo-home" "-e" "RUSTUP_HOME=/opt/rustwide/rustup-home" "-w" "/opt/rustwide/workdir" "-m" "1610612736" "--user" "0:0" "--network" "none" "ghcr.io/rust-lang/crates-build-env/linux@sha256:819108c5571ea2e421544af4d832f968d213c87fbe3707a016657f43d2f853bc" "/opt/rustwide/cargo-home/bin/cargo" "+nightly-2025-01-18" "metadata" "--no-deps" "--format-version=1", kill_on_drop: false }`
[INFO] [stdout] 72fcbac6d2c5ddad3d426795d64023dae84b05a18fc1b7223107fc1be46004b3
[INFO] running `Command { std: "docker" "start" "-a" "72fcbac6d2c5ddad3d426795d64023dae84b05a18fc1b7223107fc1be46004b3", kill_on_drop: false }`
[INFO] running `Command { std: "docker" "inspect" "72fcbac6d2c5ddad3d426795d64023dae84b05a18fc1b7223107fc1be46004b3", kill_on_drop: false }`
[INFO] running `Command { std: "docker" "rm" "-f" "72fcbac6d2c5ddad3d426795d64023dae84b05a18fc1b7223107fc1be46004b3", kill_on_drop: false }`
[INFO] [stdout] 72fcbac6d2c5ddad3d426795d64023dae84b05a18fc1b7223107fc1be46004b3
[INFO] running `Command { std: "docker" "create" "-v" "/var/lib/crater-agent-workspace/builds/worker-5-tc1/target:/opt/rustwide/target:rw,Z" "-v" "/var/lib/crater-agent-workspace/builds/worker-5-tc1/source:/opt/rustwide/workdir:ro,Z" "-v" "/var/lib/crater-agent-workspace/cargo-home:/opt/rustwide/cargo-home:ro,Z" "-v" "/var/lib/crater-agent-workspace/rustup-home:/opt/rustwide/rustup-home:ro,Z" "-e" "SOURCE_DIR=/opt/rustwide/workdir" "-e" "CARGO_TARGET_DIR=/opt/rustwide/target" "-e" "CARGO_INCREMENTAL=0" "-e" "RUST_BACKTRACE=full" "-e" "RUSTFLAGS=--cap-lints=forbid" "-e" "RUSTDOCFLAGS=--cap-lints=forbid" "-e" "CARGO_HOME=/opt/rustwide/cargo-home" "-e" "RUSTUP_HOME=/opt/rustwide/rustup-home" "-w" "/opt/rustwide/workdir" "-m" "1610612736" "--user" "0:0" "--network" "none" "ghcr.io/rust-lang/crates-build-env/linux@sha256:819108c5571ea2e421544af4d832f968d213c87fbe3707a016657f43d2f853bc" "/opt/rustwide/cargo-home/bin/cargo" "+nightly-2025-01-18" "build" "--frozen" "--message-format=json", kill_on_drop: false }`
[INFO] [stdout] ae9822ba486c18a0c487b2ac8acc7378b807c96270892ec5bf5a4e425e26c8f3
[INFO] running `Command { std: "docker" "start" "-a" "ae9822ba486c18a0c487b2ac8acc7378b807c96270892ec5bf5a4e425e26c8f3", kill_on_drop: false }`
[INFO] [stderr] warning: no edition set: defaulting to the 2015 edition while the latest is 2024
[INFO] [stderr]    Compiling num-traits v0.1.37
[INFO] [stderr]    Compiling libc v0.2.22
[INFO] [stderr]    Compiling time v0.1.37
[INFO] [stderr]    Compiling num-integer v0.1.34
[INFO] [stderr]    Compiling num-iter v0.1.33
[INFO] [stderr]    Compiling num v0.1.37
[INFO] [stderr]    Compiling chrono v0.3.1
[INFO] [stderr]    Compiling hw4 v0.1.0 (/opt/rustwide/workdir)
[INFO] [stdout] warning: call to `.clone()` on a reference in this situation does nothing
[INFO] [stdout]    --> src/main.rs:197:16
[INFO] [stdout]     |
[INFO] [stdout] 197 |     let r = res.clone();
[INFO] [stdout]     |                ^^^^^^^^
[INFO] [stdout]     |
[INFO] [stdout]     = note: the type `Response` does not implement `Clone`, so calling `clone` on `&Response` copies the reference, which does not do anything and can be removed
[INFO] [stdout]     = note: `#[warn(noop_method_call)]` on by default
[INFO] [stdout] help: remove this redundant call
[INFO] [stdout]     |
[INFO] [stdout] 197 -     let r = res.clone();
[INFO] [stdout] 197 +     let r = res;
[INFO] [stdout]     |
[INFO] [stdout] help: if you meant to clone `Response`, implement `Clone` for it
[INFO] [stdout]     |
[INFO] [stdout] 20  + #[derive(Clone)]
[INFO] [stdout] 21  | struct Response {
[INFO] [stdout]     |
[INFO] [stdout] 
[INFO] [stdout] 
[INFO] [stderr]     Finished `dev` profile [unoptimized + debuginfo] target(s) in 2.24s
[INFO] running `Command { std: "docker" "inspect" "ae9822ba486c18a0c487b2ac8acc7378b807c96270892ec5bf5a4e425e26c8f3", kill_on_drop: false }`
[INFO] running `Command { std: "docker" "rm" "-f" "ae9822ba486c18a0c487b2ac8acc7378b807c96270892ec5bf5a4e425e26c8f3", kill_on_drop: false }`
[INFO] [stdout] ae9822ba486c18a0c487b2ac8acc7378b807c96270892ec5bf5a4e425e26c8f3
[INFO] running `Command { std: "docker" "create" "-v" "/var/lib/crater-agent-workspace/builds/worker-5-tc1/target:/opt/rustwide/target:rw,Z" "-v" "/var/lib/crater-agent-workspace/builds/worker-5-tc1/source:/opt/rustwide/workdir:ro,Z" "-v" "/var/lib/crater-agent-workspace/cargo-home:/opt/rustwide/cargo-home:ro,Z" "-v" "/var/lib/crater-agent-workspace/rustup-home:/opt/rustwide/rustup-home:ro,Z" "-e" "SOURCE_DIR=/opt/rustwide/workdir" "-e" "CARGO_TARGET_DIR=/opt/rustwide/target" "-e" "CARGO_INCREMENTAL=0" "-e" "RUST_BACKTRACE=full" "-e" "RUSTFLAGS=--cap-lints=forbid" "-e" "RUSTDOCFLAGS=--cap-lints=forbid" "-e" "CARGO_HOME=/opt/rustwide/cargo-home" "-e" "RUSTUP_HOME=/opt/rustwide/rustup-home" "-w" "/opt/rustwide/workdir" "-m" "1610612736" "--user" "0:0" "--network" "none" "ghcr.io/rust-lang/crates-build-env/linux@sha256:819108c5571ea2e421544af4d832f968d213c87fbe3707a016657f43d2f853bc" "/opt/rustwide/cargo-home/bin/cargo" "+nightly-2025-01-18" "test" "--frozen" "--no-run" "--message-format=json", kill_on_drop: false }`
[INFO] [stdout] 4f9c2ea2e1644ff89b8c927fc4774f0dbd6563092293222f346ea44c67bd7fd3
[INFO] running `Command { std: "docker" "start" "-a" "4f9c2ea2e1644ff89b8c927fc4774f0dbd6563092293222f346ea44c67bd7fd3", kill_on_drop: false }`
[INFO] [stderr] warning: no edition set: defaulting to the 2015 edition while the latest is 2024
[INFO] [stderr]    Compiling hw4 v0.1.0 (/opt/rustwide/workdir)
[INFO] [stdout] warning: call to `.clone()` on a reference in this situation does nothing
[INFO] [stdout]    --> src/main.rs:197:16
[INFO] [stdout]     |
[INFO] [stdout] 197 |     let r = res.clone();
[INFO] [stdout]     |                ^^^^^^^^
[INFO] [stdout]     |
[INFO] [stdout]     = note: the type `Response` does not implement `Clone`, so calling `clone` on `&Response` copies the reference, which does not do anything and can be removed
[INFO] [stdout]     = note: `#[warn(noop_method_call)]` on by default
[INFO] [stdout] help: remove this redundant call
[INFO] [stdout]     |
[INFO] [stdout] 197 -     let r = res.clone();
[INFO] [stdout] 197 +     let r = res;
[INFO] [stdout]     |
[INFO] [stdout] help: if you meant to clone `Response`, implement `Clone` for it
[INFO] [stdout]     |
[INFO] [stdout] 20  + #[derive(Clone)]
[INFO] [stdout] 21  | struct Response {
[INFO] [stdout]     |
[INFO] [stdout] 
[INFO] [stdout] 
[INFO] [stderr]     Finished `test` profile [unoptimized + debuginfo] target(s) in 0.54s
[INFO] running `Command { std: "docker" "inspect" "4f9c2ea2e1644ff89b8c927fc4774f0dbd6563092293222f346ea44c67bd7fd3", kill_on_drop: false }`
[INFO] running `Command { std: "docker" "rm" "-f" "4f9c2ea2e1644ff89b8c927fc4774f0dbd6563092293222f346ea44c67bd7fd3", kill_on_drop: false }`
[INFO] [stdout] 4f9c2ea2e1644ff89b8c927fc4774f0dbd6563092293222f346ea44c67bd7fd3
[INFO] running `Command { std: "docker" "create" "-v" "/var/lib/crater-agent-workspace/builds/worker-5-tc1/target:/opt/rustwide/target:rw,Z" "-v" "/var/lib/crater-agent-workspace/builds/worker-5-tc1/source:/opt/rustwide/workdir:ro,Z" "-v" "/var/lib/crater-agent-workspace/cargo-home:/opt/rustwide/cargo-home:ro,Z" "-v" "/var/lib/crater-agent-workspace/rustup-home:/opt/rustwide/rustup-home:ro,Z" "-e" "SOURCE_DIR=/opt/rustwide/workdir" "-e" "CARGO_TARGET_DIR=/opt/rustwide/target" "-e" "CARGO_INCREMENTAL=0" "-e" "RUST_BACKTRACE=full" "-e" "RUSTFLAGS=--cap-lints=forbid" "-e" "RUSTDOCFLAGS=--cap-lints=forbid" "-e" "CARGO_HOME=/opt/rustwide/cargo-home" "-e" "RUSTUP_HOME=/opt/rustwide/rustup-home" "-w" "/opt/rustwide/workdir" "-m" "1610612736" "--user" "0:0" "--network" "none" "ghcr.io/rust-lang/crates-build-env/linux@sha256:819108c5571ea2e421544af4d832f968d213c87fbe3707a016657f43d2f853bc" "/opt/rustwide/cargo-home/bin/cargo" "+nightly-2025-01-18" "test" "--frozen", kill_on_drop: false }`
[INFO] [stdout] 9f37ccd1bfa0a332a03c453116c06f99323f31b42af0a9bb20d393e791a2338d
[INFO] running `Command { std: "docker" "start" "-a" "9f37ccd1bfa0a332a03c453116c06f99323f31b42af0a9bb20d393e791a2338d", kill_on_drop: false }`
[INFO] [stderr] warning: no edition set: defaulting to the 2015 edition while the latest is 2024
[INFO] [stderr] warning: call to `.clone()` on a reference in this situation does nothing
[INFO] [stderr]    --> src/main.rs:197:16
[INFO] [stderr]     |
[INFO] [stderr] 197 |     let r = res.clone();
[INFO] [stderr]     |                ^^^^^^^^
[INFO] [stderr]     |
[INFO] [stderr]     = note: the type `Response` does not implement `Clone`, so calling `clone` on `&Response` copies the reference, which does not do anything and can be removed
[INFO] [stderr]     = note: `#[warn(noop_method_call)]` on by default
[INFO] [stderr] help: remove this redundant call
[INFO] [stderr]     |
[INFO] [stderr] 197 -     let r = res.clone();
[INFO] [stderr] 197 +     let r = res;
[INFO] [stderr]     |
[INFO] [stderr] help: if you meant to clone `Response`, implement `Clone` for it
[INFO] [stderr]     |
[INFO] [stderr] 20  + #[derive(Clone)]
[INFO] [stderr] 21  | struct Response {
[INFO] [stderr]     |
[INFO] [stderr] 
[INFO] [stderr] warning: `hw4` (bin "hw4" test) generated 1 warning (run `cargo fix --bin "hw4" --tests` to apply 1 suggestion)
[INFO] [stderr]     Finished `test` profile [unoptimized + debuginfo] target(s) in 0.03s
[INFO] [stderr]      Running unittests src/main.rs (/opt/rustwide/target/debug/deps/hw4-2bcae72e236150f7)
[INFO] [stdout] 
[INFO] [stdout] running 16 tests
[INFO] [stdout] test server_tests::gibberish_is_not_valid_protocol_test ... ok
[INFO] [stdout] test server_tests::get_is_valid_method_test ... ok
[INFO] [stdout] test server_tests::handle_request_bad_request_is_400_test ... ok
[INFO] [stdout] test server_tests::handle_request_content_type_test ... ok
[INFO] [stdout] test server_tests::handle_request_dir_without_index_file_is_404 ... ok
[INFO] [stdout] test server_tests::handle_request_file_is_200 ... ok
[INFO] [stdout] test server_tests::handle_request_not_found_is_404 ... ok
[INFO] [stdout] test server_tests::handle_request_dir_with_index_file_is_200 ... ok
[INFO] [stdout] test server_tests::parse_empty_request_gives_error_test ... ok
[INFO] [stdout] test server_tests::newer_http_version_is_valid_protocol_test ... ok
[INFO] [stdout] test server_tests::parse_invalid_request_gives_error_test ... ok
[INFO] [stdout] test server_tests::http_is_valid_protocol_test ... ok
[INFO] [stdout] test server_tests::parse_request_returns_tokens_test ... ok
[INFO] [stdout] test server_tests::post_is_not_valid_method_test ... ok
[INFO] [stdout] test server_tests::older_http_version_is_not_valid_protocol_test ... ok
[INFO] [stdout] test server_tests::handle_request_forbidden_is_403_test ... FAILED
[INFO] [stdout] 
[INFO] [stdout] failures:
[INFO] [stdout] 
[INFO] [stdout] ---- server_tests::handle_request_forbidden_is_403_test stdout ----
[INFO] [stdout] 
[INFO] [stdout] thread 'server_tests::handle_request_forbidden_is_403_test' panicked at src/main.rs:306:9:
[INFO] [stdout] assertion `left == right` failed
[INFO] [stdout]   left: "200"
[INFO] [stdout]  right: "403"
[INFO] [stdout] stack backtrace:
[INFO] [stdout]    0:     0x5691f64ddd1a - std::backtrace_rs::backtrace::libunwind::trace::hb059275cfc8d6126
[INFO] [stdout]                                at /rustc/6067b36314ab5eb2eb47cecc464545ba58e1ad24/library/std/src/../../backtrace/src/backtrace/libunwind.rs:116:5
[INFO] [stdout]    1:     0x5691f64ddd1a - std::backtrace_rs::backtrace::trace_unsynchronized::h2da071e4327ce3ee
[INFO] [stdout]                                at /rustc/6067b36314ab5eb2eb47cecc464545ba58e1ad24/library/std/src/../../backtrace/src/backtrace/mod.rs:66:5
[INFO] [stdout]    2:     0x5691f64ddd1a - std::sys::backtrace::_print_fmt::h842a1474e6f8d23f
[INFO] [stdout]                                at /rustc/6067b36314ab5eb2eb47cecc464545ba58e1ad24/library/std/src/sys/backtrace.rs:66:9
[INFO] [stdout]    3:     0x5691f64ddd1a - <std::sys::backtrace::BacktraceLock::print::DisplayBacktrace as core::fmt::Display>::fmt::h71a62eb3b9696b12
[INFO] [stdout]                                at /rustc/6067b36314ab5eb2eb47cecc464545ba58e1ad24/library/std/src/sys/backtrace.rs:39:26
[INFO] [stdout]    4:     0x5691f6506353 - core::fmt::rt::Argument::fmt::hdb6b616786b41dc1
[INFO] [stdout]                                at /rustc/6067b36314ab5eb2eb47cecc464545ba58e1ad24/library/core/src/fmt/rt.rs:177:76
[INFO] [stdout]    5:     0x5691f6506353 - core::fmt::write::h2cc1698af7e2d686
[INFO] [stdout]                                at /rustc/6067b36314ab5eb2eb47cecc464545ba58e1ad24/library/core/src/fmt/mod.rs:1440:21
[INFO] [stdout]    6:     0x5691f64da5e3 - std::io::Write::write_fmt::hab1b4cd059a79022
[INFO] [stdout]                                at /rustc/6067b36314ab5eb2eb47cecc464545ba58e1ad24/library/std/src/io/mod.rs:1887:15
[INFO] [stdout]    7:     0x5691f64ddb62 - std::sys::backtrace::BacktraceLock::print::h147fe35b4ea13b08
[INFO] [stdout]                                at /rustc/6067b36314ab5eb2eb47cecc464545ba58e1ad24/library/std/src/sys/backtrace.rs:42:9
[INFO] [stdout]    8:     0x5691f64df13f - std::panicking::default_hook::{{closure}}::hbd44223dbdc0d208
[INFO] [stdout]                                at /rustc/6067b36314ab5eb2eb47cecc464545ba58e1ad24/library/std/src/panicking.rs:298:22
[INFO] [stdout]    9:     0x5691f64def58 - std::panicking::default_hook::h20f81eb0576efcec
[INFO] [stdout]                                at /rustc/6067b36314ab5eb2eb47cecc464545ba58e1ad24/library/std/src/panicking.rs:322:9
[INFO] [stdout]   10:     0x5691f64a6a73 - <alloc::boxed::Box<F,A> as core::ops::function::Fn<Args>>::call::hdb53814c496a4d34
[INFO] [stdout]                                at /rustc/6067b36314ab5eb2eb47cecc464545ba58e1ad24/library/alloc/src/boxed.rs:2027:9
[INFO] [stdout]   11:     0x5691f64a6a73 - test::test_main::{{closure}}::hc0a4963c59427c24
[INFO] [stdout]                                at /rustc/6067b36314ab5eb2eb47cecc464545ba58e1ad24/library/test/src/lib.rs:134:21
[INFO] [stdout]   12:     0x5691f64dfc33 - <alloc::boxed::Box<F,A> as core::ops::function::Fn<Args>>::call::h591b2225413a77e9
[INFO] [stdout]                                at /rustc/6067b36314ab5eb2eb47cecc464545ba58e1ad24/library/alloc/src/boxed.rs:2027:9
[INFO] [stdout]   13:     0x5691f64dfc33 - std::panicking::rust_panic_with_hook::h625eea43051b2edc
[INFO] [stdout]                                at /rustc/6067b36314ab5eb2eb47cecc464545ba58e1ad24/library/std/src/panicking.rs:839:13
[INFO] [stdout]   14:     0x5691f64df8ea - std::panicking::begin_panic_handler::{{closure}}::h4f9159cfbc3f6bd3
[INFO] [stdout]                                at /rustc/6067b36314ab5eb2eb47cecc464545ba58e1ad24/library/std/src/panicking.rs:704:13
[INFO] [stdout]   15:     0x5691f64de219 - std::sys::backtrace::__rust_end_short_backtrace::h0390abce48353151
[INFO] [stdout]                                at /rustc/6067b36314ab5eb2eb47cecc464545ba58e1ad24/library/std/src/sys/backtrace.rs:168:18
[INFO] [stdout]   16:     0x5691f64df57d - rust_begin_unwind
[INFO] [stdout]                                at /rustc/6067b36314ab5eb2eb47cecc464545ba58e1ad24/library/std/src/panicking.rs:695:5
[INFO] [stdout]   17:     0x5691f6504d60 - core::panicking::panic_fmt::h9e7c637e9e5f29c9
[INFO] [stdout]                                at /rustc/6067b36314ab5eb2eb47cecc464545ba58e1ad24/library/core/src/panicking.rs:75:14
[INFO] [stdout]   18:     0x5691f6505122 - core::panicking::assert_failed_inner::h538bec7c1374cd9c
[INFO] [stdout]   19:     0x5691f646b8da - core::panicking::assert_failed::hf5d5e91199cbf677
[INFO] [stdout]                                at /rustc/6067b36314ab5eb2eb47cecc464545ba58e1ad24/library/core/src/panicking.rs:364:5
[INFO] [stdout]   20:     0x5691f64689e5 - hw4::server_tests::handle_request_forbidden_is_403_test::h58a1414b83d46a42
[INFO] [stdout]                                at /opt/rustwide/workdir/src/main.rs:306:9
[INFO] [stdout]   21:     0x5691f6468817 - hw4::server_tests::handle_request_forbidden_is_403_test::{{closure}}::h1c80d8aef667ad8f
[INFO] [stdout]                                at /opt/rustwide/workdir/src/main.rs:292:46
[INFO] [stdout]   22:     0x5691f64636b6 - core::ops::function::FnOnce::call_once::ha882ccfaf813b3e3
[INFO] [stdout]                                at /rustc/6067b36314ab5eb2eb47cecc464545ba58e1ad24/library/core/src/ops/function.rs:250:5
[INFO] [stdout]   23:     0x5691f64ac1cb - core::ops::function::FnOnce::call_once::he27718dfdd183f43
[INFO] [stdout]                                at /rustc/6067b36314ab5eb2eb47cecc464545ba58e1ad24/library/core/src/ops/function.rs:250:5
[INFO] [stdout]   24:     0x5691f64ac1cb - test::__rust_begin_short_backtrace::h4e84902998457a5d
[INFO] [stdout]                                at /rustc/6067b36314ab5eb2eb47cecc464545ba58e1ad24/library/test/src/lib.rs:632:18
[INFO] [stdout]   25:     0x5691f64ab103 - test::run_test_in_process::{{closure}}::h7176fd18fc1feca0
[INFO] [stdout]                                at /rustc/6067b36314ab5eb2eb47cecc464545ba58e1ad24/library/test/src/lib.rs:655:60
[INFO] [stdout]   26:     0x5691f64ab103 - <core::panic::unwind_safe::AssertUnwindSafe<F> as core::ops::function::FnOnce<()>>::call_once::hf79cff2a624d8cf7
[INFO] [stdout]                                at /rustc/6067b36314ab5eb2eb47cecc464545ba58e1ad24/library/core/src/panic/unwind_safe.rs:272:9
[INFO] [stdout]   27:     0x5691f64ab103 - std::panicking::try::do_call::h3da0561d9ab99c25
[INFO] [stdout]                                at /rustc/6067b36314ab5eb2eb47cecc464545ba58e1ad24/library/std/src/panicking.rs:587:40
[INFO] [stdout]   28:     0x5691f64ab103 - std::panicking::try::h41c9fa508bc61df6
[INFO] [stdout]                                at /rustc/6067b36314ab5eb2eb47cecc464545ba58e1ad24/library/std/src/panicking.rs:550:19
[INFO] [stdout]   29:     0x5691f64ab103 - std::panic::catch_unwind::h6b3ff07bb5afad93
[INFO] [stdout]                                at /rustc/6067b36314ab5eb2eb47cecc464545ba58e1ad24/library/std/src/panic.rs:358:14
[INFO] [stdout]   30:     0x5691f64ab103 - test::run_test_in_process::hc7253dd11b39b9f4
[INFO] [stdout]                                at /rustc/6067b36314ab5eb2eb47cecc464545ba58e1ad24/library/test/src/lib.rs:655:27
[INFO] [stdout]   31:     0x5691f64ab103 - test::run_test::{{closure}}::hfb2007f8649c30bb
[INFO] [stdout]                                at /rustc/6067b36314ab5eb2eb47cecc464545ba58e1ad24/library/test/src/lib.rs:576:43
[INFO] [stdout]   32:     0x5691f646e1e5 - test::run_test::{{closure}}::h56a17aa7a282a9f4
[INFO] [stdout]                                at /rustc/6067b36314ab5eb2eb47cecc464545ba58e1ad24/library/test/src/lib.rs:606:41
[INFO] [stdout]   33:     0x5691f646e1e5 - std::sys::backtrace::__rust_begin_short_backtrace::hd2d2d2fb8e8c6aac
[INFO] [stdout]                                at /rustc/6067b36314ab5eb2eb47cecc464545ba58e1ad24/library/std/src/sys/backtrace.rs:152:18
[INFO] [stdout]   34:     0x5691f6471aca - std::thread::Builder::spawn_unchecked_::{{closure}}::{{closure}}::h4faa3f9db6133423
[INFO] [stdout]                                at /rustc/6067b36314ab5eb2eb47cecc464545ba58e1ad24/library/std/src/thread/mod.rs:559:17
[INFO] [stdout]   35:     0x5691f6471aca - <core::panic::unwind_safe::AssertUnwindSafe<F> as core::ops::function::FnOnce<()>>::call_once::hf2e855a36a4ea846
[INFO] [stdout]                                at /rustc/6067b36314ab5eb2eb47cecc464545ba58e1ad24/library/core/src/panic/unwind_safe.rs:272:9
[INFO] [stdout]   36:     0x5691f6471aca - std::panicking::try::do_call::h2f73af3616c35465
[INFO] [stdout]                                at /rustc/6067b36314ab5eb2eb47cecc464545ba58e1ad24/library/std/src/panicking.rs:587:40
[INFO] [stdout]   37:     0x5691f6471aca - std::panicking::try::hd1660ce9efadef5a
[INFO] [stdout]                                at /rustc/6067b36314ab5eb2eb47cecc464545ba58e1ad24/library/std/src/panicking.rs:550:19
[INFO] [stdout]   38:     0x5691f6471aca - std::panic::catch_unwind::h5ee8d7823b8ca744
[INFO] [stdout]                                at /rustc/6067b36314ab5eb2eb47cecc464545ba58e1ad24/library/std/src/panic.rs:358:14
[INFO] [stdout]   39:     0x5691f6471aca - std::thread::Builder::spawn_unchecked_::{{closure}}::h53c3a1894dce8407
[INFO] [stdout]                                at /rustc/6067b36314ab5eb2eb47cecc464545ba58e1ad24/library/std/src/thread/mod.rs:557:30
[INFO] [stdout]   40:     0x5691f6471aca - core::ops::function::FnOnce::call_once{{vtable.shim}}::h048ce291ad4f62bf
[INFO] [stdout]                                at /rustc/6067b36314ab5eb2eb47cecc464545ba58e1ad24/library/core/src/ops/function.rs:250:5
[INFO] [stdout]   41:     0x5691f64e3b7b - <alloc::boxed::Box<F,A> as core::ops::function::FnOnce<Args>>::call_once::ha52bedf99a3b4981
[INFO] [stdout]                                at /rustc/6067b36314ab5eb2eb47cecc464545ba58e1ad24/library/alloc/src/boxed.rs:2013:9
[INFO] [stdout]   42:     0x5691f64e3b7b - <alloc::boxed::Box<F,A> as core::ops::function::FnOnce<Args>>::call_once::h567748934d80ccf8
[INFO] [stdout]                                at /rustc/6067b36314ab5eb2eb47cecc464545ba58e1ad24/library/alloc/src/boxed.rs:2013:9
[INFO] [stdout]   43:     0x5691f64e3b7b - std::sys::pal::unix::thread::Thread::new::thread_start::h2d970728ae887adc
[INFO] [stdout]                                at /rustc/6067b36314ab5eb2eb47cecc464545ba58e1ad24/library/std/src/sys/pal/unix/thread.rs:106:17
[INFO] [stdout]   44:     0x709003311ac3 - <unknown>
[INFO] [stdout]   45:     0x7090033a2a04 - clone
[INFO] [stdout]   46:                0x0 - <unknown>
[INFO] [stdout] 
[INFO] [stdout] 
[INFO] [stdout] failures:
[INFO] [stdout]     server_tests::handle_request_forbidden_is_403_test
[INFO] [stdout] 
[INFO] [stdout] test result: FAILED. 15 passed; 1 failed; 0 ignored; 0 measured; 0 filtered out; finished in 0.05s
[INFO] [stdout] 
[INFO] [stderr] error: test failed, to rerun pass `--bin hw4`
[INFO] running `Command { std: "docker" "inspect" "9f37ccd1bfa0a332a03c453116c06f99323f31b42af0a9bb20d393e791a2338d", kill_on_drop: false }`
[INFO] running `Command { std: "docker" "rm" "-f" "9f37ccd1bfa0a332a03c453116c06f99323f31b42af0a9bb20d393e791a2338d", kill_on_drop: false }`
[INFO] [stdout] 9f37ccd1bfa0a332a03c453116c06f99323f31b42af0a9bb20d393e791a2338d
