[INFO] cloning repository https://github.com/AJMansfield/rs-fortune
[INFO] running `Command { std: "git" "-c" "credential.helper=" "-c" "credential.helper=/workspace/cargo-home/bin/git-credential-null" "clone" "--bare" "https://github.com/AJMansfield/rs-fortune" "/workspace/cache/git-repos/https%3A%2F%2Fgithub.com%2FAJMansfield%2Frs-fortune", kill_on_drop: false }`
[INFO] [stderr] Cloning into bare repository '/workspace/cache/git-repos/https%3A%2F%2Fgithub.com%2FAJMansfield%2Frs-fortune'...
[INFO] running `Command { std: "git" "rev-parse" "HEAD", kill_on_drop: false }`
[INFO] [stdout] b48721b65b65cc19c062588c36788a3b82f66571
[INFO] testing AJMansfield/rs-fortune against nightly-2025-01-18 for randomize-layout-2
[INFO] running `Command { std: "git" "clone" "/workspace/cache/git-repos/https%3A%2F%2Fgithub.com%2FAJMansfield%2Frs-fortune" "/workspace/builds/worker-2-tc1/source", kill_on_drop: false }`
[INFO] [stderr] Cloning into '/workspace/builds/worker-2-tc1/source'...
[INFO] [stderr] done.
[INFO] validating manifest of git repo https://github.com/AJMansfield/rs-fortune on toolchain nightly-2025-01-18
[INFO] running `Command { std: CARGO_HOME="/workspace/cargo-home" RUSTUP_HOME="/workspace/rustup-home" "/workspace/cargo-home/bin/cargo" "+nightly-2025-01-18" "metadata" "--manifest-path" "Cargo.toml" "--no-deps", kill_on_drop: false }`
[INFO] started tweaking git repo https://github.com/AJMansfield/rs-fortune
[INFO] finished tweaking git repo https://github.com/AJMansfield/rs-fortune
[INFO] tweaked toml for git repo https://github.com/AJMansfield/rs-fortune written to /workspace/builds/worker-2-tc1/source/Cargo.toml
[INFO] crate git repo https://github.com/AJMansfield/rs-fortune already has a lockfile, it will not be regenerated
[INFO] running `Command { std: CARGO_HOME="/workspace/cargo-home" RUSTUP_HOME="/workspace/rustup-home" "/workspace/cargo-home/bin/cargo" "+nightly-2025-01-18" "fetch" "--manifest-path" "Cargo.toml", kill_on_drop: false }`
[INFO] running `Command { std: "docker" "create" "-v" "/var/lib/crater-agent-workspace/builds/worker-2-tc1/target:/opt/rustwide/target:rw,Z" "-v" "/var/lib/crater-agent-workspace/builds/worker-2-tc1/source:/opt/rustwide/workdir:ro,Z" "-v" "/var/lib/crater-agent-workspace/cargo-home:/opt/rustwide/cargo-home:ro,Z" "-v" "/var/lib/crater-agent-workspace/rustup-home:/opt/rustwide/rustup-home:ro,Z" "-e" "SOURCE_DIR=/opt/rustwide/workdir" "-e" "CARGO_TARGET_DIR=/opt/rustwide/target" "-e" "CARGO_HOME=/opt/rustwide/cargo-home" "-e" "RUSTUP_HOME=/opt/rustwide/rustup-home" "-w" "/opt/rustwide/workdir" "-m" "1610612736" "--user" "0:0" "--network" "none" "ghcr.io/rust-lang/crates-build-env/linux@sha256:819108c5571ea2e421544af4d832f968d213c87fbe3707a016657f43d2f853bc" "/opt/rustwide/cargo-home/bin/cargo" "+nightly-2025-01-18" "metadata" "--no-deps" "--format-version=1", kill_on_drop: false }`
[INFO] [stdout] 7b7670a6d68b4ef8689c9d5b8f2844e97136dcb99a5e7c5cde26daa5504ae783
[INFO] running `Command { std: "docker" "start" "-a" "7b7670a6d68b4ef8689c9d5b8f2844e97136dcb99a5e7c5cde26daa5504ae783", kill_on_drop: false }`
[INFO] running `Command { std: "docker" "inspect" "7b7670a6d68b4ef8689c9d5b8f2844e97136dcb99a5e7c5cde26daa5504ae783", kill_on_drop: false }`
[INFO] running `Command { std: "docker" "rm" "-f" "7b7670a6d68b4ef8689c9d5b8f2844e97136dcb99a5e7c5cde26daa5504ae783", kill_on_drop: false }`
[INFO] [stdout] 7b7670a6d68b4ef8689c9d5b8f2844e97136dcb99a5e7c5cde26daa5504ae783
[INFO] running `Command { std: "docker" "create" "-v" "/var/lib/crater-agent-workspace/builds/worker-2-tc1/target:/opt/rustwide/target:rw,Z" "-v" "/var/lib/crater-agent-workspace/builds/worker-2-tc1/source:/opt/rustwide/workdir:ro,Z" "-v" "/var/lib/crater-agent-workspace/cargo-home:/opt/rustwide/cargo-home:ro,Z" "-v" "/var/lib/crater-agent-workspace/rustup-home:/opt/rustwide/rustup-home:ro,Z" "-e" "SOURCE_DIR=/opt/rustwide/workdir" "-e" "CARGO_TARGET_DIR=/opt/rustwide/target" "-e" "CARGO_INCREMENTAL=0" "-e" "RUST_BACKTRACE=full" "-e" "RUSTFLAGS=--cap-lints=forbid" "-e" "RUSTDOCFLAGS=--cap-lints=forbid" "-e" "CARGO_HOME=/opt/rustwide/cargo-home" "-e" "RUSTUP_HOME=/opt/rustwide/rustup-home" "-w" "/opt/rustwide/workdir" "-m" "1610612736" "--user" "0:0" "--network" "none" "ghcr.io/rust-lang/crates-build-env/linux@sha256:819108c5571ea2e421544af4d832f968d213c87fbe3707a016657f43d2f853bc" "/opt/rustwide/cargo-home/bin/cargo" "+nightly-2025-01-18" "build" "--frozen" "--message-format=json", kill_on_drop: false }`
[INFO] [stdout] 3815836118de791ce21f41d0a5611c60ba104a9cdd9d827c524ccc2bb918fa81
[INFO] running `Command { std: "docker" "start" "-a" "3815836118de791ce21f41d0a5611c60ba104a9cdd9d827c524ccc2bb918fa81", kill_on_drop: false }`
[INFO] [stderr]    Compiling fortune2 v0.1.0 (/opt/rustwide/workdir)
[INFO] [stdout] warning: multiple lines skipped by escaped newline
[INFO] [stdout]    --> src/text.rs:648:18
[INFO] [stdout]     |
[INFO] [stdout] 648 |           let s = "\
[INFO] [stdout]     |  __________________^
[INFO] [stdout] ...   |
[INFO] [stdout] 659 | | ";
[INFO] [stdout]     | |_^ skipping everything up to and including this point
[INFO] [stdout] 
[INFO] [stdout] 
[INFO] [stdout] warning: constant `OTHER_HIGH` is never used
[INFO] [stdout]   --> src/state.rs:36:15
[INFO] [stdout]    |
[INFO] [stdout] 36 |     pub const OTHER_HIGH: u8 = NOCRD_BYTE;
[INFO] [stdout]    |               ^^^^^^^^^^
[INFO] [stdout]    |
[INFO] [stdout]    = note: `#[warn(dead_code)]` on by default
[INFO] [stdout] 
[INFO] [stdout] 
[INFO] [stdout] warning: constant `OTHER_COUNT` is never used
[INFO] [stdout]   --> src/state.rs:37:15
[INFO] [stdout]    |
[INFO] [stdout] 37 |     pub const OTHER_COUNT: u8 = OTHER_HIGH - OTHER_BASE + 1;
[INFO] [stdout]    |               ^^^^^^^^^^^
[INFO] [stdout] 
[INFO] [stdout] 
[INFO] [stdout] warning: constant `EVERY_HIGH` is never used
[INFO] [stdout]   --> src/state.rs:39:11
[INFO] [stdout]    |
[INFO] [stdout] 39 | pub const EVERY_HIGH: u8 = OTHER_HIGH;
[INFO] [stdout]    |           ^^^^^^^^^^
[INFO] [stdout] 
[INFO] [stdout] 
[INFO] [stdout] warning: constant `EVERY_COUNT` is never used
[INFO] [stdout]   --> src/state.rs:40:11
[INFO] [stdout]    |
[INFO] [stdout] 40 | pub const EVERY_COUNT: u8 = EVERY_HIGH - EVERY_BASE + 1;
[INFO] [stdout]    |           ^^^^^^^^^^^
[INFO] [stdout] 
[INFO] [stdout] 
[INFO] [stdout] warning: variants `Tableau` and `Freecell` are never constructed
[INFO] [stdout]    --> src/state.rs:461:5
[INFO] [stdout]     |
[INFO] [stdout] 460 | pub enum MoveLoc {
[INFO] [stdout]     |          ------- variants in this enum
[INFO] [stdout] 461 |     Tableau(u8),
[INFO] [stdout]     |     ^^^^^^^
[INFO] [stdout] 462 |     Freecell,
[INFO] [stdout]     |     ^^^^^^^^
[INFO] [stdout]     |
[INFO] [stdout]     = note: `MoveLoc` has derived impls for the traits `Clone` and `Debug`, but these are intentionally ignored during dead code analysis
[INFO] [stdout] 
[INFO] [stdout] 
[INFO] [stderr]     Finished `dev` profile [unoptimized + debuginfo] target(s) in 0.43s
[INFO] running `Command { std: "docker" "inspect" "3815836118de791ce21f41d0a5611c60ba104a9cdd9d827c524ccc2bb918fa81", kill_on_drop: false }`
[INFO] running `Command { std: "docker" "rm" "-f" "3815836118de791ce21f41d0a5611c60ba104a9cdd9d827c524ccc2bb918fa81", kill_on_drop: false }`
[INFO] [stdout] 3815836118de791ce21f41d0a5611c60ba104a9cdd9d827c524ccc2bb918fa81
[INFO] running `Command { std: "docker" "create" "-v" "/var/lib/crater-agent-workspace/builds/worker-2-tc1/target:/opt/rustwide/target:rw,Z" "-v" "/var/lib/crater-agent-workspace/builds/worker-2-tc1/source:/opt/rustwide/workdir:ro,Z" "-v" "/var/lib/crater-agent-workspace/cargo-home:/opt/rustwide/cargo-home:ro,Z" "-v" "/var/lib/crater-agent-workspace/rustup-home:/opt/rustwide/rustup-home:ro,Z" "-e" "SOURCE_DIR=/opt/rustwide/workdir" "-e" "CARGO_TARGET_DIR=/opt/rustwide/target" "-e" "CARGO_INCREMENTAL=0" "-e" "RUST_BACKTRACE=full" "-e" "RUSTFLAGS=--cap-lints=forbid" "-e" "RUSTDOCFLAGS=--cap-lints=forbid" "-e" "CARGO_HOME=/opt/rustwide/cargo-home" "-e" "RUSTUP_HOME=/opt/rustwide/rustup-home" "-w" "/opt/rustwide/workdir" "-m" "1610612736" "--user" "0:0" "--network" "none" "ghcr.io/rust-lang/crates-build-env/linux@sha256:819108c5571ea2e421544af4d832f968d213c87fbe3707a016657f43d2f853bc" "/opt/rustwide/cargo-home/bin/cargo" "+nightly-2025-01-18" "test" "--frozen" "--no-run" "--message-format=json", kill_on_drop: false }`
[INFO] [stdout] 90d5fd58b77dfc722ee441ea9b1c82213db22df461d0d74ac842cd828889a546
[INFO] running `Command { std: "docker" "start" "-a" "90d5fd58b77dfc722ee441ea9b1c82213db22df461d0d74ac842cd828889a546", kill_on_drop: false }`
[INFO] [stderr]    Compiling fortune2 v0.1.0 (/opt/rustwide/workdir)
[INFO] [stdout] warning: multiple lines skipped by escaped newline
[INFO] [stdout]    --> src/text.rs:648:18
[INFO] [stdout]     |
[INFO] [stdout] 648 |           let s = "\
[INFO] [stdout]     |  __________________^
[INFO] [stdout] ...   |
[INFO] [stdout] 659 | | ";
[INFO] [stdout]     | |_^ skipping everything up to and including this point
[INFO] [stdout] 
[INFO] [stdout] 
[INFO] [stdout] warning: variants `Tableau` and `Freecell` are never constructed
[INFO] [stdout]    --> src/state.rs:461:5
[INFO] [stdout]     |
[INFO] [stdout] 460 | pub enum MoveLoc {
[INFO] [stdout]     |          ------- variants in this enum
[INFO] [stdout] 461 |     Tableau(u8),
[INFO] [stdout]     |     ^^^^^^^
[INFO] [stdout] 462 |     Freecell,
[INFO] [stdout]     |     ^^^^^^^^
[INFO] [stdout]     |
[INFO] [stdout]     = note: `MoveLoc` has derived impls for the traits `Clone` and `Debug`, but these are intentionally ignored during dead code analysis
[INFO] [stdout]     = note: `#[warn(dead_code)]` on by default
[INFO] [stdout] 
[INFO] [stdout] 
[INFO] [stderr]     Finished `test` profile [unoptimized + debuginfo] target(s) in 0.98s
[INFO] running `Command { std: "docker" "inspect" "90d5fd58b77dfc722ee441ea9b1c82213db22df461d0d74ac842cd828889a546", kill_on_drop: false }`
[INFO] running `Command { std: "docker" "rm" "-f" "90d5fd58b77dfc722ee441ea9b1c82213db22df461d0d74ac842cd828889a546", kill_on_drop: false }`
[INFO] [stdout] 90d5fd58b77dfc722ee441ea9b1c82213db22df461d0d74ac842cd828889a546
[INFO] running `Command { std: "docker" "create" "-v" "/var/lib/crater-agent-workspace/builds/worker-2-tc1/target:/opt/rustwide/target:rw,Z" "-v" "/var/lib/crater-agent-workspace/builds/worker-2-tc1/source:/opt/rustwide/workdir:ro,Z" "-v" "/var/lib/crater-agent-workspace/cargo-home:/opt/rustwide/cargo-home:ro,Z" "-v" "/var/lib/crater-agent-workspace/rustup-home:/opt/rustwide/rustup-home:ro,Z" "-e" "SOURCE_DIR=/opt/rustwide/workdir" "-e" "CARGO_TARGET_DIR=/opt/rustwide/target" "-e" "CARGO_INCREMENTAL=0" "-e" "RUST_BACKTRACE=full" "-e" "RUSTFLAGS=--cap-lints=forbid" "-e" "RUSTDOCFLAGS=--cap-lints=forbid" "-e" "CARGO_HOME=/opt/rustwide/cargo-home" "-e" "RUSTUP_HOME=/opt/rustwide/rustup-home" "-w" "/opt/rustwide/workdir" "-m" "1610612736" "--user" "0:0" "--network" "none" "ghcr.io/rust-lang/crates-build-env/linux@sha256:819108c5571ea2e421544af4d832f968d213c87fbe3707a016657f43d2f853bc" "/opt/rustwide/cargo-home/bin/cargo" "+nightly-2025-01-18" "test" "--frozen", kill_on_drop: false }`
[INFO] [stdout] a9aca96115661ff556558147387b13043c2b63918f510fd544b14c8e502611a0
[INFO] running `Command { std: "docker" "start" "-a" "a9aca96115661ff556558147387b13043c2b63918f510fd544b14c8e502611a0", kill_on_drop: false }`
[INFO] [stderr] warning: multiple lines skipped by escaped newline
[INFO] [stderr]    --> src/text.rs:648:18
[INFO] [stderr]     |
[INFO] [stderr] 648 |           let s = "\
[INFO] [stderr]     |  __________________^
[INFO] [stderr] ...   |
[INFO] [stderr] 659 | | ";
[INFO] [stderr]     | |_^ skipping everything up to and including this point
[INFO] [stderr] 
[INFO] [stderr] warning: variants `Tableau` and `Freecell` are never constructed
[INFO] [stderr]    --> src/state.rs:461:5
[INFO] [stderr]     |
[INFO] [stderr] 460 | pub enum MoveLoc {
[INFO] [stderr]     |          ------- variants in this enum
[INFO] [stderr] 461 |     Tableau(u8),
[INFO] [stderr]     |     ^^^^^^^
[INFO] [stderr] 462 |     Freecell,
[INFO] [stderr]     |     ^^^^^^^^
[INFO] [stderr]     |
[INFO] [stderr]     = note: `MoveLoc` has derived impls for the traits `Clone` and `Debug`, but these are intentionally ignored during dead code analysis
[INFO] [stderr]     = note: `#[warn(dead_code)]` on by default
[INFO] [stderr] 
[INFO] [stderr] warning: `fortune2` (bin "fortune2" test) generated 2 warnings
[INFO] [stderr]     Finished `test` profile [unoptimized + debuginfo] target(s) in 0.01s
[INFO] [stderr]      Running unittests src/main.rs (/opt/rustwide/target/debug/deps/fortune2-dc4dd52b8d9fe45b)
[INFO] [stdout] 
[INFO] [stdout] running 19 tests
[INFO] [stdout] test state::board_tests::default_boardinfo_correct ... ok
[INFO] [stdout] test state::card_tests::all_c_have_cardinfo ... ok
[INFO] [stdout] test state::card_tests::card_id_range_sanitycheck ... ok
[INFO] [stdout] test state::card_tests::all_cardinfo_have_c ... ok
[INFO] [stdout] test text::board_tests::parse_freecell_filled ... ok
[INFO] [stdout] test text::card_tests::upperhex ... ok
[INFO] [stdout] test text::card_tests::upperexp ... ok
[INFO] [stdout] test state::card_tests::card_properties ... ok
[INFO] [stdout] test text::board_tests::parse_handful_scored ... ok
[INFO] [stdout] test text::card_tests::lowerhex ... ok
[INFO] [stdout] test text::card_tests::display ... ok
[INFO] [stdout] test text::board_tests::parse_fresh ... ok
[INFO] [stdout] test text::suit_tests::display ... ok
[INFO] [stdout] test text::card_tests::lowerexp ... ok
[INFO] [stdout] test text::suit_tests::upperhex ... ok
[INFO] [stdout] test text::suit_tests::lowerhex ... ok
[INFO] [stdout] test text::suit_tests::upperexp ... ok
[INFO] [stdout] test text::suit_tests::lowerexp ... ok
[INFO] [stdout] test text::board_tests::parse_empty ... FAILED
[INFO] [stdout] 
[INFO] [stdout] failures:
[INFO] [stdout] 
[INFO] [stdout] ---- text::board_tests::parse_empty stdout ----
[INFO] [stdout] 
[INFO] [stdout] thread 'text::board_tests::parse_empty' panicked at src/text.rs:671:41:
[INFO] [stdout] parse error: ()
[INFO] [stdout] stack backtrace:
[INFO] [stdout]    0:     0x6170925d401a - std::backtrace_rs::backtrace::libunwind::trace::hb059275cfc8d6126
[INFO] [stdout]                                at /rustc/6067b36314ab5eb2eb47cecc464545ba58e1ad24/library/std/src/../../backtrace/src/backtrace/libunwind.rs:116:5
[INFO] [stdout]    1:     0x6170925d401a - std::backtrace_rs::backtrace::trace_unsynchronized::h2da071e4327ce3ee
[INFO] [stdout]                                at /rustc/6067b36314ab5eb2eb47cecc464545ba58e1ad24/library/std/src/../../backtrace/src/backtrace/mod.rs:66:5
[INFO] [stdout]    2:     0x6170925d401a - std::sys::backtrace::_print_fmt::h842a1474e6f8d23f
[INFO] [stdout]                                at /rustc/6067b36314ab5eb2eb47cecc464545ba58e1ad24/library/std/src/sys/backtrace.rs:66:9
[INFO] [stdout]    3:     0x6170925d401a - <std::sys::backtrace::BacktraceLock::print::DisplayBacktrace as core::fmt::Display>::fmt::h71a62eb3b9696b12
[INFO] [stdout]                                at /rustc/6067b36314ab5eb2eb47cecc464545ba58e1ad24/library/std/src/sys/backtrace.rs:39:26
[INFO] [stdout]    4:     0x6170925fc063 - core::fmt::rt::Argument::fmt::hdb6b616786b41dc1
[INFO] [stdout]                                at /rustc/6067b36314ab5eb2eb47cecc464545ba58e1ad24/library/core/src/fmt/rt.rs:177:76
[INFO] [stdout]    5:     0x6170925fc063 - core::fmt::write::h2cc1698af7e2d686
[INFO] [stdout]                                at /rustc/6067b36314ab5eb2eb47cecc464545ba58e1ad24/library/core/src/fmt/mod.rs:1440:21
[INFO] [stdout]    6:     0x6170925d0b73 - std::io::Write::write_fmt::hab1b4cd059a79022
[INFO] [stdout]                                at /rustc/6067b36314ab5eb2eb47cecc464545ba58e1ad24/library/std/src/io/mod.rs:1887:15
[INFO] [stdout]    7:     0x6170925d3e62 - std::sys::backtrace::BacktraceLock::print::h147fe35b4ea13b08
[INFO] [stdout]                                at /rustc/6067b36314ab5eb2eb47cecc464545ba58e1ad24/library/std/src/sys/backtrace.rs:42:9
[INFO] [stdout]    8:     0x6170925d543f - std::panicking::default_hook::{{closure}}::hbd44223dbdc0d208
[INFO] [stdout]                                at /rustc/6067b36314ab5eb2eb47cecc464545ba58e1ad24/library/std/src/panicking.rs:298:22
[INFO] [stdout]    9:     0x6170925d5258 - std::panicking::default_hook::h20f81eb0576efcec
[INFO] [stdout]                                at /rustc/6067b36314ab5eb2eb47cecc464545ba58e1ad24/library/std/src/panicking.rs:322:9
[INFO] [stdout]   10:     0x61709259e073 - <alloc::boxed::Box<F,A> as core::ops::function::Fn<Args>>::call::hdb53814c496a4d34
[INFO] [stdout]                                at /rustc/6067b36314ab5eb2eb47cecc464545ba58e1ad24/library/alloc/src/boxed.rs:2027:9
[INFO] [stdout]   11:     0x61709259e073 - test::test_main::{{closure}}::hc0a4963c59427c24
[INFO] [stdout]                                at /rustc/6067b36314ab5eb2eb47cecc464545ba58e1ad24/library/test/src/lib.rs:134:21
[INFO] [stdout]   12:     0x6170925d5f33 - <alloc::boxed::Box<F,A> as core::ops::function::Fn<Args>>::call::h591b2225413a77e9
[INFO] [stdout]                                at /rustc/6067b36314ab5eb2eb47cecc464545ba58e1ad24/library/alloc/src/boxed.rs:2027:9
[INFO] [stdout]   13:     0x6170925d5f33 - std::panicking::rust_panic_with_hook::h625eea43051b2edc
[INFO] [stdout]                                at /rustc/6067b36314ab5eb2eb47cecc464545ba58e1ad24/library/std/src/panicking.rs:839:13
[INFO] [stdout]   14:     0x6170925d5bea - std::panicking::begin_panic_handler::{{closure}}::h4f9159cfbc3f6bd3
[INFO] [stdout]                                at /rustc/6067b36314ab5eb2eb47cecc464545ba58e1ad24/library/std/src/panicking.rs:704:13
[INFO] [stdout]   15:     0x6170925d4519 - std::sys::backtrace::__rust_end_short_backtrace::h0390abce48353151
[INFO] [stdout]                                at /rustc/6067b36314ab5eb2eb47cecc464545ba58e1ad24/library/std/src/sys/backtrace.rs:168:18
[INFO] [stdout]   16:     0x6170925d587d - rust_begin_unwind
[INFO] [stdout]                                at /rustc/6067b36314ab5eb2eb47cecc464545ba58e1ad24/library/std/src/panicking.rs:695:5
[INFO] [stdout]   17:     0x6170925faa00 - core::panicking::panic_fmt::h9e7c637e9e5f29c9
[INFO] [stdout]                                at /rustc/6067b36314ab5eb2eb47cecc464545ba58e1ad24/library/core/src/panicking.rs:75:14
[INFO] [stdout]   18:     0x6170925fae76 - core::result::unwrap_failed::h7979f09313fe1849
[INFO] [stdout]                                at /rustc/6067b36314ab5eb2eb47cecc464545ba58e1ad24/library/core/src/result.rs:1704:5
[INFO] [stdout]   19:     0x61709254f14a - core::result::Result<T,E>::expect::h30ea4886bc197b9d
[INFO] [stdout]                                at /rustc/6067b36314ab5eb2eb47cecc464545ba58e1ad24/library/core/src/result.rs:1061:23
[INFO] [stdout]   20:     0x617092548d4d - fortune2::text::board_tests::parse_empty::h34d96501356a77df
[INFO] [stdout]                                at /opt/rustwide/workdir/src/text.rs:671:31
[INFO] [stdout]   21:     0x6170925489a7 - fortune2::text::board_tests::parse_empty::{{closure}}::h72c6f89a48ca1bb2
[INFO] [stdout]                                at /opt/rustwide/workdir/src/text.rs:647:21
[INFO] [stdout]   22:     0x617092552c56 - core::ops::function::FnOnce::call_once::hc230da0f1651e641
[INFO] [stdout]                                at /rustc/6067b36314ab5eb2eb47cecc464545ba58e1ad24/library/core/src/ops/function.rs:250:5
[INFO] [stdout]   23:     0x6170925a37cb - core::ops::function::FnOnce::call_once::he27718dfdd183f43
[INFO] [stdout]                                at /rustc/6067b36314ab5eb2eb47cecc464545ba58e1ad24/library/core/src/ops/function.rs:250:5
[INFO] [stdout]   24:     0x6170925a37cb - test::__rust_begin_short_backtrace::h4e84902998457a5d
[INFO] [stdout]                                at /rustc/6067b36314ab5eb2eb47cecc464545ba58e1ad24/library/test/src/lib.rs:632:18
[INFO] [stdout]   25:     0x6170925a2703 - test::run_test_in_process::{{closure}}::h7176fd18fc1feca0
[INFO] [stdout]                                at /rustc/6067b36314ab5eb2eb47cecc464545ba58e1ad24/library/test/src/lib.rs:655:60
[INFO] [stdout]   26:     0x6170925a2703 - <core::panic::unwind_safe::AssertUnwindSafe<F> as core::ops::function::FnOnce<()>>::call_once::hf79cff2a624d8cf7
[INFO] [stdout]                                at /rustc/6067b36314ab5eb2eb47cecc464545ba58e1ad24/library/core/src/panic/unwind_safe.rs:272:9
[INFO] [stdout]   27:     0x6170925a2703 - std::panicking::try::do_call::h3da0561d9ab99c25
[INFO] [stdout]                                at /rustc/6067b36314ab5eb2eb47cecc464545ba58e1ad24/library/std/src/panicking.rs:587:40
[INFO] [stdout]   28:     0x6170925a2703 - std::panicking::try::h41c9fa508bc61df6
[INFO] [stdout]                                at /rustc/6067b36314ab5eb2eb47cecc464545ba58e1ad24/library/std/src/panicking.rs:550:19
[INFO] [stdout]   29:     0x6170925a2703 - std::panic::catch_unwind::h6b3ff07bb5afad93
[INFO] [stdout]                                at /rustc/6067b36314ab5eb2eb47cecc464545ba58e1ad24/library/std/src/panic.rs:358:14
[INFO] [stdout]   30:     0x6170925a2703 - test::run_test_in_process::hc7253dd11b39b9f4
[INFO] [stdout]                                at /rustc/6067b36314ab5eb2eb47cecc464545ba58e1ad24/library/test/src/lib.rs:655:27
[INFO] [stdout]   31:     0x6170925a2703 - test::run_test::{{closure}}::hfb2007f8649c30bb
[INFO] [stdout]                                at /rustc/6067b36314ab5eb2eb47cecc464545ba58e1ad24/library/test/src/lib.rs:576:43
[INFO] [stdout]   32:     0x6170925657e5 - test::run_test::{{closure}}::h56a17aa7a282a9f4
[INFO] [stdout]                                at /rustc/6067b36314ab5eb2eb47cecc464545ba58e1ad24/library/test/src/lib.rs:606:41
[INFO] [stdout]   33:     0x6170925657e5 - std::sys::backtrace::__rust_begin_short_backtrace::hd2d2d2fb8e8c6aac
[INFO] [stdout]                                at /rustc/6067b36314ab5eb2eb47cecc464545ba58e1ad24/library/std/src/sys/backtrace.rs:152:18
[INFO] [stdout]   34:     0x6170925690ca - std::thread::Builder::spawn_unchecked_::{{closure}}::{{closure}}::h4faa3f9db6133423
[INFO] [stdout]                                at /rustc/6067b36314ab5eb2eb47cecc464545ba58e1ad24/library/std/src/thread/mod.rs:559:17
[INFO] [stdout]   35:     0x6170925690ca - <core::panic::unwind_safe::AssertUnwindSafe<F> as core::ops::function::FnOnce<()>>::call_once::hf2e855a36a4ea846
[INFO] [stdout]                                at /rustc/6067b36314ab5eb2eb47cecc464545ba58e1ad24/library/core/src/panic/unwind_safe.rs:272:9
[INFO] [stdout]   36:     0x6170925690ca - std::panicking::try::do_call::h2f73af3616c35465
[INFO] [stdout]                                at /rustc/6067b36314ab5eb2eb47cecc464545ba58e1ad24/library/std/src/panicking.rs:587:40
[INFO] [stdout]   37:     0x6170925690ca - std::panicking::try::hd1660ce9efadef5a
[INFO] [stdout]                                at /rustc/6067b36314ab5eb2eb47cecc464545ba58e1ad24/library/std/src/panicking.rs:550:19
[INFO] [stdout]   38:     0x6170925690ca - std::panic::catch_unwind::h5ee8d7823b8ca744
[INFO] [stdout]                                at /rustc/6067b36314ab5eb2eb47cecc464545ba58e1ad24/library/std/src/panic.rs:358:14
[INFO] [stdout]   39:     0x6170925690ca - std::thread::Builder::spawn_unchecked_::{{closure}}::h53c3a1894dce8407
[INFO] [stdout]                                at /rustc/6067b36314ab5eb2eb47cecc464545ba58e1ad24/library/std/src/thread/mod.rs:557:30
[INFO] [stdout]   40:     0x6170925690ca - core::ops::function::FnOnce::call_once{{vtable.shim}}::h048ce291ad4f62bf
[INFO] [stdout]                                at /rustc/6067b36314ab5eb2eb47cecc464545ba58e1ad24/library/core/src/ops/function.rs:250:5
[INFO] [stdout]   41:     0x6170925d9e6b - <alloc::boxed::Box<F,A> as core::ops::function::FnOnce<Args>>::call_once::ha52bedf99a3b4981
[INFO] [stdout]                                at /rustc/6067b36314ab5eb2eb47cecc464545ba58e1ad24/library/alloc/src/boxed.rs:2013:9
[INFO] [stdout]   42:     0x6170925d9e6b - <alloc::boxed::Box<F,A> as core::ops::function::FnOnce<Args>>::call_once::h567748934d80ccf8
[INFO] [stdout]                                at /rustc/6067b36314ab5eb2eb47cecc464545ba58e1ad24/library/alloc/src/boxed.rs:2013:9
[INFO] [stdout]   43:     0x6170925d9e6b - std::sys::pal::unix::thread::Thread::new::thread_start::h2d970728ae887adc
[INFO] [stdout]                                at /rustc/6067b36314ab5eb2eb47cecc464545ba58e1ad24/library/std/src/sys/pal/unix/thread.rs:106:17
[INFO] [stdout]   44:     0x7748de86aac3 - <unknown>
[INFO] [stdout]   45:     0x7748de8fba04 - clone
[INFO] [stdout]   46:                0x0 - <unknown>
[INFO] [stdout] 
[INFO] [stdout] 
[INFO] [stdout] failures:
[INFO] [stdout]     text::board_tests::parse_empty
[INFO] [stdout] 
[INFO] [stdout] test result: FAILED. 18 passed; 1 failed; 0 ignored; 0 measured; 0 filtered out; finished in 0.04s
[INFO] [stdout] 
[INFO] [stderr] error: test failed, to rerun pass `--bin fortune2`
[INFO] running `Command { std: "docker" "inspect" "a9aca96115661ff556558147387b13043c2b63918f510fd544b14c8e502611a0", kill_on_drop: false }`
[INFO] running `Command { std: "docker" "rm" "-f" "a9aca96115661ff556558147387b13043c2b63918f510fd544b14c8e502611a0", kill_on_drop: false }`
[INFO] [stdout] a9aca96115661ff556558147387b13043c2b63918f510fd544b14c8e502611a0
