[INFO] cloning repository https://github.com/9elt/time-elapsed
[INFO] running `Command { std: "git" "-c" "credential.helper=" "-c" "credential.helper=/workspace/cargo-home/bin/git-credential-null" "clone" "--bare" "https://github.com/9elt/time-elapsed" "/workspace/cache/git-repos/https%3A%2F%2Fgithub.com%2F9elt%2Ftime-elapsed", kill_on_drop: false }`
[INFO] [stderr] Cloning into bare repository '/workspace/cache/git-repos/https%3A%2F%2Fgithub.com%2F9elt%2Ftime-elapsed'...
[INFO] running `Command { std: "git" "rev-parse" "HEAD", kill_on_drop: false }`
[INFO] [stdout] 91c8d5c84a551572cff78ae20d83725f47524c9a
[INFO] testing 9elt/time-elapsed against nightly-2025-01-18+rustflags=-Zrandomize-layout for randomize-layout-2
[INFO] running `Command { std: "git" "clone" "/workspace/cache/git-repos/https%3A%2F%2Fgithub.com%2F9elt%2Ftime-elapsed" "/workspace/builds/worker-4-tc2/source", kill_on_drop: false }`
[INFO] [stderr] Cloning into '/workspace/builds/worker-4-tc2/source'...
[INFO] [stderr] done.
[INFO] validating manifest of git repo https://github.com/9elt/time-elapsed on toolchain nightly-2025-01-18
[INFO] running `Command { std: CARGO_HOME="/workspace/cargo-home" RUSTUP_HOME="/workspace/rustup-home" "/workspace/cargo-home/bin/cargo" "+nightly-2025-01-18" "metadata" "--manifest-path" "Cargo.toml" "--no-deps", kill_on_drop: false }`
[INFO] started tweaking git repo https://github.com/9elt/time-elapsed
[INFO] finished tweaking git repo https://github.com/9elt/time-elapsed
[INFO] tweaked toml for git repo https://github.com/9elt/time-elapsed written to /workspace/builds/worker-4-tc2/source/Cargo.toml
[INFO] crate git repo https://github.com/9elt/time-elapsed already has a lockfile, it will not be regenerated
[INFO] running `Command { std: CARGO_HOME="/workspace/cargo-home" RUSTUP_HOME="/workspace/rustup-home" "/workspace/cargo-home/bin/cargo" "+nightly-2025-01-18" "fetch" "--manifest-path" "Cargo.toml", kill_on_drop: false }`
[INFO] running `Command { std: "docker" "create" "-v" "/var/lib/crater-agent-workspace/builds/worker-4-tc2/target:/opt/rustwide/target:rw,Z" "-v" "/var/lib/crater-agent-workspace/builds/worker-4-tc2/source:/opt/rustwide/workdir:ro,Z" "-v" "/var/lib/crater-agent-workspace/cargo-home:/opt/rustwide/cargo-home:ro,Z" "-v" "/var/lib/crater-agent-workspace/rustup-home:/opt/rustwide/rustup-home:ro,Z" "-e" "SOURCE_DIR=/opt/rustwide/workdir" "-e" "CARGO_TARGET_DIR=/opt/rustwide/target" "-e" "CARGO_HOME=/opt/rustwide/cargo-home" "-e" "RUSTUP_HOME=/opt/rustwide/rustup-home" "-w" "/opt/rustwide/workdir" "-m" "1610612736" "--user" "0:0" "--network" "none" "ghcr.io/rust-lang/crates-build-env/linux@sha256:819108c5571ea2e421544af4d832f968d213c87fbe3707a016657f43d2f853bc" "/opt/rustwide/cargo-home/bin/cargo" "+nightly-2025-01-18" "metadata" "--no-deps" "--format-version=1", kill_on_drop: false }`
[INFO] [stdout] 679d23be0d5c0041fdd00708ffa8a606038f028de7d1b8fae43208e74f73e778
[INFO] running `Command { std: "docker" "start" "-a" "679d23be0d5c0041fdd00708ffa8a606038f028de7d1b8fae43208e74f73e778", kill_on_drop: false }`
[INFO] running `Command { std: "docker" "inspect" "679d23be0d5c0041fdd00708ffa8a606038f028de7d1b8fae43208e74f73e778", kill_on_drop: false }`
[INFO] running `Command { std: "docker" "rm" "-f" "679d23be0d5c0041fdd00708ffa8a606038f028de7d1b8fae43208e74f73e778", kill_on_drop: false }`
[INFO] [stdout] 679d23be0d5c0041fdd00708ffa8a606038f028de7d1b8fae43208e74f73e778
[INFO] running `Command { std: "docker" "create" "-v" "/var/lib/crater-agent-workspace/builds/worker-4-tc2/target:/opt/rustwide/target:rw,Z" "-v" "/var/lib/crater-agent-workspace/builds/worker-4-tc2/source:/opt/rustwide/workdir:ro,Z" "-v" "/var/lib/crater-agent-workspace/cargo-home:/opt/rustwide/cargo-home:ro,Z" "-v" "/var/lib/crater-agent-workspace/rustup-home:/opt/rustwide/rustup-home:ro,Z" "-e" "SOURCE_DIR=/opt/rustwide/workdir" "-e" "CARGO_TARGET_DIR=/opt/rustwide/target" "-e" "CARGO_INCREMENTAL=0" "-e" "RUST_BACKTRACE=full" "-e" "RUSTFLAGS=--cap-lints=forbid -Zrandomize-layout" "-e" "RUSTDOCFLAGS=--cap-lints=forbid" "-e" "CARGO_HOME=/opt/rustwide/cargo-home" "-e" "RUSTUP_HOME=/opt/rustwide/rustup-home" "-w" "/opt/rustwide/workdir" "-m" "1610612736" "--user" "0:0" "--network" "none" "ghcr.io/rust-lang/crates-build-env/linux@sha256:819108c5571ea2e421544af4d832f968d213c87fbe3707a016657f43d2f853bc" "/opt/rustwide/cargo-home/bin/cargo" "+nightly-2025-01-18" "build" "--frozen" "--message-format=json", kill_on_drop: false }`
[INFO] [stdout] a915ccc4043cc09e271b73b027d5977b160f04f29ab44cc3fc36ddb0678f8c02
[INFO] running `Command { std: "docker" "start" "-a" "a915ccc4043cc09e271b73b027d5977b160f04f29ab44cc3fc36ddb0678f8c02", kill_on_drop: false }`
[INFO] [stderr]    Compiling time-elapsed v0.1.0 (/opt/rustwide/workdir)
[INFO] [stderr]     Finished `dev` profile [unoptimized + debuginfo] target(s) in 0.21s
[INFO] running `Command { std: "docker" "inspect" "a915ccc4043cc09e271b73b027d5977b160f04f29ab44cc3fc36ddb0678f8c02", kill_on_drop: false }`
[INFO] running `Command { std: "docker" "rm" "-f" "a915ccc4043cc09e271b73b027d5977b160f04f29ab44cc3fc36ddb0678f8c02", kill_on_drop: false }`
[INFO] [stdout] a915ccc4043cc09e271b73b027d5977b160f04f29ab44cc3fc36ddb0678f8c02
[INFO] running `Command { std: "docker" "create" "-v" "/var/lib/crater-agent-workspace/builds/worker-4-tc2/target:/opt/rustwide/target:rw,Z" "-v" "/var/lib/crater-agent-workspace/builds/worker-4-tc2/source:/opt/rustwide/workdir:ro,Z" "-v" "/var/lib/crater-agent-workspace/cargo-home:/opt/rustwide/cargo-home:ro,Z" "-v" "/var/lib/crater-agent-workspace/rustup-home:/opt/rustwide/rustup-home:ro,Z" "-e" "SOURCE_DIR=/opt/rustwide/workdir" "-e" "CARGO_TARGET_DIR=/opt/rustwide/target" "-e" "CARGO_INCREMENTAL=0" "-e" "RUST_BACKTRACE=full" "-e" "RUSTFLAGS=--cap-lints=forbid -Zrandomize-layout" "-e" "RUSTDOCFLAGS=--cap-lints=forbid" "-e" "CARGO_HOME=/opt/rustwide/cargo-home" "-e" "RUSTUP_HOME=/opt/rustwide/rustup-home" "-w" "/opt/rustwide/workdir" "-m" "1610612736" "--user" "0:0" "--network" "none" "ghcr.io/rust-lang/crates-build-env/linux@sha256:819108c5571ea2e421544af4d832f968d213c87fbe3707a016657f43d2f853bc" "/opt/rustwide/cargo-home/bin/cargo" "+nightly-2025-01-18" "test" "--frozen" "--no-run" "--message-format=json", kill_on_drop: false }`
[INFO] [stdout] 93607c9e7af006fbc4c631445ac8430a68ff39619f5a5c555b1728b57916ce18
[INFO] running `Command { std: "docker" "start" "-a" "93607c9e7af006fbc4c631445ac8430a68ff39619f5a5c555b1728b57916ce18", kill_on_drop: false }`
[INFO] [stderr]    Compiling time-elapsed v0.1.0 (/opt/rustwide/workdir)
[INFO] [stderr]     Finished `test` profile [unoptimized + debuginfo] target(s) in 0.27s
[INFO] running `Command { std: "docker" "inspect" "93607c9e7af006fbc4c631445ac8430a68ff39619f5a5c555b1728b57916ce18", kill_on_drop: false }`
[INFO] running `Command { std: "docker" "rm" "-f" "93607c9e7af006fbc4c631445ac8430a68ff39619f5a5c555b1728b57916ce18", kill_on_drop: false }`
[INFO] [stdout] 93607c9e7af006fbc4c631445ac8430a68ff39619f5a5c555b1728b57916ce18
[INFO] running `Command { std: "docker" "create" "-v" "/var/lib/crater-agent-workspace/builds/worker-4-tc2/target:/opt/rustwide/target:rw,Z" "-v" "/var/lib/crater-agent-workspace/builds/worker-4-tc2/source:/opt/rustwide/workdir:ro,Z" "-v" "/var/lib/crater-agent-workspace/cargo-home:/opt/rustwide/cargo-home:ro,Z" "-v" "/var/lib/crater-agent-workspace/rustup-home:/opt/rustwide/rustup-home:ro,Z" "-e" "SOURCE_DIR=/opt/rustwide/workdir" "-e" "CARGO_TARGET_DIR=/opt/rustwide/target" "-e" "CARGO_INCREMENTAL=0" "-e" "RUST_BACKTRACE=full" "-e" "RUSTFLAGS=--cap-lints=forbid -Zrandomize-layout" "-e" "RUSTDOCFLAGS=--cap-lints=forbid" "-e" "CARGO_HOME=/opt/rustwide/cargo-home" "-e" "RUSTUP_HOME=/opt/rustwide/rustup-home" "-w" "/opt/rustwide/workdir" "-m" "1610612736" "--user" "0:0" "--network" "none" "ghcr.io/rust-lang/crates-build-env/linux@sha256:819108c5571ea2e421544af4d832f968d213c87fbe3707a016657f43d2f853bc" "/opt/rustwide/cargo-home/bin/cargo" "+nightly-2025-01-18" "test" "--frozen", kill_on_drop: false }`
[INFO] [stdout] 8931886f52ed50a5ca7a95c24471109e4f001f5722f00abb97485ef84d79916c
[INFO] running `Command { std: "docker" "start" "-a" "8931886f52ed50a5ca7a95c24471109e4f001f5722f00abb97485ef84d79916c", kill_on_drop: false }`
[INFO] [stderr]     Finished `test` profile [unoptimized + debuginfo] target(s) in 0.01s
[INFO] [stderr]      Running unittests src/lib.rs (/opt/rustwide/target/debug/deps/time_elapsed-4c31b45ddeb2de67)
[INFO] [stderr]    Doc-tests time_elapsed
[INFO] [stdout] 
[INFO] [stdout] running 0 tests
[INFO] [stdout] 
[INFO] [stdout] test result: ok. 0 passed; 0 failed; 0 ignored; 0 measured; 0 filtered out; finished in 0.00s
[INFO] [stdout] 
[INFO] [stdout] 
[INFO] [stdout] running 7 tests
[INFO] [stdout] test src/lib.rs - (line 5) ... FAILED
[INFO] [stdout] test src/lib.rs - start (line 43) ... ok
[INFO] [stdout] test src/lib.rs - TimeElapsed::end (line 144) ... ok
[INFO] [stdout] test src/lib.rs - TimeElapsed (line 106) ... ok
[INFO] [stdout] test src/lib.rs - TimeElapsed::log (line 168) ... ok
[INFO] [stdout] test src/lib.rs - TimeElapsed::timestamp (line 212) ... ok
[INFO] [stdout] test src/lib.rs - TimeElapsed::log_overall (line 188) ... ok
[INFO] [stdout] 
[INFO] [stdout] failures:
[INFO] [stdout] 
[INFO] [stdout] ---- src/lib.rs - (line 5) stdout ----
[INFO] [stdout] error[E0254]: the name `time_elapsed` is defined multiple times
[INFO] [stdout]  --> src/lib.rs:10:5
[INFO] [stdout]   |
[INFO] [stdout] 3 | extern crate r#time_elapsed;
[INFO] [stdout]   | ---------------------------- previous import of the extern crate `time_elapsed` here
[INFO] [stdout] ...
[INFO] [stdout] 7 | use time_elapsed;
[INFO] [stdout]   |     ^^^^^^^^^^^^ `time_elapsed` reimported here
[INFO] [stdout]   |
[INFO] [stdout]   = note: `time_elapsed` must be defined only once in the type namespace of this module
[INFO] [stdout] 
[INFO] [stdout] error: aborting due to 1 previous error
[INFO] [stdout] 
[INFO] [stdout] For more information about this error, try `rustc --explain E0254`.
[INFO] [stdout] Couldn't compile the test.
[INFO] [stdout] 
[INFO] [stdout] failures:
[INFO] [stdout]     src/lib.rs - (line 5)
[INFO] [stdout] 
[INFO] [stdout] test result: FAILED. 6 passed; 1 failed; 0 ignored; 0 measured; 0 filtered out; finished in 0.74s
[INFO] [stdout] 
[INFO] [stderr] error: doctest failed, to rerun pass `--doc`
[INFO] running `Command { std: "docker" "inspect" "8931886f52ed50a5ca7a95c24471109e4f001f5722f00abb97485ef84d79916c", kill_on_drop: false }`
[INFO] running `Command { std: "docker" "rm" "-f" "8931886f52ed50a5ca7a95c24471109e4f001f5722f00abb97485ef84d79916c", kill_on_drop: false }`
[INFO] [stdout] 8931886f52ed50a5ca7a95c24471109e4f001f5722f00abb97485ef84d79916c
