[INFO] cloning repository https://github.com/52617365/intel8086-decoder
[INFO] running `Command { std: "git" "-c" "credential.helper=" "-c" "credential.helper=/workspace/cargo-home/bin/git-credential-null" "clone" "--bare" "https://github.com/52617365/intel8086-decoder" "/workspace/cache/git-repos/https%3A%2F%2Fgithub.com%2F52617365%2Fintel8086-decoder", kill_on_drop: false }`
[INFO] [stderr] Cloning into bare repository '/workspace/cache/git-repos/https%3A%2F%2Fgithub.com%2F52617365%2Fintel8086-decoder'...
[INFO] running `Command { std: "git" "rev-parse" "HEAD", kill_on_drop: false }`
[INFO] [stdout] 6ef9a53bec9f01729ed2fec19fabfdf7fe8320e0
[INFO] testing 52617365/intel8086-decoder against nightly-2025-01-18+rustflags=-Zrandomize-layout for randomize-layout-2
[INFO] running `Command { std: "git" "clone" "/workspace/cache/git-repos/https%3A%2F%2Fgithub.com%2F52617365%2Fintel8086-decoder" "/workspace/builds/worker-6-tc2/source", kill_on_drop: false }`
[INFO] [stderr] Cloning into '/workspace/builds/worker-6-tc2/source'...
[INFO] [stderr] done.
[INFO] validating manifest of git repo https://github.com/52617365/intel8086-decoder on toolchain nightly-2025-01-18
[INFO] running `Command { std: CARGO_HOME="/workspace/cargo-home" RUSTUP_HOME="/workspace/rustup-home" "/workspace/cargo-home/bin/cargo" "+nightly-2025-01-18" "metadata" "--manifest-path" "Cargo.toml" "--no-deps", kill_on_drop: false }`
[INFO] removed /workspace/builds/worker-6-tc2/source/.cargo/config.toml
[INFO] started tweaking git repo https://github.com/52617365/intel8086-decoder
[INFO] finished tweaking git repo https://github.com/52617365/intel8086-decoder
[INFO] tweaked toml for git repo https://github.com/52617365/intel8086-decoder written to /workspace/builds/worker-6-tc2/source/Cargo.toml
[INFO] crate git repo https://github.com/52617365/intel8086-decoder already has a lockfile, it will not be regenerated
[INFO] running `Command { std: CARGO_HOME="/workspace/cargo-home" RUSTUP_HOME="/workspace/rustup-home" "/workspace/cargo-home/bin/cargo" "+nightly-2025-01-18" "fetch" "--manifest-path" "Cargo.toml", kill_on_drop: false }`
[INFO] running `Command { std: "docker" "create" "-v" "/var/lib/crater-agent-workspace/builds/worker-6-tc2/target:/opt/rustwide/target:rw,Z" "-v" "/var/lib/crater-agent-workspace/builds/worker-6-tc2/source:/opt/rustwide/workdir:ro,Z" "-v" "/var/lib/crater-agent-workspace/cargo-home:/opt/rustwide/cargo-home:ro,Z" "-v" "/var/lib/crater-agent-workspace/rustup-home:/opt/rustwide/rustup-home:ro,Z" "-e" "SOURCE_DIR=/opt/rustwide/workdir" "-e" "CARGO_TARGET_DIR=/opt/rustwide/target" "-e" "CARGO_HOME=/opt/rustwide/cargo-home" "-e" "RUSTUP_HOME=/opt/rustwide/rustup-home" "-w" "/opt/rustwide/workdir" "-m" "1610612736" "--user" "0:0" "--network" "none" "ghcr.io/rust-lang/crates-build-env/linux@sha256:819108c5571ea2e421544af4d832f968d213c87fbe3707a016657f43d2f853bc" "/opt/rustwide/cargo-home/bin/cargo" "+nightly-2025-01-18" "metadata" "--no-deps" "--format-version=1", kill_on_drop: false }`
[INFO] [stdout] 3e069f9f0386a93aa417d636ccf1f556fce428d66a66d57d5b118eab330c8375
[INFO] running `Command { std: "docker" "start" "-a" "3e069f9f0386a93aa417d636ccf1f556fce428d66a66d57d5b118eab330c8375", kill_on_drop: false }`
[INFO] running `Command { std: "docker" "inspect" "3e069f9f0386a93aa417d636ccf1f556fce428d66a66d57d5b118eab330c8375", kill_on_drop: false }`
[INFO] running `Command { std: "docker" "rm" "-f" "3e069f9f0386a93aa417d636ccf1f556fce428d66a66d57d5b118eab330c8375", kill_on_drop: false }`
[INFO] [stdout] 3e069f9f0386a93aa417d636ccf1f556fce428d66a66d57d5b118eab330c8375
[INFO] running `Command { std: "docker" "create" "-v" "/var/lib/crater-agent-workspace/builds/worker-6-tc2/target:/opt/rustwide/target:rw,Z" "-v" "/var/lib/crater-agent-workspace/builds/worker-6-tc2/source:/opt/rustwide/workdir:ro,Z" "-v" "/var/lib/crater-agent-workspace/cargo-home:/opt/rustwide/cargo-home:ro,Z" "-v" "/var/lib/crater-agent-workspace/rustup-home:/opt/rustwide/rustup-home:ro,Z" "-e" "SOURCE_DIR=/opt/rustwide/workdir" "-e" "CARGO_TARGET_DIR=/opt/rustwide/target" "-e" "CARGO_INCREMENTAL=0" "-e" "RUST_BACKTRACE=full" "-e" "RUSTFLAGS=--cap-lints=forbid -Zrandomize-layout" "-e" "RUSTDOCFLAGS=--cap-lints=forbid" "-e" "CARGO_HOME=/opt/rustwide/cargo-home" "-e" "RUSTUP_HOME=/opt/rustwide/rustup-home" "-w" "/opt/rustwide/workdir" "-m" "1610612736" "--user" "0:0" "--network" "none" "ghcr.io/rust-lang/crates-build-env/linux@sha256:819108c5571ea2e421544af4d832f968d213c87fbe3707a016657f43d2f853bc" "/opt/rustwide/cargo-home/bin/cargo" "+nightly-2025-01-18" "build" "--frozen" "--message-format=json", kill_on_drop: false }`
[INFO] [stdout] a9f647ef36d2b4f5f8e5396bbcaeef50a55a38ed7b5c23adacdb3533ade4feba
[INFO] running `Command { std: "docker" "start" "-a" "a9f647ef36d2b4f5f8e5396bbcaeef50a55a38ed7b5c23adacdb3533ade4feba", kill_on_drop: false }`
[INFO] [stderr]    Compiling bitflags v2.1.0
[INFO] [stderr]    Compiling assembler_8086 v0.1.0 (/opt/rustwide/workdir)
[INFO] [stdout] warning: variant `JE_JUMP` should have an upper camel case name
[INFO] [stdout]   --> src/bits.rs:27:5
[INFO] [stdout]    |
[INFO] [stdout] 27 |     JE_JUMP,
[INFO] [stdout]    |     ^^^^^^^ help: convert the identifier to upper camel case: `JeJump`
[INFO] [stdout]    |
[INFO] [stdout]    = note: `#[warn(non_camel_case_types)]` on by default
[INFO] [stdout] 
[INFO] [stdout] 
[INFO] [stdout] warning: variant `JL_JUMP` should have an upper camel case name
[INFO] [stdout]   --> src/bits.rs:28:5
[INFO] [stdout]    |
[INFO] [stdout] 28 |     JL_JUMP,
[INFO] [stdout]    |     ^^^^^^^ help: convert the identifier to upper camel case: `JlJump`
[INFO] [stdout] 
[INFO] [stdout] 
[INFO] [stdout] warning: variant `JLE_JUMP` should have an upper camel case name
[INFO] [stdout]   --> src/bits.rs:29:5
[INFO] [stdout]    |
[INFO] [stdout] 29 |     JLE_JUMP,
[INFO] [stdout]    |     ^^^^^^^^ help: convert the identifier to upper camel case: `JleJump`
[INFO] [stdout] 
[INFO] [stdout] 
[INFO] [stdout] warning: variant `JB_JUMP` should have an upper camel case name
[INFO] [stdout]   --> src/bits.rs:30:5
[INFO] [stdout]    |
[INFO] [stdout] 30 |     JB_JUMP,
[INFO] [stdout]    |     ^^^^^^^ help: convert the identifier to upper camel case: `JbJump`
[INFO] [stdout] 
[INFO] [stdout] 
[INFO] [stdout] warning: variant `JBE_JUMP` should have an upper camel case name
[INFO] [stdout]   --> src/bits.rs:31:5
[INFO] [stdout]    |
[INFO] [stdout] 31 |     JBE_JUMP,
[INFO] [stdout]    |     ^^^^^^^^ help: convert the identifier to upper camel case: `JbeJump`
[INFO] [stdout] 
[INFO] [stdout] 
[INFO] [stdout] warning: variant `JP_JUMP` should have an upper camel case name
[INFO] [stdout]   --> src/bits.rs:32:5
[INFO] [stdout]    |
[INFO] [stdout] 32 |     JP_JUMP,
[INFO] [stdout]    |     ^^^^^^^ help: convert the identifier to upper camel case: `JpJump`
[INFO] [stdout] 
[INFO] [stdout] 
[INFO] [stdout] warning: variant `JO_JUMP` should have an upper camel case name
[INFO] [stdout]   --> src/bits.rs:33:5
[INFO] [stdout]    |
[INFO] [stdout] 33 |     JO_JUMP,
[INFO] [stdout]    |     ^^^^^^^ help: convert the identifier to upper camel case: `JoJump`
[INFO] [stdout] 
[INFO] [stdout] 
[INFO] [stdout] warning: variant `JS_JUMP` should have an upper camel case name
[INFO] [stdout]   --> src/bits.rs:34:5
[INFO] [stdout]    |
[INFO] [stdout] 34 |     JS_JUMP,
[INFO] [stdout]    |     ^^^^^^^ help: convert the identifier to upper camel case: `JsJump`
[INFO] [stdout] 
[INFO] [stdout] 
[INFO] [stdout] warning: variant `JNE_JUMP` should have an upper camel case name
[INFO] [stdout]   --> src/bits.rs:35:5
[INFO] [stdout]    |
[INFO] [stdout] 35 |     JNE_JUMP,
[INFO] [stdout]    |     ^^^^^^^^ help: convert the identifier to upper camel case: `JneJump`
[INFO] [stdout] 
[INFO] [stdout] 
[INFO] [stdout] warning: variant `JNL_JUMP` should have an upper camel case name
[INFO] [stdout]   --> src/bits.rs:36:5
[INFO] [stdout]    |
[INFO] [stdout] 36 |     JNL_JUMP,
[INFO] [stdout]    |     ^^^^^^^^ help: convert the identifier to upper camel case: `JnlJump`
[INFO] [stdout] 
[INFO] [stdout] 
[INFO] [stdout] warning: variant `JNLE_JUMP` should have an upper camel case name
[INFO] [stdout]   --> src/bits.rs:37:5
[INFO] [stdout]    |
[INFO] [stdout] 37 |     JNLE_JUMP,
[INFO] [stdout]    |     ^^^^^^^^^ help: convert the identifier to upper camel case: `JnleJump`
[INFO] [stdout] 
[INFO] [stdout] 
[INFO] [stdout] warning: variant `JNB_JUMP` should have an upper camel case name
[INFO] [stdout]   --> src/bits.rs:38:5
[INFO] [stdout]    |
[INFO] [stdout] 38 |     JNB_JUMP,
[INFO] [stdout]    |     ^^^^^^^^ help: convert the identifier to upper camel case: `JnbJump`
[INFO] [stdout] 
[INFO] [stdout] 
[INFO] [stdout] warning: variant `JNBE_JUMP` should have an upper camel case name
[INFO] [stdout]   --> src/bits.rs:39:5
[INFO] [stdout]    |
[INFO] [stdout] 39 |     JNBE_JUMP,
[INFO] [stdout]    |     ^^^^^^^^^ help: convert the identifier to upper camel case: `JnbeJump`
[INFO] [stdout] 
[INFO] [stdout] 
[INFO] [stdout] warning: variant `JNP_JUMP` should have an upper camel case name
[INFO] [stdout]   --> src/bits.rs:40:5
[INFO] [stdout]    |
[INFO] [stdout] 40 |     JNP_JUMP,
[INFO] [stdout]    |     ^^^^^^^^ help: convert the identifier to upper camel case: `JnpJump`
[INFO] [stdout] 
[INFO] [stdout] 
[INFO] [stdout] warning: variant `JNO_JUMP` should have an upper camel case name
[INFO] [stdout]   --> src/bits.rs:41:5
[INFO] [stdout]    |
[INFO] [stdout] 41 |     JNO_JUMP,
[INFO] [stdout]    |     ^^^^^^^^ help: convert the identifier to upper camel case: `JnoJump`
[INFO] [stdout] 
[INFO] [stdout] 
[INFO] [stdout] warning: variant `IMMEDIATE_TO_REG_MOV_W_BIT` should have an upper camel case name
[INFO] [stdout]    --> src/bits.rs:250:5
[INFO] [stdout]     |
[INFO] [stdout] 250 |     IMMEDIATE_TO_REG_MOV_W_BIT = 0b_00001000,
[INFO] [stdout]     |     ^^^^^^^^^^^^^^^^^^^^^^^^^^ help: convert the identifier to upper camel case: `ImmediateToRegMovWBit`
[INFO] [stdout] 
[INFO] [stdout] 
[INFO] [stdout] warning: variant `MOD_BITS` should have an upper camel case name
[INFO] [stdout]    --> src/bits.rs:251:5
[INFO] [stdout]     |
[INFO] [stdout] 251 |     MOD_BITS = 0b_11000000,
[INFO] [stdout]     |     ^^^^^^^^ help: convert the identifier to upper camel case: `ModBits`
[INFO] [stdout] 
[INFO] [stdout] 
[INFO] [stdout] warning: variant `W_BIT` should have an upper camel case name
[INFO] [stdout]    --> src/bits.rs:252:5
[INFO] [stdout]     |
[INFO] [stdout] 252 |     W_BIT = 0b_00000001,
[INFO] [stdout]     |     ^^^^^ help: convert the identifier to upper camel case: `WBit`
[INFO] [stdout] 
[INFO] [stdout] 
[INFO] [stdout] warning: variant `RM_BITS` should have an upper camel case name
[INFO] [stdout]    --> src/bits.rs:253:5
[INFO] [stdout]     |
[INFO] [stdout] 253 |     RM_BITS = 0b_00000111,
[INFO] [stdout]     |     ^^^^^^^ help: convert the identifier to upper camel case: `RmBits`
[INFO] [stdout] 
[INFO] [stdout] 
[INFO] [stdout] warning: variant `REG_BITS` should have an upper camel case name
[INFO] [stdout]    --> src/bits.rs:254:5
[INFO] [stdout]     |
[INFO] [stdout] 254 |     REG_BITS = 0b_00111000,
[INFO] [stdout]     |     ^^^^^^^^ help: convert the identifier to upper camel case: `RegBits`
[INFO] [stdout] 
[INFO] [stdout] 
[INFO] [stdout] warning: variant `D_BITS` should have an upper camel case name
[INFO] [stdout]    --> src/bits.rs:255:5
[INFO] [stdout]     |
[INFO] [stdout] 255 |     D_BITS = 0b_00000010,
[INFO] [stdout]     |     ^^^^^^ help: convert the identifier to upper camel case: `DBits`
[INFO] [stdout] 
[INFO] [stdout] 
[INFO] [stdout] warning: type `memory_struct` should have an upper camel case name
[INFO] [stdout]   --> src/memory.rs:12:12
[INFO] [stdout]    |
[INFO] [stdout] 12 | pub struct memory_struct {
[INFO] [stdout]    |            ^^^^^^^^^^^^^ help: convert the identifier to upper camel case: `MemoryStruct`
[INFO] [stdout] 
[INFO] [stdout] 
[INFO] [stdout] warning: type `bits_struct` should have an upper camel case name
[INFO] [stdout]   --> src/memory.rs:18:12
[INFO] [stdout]    |
[INFO] [stdout] 18 | pub struct bits_struct {
[INFO] [stdout]    |            ^^^^^^^^^^^ help: convert the identifier to upper camel case: `BitsStruct`
[INFO] [stdout] 
[INFO] [stdout] 
[INFO] [stdout] warning: type `memory_contents` should have an upper camel case name
[INFO] [stdout]   --> src/memory.rs:29:12
[INFO] [stdout]    |
[INFO] [stdout] 29 | pub struct memory_contents {
[INFO] [stdout]    |            ^^^^^^^^^^^^^^^ help: convert the identifier to upper camel case: `MemoryContents`
[INFO] [stdout] 
[INFO] [stdout] 
[INFO] [stdout] warning: type `decimal_memory_contents` should have an upper camel case name
[INFO] [stdout]   --> src/memory.rs:37:12
[INFO] [stdout]    |
[INFO] [stdout] 37 | pub struct decimal_memory_contents {
[INFO] [stdout]    |            ^^^^^^^^^^^^^^^^^^^^^^^ help: convert the identifier to upper camel case: `DecimalMemoryContents`
[INFO] [stdout] 
[INFO] [stdout] 
[INFO] [stdout] warning: type `word_sized_value_bytes` should have an upper camel case name
[INFO] [stdout]    --> src/memory.rs:207:12
[INFO] [stdout]     |
[INFO] [stdout] 207 | pub struct word_sized_value_bytes {
[INFO] [stdout]     |            ^^^^^^^^^^^^^^^^^^^^^^ help: convert the identifier to upper camel case: `WordSizedValueBytes`
[INFO] [stdout] 
[INFO] [stdout] 
[INFO] [stdout] warning: type `instruction_data` should have an upper camel case name
[INFO] [stdout]    --> src/main.rs:296:8
[INFO] [stdout]     |
[INFO] [stdout] 296 | struct instruction_data {
[INFO] [stdout]     |        ^^^^^^^^^^^^^^^^ help: convert the identifier to upper camel case: `InstructionData`
[INFO] [stdout] 
[INFO] [stdout] 
[INFO] [stdout] warning: value assigned to `old_instruction_pointer` is never read
[INFO] [stdout]    --> src/main.rs:270:13
[INFO] [stdout]     |
[INFO] [stdout] 270 |     let mut old_instruction_pointer: usize = 0;
[INFO] [stdout]     |             ^^^^^^^^^^^^^^^^^^^^^^^
[INFO] [stdout]     |
[INFO] [stdout]     = help: maybe it is overwritten before being read?
[INFO] [stdout]     = note: `#[warn(unused_assignments)]` on by default
[INFO] [stdout] 
[INFO] [stdout] 
[INFO] [stdout] warning: unused variable: `first_register`
[INFO] [stdout]    --> src/main.rs:480:30
[INFO] [stdout]     |
[INFO] [stdout] 480 |                         let (first_register, second_register) = get_registers_from_multiple_register(registers, &rm_register);
[INFO] [stdout]     |                              ^^^^^^^^^^^^^^ help: if this is intentional, prefix it with an underscore: `_first_register`
[INFO] [stdout]     |
[INFO] [stdout]     = note: `#[warn(unused_variables)]` on by default
[INFO] [stdout] 
[INFO] [stdout] 
[INFO] [stdout] warning: unused variable: `second_register`
[INFO] [stdout]    --> src/main.rs:480:46
[INFO] [stdout]     |
[INFO] [stdout] 480 |                         let (first_register, second_register) = get_registers_from_multiple_register(registers, &rm_register);
[INFO] [stdout]     |                                              ^^^^^^^^^^^^^^^ help: if this is intentional, prefix it with an underscore: `_second_register`
[INFO] [stdout] 
[INFO] [stdout] 
[INFO] [stdout] warning: value assigned to `value` is never read
[INFO] [stdout]    --> src/main.rs:547:25
[INFO] [stdout]     |
[INFO] [stdout] 547 |                 let mut value: ValueEnum = ValueEnum::Uninitialized;
[INFO] [stdout]     |                         ^^^^^
[INFO] [stdout]     |
[INFO] [stdout]     = help: maybe it is overwritten before being read?
[INFO] [stdout] 
[INFO] [stdout] 
[INFO] [stdout] warning: value assigned to `value` is never read
[INFO] [stdout]    --> src/main.rs:556:29
[INFO] [stdout]     |
[INFO] [stdout] 556 | ...                   value = result;
[INFO] [stdout]     |                       ^^^^^
[INFO] [stdout]     |
[INFO] [stdout]     = help: maybe it is overwritten before being read?
[INFO] [stdout] 
[INFO] [stdout] 
[INFO] [stdout] warning: value assigned to `value` is never read
[INFO] [stdout]    --> src/main.rs:558:29
[INFO] [stdout]     |
[INFO] [stdout] 558 | ...                   value = combine_register_containing_multiple_registers(registers, &rm_register).value;
[INFO] [stdout]     |                       ^^^^^
[INFO] [stdout]     |
[INFO] [stdout]     = help: maybe it is overwritten before being read?
[INFO] [stdout] 
[INFO] [stdout] 
[INFO] [stdout] warning: value assigned to `value` is never read
[INFO] [stdout]    --> src/main.rs:564:29
[INFO] [stdout]     |
[INFO] [stdout] 564 | ...                   value = result;
[INFO] [stdout]     |                       ^^^^^
[INFO] [stdout]     |
[INFO] [stdout]     = help: maybe it is overwritten before being read?
[INFO] [stdout] 
[INFO] [stdout] 
[INFO] [stdout] warning: value assigned to `value` is never read
[INFO] [stdout]    --> src/main.rs:567:29
[INFO] [stdout]     |
[INFO] [stdout] 567 | ...                   value = rm.updated_value.value;
[INFO] [stdout]     |                       ^^^^^
[INFO] [stdout]     |
[INFO] [stdout]     = help: maybe it is overwritten before being read?
[INFO] [stdout] 
[INFO] [stdout] 
[INFO] [stdout] warning: value assigned to `value` is never read
[INFO] [stdout]    --> src/main.rs:576:33
[INFO] [stdout]     |
[INFO] [stdout] 576 | ...                   value = reg.updated_value.value.wrap_sub(memory_contents.original_value.value);
[INFO] [stdout]     |                       ^^^^^
[INFO] [stdout]     |
[INFO] [stdout]     = help: maybe it is overwritten before being read?
[INFO] [stdout] 
[INFO] [stdout] 
[INFO] [stdout] warning: value assigned to `value` is never read
[INFO] [stdout]    --> src/main.rs:579:33
[INFO] [stdout]     |
[INFO] [stdout] 579 | ...                   value = reg.updated_value.value;
[INFO] [stdout]     |                       ^^^^^
[INFO] [stdout]     |
[INFO] [stdout]     = help: maybe it is overwritten before being read?
[INFO] [stdout] 
[INFO] [stdout] 
[INFO] [stdout] warning: value assigned to `value` is never read
[INFO] [stdout]    --> src/main.rs:584:29
[INFO] [stdout]     |
[INFO] [stdout] 584 | ...                   value = rm.updated_value.value.wrap_sub(memory_contents.modified_value.value);
[INFO] [stdout]     |                       ^^^^^
[INFO] [stdout]     |
[INFO] [stdout]     = help: maybe it is overwritten before being read?
[INFO] [stdout] 
[INFO] [stdout] 
[INFO] [stderr]     Finished `dev` profile [unoptimized + debuginfo] target(s) in 1.06s
[INFO] running `Command { std: "docker" "inspect" "a9f647ef36d2b4f5f8e5396bbcaeef50a55a38ed7b5c23adacdb3533ade4feba", kill_on_drop: false }`
[INFO] running `Command { std: "docker" "rm" "-f" "a9f647ef36d2b4f5f8e5396bbcaeef50a55a38ed7b5c23adacdb3533ade4feba", kill_on_drop: false }`
[INFO] [stdout] a9f647ef36d2b4f5f8e5396bbcaeef50a55a38ed7b5c23adacdb3533ade4feba
[INFO] running `Command { std: "docker" "create" "-v" "/var/lib/crater-agent-workspace/builds/worker-6-tc2/target:/opt/rustwide/target:rw,Z" "-v" "/var/lib/crater-agent-workspace/builds/worker-6-tc2/source:/opt/rustwide/workdir:ro,Z" "-v" "/var/lib/crater-agent-workspace/cargo-home:/opt/rustwide/cargo-home:ro,Z" "-v" "/var/lib/crater-agent-workspace/rustup-home:/opt/rustwide/rustup-home:ro,Z" "-e" "SOURCE_DIR=/opt/rustwide/workdir" "-e" "CARGO_TARGET_DIR=/opt/rustwide/target" "-e" "CARGO_INCREMENTAL=0" "-e" "RUST_BACKTRACE=full" "-e" "RUSTFLAGS=--cap-lints=forbid -Zrandomize-layout" "-e" "RUSTDOCFLAGS=--cap-lints=forbid" "-e" "CARGO_HOME=/opt/rustwide/cargo-home" "-e" "RUSTUP_HOME=/opt/rustwide/rustup-home" "-w" "/opt/rustwide/workdir" "-m" "1610612736" "--user" "0:0" "--network" "none" "ghcr.io/rust-lang/crates-build-env/linux@sha256:819108c5571ea2e421544af4d832f968d213c87fbe3707a016657f43d2f853bc" "/opt/rustwide/cargo-home/bin/cargo" "+nightly-2025-01-18" "test" "--frozen" "--no-run" "--message-format=json", kill_on_drop: false }`
[INFO] [stdout] 2fd964e5a36075e5ce0eafa10996dc6f76475f4e5ea54064437e9492d3aba6ca
[INFO] running `Command { std: "docker" "start" "-a" "2fd964e5a36075e5ce0eafa10996dc6f76475f4e5ea54064437e9492d3aba6ca", kill_on_drop: false }`
[INFO] [stderr]    Compiling assembler_8086 v0.1.0 (/opt/rustwide/workdir)
[INFO] [stdout] warning: variant `JE_JUMP` should have an upper camel case name
[INFO] [stdout]   --> src/bits.rs:27:5
[INFO] [stdout]    |
[INFO] [stdout] 27 |     JE_JUMP,
[INFO] [stdout]    |     ^^^^^^^ help: convert the identifier to upper camel case: `JeJump`
[INFO] [stdout]    |
[INFO] [stdout]    = note: `#[warn(non_camel_case_types)]` on by default
[INFO] [stdout] 
[INFO] [stdout] 
[INFO] [stdout] warning: variant `JL_JUMP` should have an upper camel case name
[INFO] [stdout]   --> src/bits.rs:28:5
[INFO] [stdout]    |
[INFO] [stdout] 28 |     JL_JUMP,
[INFO] [stdout]    |     ^^^^^^^ help: convert the identifier to upper camel case: `JlJump`
[INFO] [stdout] 
[INFO] [stdout] 
[INFO] [stdout] warning: variant `JLE_JUMP` should have an upper camel case name
[INFO] [stdout]   --> src/bits.rs:29:5
[INFO] [stdout]    |
[INFO] [stdout] 29 |     JLE_JUMP,
[INFO] [stdout]    |     ^^^^^^^^ help: convert the identifier to upper camel case: `JleJump`
[INFO] [stdout] 
[INFO] [stdout] 
[INFO] [stdout] warning: variant `JB_JUMP` should have an upper camel case name
[INFO] [stdout]   --> src/bits.rs:30:5
[INFO] [stdout]    |
[INFO] [stdout] 30 |     JB_JUMP,
[INFO] [stdout]    |     ^^^^^^^ help: convert the identifier to upper camel case: `JbJump`
[INFO] [stdout] 
[INFO] [stdout] 
[INFO] [stdout] warning: variant `JBE_JUMP` should have an upper camel case name
[INFO] [stdout]   --> src/bits.rs:31:5
[INFO] [stdout]    |
[INFO] [stdout] 31 |     JBE_JUMP,
[INFO] [stdout]    |     ^^^^^^^^ help: convert the identifier to upper camel case: `JbeJump`
[INFO] [stdout] 
[INFO] [stdout] 
[INFO] [stdout] warning: variant `JP_JUMP` should have an upper camel case name
[INFO] [stdout]   --> src/bits.rs:32:5
[INFO] [stdout]    |
[INFO] [stdout] 32 |     JP_JUMP,
[INFO] [stdout]    |     ^^^^^^^ help: convert the identifier to upper camel case: `JpJump`
[INFO] [stdout] 
[INFO] [stdout] 
[INFO] [stdout] warning: variant `JO_JUMP` should have an upper camel case name
[INFO] [stdout]   --> src/bits.rs:33:5
[INFO] [stdout]    |
[INFO] [stdout] 33 |     JO_JUMP,
[INFO] [stdout]    |     ^^^^^^^ help: convert the identifier to upper camel case: `JoJump`
[INFO] [stdout] 
[INFO] [stdout] 
[INFO] [stdout] warning: variant `JS_JUMP` should have an upper camel case name
[INFO] [stdout]   --> src/bits.rs:34:5
[INFO] [stdout]    |
[INFO] [stdout] 34 |     JS_JUMP,
[INFO] [stdout]    |     ^^^^^^^ help: convert the identifier to upper camel case: `JsJump`
[INFO] [stdout] 
[INFO] [stdout] 
[INFO] [stdout] warning: variant `JNE_JUMP` should have an upper camel case name
[INFO] [stdout]   --> src/bits.rs:35:5
[INFO] [stdout]    |
[INFO] [stdout] 35 |     JNE_JUMP,
[INFO] [stdout]    |     ^^^^^^^^ help: convert the identifier to upper camel case: `JneJump`
[INFO] [stdout] 
[INFO] [stdout] 
[INFO] [stdout] warning: variant `JNL_JUMP` should have an upper camel case name
[INFO] [stdout]   --> src/bits.rs:36:5
[INFO] [stdout]    |
[INFO] [stdout] 36 |     JNL_JUMP,
[INFO] [stdout]    |     ^^^^^^^^ help: convert the identifier to upper camel case: `JnlJump`
[INFO] [stdout] 
[INFO] [stdout] 
[INFO] [stdout] warning: variant `JNLE_JUMP` should have an upper camel case name
[INFO] [stdout]   --> src/bits.rs:37:5
[INFO] [stdout]    |
[INFO] [stdout] 37 |     JNLE_JUMP,
[INFO] [stdout]    |     ^^^^^^^^^ help: convert the identifier to upper camel case: `JnleJump`
[INFO] [stdout] 
[INFO] [stdout] 
[INFO] [stdout] warning: variant `JNB_JUMP` should have an upper camel case name
[INFO] [stdout]   --> src/bits.rs:38:5
[INFO] [stdout]    |
[INFO] [stdout] 38 |     JNB_JUMP,
[INFO] [stdout]    |     ^^^^^^^^ help: convert the identifier to upper camel case: `JnbJump`
[INFO] [stdout] 
[INFO] [stdout] 
[INFO] [stdout] warning: variant `JNBE_JUMP` should have an upper camel case name
[INFO] [stdout]   --> src/bits.rs:39:5
[INFO] [stdout]    |
[INFO] [stdout] 39 |     JNBE_JUMP,
[INFO] [stdout]    |     ^^^^^^^^^ help: convert the identifier to upper camel case: `JnbeJump`
[INFO] [stdout] 
[INFO] [stdout] 
[INFO] [stdout] warning: variant `JNP_JUMP` should have an upper camel case name
[INFO] [stdout]   --> src/bits.rs:40:5
[INFO] [stdout]    |
[INFO] [stdout] 40 |     JNP_JUMP,
[INFO] [stdout]    |     ^^^^^^^^ help: convert the identifier to upper camel case: `JnpJump`
[INFO] [stdout] 
[INFO] [stdout] 
[INFO] [stdout] warning: variant `JNO_JUMP` should have an upper camel case name
[INFO] [stdout]   --> src/bits.rs:41:5
[INFO] [stdout]    |
[INFO] [stdout] 41 |     JNO_JUMP,
[INFO] [stdout]    |     ^^^^^^^^ help: convert the identifier to upper camel case: `JnoJump`
[INFO] [stdout] 
[INFO] [stdout] 
[INFO] [stdout] warning: variant `IMMEDIATE_TO_REG_MOV_W_BIT` should have an upper camel case name
[INFO] [stdout]    --> src/bits.rs:250:5
[INFO] [stdout]     |
[INFO] [stdout] 250 |     IMMEDIATE_TO_REG_MOV_W_BIT = 0b_00001000,
[INFO] [stdout]     |     ^^^^^^^^^^^^^^^^^^^^^^^^^^ help: convert the identifier to upper camel case: `ImmediateToRegMovWBit`
[INFO] [stdout] 
[INFO] [stdout] 
[INFO] [stdout] warning: variant `MOD_BITS` should have an upper camel case name
[INFO] [stdout]    --> src/bits.rs:251:5
[INFO] [stdout]     |
[INFO] [stdout] 251 |     MOD_BITS = 0b_11000000,
[INFO] [stdout]     |     ^^^^^^^^ help: convert the identifier to upper camel case: `ModBits`
[INFO] [stdout] 
[INFO] [stdout] 
[INFO] [stdout] warning: variant `W_BIT` should have an upper camel case name
[INFO] [stdout]    --> src/bits.rs:252:5
[INFO] [stdout]     |
[INFO] [stdout] 252 |     W_BIT = 0b_00000001,
[INFO] [stdout]     |     ^^^^^ help: convert the identifier to upper camel case: `WBit`
[INFO] [stdout] 
[INFO] [stdout] 
[INFO] [stdout] warning: variant `RM_BITS` should have an upper camel case name
[INFO] [stdout]    --> src/bits.rs:253:5
[INFO] [stdout]     |
[INFO] [stdout] 253 |     RM_BITS = 0b_00000111,
[INFO] [stdout]     |     ^^^^^^^ help: convert the identifier to upper camel case: `RmBits`
[INFO] [stdout] 
[INFO] [stdout] 
[INFO] [stdout] warning: variant `REG_BITS` should have an upper camel case name
[INFO] [stdout]    --> src/bits.rs:254:5
[INFO] [stdout]     |
[INFO] [stdout] 254 |     REG_BITS = 0b_00111000,
[INFO] [stdout]     |     ^^^^^^^^ help: convert the identifier to upper camel case: `RegBits`
[INFO] [stdout] 
[INFO] [stdout] 
[INFO] [stdout] warning: variant `D_BITS` should have an upper camel case name
[INFO] [stdout]    --> src/bits.rs:255:5
[INFO] [stdout]     |
[INFO] [stdout] 255 |     D_BITS = 0b_00000010,
[INFO] [stdout]     |     ^^^^^^ help: convert the identifier to upper camel case: `DBits`
[INFO] [stdout] 
[INFO] [stdout] 
[INFO] [stdout] warning: type `memory_struct` should have an upper camel case name
[INFO] [stdout]   --> src/memory.rs:12:12
[INFO] [stdout]    |
[INFO] [stdout] 12 | pub struct memory_struct {
[INFO] [stdout]    |            ^^^^^^^^^^^^^ help: convert the identifier to upper camel case: `MemoryStruct`
[INFO] [stdout] 
[INFO] [stdout] 
[INFO] [stdout] warning: type `bits_struct` should have an upper camel case name
[INFO] [stdout]   --> src/memory.rs:18:12
[INFO] [stdout]    |
[INFO] [stdout] 18 | pub struct bits_struct {
[INFO] [stdout]    |            ^^^^^^^^^^^ help: convert the identifier to upper camel case: `BitsStruct`
[INFO] [stdout] 
[INFO] [stdout] 
[INFO] [stdout] warning: type `memory_contents` should have an upper camel case name
[INFO] [stdout]   --> src/memory.rs:29:12
[INFO] [stdout]    |
[INFO] [stdout] 29 | pub struct memory_contents {
[INFO] [stdout]    |            ^^^^^^^^^^^^^^^ help: convert the identifier to upper camel case: `MemoryContents`
[INFO] [stdout] 
[INFO] [stdout] 
[INFO] [stdout] warning: type `decimal_memory_contents` should have an upper camel case name
[INFO] [stdout]   --> src/memory.rs:37:12
[INFO] [stdout]    |
[INFO] [stdout] 37 | pub struct decimal_memory_contents {
[INFO] [stdout]    |            ^^^^^^^^^^^^^^^^^^^^^^^ help: convert the identifier to upper camel case: `DecimalMemoryContents`
[INFO] [stdout] 
[INFO] [stdout] 
[INFO] [stdout] warning: type `word_sized_value_bytes` should have an upper camel case name
[INFO] [stdout]    --> src/memory.rs:207:12
[INFO] [stdout]     |
[INFO] [stdout] 207 | pub struct word_sized_value_bytes {
[INFO] [stdout]     |            ^^^^^^^^^^^^^^^^^^^^^^ help: convert the identifier to upper camel case: `WordSizedValueBytes`
[INFO] [stdout] 
[INFO] [stdout] 
[INFO] [stdout] warning: type `instruction_data` should have an upper camel case name
[INFO] [stdout]    --> src/main.rs:296:8
[INFO] [stdout]     |
[INFO] [stdout] 296 | struct instruction_data {
[INFO] [stdout]     |        ^^^^^^^^^^^^^^^^ help: convert the identifier to upper camel case: `InstructionData`
[INFO] [stdout] 
[INFO] [stdout] 
[INFO] [stdout] warning: value assigned to `old_instruction_pointer` is never read
[INFO] [stdout]    --> src/main.rs:270:13
[INFO] [stdout]     |
[INFO] [stdout] 270 |     let mut old_instruction_pointer: usize = 0;
[INFO] [stdout]     |             ^^^^^^^^^^^^^^^^^^^^^^^
[INFO] [stdout]     |
[INFO] [stdout]     = help: maybe it is overwritten before being read?
[INFO] [stdout]     = note: `#[warn(unused_assignments)]` on by default
[INFO] [stdout] 
[INFO] [stdout] 
[INFO] [stdout] warning: unused variable: `first_register`
[INFO] [stdout]    --> src/main.rs:480:30
[INFO] [stdout]     |
[INFO] [stdout] 480 |                         let (first_register, second_register) = get_registers_from_multiple_register(registers, &rm_register);
[INFO] [stdout]     |                              ^^^^^^^^^^^^^^ help: if this is intentional, prefix it with an underscore: `_first_register`
[INFO] [stdout]     |
[INFO] [stdout]     = note: `#[warn(unused_variables)]` on by default
[INFO] [stdout] 
[INFO] [stdout] 
[INFO] [stdout] warning: unused variable: `second_register`
[INFO] [stdout]    --> src/main.rs:480:46
[INFO] [stdout]     |
[INFO] [stdout] 480 |                         let (first_register, second_register) = get_registers_from_multiple_register(registers, &rm_register);
[INFO] [stdout]     |                                              ^^^^^^^^^^^^^^^ help: if this is intentional, prefix it with an underscore: `_second_register`
[INFO] [stdout] 
[INFO] [stdout] 
[INFO] [stdout] warning: value assigned to `value` is never read
[INFO] [stdout]    --> src/main.rs:547:25
[INFO] [stdout]     |
[INFO] [stdout] 547 |                 let mut value: ValueEnum = ValueEnum::Uninitialized;
[INFO] [stdout]     |                         ^^^^^
[INFO] [stdout]     |
[INFO] [stdout]     = help: maybe it is overwritten before being read?
[INFO] [stdout] 
[INFO] [stdout] 
[INFO] [stdout] warning: value assigned to `value` is never read
[INFO] [stdout]    --> src/main.rs:556:29
[INFO] [stdout]     |
[INFO] [stdout] 556 | ...                   value = result;
[INFO] [stdout]     |                       ^^^^^
[INFO] [stdout]     |
[INFO] [stdout]     = help: maybe it is overwritten before being read?
[INFO] [stdout] 
[INFO] [stdout] 
[INFO] [stdout] warning: value assigned to `value` is never read
[INFO] [stdout]    --> src/main.rs:558:29
[INFO] [stdout]     |
[INFO] [stdout] 558 | ...                   value = combine_register_containing_multiple_registers(registers, &rm_register).value;
[INFO] [stdout]     |                       ^^^^^
[INFO] [stdout]     |
[INFO] [stdout]     = help: maybe it is overwritten before being read?
[INFO] [stdout] 
[INFO] [stdout] 
[INFO] [stdout] warning: value assigned to `value` is never read
[INFO] [stdout]    --> src/main.rs:564:29
[INFO] [stdout]     |
[INFO] [stdout] 564 | ...                   value = result;
[INFO] [stdout]     |                       ^^^^^
[INFO] [stdout]     |
[INFO] [stdout]     = help: maybe it is overwritten before being read?
[INFO] [stdout] 
[INFO] [stdout] 
[INFO] [stdout] warning: value assigned to `value` is never read
[INFO] [stdout]    --> src/main.rs:567:29
[INFO] [stdout]     |
[INFO] [stdout] 567 | ...                   value = rm.updated_value.value;
[INFO] [stdout]     |                       ^^^^^
[INFO] [stdout]     |
[INFO] [stdout]     = help: maybe it is overwritten before being read?
[INFO] [stdout] 
[INFO] [stdout] 
[INFO] [stdout] warning: value assigned to `value` is never read
[INFO] [stdout]    --> src/main.rs:576:33
[INFO] [stdout]     |
[INFO] [stdout] 576 | ...                   value = reg.updated_value.value.wrap_sub(memory_contents.original_value.value);
[INFO] [stdout]     |                       ^^^^^
[INFO] [stdout]     |
[INFO] [stdout]     = help: maybe it is overwritten before being read?
[INFO] [stdout] 
[INFO] [stdout] 
[INFO] [stdout] warning: value assigned to `value` is never read
[INFO] [stdout]    --> src/main.rs:579:33
[INFO] [stdout]     |
[INFO] [stdout] 579 | ...                   value = reg.updated_value.value;
[INFO] [stdout]     |                       ^^^^^
[INFO] [stdout]     |
[INFO] [stdout]     = help: maybe it is overwritten before being read?
[INFO] [stdout] 
[INFO] [stdout] 
[INFO] [stdout] warning: value assigned to `value` is never read
[INFO] [stdout]    --> src/main.rs:584:29
[INFO] [stdout]     |
[INFO] [stdout] 584 | ...                   value = rm.updated_value.value.wrap_sub(memory_contents.modified_value.value);
[INFO] [stdout]     |                       ^^^^^
[INFO] [stdout]     |
[INFO] [stdout]     = help: maybe it is overwritten before being read?
[INFO] [stdout] 
[INFO] [stdout] 
[INFO] [stderr]     Finished `test` profile [unoptimized + debuginfo] target(s) in 1.04s
[INFO] running `Command { std: "docker" "inspect" "2fd964e5a36075e5ce0eafa10996dc6f76475f4e5ea54064437e9492d3aba6ca", kill_on_drop: false }`
[INFO] running `Command { std: "docker" "rm" "-f" "2fd964e5a36075e5ce0eafa10996dc6f76475f4e5ea54064437e9492d3aba6ca", kill_on_drop: false }`
[INFO] [stdout] 2fd964e5a36075e5ce0eafa10996dc6f76475f4e5ea54064437e9492d3aba6ca
[INFO] running `Command { std: "docker" "create" "-v" "/var/lib/crater-agent-workspace/builds/worker-6-tc2/target:/opt/rustwide/target:rw,Z" "-v" "/var/lib/crater-agent-workspace/builds/worker-6-tc2/source:/opt/rustwide/workdir:ro,Z" "-v" "/var/lib/crater-agent-workspace/cargo-home:/opt/rustwide/cargo-home:ro,Z" "-v" "/var/lib/crater-agent-workspace/rustup-home:/opt/rustwide/rustup-home:ro,Z" "-e" "SOURCE_DIR=/opt/rustwide/workdir" "-e" "CARGO_TARGET_DIR=/opt/rustwide/target" "-e" "CARGO_INCREMENTAL=0" "-e" "RUST_BACKTRACE=full" "-e" "RUSTFLAGS=--cap-lints=forbid -Zrandomize-layout" "-e" "RUSTDOCFLAGS=--cap-lints=forbid" "-e" "CARGO_HOME=/opt/rustwide/cargo-home" "-e" "RUSTUP_HOME=/opt/rustwide/rustup-home" "-w" "/opt/rustwide/workdir" "-m" "1610612736" "--user" "0:0" "--network" "none" "ghcr.io/rust-lang/crates-build-env/linux@sha256:819108c5571ea2e421544af4d832f968d213c87fbe3707a016657f43d2f853bc" "/opt/rustwide/cargo-home/bin/cargo" "+nightly-2025-01-18" "test" "--frozen", kill_on_drop: false }`
[INFO] [stdout] 98fa75ccb70ca3bcc426471eb6ec6029672191d009dfc437058ce1ceee5b84ce
[INFO] running `Command { std: "docker" "start" "-a" "98fa75ccb70ca3bcc426471eb6ec6029672191d009dfc437058ce1ceee5b84ce", kill_on_drop: false }`
[INFO] [stderr] warning: variant `JE_JUMP` should have an upper camel case name
[INFO] [stderr]   --> src/bits.rs:27:5
[INFO] [stderr]    |
[INFO] [stderr] 27 |     JE_JUMP,
[INFO] [stderr]    |     ^^^^^^^ help: convert the identifier to upper camel case: `JeJump`
[INFO] [stderr]    |
[INFO] [stderr]    = note: `#[warn(non_camel_case_types)]` on by default
[INFO] [stderr] 
[INFO] [stderr] warning: variant `JL_JUMP` should have an upper camel case name
[INFO] [stderr]   --> src/bits.rs:28:5
[INFO] [stderr]    |
[INFO] [stderr] 28 |     JL_JUMP,
[INFO] [stderr]    |     ^^^^^^^ help: convert the identifier to upper camel case: `JlJump`
[INFO] [stderr] 
[INFO] [stderr] warning: variant `JLE_JUMP` should have an upper camel case name
[INFO] [stderr]   --> src/bits.rs:29:5
[INFO] [stderr]    |
[INFO] [stderr] 29 |     JLE_JUMP,
[INFO] [stderr]    |     ^^^^^^^^ help: convert the identifier to upper camel case: `JleJump`
[INFO] [stderr] 
[INFO] [stderr] warning: variant `JB_JUMP` should have an upper camel case name
[INFO] [stderr]   --> src/bits.rs:30:5
[INFO] [stderr]    |
[INFO] [stderr] 30 |     JB_JUMP,
[INFO] [stderr]    |     ^^^^^^^ help: convert the identifier to upper camel case: `JbJump`
[INFO] [stderr] 
[INFO] [stderr] warning: variant `JBE_JUMP` should have an upper camel case name
[INFO] [stderr]   --> src/bits.rs:31:5
[INFO] [stderr]    |
[INFO] [stderr] 31 |     JBE_JUMP,
[INFO] [stderr]    |     ^^^^^^^^ help: convert the identifier to upper camel case: `JbeJump`
[INFO] [stderr] 
[INFO] [stderr] warning: variant `JP_JUMP` should have an upper camel case name
[INFO] [stderr]   --> src/bits.rs:32:5
[INFO] [stderr]    |
[INFO] [stderr] 32 |     JP_JUMP,
[INFO] [stderr]    |     ^^^^^^^ help: convert the identifier to upper camel case: `JpJump`
[INFO] [stderr] 
[INFO] [stderr] warning: variant `JO_JUMP` should have an upper camel case name
[INFO] [stderr]   --> src/bits.rs:33:5
[INFO] [stderr]    |
[INFO] [stderr] 33 |     JO_JUMP,
[INFO] [stderr]    |     ^^^^^^^ help: convert the identifier to upper camel case: `JoJump`
[INFO] [stderr] 
[INFO] [stderr] warning: variant `JS_JUMP` should have an upper camel case name
[INFO] [stderr]   --> src/bits.rs:34:5
[INFO] [stderr]    |
[INFO] [stderr] 34 |     JS_JUMP,
[INFO] [stderr]    |     ^^^^^^^ help: convert the identifier to upper camel case: `JsJump`
[INFO] [stderr] 
[INFO] [stderr] warning: variant `JNE_JUMP` should have an upper camel case name
[INFO] [stderr]   --> src/bits.rs:35:5
[INFO] [stderr]    |
[INFO] [stderr] 35 |     JNE_JUMP,
[INFO] [stderr]    |     ^^^^^^^^ help: convert the identifier to upper camel case: `JneJump`
[INFO] [stderr] 
[INFO] [stderr] warning: variant `JNL_JUMP` should have an upper camel case name
[INFO] [stderr]   --> src/bits.rs:36:5
[INFO] [stderr]    |
[INFO] [stderr] 36 |     JNL_JUMP,
[INFO] [stderr]    |     ^^^^^^^^ help: convert the identifier to upper camel case: `JnlJump`
[INFO] [stderr] 
[INFO] [stderr] warning: variant `JNLE_JUMP` should have an upper camel case name
[INFO] [stderr]   --> src/bits.rs:37:5
[INFO] [stderr]    |
[INFO] [stderr] 37 |     JNLE_JUMP,
[INFO] [stderr]    |     ^^^^^^^^^ help: convert the identifier to upper camel case: `JnleJump`
[INFO] [stderr] 
[INFO] [stderr] warning: variant `JNB_JUMP` should have an upper camel case name
[INFO] [stderr]   --> src/bits.rs:38:5
[INFO] [stderr]    |
[INFO] [stderr] 38 |     JNB_JUMP,
[INFO] [stderr]    |     ^^^^^^^^ help: convert the identifier to upper camel case: `JnbJump`
[INFO] [stderr] 
[INFO] [stderr] warning: variant `JNBE_JUMP` should have an upper camel case name
[INFO] [stderr]   --> src/bits.rs:39:5
[INFO] [stderr]    |
[INFO] [stderr] 39 |     JNBE_JUMP,
[INFO] [stderr]    |     ^^^^^^^^^ help: convert the identifier to upper camel case: `JnbeJump`
[INFO] [stderr] 
[INFO] [stderr] warning: variant `JNP_JUMP` should have an upper camel case name
[INFO] [stderr]   --> src/bits.rs:40:5
[INFO] [stderr]    |
[INFO] [stderr] 40 |     JNP_JUMP,
[INFO] [stderr]    |     ^^^^^^^^ help: convert the identifier to upper camel case: `JnpJump`
[INFO] [stderr] 
[INFO] [stderr] warning: variant `JNO_JUMP` should have an upper camel case name
[INFO] [stderr]   --> src/bits.rs:41:5
[INFO] [stderr]    |
[INFO] [stderr] 41 |     JNO_JUMP,
[INFO] [stderr]    |     ^^^^^^^^ help: convert the identifier to upper camel case: `JnoJump`
[INFO] [stderr] 
[INFO] [stderr] warning: variant `IMMEDIATE_TO_REG_MOV_W_BIT` should have an upper camel case name
[INFO] [stderr]    --> src/bits.rs:250:5
[INFO] [stderr]     |
[INFO] [stderr] 250 |     IMMEDIATE_TO_REG_MOV_W_BIT = 0b_00001000,
[INFO] [stderr]     |     ^^^^^^^^^^^^^^^^^^^^^^^^^^ help: convert the identifier to upper camel case: `ImmediateToRegMovWBit`
[INFO] [stderr] 
[INFO] [stderr] warning: variant `MOD_BITS` should have an upper camel case name
[INFO] [stderr]    --> src/bits.rs:251:5
[INFO] [stderr]     |
[INFO] [stderr] 251 |     MOD_BITS = 0b_11000000,
[INFO] [stderr]     |     ^^^^^^^^ help: convert the identifier to upper camel case: `ModBits`
[INFO] [stderr] 
[INFO] [stderr] warning: variant `W_BIT` should have an upper camel case name
[INFO] [stderr]    --> src/bits.rs:252:5
[INFO] [stderr]     |
[INFO] [stderr] 252 |     W_BIT = 0b_00000001,
[INFO] [stderr]     |     ^^^^^ help: convert the identifier to upper camel case: `WBit`
[INFO] [stderr] 
[INFO] [stderr] warning: variant `RM_BITS` should have an upper camel case name
[INFO] [stderr]    --> src/bits.rs:253:5
[INFO] [stderr]     |
[INFO] [stderr] 253 |     RM_BITS = 0b_00000111,
[INFO] [stderr]     |     ^^^^^^^ help: convert the identifier to upper camel case: `RmBits`
[INFO] [stderr] 
[INFO] [stderr] warning: variant `REG_BITS` should have an upper camel case name
[INFO] [stderr]    --> src/bits.rs:254:5
[INFO] [stderr]     |
[INFO] [stderr] 254 |     REG_BITS = 0b_00111000,
[INFO] [stderr]     |     ^^^^^^^^ help: convert the identifier to upper camel case: `RegBits`
[INFO] [stderr] 
[INFO] [stderr] warning: variant `D_BITS` should have an upper camel case name
[INFO] [stderr]    --> src/bits.rs:255:5
[INFO] [stderr]     |
[INFO] [stderr] 255 |     D_BITS = 0b_00000010,
[INFO] [stderr]     |     ^^^^^^ help: convert the identifier to upper camel case: `DBits`
[INFO] [stderr] 
[INFO] [stderr] warning: type `memory_struct` should have an upper camel case name
[INFO] [stderr]   --> src/memory.rs:12:12
[INFO] [stderr]    |
[INFO] [stderr] 12 | pub struct memory_struct {
[INFO] [stderr]    |            ^^^^^^^^^^^^^ help: convert the identifier to upper camel case: `MemoryStruct`
[INFO] [stderr] 
[INFO] [stderr] warning: type `bits_struct` should have an upper camel case name
[INFO] [stderr]   --> src/memory.rs:18:12
[INFO] [stderr]    |
[INFO] [stderr] 18 | pub struct bits_struct {
[INFO] [stderr]    |            ^^^^^^^^^^^ help: convert the identifier to upper camel case: `BitsStruct`
[INFO] [stderr] 
[INFO] [stderr] warning: type `memory_contents` should have an upper camel case name
[INFO] [stderr]   --> src/memory.rs:29:12
[INFO] [stderr]    |
[INFO] [stderr] 29 | pub struct memory_contents {
[INFO] [stderr]    |            ^^^^^^^^^^^^^^^ help: convert the identifier to upper camel case: `MemoryContents`
[INFO] [stderr] 
[INFO] [stderr] warning: type `decimal_memory_contents` should have an upper camel case name
[INFO] [stderr]   --> src/memory.rs:37:12
[INFO] [stderr]    |
[INFO] [stderr] 37 | pub struct decimal_memory_contents {
[INFO] [stderr]    |            ^^^^^^^^^^^^^^^^^^^^^^^ help: convert the identifier to upper camel case: `DecimalMemoryContents`
[INFO] [stderr] 
[INFO] [stderr] warning: type `word_sized_value_bytes` should have an upper camel case name
[INFO] [stderr]    --> src/memory.rs:207:12
[INFO] [stderr]     |
[INFO] [stderr] 207 | pub struct word_sized_value_bytes {
[INFO] [stderr]     |            ^^^^^^^^^^^^^^^^^^^^^^ help: convert the identifier to upper camel case: `WordSizedValueBytes`
[INFO] [stderr] 
[INFO] [stderr] warning: type `instruction_data` should have an upper camel case name
[INFO] [stderr]    --> src/main.rs:296:8
[INFO] [stderr]     |
[INFO] [stderr] 296 | struct instruction_data {
[INFO] [stderr]     |        ^^^^^^^^^^^^^^^^ help: convert the identifier to upper camel case: `InstructionData`
[INFO] [stderr] 
[INFO] [stderr] warning: value assigned to `old_instruction_pointer` is never read
[INFO] [stderr]    --> src/main.rs:270:13
[INFO] [stderr]     |
[INFO] [stderr] 270 |     let mut old_instruction_pointer: usize = 0;
[INFO] [stderr]     |             ^^^^^^^^^^^^^^^^^^^^^^^
[INFO] [stderr]     |
[INFO] [stderr]     = help: maybe it is overwritten before being read?
[INFO] [stderr]     = note: `#[warn(unused_assignments)]` on by default
[INFO] [stderr] 
[INFO] [stderr] warning: unused variable: `first_register`
[INFO] [stderr]    --> src/main.rs:480:30
[INFO] [stderr]     |
[INFO] [stderr] 480 |                         let (first_register, second_register) = get_registers_from_multiple_register(registers, &rm_register);
[INFO] [stderr]     |                              ^^^^^^^^^^^^^^ help: if this is intentional, prefix it with an underscore: `_first_register`
[INFO] [stderr]     |
[INFO] [stderr]     = note: `#[warn(unused_variables)]` on by default
[INFO] [stderr] 
[INFO] [stderr] warning: unused variable: `second_register`
[INFO] [stderr]    --> src/main.rs:480:46
[INFO] [stderr]     |
[INFO] [stderr] 480 |                         let (first_register, second_register) = get_registers_from_multiple_register(registers, &rm_register);
[INFO] [stderr]     |                                              ^^^^^^^^^^^^^^^ help: if this is intentional, prefix it with an underscore: `_second_register`
[INFO] [stderr] 
[INFO] [stderr] warning: value assigned to `value` is never read
[INFO] [stderr]    --> src/main.rs:547:25
[INFO] [stderr]     |
[INFO] [stderr] 547 |                 let mut value: ValueEnum = ValueEnum::Uninitialized;
[INFO] [stderr]     |                         ^^^^^
[INFO] [stderr]     |
[INFO] [stderr]     = help: maybe it is overwritten before being read?
[INFO] [stderr] 
[INFO] [stderr] warning: value assigned to `value` is never read
[INFO] [stderr]    --> src/main.rs:556:29
[INFO] [stderr]     |
[INFO] [stderr] 556 | ...                   value = result;
[INFO] [stderr]     |                       ^^^^^
[INFO] [stderr]     |
[INFO] [stderr]     = help: maybe it is overwritten before being read?
[INFO] [stderr] 
[INFO] [stderr] warning: value assigned to `value` is never read
[INFO] [stderr]    --> src/main.rs:558:29
[INFO] [stderr]     |
[INFO] [stderr] 558 | ...                   value = combine_register_containing_multiple_registers(registers, &rm_register).value;
[INFO] [stderr]     |                       ^^^^^
[INFO] [stderr]     |
[INFO] [stderr]     = help: maybe it is overwritten before being read?
[INFO] [stderr] 
[INFO] [stderr] warning: value assigned to `value` is never read
[INFO] [stderr]    --> src/main.rs:564:29
[INFO] [stderr]     |
[INFO] [stderr] 564 | ...                   value = result;
[INFO] [stderr]     |                       ^^^^^
[INFO] [stderr]     |
[INFO] [stderr]     = help: maybe it is overwritten before being read?
[INFO] [stderr] 
[INFO] [stderr] warning: value assigned to `value` is never read
[INFO] [stderr]    --> src/main.rs:567:29
[INFO] [stderr]     |
[INFO] [stderr] 567 | ...                   value = rm.updated_value.value;
[INFO] [stderr]     |                       ^^^^^
[INFO] [stderr]     |
[INFO] [stderr]     = help: maybe it is overwritten before being read?
[INFO] [stderr] 
[INFO] [stderr] warning: value assigned to `value` is never read
[INFO] [stderr]    --> src/main.rs:576:33
[INFO] [stderr]     |
[INFO] [stderr] 576 | ...                   value = reg.updated_value.value.wrap_sub(memory_contents.original_value.value);
[INFO] [stderr]     |                       ^^^^^
[INFO] [stderr]     |
[INFO] [stderr]     = help: maybe it is overwritten before being read?
[INFO] [stderr] 
[INFO] [stderr] warning: value assigned to `value` is never read
[INFO] [stderr]    --> src/main.rs:579:33
[INFO] [stderr]     |
[INFO] [stderr] 579 | ...                   value = reg.updated_value.value;
[INFO] [stderr]     |                       ^^^^^
[INFO] [stderr]     |
[INFO] [stderr]     = help: maybe it is overwritten before being read?
[INFO] [stderr] 
[INFO] [stderr] warning: value assigned to `value` is never read
[INFO] [stderr]    --> src/main.rs:584:29
[INFO] [stderr]     |
[INFO] [stderr] 584 | ...                   value = rm.updated_value.value.wrap_sub(memory_contents.modified_value.value);
[INFO] [stderr]     |                       ^^^^^
[INFO] [stderr]     |
[INFO] [stderr]     = help: maybe it is overwritten before being read?
[INFO] [stderr] 
[INFO] [stderr] warning: `assembler_8086` (bin "assembler_8086" test) generated 38 warnings
[INFO] [stderr]     Finished `test` profile [unoptimized + debuginfo] target(s) in 0.02s
[INFO] [stderr]      Running unittests src/main.rs (/opt/rustwide/target/debug/deps/assembler_8086-0149b0b26949f506)
[INFO] [stdout] 
[INFO] [stdout] running 9 tests
[INFO] [stdout] test tests::test_listing_0038 ... FAILED
[INFO] [stdout] test tests::test_listing_0041 ... FAILED
[INFO] [stdout] test tests::test_listing_0043 ... FAILED
[INFO] [stdout] test tests::test_listing_0044 ... FAILED
[INFO] [stdout] test tests::test_listing_0039 ... FAILED
[INFO] [stdout] test tests::test_listing_0049 ... FAILED
[INFO] [stdout] test tests::test_listing_0046 ... FAILED
[INFO] [stdout] test tests::test_listing_0052 ... FAILED
[INFO] [stdout] test tests::test_listing_0051 ... FAILED
[INFO] [stdout] 
[INFO] [stdout] failures:
[INFO] [stdout] 
[INFO] [stdout] ---- tests::test_listing_0038 stdout ----
[INFO] [stdout] 
[INFO] [stdout] thread 'tests::test_listing_0038' panicked at src/main.rs:938:141:
[INFO] [stdout] called `Result::unwrap()` on an `Err` value: Os { code: 2, kind: NotFound, message: "No such file or directory" }
[INFO] [stdout] stack backtrace:
[INFO] [stdout]    0:     0x612fba8a9fda - std::backtrace_rs::backtrace::libunwind::trace::hb059275cfc8d6126
[INFO] [stdout]                                at /rustc/6067b36314ab5eb2eb47cecc464545ba58e1ad24/library/std/src/../../backtrace/src/backtrace/libunwind.rs:116:5
[INFO] [stdout]    1:     0x612fba8a9fda - std::backtrace_rs::backtrace::trace_unsynchronized::h2da071e4327ce3ee
[INFO] [stdout]                                at /rustc/6067b36314ab5eb2eb47cecc464545ba58e1ad24/library/std/src/../../backtrace/src/backtrace/mod.rs:66:5
[INFO] [stdout]    2:     0x612fba8a9fda - std::sys::backtrace::_print_fmt::h842a1474e6f8d23f
[INFO] [stdout]                                at /rustc/6067b36314ab5eb2eb47cecc464545ba58e1ad24/library/std/src/sys/backtrace.rs:66:9
[INFO] [stdout]    3:     0x612fba8a9fda - <std::sys::backtrace::BacktraceLock::print::DisplayBacktrace as core::fmt::Display>::fmt::h71a62eb3b9696b12
[INFO] [stdout]                                at /rustc/6067b36314ab5eb2eb47cecc464545ba58e1ad24/library/std/src/sys/backtrace.rs:39:26
[INFO] [stdout]    4:     0x612fba8d1633 - core::fmt::rt::Argument::fmt::hdb6b616786b41dc1
[INFO] [stdout]                                at /rustc/6067b36314ab5eb2eb47cecc464545ba58e1ad24/library/core/src/fmt/rt.rs:177:76
[INFO] [stdout]    5:     0x612fba8d1633 - core::fmt::write::h2cc1698af7e2d686
[INFO] [stdout]                                at /rustc/6067b36314ab5eb2eb47cecc464545ba58e1ad24/library/core/src/fmt/mod.rs:1440:21
[INFO] [stdout]    6:     0x612fba8a6b33 - std::io::Write::write_fmt::hab1b4cd059a79022
[INFO] [stdout]                                at /rustc/6067b36314ab5eb2eb47cecc464545ba58e1ad24/library/std/src/io/mod.rs:1887:15
[INFO] [stdout]    7:     0x612fba8a9e22 - std::sys::backtrace::BacktraceLock::print::h147fe35b4ea13b08
[INFO] [stdout]                                at /rustc/6067b36314ab5eb2eb47cecc464545ba58e1ad24/library/std/src/sys/backtrace.rs:42:9
[INFO] [stdout]    8:     0x612fba8ab3ff - std::panicking::default_hook::{{closure}}::hbd44223dbdc0d208
[INFO] [stdout]                                at /rustc/6067b36314ab5eb2eb47cecc464545ba58e1ad24/library/std/src/panicking.rs:298:22
[INFO] [stdout]    9:     0x612fba8ab218 - std::panicking::default_hook::h20f81eb0576efcec
[INFO] [stdout]                                at /rustc/6067b36314ab5eb2eb47cecc464545ba58e1ad24/library/std/src/panicking.rs:322:9
[INFO] [stdout]   10:     0x612fba873923 - <alloc::boxed::Box<F,A> as core::ops::function::Fn<Args>>::call::hdb53814c496a4d34
[INFO] [stdout]                                at /rustc/6067b36314ab5eb2eb47cecc464545ba58e1ad24/library/alloc/src/boxed.rs:2027:9
[INFO] [stdout]   11:     0x612fba873923 - test::test_main::{{closure}}::hc0a4963c59427c24
[INFO] [stdout]                                at /rustc/6067b36314ab5eb2eb47cecc464545ba58e1ad24/library/test/src/lib.rs:134:21
[INFO] [stdout]   12:     0x612fba8abef3 - <alloc::boxed::Box<F,A> as core::ops::function::Fn<Args>>::call::h591b2225413a77e9
[INFO] [stdout]                                at /rustc/6067b36314ab5eb2eb47cecc464545ba58e1ad24/library/alloc/src/boxed.rs:2027:9
[INFO] [stdout]   13:     0x612fba8abef3 - std::panicking::rust_panic_with_hook::h625eea43051b2edc
[INFO] [stdout]                                at /rustc/6067b36314ab5eb2eb47cecc464545ba58e1ad24/library/std/src/panicking.rs:839:13
[INFO] [stdout]   14:     0x612fba8abbaa - std::panicking::begin_panic_handler::{{closure}}::h4f9159cfbc3f6bd3
[INFO] [stdout]                                at /rustc/6067b36314ab5eb2eb47cecc464545ba58e1ad24/library/std/src/panicking.rs:704:13
[INFO] [stdout]   15:     0x612fba8aa4d9 - std::sys::backtrace::__rust_end_short_backtrace::h0390abce48353151
[INFO] [stdout]                                at /rustc/6067b36314ab5eb2eb47cecc464545ba58e1ad24/library/std/src/sys/backtrace.rs:168:18
[INFO] [stdout]   16:     0x612fba8ab83d - rust_begin_unwind
[INFO] [stdout]                                at /rustc/6067b36314ab5eb2eb47cecc464545ba58e1ad24/library/std/src/panicking.rs:695:5
[INFO] [stdout]   17:     0x612fba8d0040 - core::panicking::panic_fmt::h9e7c637e9e5f29c9
[INFO] [stdout]                                at /rustc/6067b36314ab5eb2eb47cecc464545ba58e1ad24/library/core/src/panicking.rs:75:14
[INFO] [stdout]   18:     0x612fba8d0486 - core::result::unwrap_failed::h7979f09313fe1849
[INFO] [stdout]                                at /rustc/6067b36314ab5eb2eb47cecc464545ba58e1ad24/library/core/src/result.rs:1704:5
[INFO] [stdout]   19:     0x612fba829033 - core::result::Result<T,E>::unwrap::ha68f3f6902b82fec
[INFO] [stdout]                                at /rustc/6067b36314ab5eb2eb47cecc464545ba58e1ad24/library/core/src/result.rs:1109:23
[INFO] [stdout]   20:     0x612fba829033 - assembler_8086::tests::test_listing_0038::hd7f7b05a3f400820
[INFO] [stdout]                                at /opt/rustwide/workdir/src/main.rs:938:31
[INFO] [stdout]   21:     0x612fba828f87 - assembler_8086::tests::test_listing_0038::{{closure}}::h8db3c889a95eb391
[INFO] [stdout]                                at /opt/rustwide/workdir/src/main.rs:937:27
[INFO] [stdout]   22:     0x612fba80caa6 - core::ops::function::FnOnce::call_once::h25313585ba9a78fe
[INFO] [stdout]                                at /rustc/6067b36314ab5eb2eb47cecc464545ba58e1ad24/library/core/src/ops/function.rs:250:5
[INFO] [stdout]   23:     0x612fba87907b - core::ops::function::FnOnce::call_once::he27718dfdd183f43
[INFO] [stdout]                                at /rustc/6067b36314ab5eb2eb47cecc464545ba58e1ad24/library/core/src/ops/function.rs:250:5
[INFO] [stdout]   24:     0x612fba87907b - test::__rust_begin_short_backtrace::h4e84902998457a5d
[INFO] [stdout]                                at /rustc/6067b36314ab5eb2eb47cecc464545ba58e1ad24/library/test/src/lib.rs:632:18
[INFO] [stdout]   25:     0x612fba877fb3 - test::run_test_in_process::{{closure}}::h7176fd18fc1feca0
[INFO] [stdout]                                at /rustc/6067b36314ab5eb2eb47cecc464545ba58e1ad24/library/test/src/lib.rs:655:60
[INFO] [stdout]   26:     0x612fba877fb3 - <core::panic::unwind_safe::AssertUnwindSafe<F> as core::ops::function::FnOnce<()>>::call_once::hf79cff2a624d8cf7
[INFO] [stdout]                                at /rustc/6067b36314ab5eb2eb47cecc464545ba58e1ad24/library/core/src/panic/unwind_safe.rs:272:9
[INFO] [stdout]   27:     0x612fba877fb3 - std::panicking::try::do_call::h3da0561d9ab99c25
[INFO] [stdout]                                at /rustc/6067b36314ab5eb2eb47cecc464545ba58e1ad24/library/std/src/panicking.rs:587:40
[INFO] [stdout]   28:     0x612fba877fb3 - std::panicking::try::h41c9fa508bc61df6
[INFO] [stdout]                                at /rustc/6067b36314ab5eb2eb47cecc464545ba58e1ad24/library/std/src/panicking.rs:550:19
[INFO] [stdout]   29:     0x612fba877fb3 - std::panic::catch_unwind::h6b3ff07bb5afad93
[INFO] [stdout]                                at /rustc/6067b36314ab5eb2eb47cecc464545ba58e1ad24/library/std/src/panic.rs:358:14
[INFO] [stdout]   30:     0x612fba877fb3 - test::run_test_in_process::hc7253dd11b39b9f4
[INFO] [stdout]                                at /rustc/6067b36314ab5eb2eb47cecc464545ba58e1ad24/library/test/src/lib.rs:655:27
[INFO] [stdout]   31:     0x612fba877fb3 - test::run_test::{{closure}}::hfb2007f8649c30bb
[INFO] [stdout]                                at /rustc/6067b36314ab5eb2eb47cecc464545ba58e1ad24/library/test/src/lib.rs:576:43
[INFO] [stdout]   32:     0x612fba83b095 - test::run_test::{{closure}}::h56a17aa7a282a9f4
[INFO] [stdout]                                at /rustc/6067b36314ab5eb2eb47cecc464545ba58e1ad24/library/test/src/lib.rs:606:41
[INFO] [stdout]   33:     0x612fba83b095 - std::sys::backtrace::__rust_begin_short_backtrace::hd2d2d2fb8e8c6aac
[INFO] [stdout]                                at /rustc/6067b36314ab5eb2eb47cecc464545ba58e1ad24/library/std/src/sys/backtrace.rs:152:18
[INFO] [stdout]   34:     0x612fba83e97a - std::thread::Builder::spawn_unchecked_::{{closure}}::{{closure}}::h4faa3f9db6133423
[INFO] [stdout]                                at /rustc/6067b36314ab5eb2eb47cecc464545ba58e1ad24/library/std/src/thread/mod.rs:559:17
[INFO] [stdout]   35:     0x612fba83e97a - <core::panic::unwind_safe::AssertUnwindSafe<F> as core::ops::function::FnOnce<()>>::call_once::hf2e855a36a4ea846
[INFO] [stdout]                                at /rustc/6067b36314ab5eb2eb47cecc464545ba58e1ad24/library/core/src/panic/unwind_safe.rs:272:9
[INFO] [stdout]   36:     0x612fba83e97a - std::panicking::try::do_call::h2f73af3616c35465
[INFO] [stdout]                                at /rustc/6067b36314ab5eb2eb47cecc464545ba58e1ad24/library/std/src/panicking.rs:587:40
[INFO] [stdout]   37:     0x612fba83e97a - std::panicking::try::hd1660ce9efadef5a
[INFO] [stdout]                                at /rustc/6067b36314ab5eb2eb47cecc464545ba58e1ad24/library/std/src/panicking.rs:550:19
[INFO] [stdout]   38:     0x612fba83e97a - std::panic::catch_unwind::h5ee8d7823b8ca744
[INFO] [stdout]                                at /rustc/6067b36314ab5eb2eb47cecc464545ba58e1ad24/library/std/src/panic.rs:358:14
[INFO] [stdout]   39:     0x612fba83e97a - std::thread::Builder::spawn_unchecked_::{{closure}}::h53c3a1894dce8407
[INFO] [stdout]                                at /rustc/6067b36314ab5eb2eb47cecc464545ba58e1ad24/library/std/src/thread/mod.rs:557:30
[INFO] [stdout]   40:     0x612fba83e97a - core::ops::function::FnOnce::call_once{{vtable.shim}}::h048ce291ad4f62bf
[INFO] [stdout]                                at /rustc/6067b36314ab5eb2eb47cecc464545ba58e1ad24/library/core/src/ops/function.rs:250:5
[INFO] [stdout]   41:     0x612fba8afe2b - <alloc::boxed::Box<F,A> as core::ops::function::FnOnce<Args>>::call_once::ha52bedf99a3b4981
[INFO] [stdout]                                at /rustc/6067b36314ab5eb2eb47cecc464545ba58e1ad24/library/alloc/src/boxed.rs:2013:9
[INFO] [stdout]   42:     0x612fba8afe2b - <alloc::boxed::Box<F,A> as core::ops::function::FnOnce<Args>>::call_once::h567748934d80ccf8
[INFO] [stdout]                                at /rustc/6067b36314ab5eb2eb47cecc464545ba58e1ad24/library/alloc/src/boxed.rs:2013:9
[INFO] [stdout]   43:     0x612fba8afe2b - std::sys::pal::unix::thread::Thread::new::thread_start::h2d970728ae887adc
[INFO] [stdout]                                at /rustc/6067b36314ab5eb2eb47cecc464545ba58e1ad24/library/std/src/sys/pal/unix/thread.rs:106:17
[INFO] [stdout]   44:     0x767f1555fac3 - <unknown>
[INFO] [stdout]   45:     0x767f155f0a04 - clone
[INFO] [stdout]   46:                0x0 - <unknown>
[INFO] [stdout] 
[INFO] [stdout] ---- tests::test_listing_0041 stdout ----
[INFO] [stdout] 
[INFO] [stdout] thread 'tests::test_listing_0041' panicked at src/main.rs:1086:139:
[INFO] [stdout] called `Result::unwrap()` on an `Err` value: Os { code: 2, kind: NotFound, message: "No such file or directory" }
[INFO] [stdout] stack backtrace:
[INFO] [stdout]    0:     0x612fba8a9fda - std::backtrace_rs::backtrace::libunwind::trace::hb059275cfc8d6126
[INFO] [stdout]                                at /rustc/6067b36314ab5eb2eb47cecc464545ba58e1ad24/library/std/src/../../backtrace/src/backtrace/libunwind.rs:116:5
[INFO] [stdout]    1:     0x612fba8a9fda - std::backtrace_rs::backtrace::trace_unsynchronized::h2da071e4327ce3ee
[INFO] [stdout]                                at /rustc/6067b36314ab5eb2eb47cecc464545ba58e1ad24/library/std/src/../../backtrace/src/backtrace/mod.rs:66:5
[INFO] [stdout]    2:     0x612fba8a9fda - std::sys::backtrace::_print_fmt::h842a1474e6f8d23f
[INFO] [stdout]                                at /rustc/6067b36314ab5eb2eb47cecc464545ba58e1ad24/library/std/src/sys/backtrace.rs:66:9
[INFO] [stdout]    3:     0x612fba8a9fda - <std::sys::backtrace::BacktraceLock::print::DisplayBacktrace as core::fmt::Display>::fmt::h71a62eb3b9696b12
[INFO] [stdout]                                at /rustc/6067b36314ab5eb2eb47cecc464545ba58e1ad24/library/std/src/sys/backtrace.rs:39:26
[INFO] [stdout]    4:     0x612fba8d1633 - core::fmt::rt::Argument::fmt::hdb6b616786b41dc1
[INFO] [stdout]                                at /rustc/6067b36314ab5eb2eb47cecc464545ba58e1ad24/library/core/src/fmt/rt.rs:177:76
[INFO] [stdout]    5:     0x612fba8d1633 - core::fmt::write::h2cc1698af7e2d686
[INFO] [stdout]                                at /rustc/6067b36314ab5eb2eb47cecc464545ba58e1ad24/library/core/src/fmt/mod.rs:1440:21
[INFO] [stdout]    6:     0x612fba8a6b33 - std::io::Write::write_fmt::hab1b4cd059a79022
[INFO] [stdout]                                at /rustc/6067b36314ab5eb2eb47cecc464545ba58e1ad24/library/std/src/io/mod.rs:1887:15
[INFO] [stdout]    7:     0x612fba8a9e22 - std::sys::backtrace::BacktraceLock::print::h147fe35b4ea13b08
[INFO] [stdout]                                at /rustc/6067b36314ab5eb2eb47cecc464545ba58e1ad24/library/std/src/sys/backtrace.rs:42:9
[INFO] [stdout]    8:     0x612fba8ab3ff - std::panicking::default_hook::{{closure}}::hbd44223dbdc0d208
[INFO] [stdout]                                at /rustc/6067b36314ab5eb2eb47cecc464545ba58e1ad24/library/std/src/panicking.rs:298:22
[INFO] [stdout]    9:     0x612fba8ab218 - std::panicking::default_hook::h20f81eb0576efcec
[INFO] [stdout]                                at /rustc/6067b36314ab5eb2eb47cecc464545ba58e1ad24/library/std/src/panicking.rs:322:9
[INFO] [stdout]   10:     0x612fba873923 - <alloc::boxed::Box<F,A> as core::ops::function::Fn<Args>>::call::hdb53814c496a4d34
[INFO] [stdout]                                at /rustc/6067b36314ab5eb2eb47cecc464545ba58e1ad24/library/alloc/src/boxed.rs:2027:9
[INFO] [stdout]   11:     0x612fba873923 - test::test_main::{{closure}}::hc0a4963c59427c24
[INFO] [stdout]                                at /rustc/6067b36314ab5eb2eb47cecc464545ba58e1ad24/library/test/src/lib.rs:134:21
[INFO] [stdout]   12:     0x612fba8abef3 - <alloc::boxed::Box<F,A> as core::ops::function::Fn<Args>>::call::h591b2225413a77e9
[INFO] [stdout]                                at /rustc/6067b36314ab5eb2eb47cecc464545ba58e1ad24/library/alloc/src/boxed.rs:2027:9
[INFO] [stdout]   13:     0x612fba8abef3 - std::panicking::rust_panic_with_hook::h625eea43051b2edc
[INFO] [stdout]                                at /rustc/6067b36314ab5eb2eb47cecc464545ba58e1ad24/library/std/src/panicking.rs:839:13
[INFO] [stdout]   14:     0x612fba8abbaa - std::panicking::begin_panic_handler::{{closure}}::h4f9159cfbc3f6bd3
[INFO] [stdout]                                at /rustc/6067b36314ab5eb2eb47cecc464545ba58e1ad24/library/std/src/panicking.rs:704:13
[INFO] [stdout]   15:     0x612fba8aa4d9 - std::sys::backtrace::__rust_end_short_backtrace::h0390abce48353151
[INFO] [stdout]                                at /rustc/6067b36314ab5eb2eb47cecc464545ba58e1ad24/library/std/src/sys/backtrace.rs:168:18
[INFO] [stdout]   16:     0x612fba8ab83d - rust_begin_unwind
[INFO] [stdout]                                at /rustc/6067b36314ab5eb2eb47cecc464545ba58e1ad24/library/std/src/panicking.rs:695:5
[INFO] [stdout]   17:     0x612fba8d0040 - core::panicking::panic_fmt::h9e7c637e9e5f29c9
[INFO] [stdout]                                at /rustc/6067b36314ab5eb2eb47cecc464545ba58e1ad24/library/core/src/panicking.rs:75:14
[INFO] [stdout]   18:     0x612fba8d0486 - core::result::unwrap_failed::h7979f09313fe1849
[INFO] [stdout]                                at /rustc/6067b36314ab5eb2eb47cecc464545ba58e1ad24/library/core/src/result.rs:1704:5
[INFO] [stdout]   19:     0x612fba82b590 - core::result::Result<T,E>::unwrap::ha68f3f6902b82fec
[INFO] [stdout]                                at /rustc/6067b36314ab5eb2eb47cecc464545ba58e1ad24/library/core/src/result.rs:1109:23
[INFO] [stdout]   20:     0x612fba82b590 - assembler_8086::tests::test_listing_0041::h2b598d529480430a
[INFO] [stdout]                                at /opt/rustwide/workdir/src/main.rs:1086:31
[INFO] [stdout]   21:     0x612fba82b4d7 - assembler_8086::tests::test_listing_0041::{{closure}}::hf6b7d82ed88f34e5
[INFO] [stdout]                                at /opt/rustwide/workdir/src/main.rs:1085:27
[INFO] [stdout]   22:     0x612fba80cb76 - core::ops::function::FnOnce::call_once::h7f2ba4e83fcbf931
[INFO] [stdout]                                at /rustc/6067b36314ab5eb2eb47cecc464545ba58e1ad24/library/core/src/ops/function.rs:250:5
[INFO] [stdout]   23:     0x612fba87907b - core::ops::function::FnOnce::call_once::he27718dfdd183f43
[INFO] [stdout]                                at /rustc/6067b36314ab5eb2eb47cecc464545ba58e1ad24/library/core/src/ops/function.rs:250:5
[INFO] [stdout]   24:     0x612fba87907b - test::__rust_begin_short_backtrace::h4e84902998457a5d
[INFO] [stdout]                                at /rustc/6067b36314ab5eb2eb47cecc464545ba58e1ad24/library/test/src/lib.rs:632:18
[INFO] [stdout]   25:     0x612fba877fb3 - test::run_test_in_process::{{closure}}::h7176fd18fc1feca0
[INFO] [stdout]                                at /rustc/6067b36314ab5eb2eb47cecc464545ba58e1ad24/library/test/src/lib.rs:655:60
[INFO] [stdout]   26:     0x612fba877fb3 - <core::panic::unwind_safe::AssertUnwindSafe<F> as core::ops::function::FnOnce<()>>::call_once::hf79cff2a624d8cf7
[INFO] [stdout]                                at /rustc/6067b36314ab5eb2eb47cecc464545ba58e1ad24/library/core/src/panic/unwind_safe.rs:272:9
[INFO] [stdout]   27:     0x612fba877fb3 - std::panicking::try::do_call::h3da0561d9ab99c25
[INFO] [stdout]                                at /rustc/6067b36314ab5eb2eb47cecc464545ba58e1ad24/library/std/src/panicking.rs:587:40
[INFO] [stdout]   28:     0x612fba877fb3 - std::panicking::try::h41c9fa508bc61df6
[INFO] [stdout]                                at /rustc/6067b36314ab5eb2eb47cecc464545ba58e1ad24/library/std/src/panicking.rs:550:19
[INFO] [stdout]   29:     0x612fba877fb3 - std::panic::catch_unwind::h6b3ff07bb5afad93
[INFO] [stdout]                                at /rustc/6067b36314ab5eb2eb47cecc464545ba58e1ad24/library/std/src/panic.rs:358:14
[INFO] [stdout]   30:     0x612fba877fb3 - test::run_test_in_process::hc7253dd11b39b9f4
[INFO] [stdout]                                at /rustc/6067b36314ab5eb2eb47cecc464545ba58e1ad24/library/test/src/lib.rs:655:27
[INFO] [stdout]   31:     0x612fba877fb3 - test::run_test::{{closure}}::hfb2007f8649c30bb
[INFO] [stdout]                                at /rustc/6067b36314ab5eb2eb47cecc464545ba58e1ad24/library/test/src/lib.rs:576:43
[INFO] [stdout]   32:     0x612fba83b095 - test::run_test::{{closure}}::h56a17aa7a282a9f4
[INFO] [stdout]                                at /rustc/6067b36314ab5eb2eb47cecc464545ba58e1ad24/library/test/src/lib.rs:606:41
[INFO] [stdout]   33:     0x612fba83b095 - std::sys::backtrace::__rust_begin_short_backtrace::hd2d2d2fb8e8c6aac
[INFO] [stdout]                                at /rustc/6067b36314ab5eb2eb47cecc464545ba58e1ad24/library/std/src/sys/backtrace.rs:152:18
[INFO] [stdout]   34:     0x612fba83e97a - std::thread::Builder::spawn_unchecked_::{{closure}}::{{closure}}::h4faa3f9db6133423
[INFO] [stdout]                                at /rustc/6067b36314ab5eb2eb47cecc464545ba58e1ad24/library/std/src/thread/mod.rs:559:17
[INFO] [stdout]   35:     0x612fba83e97a - <core::panic::unwind_safe::AssertUnwindSafe<F> as core::ops::function::FnOnce<()>>::call_once::hf2e855a36a4ea846
[INFO] [stdout]                                at /rustc/6067b36314ab5eb2eb47cecc464545ba58e1ad24/library/core/src/panic/unwind_safe.rs:272:9
[INFO] [stdout]   36:     0x612fba83e97a - std::panicking::try::do_call::h2f73af3616c35465
[INFO] [stdout]                                at /rustc/6067b36314ab5eb2eb47cecc464545ba58e1ad24/library/std/src/panicking.rs:587:40
[INFO] [stdout]   37:     0x612fba83e97a - std::panicking::try::hd1660ce9efadef5a
[INFO] [stdout]                                at /rustc/6067b36314ab5eb2eb47cecc464545ba58e1ad24/library/std/src/panicking.rs:550:19
[INFO] [stdout]   38:     0x612fba83e97a - std::panic::catch_unwind::h5ee8d7823b8ca744
[INFO] [stdout]                                at /rustc/6067b36314ab5eb2eb47cecc464545ba58e1ad24/library/std/src/panic.rs:358:14
[INFO] [stdout]   39:     0x612fba83e97a - std::thread::Builder::spawn_unchecked_::{{closure}}::h53c3a1894dce8407
[INFO] [stdout]                                at /rustc/6067b36314ab5eb2eb47cecc464545ba58e1ad24/library/std/src/thread/mod.rs:557:30
[INFO] [stdout]   40:     0x612fba83e97a - core::ops::function::FnOnce::call_once{{vtable.shim}}::h048ce291ad4f62bf
[INFO] [stdout]                                at /rustc/6067b36314ab5eb2eb47cecc464545ba58e1ad24/library/core/src/ops/function.rs:250:5
[INFO] [stdout]   41:     0x612fba8afe2b - <alloc::boxed::Box<F,A> as core::ops::function::FnOnce<Args>>::call_once::ha52bedf99a3b4981
[INFO] [stdout]                                at /rustc/6067b36314ab5eb2eb47cecc464545ba58e1ad24/library/alloc/src/boxed.rs:2013:9
[INFO] [stdout]   42:     0x612fba8afe2b - <alloc::boxed::Box<F,A> as core::ops::function::FnOnce<Args>>::call_once::h567748934d80ccf8
[INFO] [stdout]                                at /rustc/6067b36314ab5eb2eb47cecc464545ba58e1ad24/library/alloc/src/boxed.rs:2013:9
[INFO] [stdout]   43:     0x612fba8afe2b - std::sys::pal::unix::thread::Thread::new::thread_start::h2d970728ae887adc
[INFO] [stdout]                                at /rustc/6067b36314ab5eb2eb47cecc464545ba58e1ad24/library/std/src/sys/pal/unix/thread.rs:106:17
[INFO] [stdout]   44:     0x767f1555fac3 - <unknown>
[INFO] [stdout]   45:     0x767f155f0a04 - clone
[INFO] [stdout]   46:                0x0 - <unknown>
[INFO] [stdout] 
[INFO] [stdout] ---- tests::test_listing_0043 stdout ----
[INFO] [stdout] 
[INFO] [stdout] thread 'tests::test_listing_0043' panicked at src/main.rs:1216:138:
[INFO] [stdout] called `Result::unwrap()` on an `Err` value: Os { code: 2, kind: NotFound, message: "No such file or directory" }
[INFO] [stdout] stack backtrace:
[INFO] [stdout]    0:     0x612fba8a9fda - std::backtrace_rs::backtrace::libunwind::trace::hb059275cfc8d6126
[INFO] [stdout]                                at /rustc/6067b36314ab5eb2eb47cecc464545ba58e1ad24/library/std/src/../../backtrace/src/backtrace/libunwind.rs:116:5
[INFO] [stdout]    1:     0x612fba8a9fda - std::backtrace_rs::backtrace::trace_unsynchronized::h2da071e4327ce3ee
[INFO] [stdout]                                at /rustc/6067b36314ab5eb2eb47cecc464545ba58e1ad24/library/std/src/../../backtrace/src/backtrace/mod.rs:66:5
[INFO] [stdout]    2:     0x612fba8a9fda - std::sys::backtrace::_print_fmt::h842a1474e6f8d23f
[INFO] [stdout]                                at /rustc/6067b36314ab5eb2eb47cecc464545ba58e1ad24/library/std/src/sys/backtrace.rs:66:9
[INFO] [stdout]    3:     0x612fba8a9fda - <std::sys::backtrace::BacktraceLock::print::DisplayBacktrace as core::fmt::Display>::fmt::h71a62eb3b9696b12
[INFO] [stdout]                                at /rustc/6067b36314ab5eb2eb47cecc464545ba58e1ad24/library/std/src/sys/backtrace.rs:39:26
[INFO] [stdout]    4:     0x612fba8d1633 - core::fmt::rt::Argument::fmt::hdb6b616786b41dc1
[INFO] [stdout]                                at /rustc/6067b36314ab5eb2eb47cecc464545ba58e1ad24/library/core/src/fmt/rt.rs:177:76
[INFO] [stdout]    5:     0x612fba8d1633 - core::fmt::write::h2cc1698af7e2d686
[INFO] [stdout]                                at /rustc/6067b36314ab5eb2eb47cecc464545ba58e1ad24/library/core/src/fmt/mod.rs:1440:21
[INFO] [stdout]    6:     0x612fba8a6b33 - std::io::Write::write_fmt::hab1b4cd059a79022
[INFO] [stdout]                                at /rustc/6067b36314ab5eb2eb47cecc464545ba58e1ad24/library/std/src/io/mod.rs:1887:15
[INFO] [stdout]    7:     0x612fba8a9e22 - std::sys::backtrace::BacktraceLock::print::h147fe35b4ea13b08
[INFO] [stdout]                                at /rustc/6067b36314ab5eb2eb47cecc464545ba58e1ad24/library/std/src/sys/backtrace.rs:42:9
[INFO] [stdout]    8:     0x612fba8ab3ff - std::panicking::default_hook::{{closure}}::hbd44223dbdc0d208
[INFO] [stdout]                                at /rustc/6067b36314ab5eb2eb47cecc464545ba58e1ad24/library/std/src/panicking.rs:298:22
[INFO] [stdout]    9:     0x612fba8ab218 - std::panicking::default_hook::h20f81eb0576efcec
[INFO] [stdout]                                at /rustc/6067b36314ab5eb2eb47cecc464545ba58e1ad24/library/std/src/panicking.rs:322:9
[INFO] [stdout]   10:     0x612fba873923 - <alloc::boxed::Box<F,A> as core::ops::function::Fn<Args>>::call::hdb53814c496a4d34
[INFO] [stdout]                                at /rustc/6067b36314ab5eb2eb47cecc464545ba58e1ad24/library/alloc/src/boxed.rs:2027:9
[INFO] [stdout]   11:     0x612fba873923 - test::test_main::{{closure}}::hc0a4963c59427c24
[INFO] [stdout]                                at /rustc/6067b36314ab5eb2eb47cecc464545ba58e1ad24/library/test/src/lib.rs:134:21
[INFO] [stdout]   12:     0x612fba8abef3 - <alloc::boxed::Box<F,A> as core::ops::function::Fn<Args>>::call::h591b2225413a77e9
[INFO] [stdout]                                at /rustc/6067b36314ab5eb2eb47cecc464545ba58e1ad24/library/alloc/src/boxed.rs:2027:9
[INFO] [stdout]   13:     0x612fba8abef3 - std::panicking::rust_panic_with_hook::h625eea43051b2edc
[INFO] [stdout]                                at /rustc/6067b36314ab5eb2eb47cecc464545ba58e1ad24/library/std/src/panicking.rs:839:13
[INFO] [stdout]   14:     0x612fba8abbaa - std::panicking::begin_panic_handler::{{closure}}::h4f9159cfbc3f6bd3
[INFO] [stdout]                                at /rustc/6067b36314ab5eb2eb47cecc464545ba58e1ad24/library/std/src/panicking.rs:704:13
[INFO] [stdout]   15:     0x612fba8aa4d9 - std::sys::backtrace::__rust_end_short_backtrace::h0390abce48353151
[INFO] [stdout]                                at /rustc/6067b36314ab5eb2eb47cecc464545ba58e1ad24/library/std/src/sys/backtrace.rs:168:18
[INFO] [stdout]   16:     0x612fba8ab83d - rust_begin_unwind
[INFO] [stdout]                                at /rustc/6067b36314ab5eb2eb47cecc464545ba58e1ad24/library/std/src/panicking.rs:695:5
[INFO] [stdout]   17:     0x612fba8d0040 - core::panicking::panic_fmt::h9e7c637e9e5f29c9
[INFO] [stdout]                                at /rustc/6067b36314ab5eb2eb47cecc464545ba58e1ad24/library/core/src/panicking.rs:75:14
[INFO] [stdout]   18:     0x612fba8d0486 - core::result::unwrap_failed::h7979f09313fe1849
[INFO] [stdout]                                at /rustc/6067b36314ab5eb2eb47cecc464545ba58e1ad24/library/core/src/result.rs:1704:5
[INFO] [stdout]   19:     0x612fba82c560 - core::result::Result<T,E>::unwrap::ha68f3f6902b82fec
[INFO] [stdout]                                at /rustc/6067b36314ab5eb2eb47cecc464545ba58e1ad24/library/core/src/result.rs:1109:23
[INFO] [stdout]   20:     0x612fba82c560 - assembler_8086::tests::test_listing_0043::h15cfb0c6ba3634ca
[INFO] [stdout]                                at /opt/rustwide/workdir/src/main.rs:1216:31
[INFO] [stdout]   21:     0x612fba82c4a7 - assembler_8086::tests::test_listing_0043::{{closure}}::h8a90ae49c9649044
[INFO] [stdout]                                at /opt/rustwide/workdir/src/main.rs:1215:27
[INFO] [stdout]   22:     0x612fba80caf6 - core::ops::function::FnOnce::call_once::h4f8c3361782a9057
[INFO] [stdout]                                at /rustc/6067b36314ab5eb2eb47cecc464545ba58e1ad24/library/core/src/ops/function.rs:250:5
[INFO] [stdout]   23:     0x612fba87907b - core::ops::function::FnOnce::call_once::he27718dfdd183f43
[INFO] [stdout]                                at /rustc/6067b36314ab5eb2eb47cecc464545ba58e1ad24/library/core/src/ops/function.rs:250:5
[INFO] [stdout]   24:     0x612fba87907b - test::__rust_begin_short_backtrace::h4e84902998457a5d
[INFO] [stdout]                                at /rustc/6067b36314ab5eb2eb47cecc464545ba58e1ad24/library/test/src/lib.rs:632:18
[INFO] [stdout]   25:     0x612fba877fb3 - test::run_test_in_process::{{closure}}::h7176fd18fc1feca0
[INFO] [stdout]                                at /rustc/6067b36314ab5eb2eb47cecc464545ba58e1ad24/library/test/src/lib.rs:655:60
[INFO] [stdout]   26:     0x612fba877fb3 - <core::panic::unwind_safe::AssertUnwindSafe<F> as core::ops::function::FnOnce<()>>::call_once::hf79cff2a624d8cf7
[INFO] [stdout]                                at /rustc/6067b36314ab5eb2eb47cecc464545ba58e1ad24/library/core/src/panic/unwind_safe.rs:272:9
[INFO] [stdout]   27:     0x612fba877fb3 - std::panicking::try::do_call::h3da0561d9ab99c25
[INFO] [stdout]                                at /rustc/6067b36314ab5eb2eb47cecc464545ba58e1ad24/library/std/src/panicking.rs:587:40
[INFO] [stdout]   28:     0x612fba877fb3 - std::panicking::try::h41c9fa508bc61df6
[INFO] [stdout]                                at /rustc/6067b36314ab5eb2eb47cecc464545ba58e1ad24/library/std/src/panicking.rs:550:19
[INFO] [stdout]   29:     0x612fba877fb3 - std::panic::catch_unwind::h6b3ff07bb5afad93
[INFO] [stdout]                                at /rustc/6067b36314ab5eb2eb47cecc464545ba58e1ad24/library/std/src/panic.rs:358:14
[INFO] [stdout]   30:     0x612fba877fb3 - test::run_test_in_process::hc7253dd11b39b9f4
[INFO] [stdout]                                at /rustc/6067b36314ab5eb2eb47cecc464545ba58e1ad24/library/test/src/lib.rs:655:27
[INFO] [stdout]   31:     0x612fba877fb3 - test::run_test::{{closure}}::hfb2007f8649c30bb
[INFO] [stdout]                                at /rustc/6067b36314ab5eb2eb47cecc464545ba58e1ad24/library/test/src/lib.rs:576:43
[INFO] [stdout]   32:     0x612fba83b095 - test::run_test::{{closure}}::h56a17aa7a282a9f4
[INFO] [stdout]                                at /rustc/6067b36314ab5eb2eb47cecc464545ba58e1ad24/library/test/src/lib.rs:606:41
[INFO] [stdout]   33:     0x612fba83b095 - std::sys::backtrace::__rust_begin_short_backtrace::hd2d2d2fb8e8c6aac
[INFO] [stdout]                                at /rustc/6067b36314ab5eb2eb47cecc464545ba58e1ad24/library/std/src/sys/backtrace.rs:152:18
[INFO] [stdout]   34:     0x612fba83e97a - std::thread::Builder::spawn_unchecked_::{{closure}}::{{closure}}::h4faa3f9db6133423
[INFO] [stdout]                                at /rustc/6067b36314ab5eb2eb47cecc464545ba58e1ad24/library/std/src/thread/mod.rs:559:17
[INFO] [stdout]   35:     0x612fba83e97a - <core::panic::unwind_safe::AssertUnwindSafe<F> as core::ops::function::FnOnce<()>>::call_once::hf2e855a36a4ea846
[INFO] [stdout]                                at /rustc/6067b36314ab5eb2eb47cecc464545ba58e1ad24/library/core/src/panic/unwind_safe.rs:272:9
[INFO] [stdout]   36:     0x612fba83e97a - std::panicking::try::do_call::h2f73af3616c35465
[INFO] [stdout]                                at /rustc/6067b36314ab5eb2eb47cecc464545ba58e1ad24/library/std/src/panicking.rs:587:40
[INFO] [stdout]   37:     0x612fba83e97a - std::panicking::try::hd1660ce9efadef5a
[INFO] [stdout]                                at /rustc/6067b36314ab5eb2eb47cecc464545ba58e1ad24/library/std/src/panicking.rs:550:19
[INFO] [stdout]   38:     0x612fba83e97a - std::panic::catch_unwind::h5ee8d7823b8ca744
[INFO] [stdout]                                at /rustc/6067b36314ab5eb2eb47cecc464545ba58e1ad24/library/std/src/panic.rs:358:14
[INFO] [stdout]   39:     0x612fba83e97a - std::thread::Builder::spawn_unchecked_::{{closure}}::h53c3a1894dce8407
[INFO] [stdout]                                at /rustc/6067b36314ab5eb2eb47cecc464545ba58e1ad24/library/std/src/thread/mod.rs:557:30
[INFO] [stdout]   40:     0x612fba83e97a - core::ops::function::FnOnce::call_once{{vtable.shim}}::h048ce291ad4f62bf
[INFO] [stdout]                                at /rustc/6067b36314ab5eb2eb47cecc464545ba58e1ad24/library/core/src/ops/function.rs:250:5
[INFO] [stdout]   41:     0x612fba8afe2b - <alloc::boxed::Box<F,A> as core::ops::function::FnOnce<Args>>::call_once::ha52bedf99a3b4981
[INFO] [stdout]                                at /rustc/6067b36314ab5eb2eb47cecc464545ba58e1ad24/library/alloc/src/boxed.rs:2013:9
[INFO] [stdout]   42:     0x612fba8afe2b - <alloc::boxed::Box<F,A> as core::ops::function::FnOnce<Args>>::call_once::h567748934d80ccf8
[INFO] [stdout]                                at /rustc/6067b36314ab5eb2eb47cecc464545ba58e1ad24/library/alloc/src/boxed.rs:2013:9
[INFO] [stdout]   43:     0x612fba8afe2b - std::sys::pal::unix::thread::Thread::new::thread_start::h2d970728ae887adc
[INFO] [stdout]                                at /rustc/6067b36314ab5eb2eb47cecc464545ba58e1ad24/library/std/src/sys/pal/unix/thread.rs:106:17
[INFO] [stdout]   44:     0x767f1555fac3 - <unknown>
[INFO] [stdout]   45:     0x767f155f0a04 - clone
[INFO] [stdout]   46:                0x0 - <unknown>
[INFO] [stdout] 
[INFO] [stdout] ---- tests::test_listing_0044 stdout ----
[INFO] [stdout] 
[INFO] [stdout] thread 'tests::test_listing_0044' panicked at src/main.rs:1294:137:
[INFO] [stdout] called `Result::unwrap()` on an `Err` value: Os { code: 2, kind: NotFound, message: "No such file or directory" }
[INFO] [stdout] stack backtrace:
[INFO] [stdout]    0:     0x612fba8a9fda - std::backtrace_rs::backtrace::libunwind::trace::hb059275cfc8d6126
[INFO] [stdout]                                at /rustc/6067b36314ab5eb2eb47cecc464545ba58e1ad24/library/std/src/../../backtrace/src/backtrace/libunwind.rs:116:5
[INFO] [stdout]    1:     0x612fba8a9fda - std::backtrace_rs::backtrace::trace_unsynchronized::h2da071e4327ce3ee
[INFO] [stdout]                                at /rustc/6067b36314ab5eb2eb47cecc464545ba58e1ad24/library/std/src/../../backtrace/src/backtrace/mod.rs:66:5
[INFO] [stdout]    2:     0x612fba8a9fda - std::sys::backtrace::_print_fmt::h842a1474e6f8d23f
[INFO] [stdout]                                at /rustc/6067b36314ab5eb2eb47cecc464545ba58e1ad24/library/std/src/sys/backtrace.rs:66:9
[INFO] [stdout]    3:     0x612fba8a9fda - <std::sys::backtrace::BacktraceLock::print::DisplayBacktrace as core::fmt::Display>::fmt::h71a62eb3b9696b12
[INFO] [stdout]                                at /rustc/6067b36314ab5eb2eb47cecc464545ba58e1ad24/library/std/src/sys/backtrace.rs:39:26
[INFO] [stdout]    4:     0x612fba8d1633 - core::fmt::rt::Argument::fmt::hdb6b616786b41dc1
[INFO] [stdout]                                at /rustc/6067b36314ab5eb2eb47cecc464545ba58e1ad24/library/core/src/fmt/rt.rs:177:76
[INFO] [stdout]    5:     0x612fba8d1633 - core::fmt::write::h2cc1698af7e2d686
[INFO] [stdout]                                at /rustc/6067b36314ab5eb2eb47cecc464545ba58e1ad24/library/core/src/fmt/mod.rs:1440:21
[INFO] [stdout]    6:     0x612fba8a6b33 - std::io::Write::write_fmt::hab1b4cd059a79022
[INFO] [stdout]                                at /rustc/6067b36314ab5eb2eb47cecc464545ba58e1ad24/library/std/src/io/mod.rs:1887:15
[INFO] [stdout]    7:     0x612fba8a9e22 - std::sys::backtrace::BacktraceLock::print::h147fe35b4ea13b08
[INFO] [stdout]                                at /rustc/6067b36314ab5eb2eb47cecc464545ba58e1ad24/library/std/src/sys/backtrace.rs:42:9
[INFO] [stdout]    8:     0x612fba8ab3ff - std::panicking::default_hook::{{closure}}::hbd44223dbdc0d208
[INFO] [stdout]                                at /rustc/6067b36314ab5eb2eb47cecc464545ba58e1ad24/library/std/src/panicking.rs:298:22
[INFO] [stdout]    9:     0x612fba8ab218 - std::panicking::default_hook::h20f81eb0576efcec
[INFO] [stdout]                                at /rustc/6067b36314ab5eb2eb47cecc464545ba58e1ad24/library/std/src/panicking.rs:322:9
[INFO] [stdout]   10:     0x612fba873923 - <alloc::boxed::Box<F,A> as core::ops::function::Fn<Args>>::call::hdb53814c496a4d34
[INFO] [stdout]                                at /rustc/6067b36314ab5eb2eb47cecc464545ba58e1ad24/library/alloc/src/boxed.rs:2027:9
[INFO] [stdout]   11:     0x612fba873923 - test::test_main::{{closure}}::hc0a4963c59427c24
[INFO] [stdout]                                at /rustc/6067b36314ab5eb2eb47cecc464545ba58e1ad24/library/test/src/lib.rs:134:21
[INFO] [stdout]   12:     0x612fba8abef3 - <alloc::boxed::Box<F,A> as core::ops::function::Fn<Args>>::call::h591b2225413a77e9
[INFO] [stdout]                                at /rustc/6067b36314ab5eb2eb47cecc464545ba58e1ad24/library/alloc/src/boxed.rs:2027:9
[INFO] [stdout]   13:     0x612fba8abef3 - std::panicking::rust_panic_with_hook::h625eea43051b2edc
[INFO] [stdout]                                at /rustc/6067b36314ab5eb2eb47cecc464545ba58e1ad24/library/std/src/panicking.rs:839:13
[INFO] [stdout]   14:     0x612fba8abbaa - std::panicking::begin_panic_handler::{{closure}}::h4f9159cfbc3f6bd3
[INFO] [stdout]                                at /rustc/6067b36314ab5eb2eb47cecc464545ba58e1ad24/library/std/src/panicking.rs:704:13
[INFO] [stdout]   15:     0x612fba8aa4d9 - std::sys::backtrace::__rust_end_short_backtrace::h0390abce48353151
[INFO] [stdout]                                at /rustc/6067b36314ab5eb2eb47cecc464545ba58e1ad24/library/std/src/sys/backtrace.rs:168:18
[INFO] [stdout]   16:     0x612fba8ab83d - rust_begin_unwind
[INFO] [stdout]                                at /rustc/6067b36314ab5eb2eb47cecc464545ba58e1ad24/library/std/src/panicking.rs:695:5
[INFO] [stdout]   17:     0x612fba8d0040 - core::panicking::panic_fmt::h9e7c637e9e5f29c9
[INFO] [stdout]                                at /rustc/6067b36314ab5eb2eb47cecc464545ba58e1ad24/library/core/src/panicking.rs:75:14
[INFO] [stdout]   18:     0x612fba8d0486 - core::result::unwrap_failed::h7979f09313fe1849
[INFO] [stdout]                                at /rustc/6067b36314ab5eb2eb47cecc464545ba58e1ad24/library/core/src/result.rs:1704:5
[INFO] [stdout]   19:     0x612fba82d9ac - core::result::Result<T,E>::unwrap::ha68f3f6902b82fec
[INFO] [stdout]                                at /rustc/6067b36314ab5eb2eb47cecc464545ba58e1ad24/library/core/src/result.rs:1109:23
[INFO] [stdout]   20:     0x612fba82d9ac - assembler_8086::tests::test_listing_0044::h21a08d0f68e2a267
[INFO] [stdout]                                at /opt/rustwide/workdir/src/main.rs:1294:31
[INFO] [stdout]   21:     0x612fba82d8f7 - assembler_8086::tests::test_listing_0044::{{closure}}::hbf22c4a42a3f106e
[INFO] [stdout]                                at /opt/rustwide/workdir/src/main.rs:1293:27
[INFO] [stdout]   22:     0x612fba80cc86 - core::ops::function::FnOnce::call_once::he2cf12965f8d1ac8
[INFO] [stdout]                                at /rustc/6067b36314ab5eb2eb47cecc464545ba58e1ad24/library/core/src/ops/function.rs:250:5
[INFO] [stdout]   23:     0x612fba87907b - core::ops::function::FnOnce::call_once::he27718dfdd183f43
[INFO] [stdout]                                at /rustc/6067b36314ab5eb2eb47cecc464545ba58e1ad24/library/core/src/ops/function.rs:250:5
[INFO] [stdout]   24:     0x612fba87907b - test::__rust_begin_short_backtrace::h4e84902998457a5d
[INFO] [stdout]                                at /rustc/6067b36314ab5eb2eb47cecc464545ba58e1ad24/library/test/src/lib.rs:632:18
[INFO] [stdout]   25:     0x612fba877fb3 - test::run_test_in_process::{{closure}}::h7176fd18fc1feca0
[INFO] [stdout]                                at /rustc/6067b36314ab5eb2eb47cecc464545ba58e1ad24/library/test/src/lib.rs:655:60
[INFO] [stdout]   26:     0x612fba877fb3 - <core::panic::unwind_safe::AssertUnwindSafe<F> as core::ops::function::FnOnce<()>>::call_once::hf79cff2a624d8cf7
[INFO] [stdout]                                at /rustc/6067b36314ab5eb2eb47cecc464545ba58e1ad24/library/core/src/panic/unwind_safe.rs:272:9
[INFO] [stdout]   27:     0x612fba877fb3 - std::panicking::try::do_call::h3da0561d9ab99c25
[INFO] [stdout]                                at /rustc/6067b36314ab5eb2eb47cecc464545ba58e1ad24/library/std/src/panicking.rs:587:40
[INFO] [stdout]   28:     0x612fba877fb3 - std::panicking::try::h41c9fa508bc61df6
[INFO] [stdout]                                at /rustc/6067b36314ab5eb2eb47cecc464545ba58e1ad24/library/std/src/panicking.rs:550:19
[INFO] [stdout]   29:     0x612fba877fb3 - std::panic::catch_unwind::h6b3ff07bb5afad93
[INFO] [stdout]                                at /rustc/6067b36314ab5eb2eb47cecc464545ba58e1ad24/library/std/src/panic.rs:358:14
[INFO] [stdout]   30:     0x612fba877fb3 - test::run_test_in_process::hc7253dd11b39b9f4
[INFO] [stdout]                                at /rustc/6067b36314ab5eb2eb47cecc464545ba58e1ad24/library/test/src/lib.rs:655:27
[INFO] [stdout]   31:     0x612fba877fb3 - test::run_test::{{closure}}::hfb2007f8649c30bb
[INFO] [stdout]                                at /rustc/6067b36314ab5eb2eb47cecc464545ba58e1ad24/library/test/src/lib.rs:576:43
[INFO] [stdout]   32:     0x612fba83b095 - test::run_test::{{closure}}::h56a17aa7a282a9f4
[INFO] [stdout]                                at /rustc/6067b36314ab5eb2eb47cecc464545ba58e1ad24/library/test/src/lib.rs:606:41
[INFO] [stdout]   33:     0x612fba83b095 - std::sys::backtrace::__rust_begin_short_backtrace::hd2d2d2fb8e8c6aac
[INFO] [stdout]                                at /rustc/6067b36314ab5eb2eb47cecc464545ba58e1ad24/library/std/src/sys/backtrace.rs:152:18
[INFO] [stdout]   34:     0x612fba83e97a - std::thread::Builder::spawn_unchecked_::{{closure}}::{{closure}}::h4faa3f9db6133423
[INFO] [stdout]                                at /rustc/6067b36314ab5eb2eb47cecc464545ba58e1ad24/library/std/src/thread/mod.rs:559:17
[INFO] [stdout]   35:     0x612fba83e97a - <core::panic::unwind_safe::AssertUnwindSafe<F> as core::ops::function::FnOnce<()>>::call_once::hf2e855a36a4ea846
[INFO] [stdout]                                at /rustc/6067b36314ab5eb2eb47cecc464545ba58e1ad24/library/core/src/panic/unwind_safe.rs:272:9
[INFO] [stdout]   36:     0x612fba83e97a - std::panicking::try::do_call::h2f73af3616c35465
[INFO] [stdout]                                at /rustc/6067b36314ab5eb2eb47cecc464545ba58e1ad24/library/std/src/panicking.rs:587:40
[INFO] [stdout]   37:     0x612fba83e97a - std::panicking::try::hd1660ce9efadef5a
[INFO] [stdout]                                at /rustc/6067b36314ab5eb2eb47cecc464545ba58e1ad24/library/std/src/panicking.rs:550:19
[INFO] [stdout]   38:     0x612fba83e97a - std::panic::catch_unwind::h5ee8d7823b8ca744
[INFO] [stdout]                                at /rustc/6067b36314ab5eb2eb47cecc464545ba58e1ad24/library/std/src/panic.rs:358:14
[INFO] [stdout]   39:     0x612fba83e97a - std::thread::Builder::spawn_unchecked_::{{closure}}::h53c3a1894dce8407
[INFO] [stdout]                                at /rustc/6067b36314ab5eb2eb47cecc464545ba58e1ad24/library/std/src/thread/mod.rs:557:30
[INFO] [stdout]   40:     0x612fba83e97a - core::ops::function::FnOnce::call_once{{vtable.shim}}::h048ce291ad4f62bf
[INFO] [stdout]                                at /rustc/6067b36314ab5eb2eb47cecc464545ba58e1ad24/library/core/src/ops/function.rs:250:5
[INFO] [stdout]   41:     0x612fba8afe2b - <alloc::boxed::Box<F,A> as core::ops::function::FnOnce<Args>>::call_once::ha52bedf99a3b4981
[INFO] [stdout]                                at /rustc/6067b36314ab5eb2eb47cecc464545ba58e1ad24/library/alloc/src/boxed.rs:2013:9
[INFO] [stdout]   42:     0x612fba8afe2b - <alloc::boxed::Box<F,A> as core::ops::function::FnOnce<Args>>::call_once::h567748934d80ccf8
[INFO] [stdout]                                at /rustc/6067b36314ab5eb2eb47cecc464545ba58e1ad24/library/alloc/src/boxed.rs:2013:9
[INFO] [stdout]   43:     0x612fba8afe2b - std::sys::pal::unix::thread::Thread::new::thread_start::h2d970728ae887adc
[INFO] [stdout]                                at /rustc/6067b36314ab5eb2eb47cecc464545ba58e1ad24/library/std/src/sys/pal/unix/thread.rs:106:17
[INFO] [stdout]   44:     0x767f1555fac3 - <unknown>
[INFO] [stdout]   45:     0x767f155f0a04 - clone
[INFO] [stdout]   46:                0x0 - <unknown>
[INFO] [stdout] 
[INFO] [stdout] ---- tests::test_listing_0039 stdout ----
[INFO] [stdout] 
[INFO] [stdout] thread 'tests::test_listing_0039' panicked at src/main.rs:962:133:
[INFO] [stdout] called `Result::unwrap()` on an `Err` value: Os { code: 2, kind: NotFound, message: "No such file or directory" }
[INFO] [stdout] stack backtrace:
[INFO] [stdout]    0:     0x612fba8a9fda - std::backtrace_rs::backtrace::libunwind::trace::hb059275cfc8d6126
[INFO] [stdout]                                at /rustc/6067b36314ab5eb2eb47cecc464545ba58e1ad24/library/std/src/../../backtrace/src/backtrace/libunwind.rs:116:5
[INFO] [stdout]    1:     0x612fba8a9fda - std::backtrace_rs::backtrace::trace_unsynchronized::h2da071e4327ce3ee
[INFO] [stdout]                                at /rustc/6067b36314ab5eb2eb47cecc464545ba58e1ad24/library/std/src/../../backtrace/src/backtrace/mod.rs:66:5
[INFO] [stdout]    2:     0x612fba8a9fda - std::sys::backtrace::_print_fmt::h842a1474e6f8d23f
[INFO] [stdout]                                at /rustc/6067b36314ab5eb2eb47cecc464545ba58e1ad24/library/std/src/sys/backtrace.rs:66:9
[INFO] [stdout]    3:     0x612fba8a9fda - <std::sys::backtrace::BacktraceLock::print::DisplayBacktrace as core::fmt::Display>::fmt::h71a62eb3b9696b12
[INFO] [stdout]                                at /rustc/6067b36314ab5eb2eb47cecc464545ba58e1ad24/library/std/src/sys/backtrace.rs:39:26
[INFO] [stdout]    4:     0x612fba8d1633 - core::fmt::rt::Argument::fmt::hdb6b616786b41dc1
[INFO] [stdout]                                at /rustc/6067b36314ab5eb2eb47cecc464545ba58e1ad24/library/core/src/fmt/rt.rs:177:76
[INFO] [stdout]    5:     0x612fba8d1633 - core::fmt::write::h2cc1698af7e2d686
[INFO] [stdout]                                at /rustc/6067b36314ab5eb2eb47cecc464545ba58e1ad24/library/core/src/fmt/mod.rs:1440:21
[INFO] [stdout]    6:     0x612fba8a6b33 - std::io::Write::write_fmt::hab1b4cd059a79022
[INFO] [stdout]                                at /rustc/6067b36314ab5eb2eb47cecc464545ba58e1ad24/library/std/src/io/mod.rs:1887:15
[INFO] [stdout]    7:     0x612fba8a9e22 - std::sys::backtrace::BacktraceLock::print::h147fe35b4ea13b08
[INFO] [stdout]                                at /rustc/6067b36314ab5eb2eb47cecc464545ba58e1ad24/library/std/src/sys/backtrace.rs:42:9
[INFO] [stdout]    8:     0x612fba8ab3ff - std::panicking::default_hook::{{closure}}::hbd44223dbdc0d208
[INFO] [stdout]                                at /rustc/6067b36314ab5eb2eb47cecc464545ba58e1ad24/library/std/src/panicking.rs:298:22
[INFO] [stdout]    9:     0x612fba8ab218 - std::panicking::default_hook::h20f81eb0576efcec
[INFO] [stdout]                                at /rustc/6067b36314ab5eb2eb47cecc464545ba58e1ad24/library/std/src/panicking.rs:322:9
[INFO] [stdout]   10:     0x612fba873923 - <alloc::boxed::Box<F,A> as core::ops::function::Fn<Args>>::call::hdb53814c496a4d34
[INFO] [stdout]                                at /rustc/6067b36314ab5eb2eb47cecc464545ba58e1ad24/library/alloc/src/boxed.rs:2027:9
[INFO] [stdout]   11:     0x612fba873923 - test::test_main::{{closure}}::hc0a4963c59427c24
[INFO] [stdout]                                at /rustc/6067b36314ab5eb2eb47cecc464545ba58e1ad24/library/test/src/lib.rs:134:21
[INFO] [stdout]   12:     0x612fba8abef3 - <alloc::boxed::Box<F,A> as core::ops::function::Fn<Args>>::call::h591b2225413a77e9
[INFO] [stdout]                                at /rustc/6067b36314ab5eb2eb47cecc464545ba58e1ad24/library/alloc/src/boxed.rs:2027:9
[INFO] [stdout]   13:     0x612fba8abef3 - std::panicking::rust_panic_with_hook::h625eea43051b2edc
[INFO] [stdout]                                at /rustc/6067b36314ab5eb2eb47cecc464545ba58e1ad24/library/std/src/panicking.rs:839:13
[INFO] [stdout]   14:     0x612fba8abbaa - std::panicking::begin_panic_handler::{{closure}}::h4f9159cfbc3f6bd3
[INFO] [stdout]                                at /rustc/6067b36314ab5eb2eb47cecc464545ba58e1ad24/library/std/src/panicking.rs:704:13
[INFO] [stdout]   15:     0x612fba8aa4d9 - std::sys::backtrace::__rust_end_short_backtrace::h0390abce48353151
[INFO] [stdout]                                at /rustc/6067b36314ab5eb2eb47cecc464545ba58e1ad24/library/std/src/sys/backtrace.rs:168:18
[INFO] [stdout]   16:     0x612fba8ab83d - rust_begin_unwind
[INFO] [stdout]                                at /rustc/6067b36314ab5eb2eb47cecc464545ba58e1ad24/library/std/src/panicking.rs:695:5
[INFO] [stdout]   17:     0x612fba8d0040 - core::panicking::panic_fmt::h9e7c637e9e5f29c9
[INFO] [stdout]                                at /rustc/6067b36314ab5eb2eb47cecc464545ba58e1ad24/library/core/src/panicking.rs:75:14
[INFO] [stdout]   18:     0x612fba8d0486 - core::result::unwrap_failed::h7979f09313fe1849
[INFO] [stdout]                                at /rustc/6067b36314ab5eb2eb47cecc464545ba58e1ad24/library/core/src/result.rs:1704:5
[INFO] [stdout]   19:     0x612fba829550 - core::result::Result<T,E>::unwrap::ha68f3f6902b82fec
[INFO] [stdout]                                at /rustc/6067b36314ab5eb2eb47cecc464545ba58e1ad24/library/core/src/result.rs:1109:23
[INFO] [stdout]   20:     0x612fba829550 - assembler_8086::tests::test_listing_0039::h05760c625525d134
[INFO] [stdout]                                at /opt/rustwide/workdir/src/main.rs:962:31
[INFO] [stdout]   21:     0x612fba829497 - assembler_8086::tests::test_listing_0039::{{closure}}::h0c1f885d4b78cf98
[INFO] [stdout]                                at /opt/rustwide/workdir/src/main.rs:961:27
[INFO] [stdout]   22:     0x612fba80ca26 - core::ops::function::FnOnce::call_once::h006c9a15be3fb058
[INFO] [stdout]                                at /rustc/6067b36314ab5eb2eb47cecc464545ba58e1ad24/library/core/src/ops/function.rs:250:5
[INFO] [stdout]   23:     0x612fba87907b - core::ops::function::FnOnce::call_once::he27718dfdd183f43
[INFO] [stdout]                                at /rustc/6067b36314ab5eb2eb47cecc464545ba58e1ad24/library/core/src/ops/function.rs:250:5
[INFO] [stdout]   24:     0x612fba87907b - test::__rust_begin_short_backtrace::h4e84902998457a5d
[INFO] [stdout]                                at /rustc/6067b36314ab5eb2eb47cecc464545ba58e1ad24/library/test/src/lib.rs:632:18
[INFO] [stdout]   25:     0x612fba877fb3 - test::run_test_in_process::{{closure}}::h7176fd18fc1feca0
[INFO] [stdout]                                at /rustc/6067b36314ab5eb2eb47cecc464545ba58e1ad24/library/test/src/lib.rs:655:60
[INFO] [stdout]   26:     0x612fba877fb3 - <core::panic::unwind_safe::AssertUnwindSafe<F> as core::ops::function::FnOnce<()>>::call_once::hf79cff2a624d8cf7
[INFO] [stdout]                                at /rustc/6067b36314ab5eb2eb47cecc464545ba58e1ad24/library/core/src/panic/unwind_safe.rs:272:9
[INFO] [stdout]   27:     0x612fba877fb3 - std::panicking::try::do_call::h3da0561d9ab99c25
[INFO] [stdout]                                at /rustc/6067b36314ab5eb2eb47cecc464545ba58e1ad24/library/std/src/panicking.rs:587:40
[INFO] [stdout]   28:     0x612fba877fb3 - std::panicking::try::h41c9fa508bc61df6
[INFO] [stdout]                                at /rustc/6067b36314ab5eb2eb47cecc464545ba58e1ad24/library/std/src/panicking.rs:550:19
[INFO] [stdout]   29:     0x612fba877fb3 - std::panic::catch_unwind::h6b3ff07bb5afad93
[INFO] [stdout]                                at /rustc/6067b36314ab5eb2eb47cecc464545ba58e1ad24/library/std/src/panic.rs:358:14
[INFO] [stdout]   30:     0x612fba877fb3 - test::run_test_in_process::hc7253dd11b39b9f4
[INFO] [stdout]                                at /rustc/6067b36314ab5eb2eb47cecc464545ba58e1ad24/library/test/src/lib.rs:655:27
[INFO] [stdout]   31:     0x612fba877fb3 - test::run_test::{{closure}}::hfb2007f8649c30bb
[INFO] [stdout]                                at /rustc/6067b36314ab5eb2eb47cecc464545ba58e1ad24/library/test/src/lib.rs:576:43
[INFO] [stdout]   32:     0x612fba83b095 - test::run_test::{{closure}}::h56a17aa7a282a9f4
[INFO] [stdout]                                at /rustc/6067b36314ab5eb2eb47cecc464545ba58e1ad24/library/test/src/lib.rs:606:41
[INFO] [stdout]   33:     0x612fba83b095 - std::sys::backtrace::__rust_begin_short_backtrace::hd2d2d2fb8e8c6aac
[INFO] [stdout]                                at /rustc/6067b36314ab5eb2eb47cecc464545ba58e1ad24/library/std/src/sys/backtrace.rs:152:18
[INFO] [stdout]   34:     0x612fba83e97a - std::thread::Builder::spawn_unchecked_::{{closure}}::{{closure}}::h4faa3f9db6133423
[INFO] [stdout]                                at /rustc/6067b36314ab5eb2eb47cecc464545ba58e1ad24/library/std/src/thread/mod.rs:559:17
[INFO] [stdout]   35:     0x612fba83e97a - <core::panic::unwind_safe::AssertUnwindSafe<F> as core::ops::function::FnOnce<()>>::call_once::hf2e855a36a4ea846
[INFO] [stdout]                                at /rustc/6067b36314ab5eb2eb47cecc464545ba58e1ad24/library/core/src/panic/unwind_safe.rs:272:9
[INFO] [stdout]   36:     0x612fba83e97a - std::panicking::try::do_call::h2f73af3616c35465
[INFO] [stdout]                                at /rustc/6067b36314ab5eb2eb47cecc464545ba58e1ad24/library/std/src/panicking.rs:587:40
[INFO] [stdout]   37:     0x612fba83e97a - std::panicking::try::hd1660ce9efadef5a
[INFO] [stdout]                                at /rustc/6067b36314ab5eb2eb47cecc464545ba58e1ad24/library/std/src/panicking.rs:550:19
[INFO] [stdout]   38:     0x612fba83e97a - std::panic::catch_unwind::h5ee8d7823b8ca744
[INFO] [stdout]                                at /rustc/6067b36314ab5eb2eb47cecc464545ba58e1ad24/library/std/src/panic.rs:358:14
[INFO] [stdout]   39:     0x612fba83e97a - std::thread::Builder::spawn_unchecked_::{{closure}}::h53c3a1894dce8407
[INFO] [stdout]                                at /rustc/6067b36314ab5eb2eb47cecc464545ba58e1ad24/library/std/src/thread/mod.rs:557:30
[INFO] [stdout]   40:     0x612fba83e97a - core::ops::function::FnOnce::call_once{{vtable.shim}}::h048ce291ad4f62bf
[INFO] [stdout]                                at /rustc/6067b36314ab5eb2eb47cecc464545ba58e1ad24/library/core/src/ops/function.rs:250:5
[INFO] [stdout]   41:     0x612fba8afe2b - <alloc::boxed::Box<F,A> as core::ops::function::FnOnce<Args>>::call_once::ha52bedf99a3b4981
[INFO] [stdout]                                at /rustc/6067b36314ab5eb2eb47cecc464545ba58e1ad24/library/alloc/src/boxed.rs:2013:9
[INFO] [stdout]   42:     0x612fba8afe2b - <alloc::boxed::Box<F,A> as core::ops::function::FnOnce<Args>>::call_once::h567748934d80ccf8
[INFO] [stdout]                                at /rustc/6067b36314ab5eb2eb47cecc464545ba58e1ad24/library/alloc/src/boxed.rs:2013:9
[INFO] [stdout]   43:     0x612fba8afe2b - std::sys::pal::unix::thread::Thread::new::thread_start::h2d970728ae887adc
[INFO] [stdout]                                at /rustc/6067b36314ab5eb2eb47cecc464545ba58e1ad24/library/std/src/sys/pal/unix/thread.rs:106:17
[INFO] [stdout]   44:     0x767f1555fac3 - <unknown>
[INFO] [stdout]   45:     0x767f155f0a04 - clone
[INFO] [stdout]   46:                0x0 - <unknown>
[INFO] [stderr] error: test failed, to rerun pass `--bin assembler_8086`
[INFO] [stdout] 
[INFO] [stdout] ---- tests::test_listing_0049 stdout ----
[INFO] [stdout] 
[INFO] [stdout] thread 'tests::test_listing_0049' panicked at src/main.rs:1472:141:
[INFO] [stdout] called `Result::unwrap()` on an `Err` value: Os { code: 2, kind: NotFound, message: "No such file or directory" }
[INFO] [stdout] stack backtrace:
[INFO] [stdout]    0:     0x612fba8a9fda - std::backtrace_rs::backtrace::libunwind::trace::hb059275cfc8d6126
[INFO] [stdout]                                at /rustc/6067b36314ab5eb2eb47cecc464545ba58e1ad24/library/std/src/../../backtrace/src/backtrace/libunwind.rs:116:5
[INFO] [stdout]    1:     0x612fba8a9fda - std::backtrace_rs::backtrace::trace_unsynchronized::h2da071e4327ce3ee
[INFO] [stdout]                                at /rustc/6067b36314ab5eb2eb47cecc464545ba58e1ad24/library/std/src/../../backtrace/src/backtrace/mod.rs:66:5
[INFO] [stdout]    2:     0x612fba8a9fda - std::sys::backtrace::_print_fmt::h842a1474e6f8d23f
[INFO] [stdout]                                at /rustc/6067b36314ab5eb2eb47cecc464545ba58e1ad24/library/std/src/sys/backtrace.rs:66:9
[INFO] [stdout]    3:     0x612fba8a9fda - <std::sys::backtrace::BacktraceLock::print::DisplayBacktrace as core::fmt::Display>::fmt::h71a62eb3b9696b12
[INFO] [stdout]                                at /rustc/6067b36314ab5eb2eb47cecc464545ba58e1ad24/library/std/src/sys/backtrace.rs:39:26
[INFO] [stdout]    4:     0x612fba8d1633 - core::fmt::rt::Argument::fmt::hdb6b616786b41dc1
[INFO] [stdout]                                at /rustc/6067b36314ab5eb2eb47cecc464545ba58e1ad24/library/core/src/fmt/rt.rs:177:76
[INFO] [stdout]    5:     0x612fba8d1633 - core::fmt::write::h2cc1698af7e2d686
[INFO] [stdout]                                at /rustc/6067b36314ab5eb2eb47cecc464545ba58e1ad24/library/core/src/fmt/mod.rs:1440:21
[INFO] [stdout]    6:     0x612fba8a6b33 - std::io::Write::write_fmt::hab1b4cd059a79022
[INFO] [stdout]                                at /rustc/6067b36314ab5eb2eb47cecc464545ba58e1ad24/library/std/src/io/mod.rs:1887:15
[INFO] [stdout]    7:     0x612fba8a9e22 - std::sys::backtrace::BacktraceLock::print::h147fe35b4ea13b08
[INFO] [stdout]                                at /rustc/6067b36314ab5eb2eb47cecc464545ba58e1ad24/library/std/src/sys/backtrace.rs:42:9
[INFO] [stdout]    8:     0x612fba8ab3ff - std::panicking::default_hook::{{closure}}::hbd44223dbdc0d208
[INFO] [stdout]                                at /rustc/6067b36314ab5eb2eb47cecc464545ba58e1ad24/library/std/src/panicking.rs:298:22
[INFO] [stdout]    9:     0x612fba8ab218 - std::panicking::default_hook::h20f81eb0576efcec
[INFO] [stdout]                                at /rustc/6067b36314ab5eb2eb47cecc464545ba58e1ad24/library/std/src/panicking.rs:322:9
[INFO] [stdout]   10:     0x612fba873923 - <alloc::boxed::Box<F,A> as core::ops::function::Fn<Args>>::call::hdb53814c496a4d34
[INFO] [stdout]                                at /rustc/6067b36314ab5eb2eb47cecc464545ba58e1ad24/library/alloc/src/boxed.rs:2027:9
[INFO] [stdout]   11:     0x612fba873923 - test::test_main::{{closure}}::hc0a4963c59427c24
[INFO] [stdout]                                at /rustc/6067b36314ab5eb2eb47cecc464545ba58e1ad24/library/test/src/lib.rs:134:21
[INFO] [stdout]   12:     0x612fba8abef3 - <alloc::boxed::Box<F,A> as core::ops::function::Fn<Args>>::call::h591b2225413a77e9
[INFO] [stdout]                                at /rustc/6067b36314ab5eb2eb47cecc464545ba58e1ad24/library/alloc/src/boxed.rs:2027:9
[INFO] [stdout]   13:     0x612fba8abef3 - std::panicking::rust_panic_with_hook::h625eea43051b2edc
[INFO] [stdout]                                at /rustc/6067b36314ab5eb2eb47cecc464545ba58e1ad24/library/std/src/panicking.rs:839:13
[INFO] [stdout]   14:     0x612fba8abbaa - std::panicking::begin_panic_handler::{{closure}}::h4f9159cfbc3f6bd3
[INFO] [stdout]                                at /rustc/6067b36314ab5eb2eb47cecc464545ba58e1ad24/library/std/src/panicking.rs:704:13
[INFO] [stdout]   15:     0x612fba8aa4d9 - std::sys::backtrace::__rust_end_short_backtrace::h0390abce48353151
[INFO] [stdout]                                at /rustc/6067b36314ab5eb2eb47cecc464545ba58e1ad24/library/std/src/sys/backtrace.rs:168:18
[INFO] [stdout]   16:     0x612fba8ab83d - rust_begin_unwind
[INFO] [stdout]                                at /rustc/6067b36314ab5eb2eb47cecc464545ba58e1ad24/library/std/src/panicking.rs:695:5
[INFO] [stdout]   17:     0x612fba8d0040 - core::panicking::panic_fmt::h9e7c637e9e5f29c9
[INFO] [stdout]                                at /rustc/6067b36314ab5eb2eb47cecc464545ba58e1ad24/library/core/src/panicking.rs:75:14
[INFO] [stdout]   18:     0x612fba8d0486 - core::result::unwrap_failed::h7979f09313fe1849
[INFO] [stdout]                                at /rustc/6067b36314ab5eb2eb47cecc464545ba58e1ad24/library/core/src/result.rs:1704:5
[INFO] [stdout]   19:     0x612fba8301ec - core::result::Result<T,E>::unwrap::ha68f3f6902b82fec
[INFO] [stdout]                                at /rustc/6067b36314ab5eb2eb47cecc464545ba58e1ad24/library/core/src/result.rs:1109:23
[INFO] [stdout]   20:     0x612fba8301ec - assembler_8086::tests::test_listing_0049::h2619939bc53fcdcc
[INFO] [stdout]                                at /opt/rustwide/workdir/src/main.rs:1472:31
[INFO] [stdout]   21:     0x612fba830137 - assembler_8086::tests::test_listing_0049::{{closure}}::hf4e047b0196d9b92
[INFO] [stdout]                                at /opt/rustwide/workdir/src/main.rs:1471:27
[INFO] [stdout]   22:     0x612fba80ccc6 - core::ops::function::FnOnce::call_once::hf971671e53f90a7b
[INFO] [stdout]                                at /rustc/6067b36314ab5eb2eb47cecc464545ba58e1ad24/library/core/src/ops/function.rs:250:5
[INFO] [stdout]   23:     0x612fba87907b - core::ops::function::FnOnce::call_once::he27718dfdd183f43
[INFO] [stdout]                                at /rustc/6067b36314ab5eb2eb47cecc464545ba58e1ad24/library/core/src/ops/function.rs:250:5
[INFO] [stdout]   24:     0x612fba87907b - test::__rust_begin_short_backtrace::h4e84902998457a5d
[INFO] [stdout]                                at /rustc/6067b36314ab5eb2eb47cecc464545ba58e1ad24/library/test/src/lib.rs:632:18
[INFO] [stdout]   25:     0x612fba877fb3 - test::run_test_in_process::{{closure}}::h7176fd18fc1feca0
[INFO] [stdout]                                at /rustc/6067b36314ab5eb2eb47cecc464545ba58e1ad24/library/test/src/lib.rs:655:60
[INFO] [stdout]   26:     0x612fba877fb3 - <core::panic::unwind_safe::AssertUnwindSafe<F> as core::ops::function::FnOnce<()>>::call_once::hf79cff2a624d8cf7
[INFO] [stdout]                                at /rustc/6067b36314ab5eb2eb47cecc464545ba58e1ad24/library/core/src/panic/unwind_safe.rs:272:9
[INFO] [stdout]   27:     0x612fba877fb3 - std::panicking::try::do_call::h3da0561d9ab99c25
[INFO] [stdout]                                at /rustc/6067b36314ab5eb2eb47cecc464545ba58e1ad24/library/std/src/panicking.rs:587:40
[INFO] [stdout]   28:     0x612fba877fb3 - std::panicking::try::h41c9fa508bc61df6
[INFO] [stdout]                                at /rustc/6067b36314ab5eb2eb47cecc464545ba58e1ad24/library/std/src/panicking.rs:550:19
[INFO] [stdout]   29:     0x612fba877fb3 - std::panic::catch_unwind::h6b3ff07bb5afad93
[INFO] [stdout]                                at /rustc/6067b36314ab5eb2eb47cecc464545ba58e1ad24/library/std/src/panic.rs:358:14
[INFO] [stdout]   30:     0x612fba877fb3 - test::run_test_in_process::hc7253dd11b39b9f4
[INFO] [stdout]                                at /rustc/6067b36314ab5eb2eb47cecc464545ba58e1ad24/library/test/src/lib.rs:655:27
[INFO] [stdout]   31:     0x612fba877fb3 - test::run_test::{{closure}}::hfb2007f8649c30bb
[INFO] [stdout]                                at /rustc/6067b36314ab5eb2eb47cecc464545ba58e1ad24/library/test/src/lib.rs:576:43
[INFO] [stdout]   32:     0x612fba83b095 - test::run_test::{{closure}}::h56a17aa7a282a9f4
[INFO] [stdout]                                at /rustc/6067b36314ab5eb2eb47cecc464545ba58e1ad24/library/test/src/lib.rs:606:41
[INFO] [stdout]   33:     0x612fba83b095 - std::sys::backtrace::__rust_begin_short_backtrace::hd2d2d2fb8e8c6aac
[INFO] [stdout]                                at /rustc/6067b36314ab5eb2eb47cecc464545ba58e1ad24/library/std/src/sys/backtrace.rs:152:18
[INFO] [stdout]   34:     0x612fba83e97a - std::thread::Builder::spawn_unchecked_::{{closure}}::{{closure}}::h4faa3f9db6133423
[INFO] [stdout]                                at /rustc/6067b36314ab5eb2eb47cecc464545ba58e1ad24/library/std/src/thread/mod.rs:559:17
[INFO] [stdout]   35:     0x612fba83e97a - <core::panic::unwind_safe::AssertUnwindSafe<F> as core::ops::function::FnOnce<()>>::call_once::hf2e855a36a4ea846
[INFO] [stdout]                                at /rustc/6067b36314ab5eb2eb47cecc464545ba58e1ad24/library/core/src/panic/unwind_safe.rs:272:9
[INFO] [stdout]   36:     0x612fba83e97a - std::panicking::try::do_call::h2f73af3616c35465
[INFO] [stdout]                                at /rustc/6067b36314ab5eb2eb47cecc464545ba58e1ad24/library/std/src/panicking.rs:587:40
[INFO] [stdout]   37:     0x612fba83e97a - std::panicking::try::hd1660ce9efadef5a
[INFO] [stdout]                                at /rustc/6067b36314ab5eb2eb47cecc464545ba58e1ad24/library/std/src/panicking.rs:550:19
[INFO] [stdout]   38:     0x612fba83e97a - std::panic::catch_unwind::h5ee8d7823b8ca744
[INFO] [stdout]                                at /rustc/6067b36314ab5eb2eb47cecc464545ba58e1ad24/library/std/src/panic.rs:358:14
[INFO] [stdout]   39:     0x612fba83e97a - std::thread::Builder::spawn_unchecked_::{{closure}}::h53c3a1894dce8407
[INFO] [stdout]                                at /rustc/6067b36314ab5eb2eb47cecc464545ba58e1ad24/library/std/src/thread/mod.rs:557:30
[INFO] [stdout]   40:     0x612fba83e97a - core::ops::function::FnOnce::call_once{{vtable.shim}}::h048ce291ad4f62bf
[INFO] [stdout]                                at /rustc/6067b36314ab5eb2eb47cecc464545ba58e1ad24/library/core/src/ops/function.rs:250:5
[INFO] [stdout]   41:     0x612fba8afe2b - <alloc::boxed::Box<F,A> as core::ops::function::FnOnce<Args>>::call_once::ha52bedf99a3b4981
[INFO] [stdout]                                at /rustc/6067b36314ab5eb2eb47cecc464545ba58e1ad24/library/alloc/src/boxed.rs:2013:9
[INFO] [stdout]   42:     0x612fba8afe2b - <alloc::boxed::Box<F,A> as core::ops::function::FnOnce<Args>>::call_once::h567748934d80ccf8
[INFO] [stdout]                                at /rustc/6067b36314ab5eb2eb47cecc464545ba58e1ad24/library/alloc/src/boxed.rs:2013:9
[INFO] [stdout]   43:     0x612fba8afe2b - std::sys::pal::unix::thread::Thread::new::thread_start::h2d970728ae887adc
[INFO] [stdout]                                at /rustc/6067b36314ab5eb2eb47cecc464545ba58e1ad24/library/std/src/sys/pal/unix/thread.rs:106:17
[INFO] [stdout]   44:     0x767f1555fac3 - <unknown>
[INFO] [stdout]   45:     0x767f155f0a04 - clone
[INFO] [stdout]   46:                0x0 - <unknown>
[INFO] [stdout] 
[INFO] [stdout] ---- tests::test_listing_0046 stdout ----
[INFO] [stdout] 
[INFO] [stdout] thread 'tests::test_listing_0046' panicked at src/main.rs:1393:135:
[INFO] [stdout] called `Result::unwrap()` on an `Err` value: Os { code: 2, kind: NotFound, message: "No such file or directory" }
[INFO] [stdout] stack backtrace:
[INFO] [stdout]    0:     0x612fba8a9fda - std::backtrace_rs::backtrace::libunwind::trace::hb059275cfc8d6126
[INFO] [stdout]                                at /rustc/6067b36314ab5eb2eb47cecc464545ba58e1ad24/library/std/src/../../backtrace/src/backtrace/libunwind.rs:116:5
[INFO] [stdout]    1:     0x612fba8a9fda - std::backtrace_rs::backtrace::trace_unsynchronized::h2da071e4327ce3ee
[INFO] [stdout]                                at /rustc/6067b36314ab5eb2eb47cecc464545ba58e1ad24/library/std/src/../../backtrace/src/backtrace/mod.rs:66:5
[INFO] [stdout]    2:     0x612fba8a9fda - std::sys::backtrace::_print_fmt::h842a1474e6f8d23f
[INFO] [stdout]                                at /rustc/6067b36314ab5eb2eb47cecc464545ba58e1ad24/library/std/src/sys/backtrace.rs:66:9
[INFO] [stdout]    3:     0x612fba8a9fda - <std::sys::backtrace::BacktraceLock::print::DisplayBacktrace as core::fmt::Display>::fmt::h71a62eb3b9696b12
[INFO] [stdout]                                at /rustc/6067b36314ab5eb2eb47cecc464545ba58e1ad24/library/std/src/sys/backtrace.rs:39:26
[INFO] [stdout]    4:     0x612fba8d1633 - core::fmt::rt::Argument::fmt::hdb6b616786b41dc1
[INFO] [stdout]                                at /rustc/6067b36314ab5eb2eb47cecc464545ba58e1ad24/library/core/src/fmt/rt.rs:177:76
[INFO] [stdout]    5:     0x612fba8d1633 - core::fmt::write::h2cc1698af7e2d686
[INFO] [stdout]                                at /rustc/6067b36314ab5eb2eb47cecc464545ba58e1ad24/library/core/src/fmt/mod.rs:1440:21
[INFO] [stdout]    6:     0x612fba8a6b33 - std::io::Write::write_fmt::hab1b4cd059a79022
[INFO] [stdout]                                at /rustc/6067b36314ab5eb2eb47cecc464545ba58e1ad24/library/std/src/io/mod.rs:1887:15
[INFO] [stdout]    7:     0x612fba8a9e22 - std::sys::backtrace::BacktraceLock::print::h147fe35b4ea13b08
[INFO] [stdout]                                at /rustc/6067b36314ab5eb2eb47cecc464545ba58e1ad24/library/std/src/sys/backtrace.rs:42:9
[INFO] [stdout]    8:     0x612fba8ab3ff - std::panicking::default_hook::{{closure}}::hbd44223dbdc0d208
[INFO] [stdout]                                at /rustc/6067b36314ab5eb2eb47cecc464545ba58e1ad24/library/std/src/panicking.rs:298:22
[INFO] [stdout]    9:     0x612fba8ab218 - std::panicking::default_hook::h20f81eb0576efcec
[INFO] [stdout]                                at /rustc/6067b36314ab5eb2eb47cecc464545ba58e1ad24/library/std/src/panicking.rs:322:9
[INFO] [stdout]   10:     0x612fba873923 - <alloc::boxed::Box<F,A> as core::ops::function::Fn<Args>>::call::hdb53814c496a4d34
[INFO] [stdout]                                at /rustc/6067b36314ab5eb2eb47cecc464545ba58e1ad24/library/alloc/src/boxed.rs:2027:9
[INFO] [stdout]   11:     0x612fba873923 - test::test_main::{{closure}}::hc0a4963c59427c24
[INFO] [stdout]                                at /rustc/6067b36314ab5eb2eb47cecc464545ba58e1ad24/library/test/src/lib.rs:134:21
[INFO] [stdout]   12:     0x612fba8abef3 - <alloc::boxed::Box<F,A> as core::ops::function::Fn<Args>>::call::h591b2225413a77e9
[INFO] [stdout]                                at /rustc/6067b36314ab5eb2eb47cecc464545ba58e1ad24/library/alloc/src/boxed.rs:2027:9
[INFO] [stdout]   13:     0x612fba8abef3 - std::panicking::rust_panic_with_hook::h625eea43051b2edc
[INFO] [stdout]                                at /rustc/6067b36314ab5eb2eb47cecc464545ba58e1ad24/library/std/src/panicking.rs:839:13
[INFO] [stdout]   14:     0x612fba8abbaa - std::panicking::begin_panic_handler::{{closure}}::h4f9159cfbc3f6bd3
[INFO] [stdout]                                at /rustc/6067b36314ab5eb2eb47cecc464545ba58e1ad24/library/std/src/panicking.rs:704:13
[INFO] [stdout]   15:     0x612fba8aa4d9 - std::sys::backtrace::__rust_end_short_backtrace::h0390abce48353151
[INFO] [stdout]                                at /rustc/6067b36314ab5eb2eb47cecc464545ba58e1ad24/library/std/src/sys/backtrace.rs:168:18
[INFO] [stdout]   16:     0x612fba8ab83d - rust_begin_unwind
[INFO] [stdout]                                at /rustc/6067b36314ab5eb2eb47cecc464545ba58e1ad24/library/std/src/panicking.rs:695:5
[INFO] [stdout]   17:     0x612fba8d0040 - core::panicking::panic_fmt::h9e7c637e9e5f29c9
[INFO] [stdout]                                at /rustc/6067b36314ab5eb2eb47cecc464545ba58e1ad24/library/core/src/panicking.rs:75:14
[INFO] [stdout]   18:     0x612fba8d0486 - core::result::unwrap_failed::h7979f09313fe1849
[INFO] [stdout]                                at /rustc/6067b36314ab5eb2eb47cecc464545ba58e1ad24/library/core/src/result.rs:1704:5
[INFO] [stdout]   19:     0x612fba82f05c - core::result::Result<T,E>::unwrap::ha68f3f6902b82fec
[INFO] [stdout]                                at /rustc/6067b36314ab5eb2eb47cecc464545ba58e1ad24/library/core/src/result.rs:1109:23
[INFO] [stdout]   20:     0x612fba82f05c - assembler_8086::tests::test_listing_0046::h8dfca4c641535d31
[INFO] [stdout]                                at /opt/rustwide/workdir/src/main.rs:1393:31
[INFO] [stdout]   21:     0x612fba82efa7 - assembler_8086::tests::test_listing_0046::{{closure}}::h9d4c6d055d9c8bd2
[INFO] [stdout]                                at /opt/rustwide/workdir/src/main.rs:1392:27
[INFO] [stdout]   22:     0x612fba80cbb6 - core::ops::function::FnOnce::call_once::h80c16fe4c4b41fb5
[INFO] [stdout]                                at /rustc/6067b36314ab5eb2eb47cecc464545ba58e1ad24/library/core/src/ops/function.rs:250:5
[INFO] [stdout]   23:     0x612fba87907b - core::ops::function::FnOnce::call_once::he27718dfdd183f43
[INFO] [stdout]                                at /rustc/6067b36314ab5eb2eb47cecc464545ba58e1ad24/library/core/src/ops/function.rs:250:5
[INFO] [stdout]   24:     0x612fba87907b - test::__rust_begin_short_backtrace::h4e84902998457a5d
[INFO] [stdout]                                at /rustc/6067b36314ab5eb2eb47cecc464545ba58e1ad24/library/test/src/lib.rs:632:18
[INFO] [stdout]   25:     0x612fba877fb3 - test::run_test_in_process::{{closure}}::h7176fd18fc1feca0
[INFO] [stdout]                                at /rustc/6067b36314ab5eb2eb47cecc464545ba58e1ad24/library/test/src/lib.rs:655:60
[INFO] [stdout]   26:     0x612fba877fb3 - <core::panic::unwind_safe::AssertUnwindSafe<F> as core::ops::function::FnOnce<()>>::call_once::hf79cff2a624d8cf7
[INFO] [stdout]                                at /rustc/6067b36314ab5eb2eb47cecc464545ba58e1ad24/library/core/src/panic/unwind_safe.rs:272:9
[INFO] [stdout]   27:     0x612fba877fb3 - std::panicking::try::do_call::h3da0561d9ab99c25
[INFO] [stdout]                                at /rustc/6067b36314ab5eb2eb47cecc464545ba58e1ad24/library/std/src/panicking.rs:587:40
[INFO] [stdout]   28:     0x612fba877fb3 - std::panicking::try::h41c9fa508bc61df6
[INFO] [stdout]                                at /rustc/6067b36314ab5eb2eb47cecc464545ba58e1ad24/library/std/src/panicking.rs:550:19
[INFO] [stdout]   29:     0x612fba877fb3 - std::panic::catch_unwind::h6b3ff07bb5afad93
[INFO] [stdout]                                at /rustc/6067b36314ab5eb2eb47cecc464545ba58e1ad24/library/std/src/panic.rs:358:14
[INFO] [stdout]   30:     0x612fba877fb3 - test::run_test_in_process::hc7253dd11b39b9f4
[INFO] [stdout]                                at /rustc/6067b36314ab5eb2eb47cecc464545ba58e1ad24/library/test/src/lib.rs:655:27
[INFO] [stdout]   31:     0x612fba877fb3 - test::run_test::{{closure}}::hfb2007f8649c30bb
[INFO] [stdout]                                at /rustc/6067b36314ab5eb2eb47cecc464545ba58e1ad24/library/test/src/lib.rs:576:43
[INFO] [stdout]   32:     0x612fba83b095 - test::run_test::{{closure}}::h56a17aa7a282a9f4
[INFO] [stdout]                                at /rustc/6067b36314ab5eb2eb47cecc464545ba58e1ad24/library/test/src/lib.rs:606:41
[INFO] [stdout]   33:     0x612fba83b095 - std::sys::backtrace::__rust_begin_short_backtrace::hd2d2d2fb8e8c6aac
[INFO] [stdout]                                at /rustc/6067b36314ab5eb2eb47cecc464545ba58e1ad24/library/std/src/sys/backtrace.rs:152:18
[INFO] [stdout]   34:     0x612fba83e97a - std::thread::Builder::spawn_unchecked_::{{closure}}::{{closure}}::h4faa3f9db6133423
[INFO] [stdout]                                at /rustc/6067b36314ab5eb2eb47cecc464545ba58e1ad24/library/std/src/thread/mod.rs:559:17
[INFO] [stdout]   35:     0x612fba83e97a - <core::panic::unwind_safe::AssertUnwindSafe<F> as core::ops::function::FnOnce<()>>::call_once::hf2e855a36a4ea846
[INFO] [stdout]                                at /rustc/6067b36314ab5eb2eb47cecc464545ba58e1ad24/library/core/src/panic/unwind_safe.rs:272:9
[INFO] [stdout]   36:     0x612fba83e97a - std::panicking::try::do_call::h2f73af3616c35465
[INFO] [stdout]                                at /rustc/6067b36314ab5eb2eb47cecc464545ba58e1ad24/library/std/src/panicking.rs:587:40
[INFO] [stdout]   37:     0x612fba83e97a - std::panicking::try::hd1660ce9efadef5a
[INFO] [stdout]                                at /rustc/6067b36314ab5eb2eb47cecc464545ba58e1ad24/library/std/src/panicking.rs:550:19
[INFO] [stdout]   38:     0x612fba83e97a - std::panic::catch_unwind::h5ee8d7823b8ca744
[INFO] [stdout]                                at /rustc/6067b36314ab5eb2eb47cecc464545ba58e1ad24/library/std/src/panic.rs:358:14
[INFO] [stdout]   39:     0x612fba83e97a - std::thread::Builder::spawn_unchecked_::{{closure}}::h53c3a1894dce8407
[INFO] [stdout]                                at /rustc/6067b36314ab5eb2eb47cecc464545ba58e1ad24/library/std/src/thread/mod.rs:557:30
[INFO] [stdout]   40:     0x612fba83e97a - core::ops::function::FnOnce::call_once{{vtable.shim}}::h048ce291ad4f62bf
[INFO] [stdout]                                at /rustc/6067b36314ab5eb2eb47cecc464545ba58e1ad24/library/core/src/ops/function.rs:250:5
[INFO] [stdout]   41:     0x612fba8afe2b - <alloc::boxed::Box<F,A> as core::ops::function::FnOnce<Args>>::call_once::ha52bedf99a3b4981
[INFO] [stdout]                                at /rustc/6067b36314ab5eb2eb47cecc464545ba58e1ad24/library/alloc/src/boxed.rs:2013:9
[INFO] [stdout]   42:     0x612fba8afe2b - <alloc::boxed::Box<F,A> as core::ops::function::FnOnce<Args>>::call_once::h567748934d80ccf8
[INFO] [stdout]                                at /rustc/6067b36314ab5eb2eb47cecc464545ba58e1ad24/library/alloc/src/boxed.rs:2013:9
[INFO] [stdout]   43:     0x612fba8afe2b - std::sys::pal::unix::thread::Thread::new::thread_start::h2d970728ae887adc
[INFO] [stdout]                                at /rustc/6067b36314ab5eb2eb47cecc464545ba58e1ad24/library/std/src/sys/pal/unix/thread.rs:106:17
[INFO] [stdout]   44:     0x767f1555fac3 - <unknown>
[INFO] [stdout]   45:     0x767f155f0a04 - clone
[INFO] [stdout]   46:                0x0 - <unknown>
[INFO] [stdout] 
[INFO] [stdout] ---- tests::test_listing_0052 stdout ----
[INFO] [stdout] 
[INFO] [stdout] thread 'tests::test_listing_0052' panicked at src/main.rs:1845:139:
[INFO] [stdout] called `Result::unwrap()` on an `Err` value: Os { code: 2, kind: NotFound, message: "No such file or directory" }
[INFO] [stdout] stack backtrace:
[INFO] [stdout]    0:     0x612fba8a9fda - std::backtrace_rs::backtrace::libunwind::trace::hb059275cfc8d6126
[INFO] [stdout]                                at /rustc/6067b36314ab5eb2eb47cecc464545ba58e1ad24/library/std/src/../../backtrace/src/backtrace/libunwind.rs:116:5
[INFO] [stdout]    1:     0x612fba8a9fda - std::backtrace_rs::backtrace::trace_unsynchronized::h2da071e4327ce3ee
[INFO] [stdout]                                at /rustc/6067b36314ab5eb2eb47cecc464545ba58e1ad24/library/std/src/../../backtrace/src/backtrace/mod.rs:66:5
[INFO] [stdout]    2:     0x612fba8a9fda - std::sys::backtrace::_print_fmt::h842a1474e6f8d23f
[INFO] [stdout]                                at /rustc/6067b36314ab5eb2eb47cecc464545ba58e1ad24/library/std/src/sys/backtrace.rs:66:9
[INFO] [stdout]    3:     0x612fba8a9fda - <std::sys::backtrace::BacktraceLock::print::DisplayBacktrace as core::fmt::Display>::fmt::h71a62eb3b9696b12
[INFO] [stdout]                                at /rustc/6067b36314ab5eb2eb47cecc464545ba58e1ad24/library/std/src/sys/backtrace.rs:39:26
[INFO] [stdout]    4:     0x612fba8d1633 - core::fmt::rt::Argument::fmt::hdb6b616786b41dc1
[INFO] [stdout]                                at /rustc/6067b36314ab5eb2eb47cecc464545ba58e1ad24/library/core/src/fmt/rt.rs:177:76
[INFO] [stdout]    5:     0x612fba8d1633 - core::fmt::write::h2cc1698af7e2d686
[INFO] [stdout]                                at /rustc/6067b36314ab5eb2eb47cecc464545ba58e1ad24/library/core/src/fmt/mod.rs:1440:21
[INFO] [stdout]    6:     0x612fba8a6b33 - std::io::Write::write_fmt::hab1b4cd059a79022
[INFO] [stdout]                                at /rustc/6067b36314ab5eb2eb47cecc464545ba58e1ad24/library/std/src/io/mod.rs:1887:15
[INFO] [stdout]    7:     0x612fba8a9e22 - std::sys::backtrace::BacktraceLock::print::h147fe35b4ea13b08
[INFO] [stdout]                                at /rustc/6067b36314ab5eb2eb47cecc464545ba58e1ad24/library/std/src/sys/backtrace.rs:42:9
[INFO] [stdout]    8:     0x612fba8ab3ff - std::panicking::default_hook::{{closure}}::hbd44223dbdc0d208
[INFO] [stdout]                                at /rustc/6067b36314ab5eb2eb47cecc464545ba58e1ad24/library/std/src/panicking.rs:298:22
[INFO] [stdout]    9:     0x612fba8ab218 - std::panicking::default_hook::h20f81eb0576efcec
[INFO] [stdout]                                at /rustc/6067b36314ab5eb2eb47cecc464545ba58e1ad24/library/std/src/panicking.rs:322:9
[INFO] [stdout]   10:     0x612fba873923 - <alloc::boxed::Box<F,A> as core::ops::function::Fn<Args>>::call::hdb53814c496a4d34
[INFO] [stdout]                                at /rustc/6067b36314ab5eb2eb47cecc464545ba58e1ad24/library/alloc/src/boxed.rs:2027:9
[INFO] [stdout]   11:     0x612fba873923 - test::test_main::{{closure}}::hc0a4963c59427c24
[INFO] [stdout]                                at /rustc/6067b36314ab5eb2eb47cecc464545ba58e1ad24/library/test/src/lib.rs:134:21
[INFO] [stdout]   12:     0x612fba8abef3 - <alloc::boxed::Box<F,A> as core::ops::function::Fn<Args>>::call::h591b2225413a77e9
[INFO] [stdout]                                at /rustc/6067b36314ab5eb2eb47cecc464545ba58e1ad24/library/alloc/src/boxed.rs:2027:9
[INFO] [stdout]   13:     0x612fba8abef3 - std::panicking::rust_panic_with_hook::h625eea43051b2edc
[INFO] [stdout]                                at /rustc/6067b36314ab5eb2eb47cecc464545ba58e1ad24/library/std/src/panicking.rs:839:13
[INFO] [stdout]   14:     0x612fba8abbaa - std::panicking::begin_panic_handler::{{closure}}::h4f9159cfbc3f6bd3
[INFO] [stdout]                                at /rustc/6067b36314ab5eb2eb47cecc464545ba58e1ad24/library/std/src/panicking.rs:704:13
[INFO] [stdout]   15:     0x612fba8aa4d9 - std::sys::backtrace::__rust_end_short_backtrace::h0390abce48353151
[INFO] [stdout]                                at /rustc/6067b36314ab5eb2eb47cecc464545ba58e1ad24/library/std/src/sys/backtrace.rs:168:18
[INFO] [stdout]   16:     0x612fba8ab83d - rust_begin_unwind
[INFO] [stdout]                                at /rustc/6067b36314ab5eb2eb47cecc464545ba58e1ad24/library/std/src/panicking.rs:695:5
[INFO] [stdout]   17:     0x612fba8d0040 - core::panicking::panic_fmt::h9e7c637e9e5f29c9
[INFO] [stdout]                                at /rustc/6067b36314ab5eb2eb47cecc464545ba58e1ad24/library/core/src/panicking.rs:75:14
[INFO] [stdout]   18:     0x612fba8d0486 - core::result::unwrap_failed::h7979f09313fe1849
[INFO] [stdout]                                at /rustc/6067b36314ab5eb2eb47cecc464545ba58e1ad24/library/core/src/result.rs:1704:5
[INFO] [stdout]   19:     0x612fba836108 - core::result::Result<T,E>::unwrap::ha68f3f6902b82fec
[INFO] [stdout]                                at /rustc/6067b36314ab5eb2eb47cecc464545ba58e1ad24/library/core/src/result.rs:1109:23
[INFO] [stdout]   20:     0x612fba836108 - assembler_8086::tests::test_listing_0052::h092ad233faa99198
[INFO] [stdout]                                at /opt/rustwide/workdir/src/main.rs:1845:31
[INFO] [stdout]   21:     0x612fba832ad7 - assembler_8086::tests::test_listing_0052::{{closure}}::h397595b8f9543cd2
[INFO] [stdout]                                at /opt/rustwide/workdir/src/main.rs:1648:27
[INFO] [stdout]   22:     0x612fba80cc46 - core::ops::function::FnOnce::call_once::he25fd36237835638
[INFO] [stdout]                                at /rustc/6067b36314ab5eb2eb47cecc464545ba58e1ad24/library/core/src/ops/function.rs:250:5
[INFO] [stdout]   23:     0x612fba87907b - core::ops::function::FnOnce::call_once::he27718dfdd183f43
[INFO] [stdout]                                at /rustc/6067b36314ab5eb2eb47cecc464545ba58e1ad24/library/core/src/ops/function.rs:250:5
[INFO] [stdout]   24:     0x612fba87907b - test::__rust_begin_short_backtrace::h4e84902998457a5d
[INFO] [stdout]                                at /rustc/6067b36314ab5eb2eb47cecc464545ba58e1ad24/library/test/src/lib.rs:632:18
[INFO] [stdout]   25:     0x612fba877fb3 - test::run_test_in_process::{{closure}}::h7176fd18fc1feca0
[INFO] [stdout]                                at /rustc/6067b36314ab5eb2eb47cecc464545ba58e1ad24/library/test/src/lib.rs:655:60
[INFO] [stdout]   26:     0x612fba877fb3 - <core::panic::unwind_safe::AssertUnwindSafe<F> as core::ops::function::FnOnce<()>>::call_once::hf79cff2a624d8cf7
[INFO] [stdout]                                at /rustc/6067b36314ab5eb2eb47cecc464545ba58e1ad24/library/core/src/panic/unwind_safe.rs:272:9
[INFO] [stdout]   27:     0x612fba877fb3 - std::panicking::try::do_call::h3da0561d9ab99c25
[INFO] [stdout]                                at /rustc/6067b36314ab5eb2eb47cecc464545ba58e1ad24/library/std/src/panicking.rs:587:40
[INFO] [stdout]   28:     0x612fba877fb3 - std::panicking::try::h41c9fa508bc61df6
[INFO] [stdout]                                at /rustc/6067b36314ab5eb2eb47cecc464545ba58e1ad24/library/std/src/panicking.rs:550:19
[INFO] [stdout]   29:     0x612fba877fb3 - std::panic::catch_unwind::h6b3ff07bb5afad93
[INFO] [stdout]                                at /rustc/6067b36314ab5eb2eb47cecc464545ba58e1ad24/library/std/src/panic.rs:358:14
[INFO] [stdout]   30:     0x612fba877fb3 - test::run_test_in_process::hc7253dd11b39b9f4
[INFO] [stdout]                                at /rustc/6067b36314ab5eb2eb47cecc464545ba58e1ad24/library/test/src/lib.rs:655:27
[INFO] [stdout]   31:     0x612fba877fb3 - test::run_test::{{closure}}::hfb2007f8649c30bb
[INFO] [stdout]                                at /rustc/6067b36314ab5eb2eb47cecc464545ba58e1ad24/library/test/src/lib.rs:576:43
[INFO] [stdout]   32:     0x612fba83b095 - test::run_test::{{closure}}::h56a17aa7a282a9f4
[INFO] [stdout]                                at /rustc/6067b36314ab5eb2eb47cecc464545ba58e1ad24/library/test/src/lib.rs:606:41
[INFO] [stdout]   33:     0x612fba83b095 - std::sys::backtrace::__rust_begin_short_backtrace::hd2d2d2fb8e8c6aac
[INFO] [stdout]                                at /rustc/6067b36314ab5eb2eb47cecc464545ba58e1ad24/library/std/src/sys/backtrace.rs:152:18
[INFO] [stdout]   34:     0x612fba83e97a - std::thread::Builder::spawn_unchecked_::{{closure}}::{{closure}}::h4faa3f9db6133423
[INFO] [stdout]                                at /rustc/6067b36314ab5eb2eb47cecc464545ba58e1ad24/library/std/src/thread/mod.rs:559:17
[INFO] [stdout]   35:     0x612fba83e97a - <core::panic::unwind_safe::AssertUnwindSafe<F> as core::ops::function::FnOnce<()>>::call_once::hf2e855a36a4ea846
[INFO] [stdout]                                at /rustc/6067b36314ab5eb2eb47cecc464545ba58e1ad24/library/core/src/panic/unwind_safe.rs:272:9
[INFO] [stdout]   36:     0x612fba83e97a - std::panicking::try::do_call::h2f73af3616c35465
[INFO] [stdout]                                at /rustc/6067b36314ab5eb2eb47cecc464545ba58e1ad24/library/std/src/panicking.rs:587:40
[INFO] [stdout]   37:     0x612fba83e97a - std::panicking::try::hd1660ce9efadef5a
[INFO] [stdout]                                at /rustc/6067b36314ab5eb2eb47cecc464545ba58e1ad24/library/std/src/panicking.rs:550:19
[INFO] [stdout]   38:     0x612fba83e97a - std::panic::catch_unwind::h5ee8d7823b8ca744
[INFO] [stdout]                                at /rustc/6067b36314ab5eb2eb47cecc464545ba58e1ad24/library/std/src/panic.rs:358:14
[INFO] [stdout]   39:     0x612fba83e97a - std::thread::Builder::spawn_unchecked_::{{closure}}::h53c3a1894dce8407
[INFO] [stdout]                                at /rustc/6067b36314ab5eb2eb47cecc464545ba58e1ad24/library/std/src/thread/mod.rs:557:30
[INFO] [stdout]   40:     0x612fba83e97a - core::ops::function::FnOnce::call_once{{vtable.shim}}::h048ce291ad4f62bf
[INFO] [stdout]                                at /rustc/6067b36314ab5eb2eb47cecc464545ba58e1ad24/library/core/src/ops/function.rs:250:5
[INFO] [stdout]   41:     0x612fba8afe2b - <alloc::boxed::Box<F,A> as core::ops::function::FnOnce<Args>>::call_once::ha52bedf99a3b4981
[INFO] [stdout]                                at /rustc/6067b36314ab5eb2eb47cecc464545ba58e1ad24/library/alloc/src/boxed.rs:2013:9
[INFO] [stdout]   42:     0x612fba8afe2b - <alloc::boxed::Box<F,A> as core::ops::function::FnOnce<Args>>::call_once::h567748934d80ccf8
[INFO] [stdout]                                at /rustc/6067b36314ab5eb2eb47cecc464545ba58e1ad24/library/alloc/src/boxed.rs:2013:9
[INFO] [stdout]   43:     0x612fba8afe2b - std::sys::pal::unix::thread::Thread::new::thread_start::h2d970728ae887adc
[INFO] [stdout]                                at /rustc/6067b36314ab5eb2eb47cecc464545ba58e1ad24/library/std/src/sys/pal/unix/thread.rs:106:17
[INFO] [stdout]   44:     0x767f1555fac3 - <unknown>
[INFO] [stdout]   45:     0x767f155f0a04 - clone
[INFO] [stdout]   46:                0x0 - <unknown>
[INFO] [stdout] 
[INFO] [stdout] ---- tests::test_listing_0051 stdout ----
[INFO] [stdout] 
[INFO] [stdout] thread 'tests::test_listing_0051' panicked at src/main.rs:1565:134:
[INFO] [stdout] called `Result::unwrap()` on an `Err` value: Os { code: 2, kind: NotFound, message: "No such file or directory" }
[INFO] [stdout] stack backtrace:
[INFO] [stdout]    0:     0x612fba8a9fda - std::backtrace_rs::backtrace::libunwind::trace::hb059275cfc8d6126
[INFO] [stdout]                                at /rustc/6067b36314ab5eb2eb47cecc464545ba58e1ad24/library/std/src/../../backtrace/src/backtrace/libunwind.rs:116:5
[INFO] [stdout]    1:     0x612fba8a9fda - std::backtrace_rs::backtrace::trace_unsynchronized::h2da071e4327ce3ee
[INFO] [stdout]                                at /rustc/6067b36314ab5eb2eb47cecc464545ba58e1ad24/library/std/src/../../backtrace/src/backtrace/mod.rs:66:5
[INFO] [stdout]    2:     0x612fba8a9fda - std::sys::backtrace::_print_fmt::h842a1474e6f8d23f
[INFO] [stdout]                                at /rustc/6067b36314ab5eb2eb47cecc464545ba58e1ad24/library/std/src/sys/backtrace.rs:66:9
[INFO] [stdout]    3:     0x612fba8a9fda - <std::sys::backtrace::BacktraceLock::print::DisplayBacktrace as core::fmt::Display>::fmt::h71a62eb3b9696b12
[INFO] [stdout]                                at /rustc/6067b36314ab5eb2eb47cecc464545ba58e1ad24/library/std/src/sys/backtrace.rs:39:26
[INFO] [stdout]    4:     0x612fba8d1633 - core::fmt::rt::Argument::fmt::hdb6b616786b41dc1
[INFO] [stdout]                                at /rustc/6067b36314ab5eb2eb47cecc464545ba58e1ad24/library/core/src/fmt/rt.rs:177:76
[INFO] [stdout]    5:     0x612fba8d1633 - core::fmt::write::h2cc1698af7e2d686
[INFO] [stdout]                                at /rustc/6067b36314ab5eb2eb47cecc464545ba58e1ad24/library/core/src/fmt/mod.rs:1440:21
[INFO] [stdout]    6:     0x612fba8a6b33 - std::io::Write::write_fmt::hab1b4cd059a79022
[INFO] [stdout]                                at /rustc/6067b36314ab5eb2eb47cecc464545ba58e1ad24/library/std/src/io/mod.rs:1887:15
[INFO] [stdout]    7:     0x612fba8a9e22 - std::sys::backtrace::BacktraceLock::print::h147fe35b4ea13b08
[INFO] [stdout]                                at /rustc/6067b36314ab5eb2eb47cecc464545ba58e1ad24/library/std/src/sys/backtrace.rs:42:9
[INFO] [stdout]    8:     0x612fba8ab3ff - std::panicking::default_hook::{{closure}}::hbd44223dbdc0d208
[INFO] [stdout]                                at /rustc/6067b36314ab5eb2eb47cecc464545ba58e1ad24/library/std/src/panicking.rs:298:22
[INFO] [stdout]    9:     0x612fba8ab218 - std::panicking::default_hook::h20f81eb0576efcec
[INFO] [stdout]                                at /rustc/6067b36314ab5eb2eb47cecc464545ba58e1ad24/library/std/src/panicking.rs:322:9
[INFO] [stdout]   10:     0x612fba873923 - <alloc::boxed::Box<F,A> as core::ops::function::Fn<Args>>::call::hdb53814c496a4d34
[INFO] [stdout]                                at /rustc/6067b36314ab5eb2eb47cecc464545ba58e1ad24/library/alloc/src/boxed.rs:2027:9
[INFO] [stdout]   11:     0x612fba873923 - test::test_main::{{closure}}::hc0a4963c59427c24
[INFO] [stdout]                                at /rustc/6067b36314ab5eb2eb47cecc464545ba58e1ad24/library/test/src/lib.rs:134:21
[INFO] [stdout]   12:     0x612fba8abef3 - <alloc::boxed::Box<F,A> as core::ops::function::Fn<Args>>::call::h591b2225413a77e9
[INFO] [stdout]                                at /rustc/6067b36314ab5eb2eb47cecc464545ba58e1ad24/library/alloc/src/boxed.rs:2027:9
[INFO] [stdout]   13:     0x612fba8abef3 - std::panicking::rust_panic_with_hook::h625eea43051b2edc
[INFO] [stdout]                                at /rustc/6067b36314ab5eb2eb47cecc464545ba58e1ad24/library/std/src/panicking.rs:839:13
[INFO] [stdout]   14:     0x612fba8abbaa - std::panicking::begin_panic_handler::{{closure}}::h4f9159cfbc3f6bd3
[INFO] [stdout]                                at /rustc/6067b36314ab5eb2eb47cecc464545ba58e1ad24/library/std/src/panicking.rs:704:13
[INFO] [stdout]   15:     0x612fba8aa4d9 - std::sys::backtrace::__rust_end_short_backtrace::h0390abce48353151
[INFO] [stdout]                                at /rustc/6067b36314ab5eb2eb47cecc464545ba58e1ad24/library/std/src/sys/backtrace.rs:168:18
[INFO] [stdout]   16:     0x612fba8ab83d - rust_begin_unwind
[INFO] [stdout]                                at /rustc/6067b36314ab5eb2eb47cecc464545ba58e1ad24/library/std/src/panicking.rs:695:5
[INFO] [stdout]   17:     0x612fba8d0040 - core::panicking::panic_fmt::h9e7c637e9e5f29c9
[INFO] [stdout]                                at /rustc/6067b36314ab5eb2eb47cecc464545ba58e1ad24/library/core/src/panicking.rs:75:14
[INFO] [stdout]   18:     0x612fba8d0486 - core::result::unwrap_failed::h7979f09313fe1849
[INFO] [stdout]                                at /rustc/6067b36314ab5eb2eb47cecc464545ba58e1ad24/library/core/src/result.rs:1704:5
[INFO] [stdout]   19:     0x612fba8317dc - core::result::Result<T,E>::unwrap::ha68f3f6902b82fec
[INFO] [stdout]                                at /rustc/6067b36314ab5eb2eb47cecc464545ba58e1ad24/library/core/src/result.rs:1109:23
[INFO] [stdout]   20:     0x612fba8317dc - assembler_8086::tests::test_listing_0051::h3a13b16387aa0077
[INFO] [stdout]                                at /opt/rustwide/workdir/src/main.rs:1565:31
[INFO] [stdout]   21:     0x612fba831727 - assembler_8086::tests::test_listing_0051::{{closure}}::hc9b67f16df2b1219
[INFO] [stdout]                                at /opt/rustwide/workdir/src/main.rs:1564:27
[INFO] [stdout]   22:     0x612fba80ca66 - core::ops::function::FnOnce::call_once::h008eddcc38eb248a
[INFO] [stdout]                                at /rustc/6067b36314ab5eb2eb47cecc464545ba58e1ad24/library/core/src/ops/function.rs:250:5
[INFO] [stdout]   23:     0x612fba87907b - core::ops::function::FnOnce::call_once::he27718dfdd183f43
[INFO] [stdout]                                at /rustc/6067b36314ab5eb2eb47cecc464545ba58e1ad24/library/core/src/ops/function.rs:250:5
[INFO] [stdout]   24:     0x612fba87907b - test::__rust_begin_short_backtrace::h4e84902998457a5d
[INFO] [stdout]                                at /rustc/6067b36314ab5eb2eb47cecc464545ba58e1ad24/library/test/src/lib.rs:632:18
[INFO] [stdout]   25:     0x612fba877fb3 - test::run_test_in_process::{{closure}}::h7176fd18fc1feca0
[INFO] [stdout]                                at /rustc/6067b36314ab5eb2eb47cecc464545ba58e1ad24/library/test/src/lib.rs:655:60
[INFO] [stdout]   26:     0x612fba877fb3 - <core::panic::unwind_safe::AssertUnwindSafe<F> as core::ops::function::FnOnce<()>>::call_once::hf79cff2a624d8cf7
[INFO] [stdout]                                at /rustc/6067b36314ab5eb2eb47cecc464545ba58e1ad24/library/core/src/panic/unwind_safe.rs:272:9
[INFO] [stdout]   27:     0x612fba877fb3 - std::panicking::try::do_call::h3da0561d9ab99c25
[INFO] [stdout]                                at /rustc/6067b36314ab5eb2eb47cecc464545ba58e1ad24/library/std/src/panicking.rs:587:40
[INFO] [stdout]   28:     0x612fba877fb3 - std::panicking::try::h41c9fa508bc61df6
[INFO] [stdout]                                at /rustc/6067b36314ab5eb2eb47cecc464545ba58e1ad24/library/std/src/panicking.rs:550:19
[INFO] [stdout]   29:     0x612fba877fb3 - std::panic::catch_unwind::h6b3ff07bb5afad93
[INFO] [stdout]                                at /rustc/6067b36314ab5eb2eb47cecc464545ba58e1ad24/library/std/src/panic.rs:358:14
[INFO] [stdout]   30:     0x612fba877fb3 - test::run_test_in_process::hc7253dd11b39b9f4
[INFO] [stdout]                                at /rustc/6067b36314ab5eb2eb47cecc464545ba58e1ad24/library/test/src/lib.rs:655:27
[INFO] [stdout]   31:     0x612fba877fb3 - test::run_test::{{closure}}::hfb2007f8649c30bb
[INFO] [stdout]                                at /rustc/6067b36314ab5eb2eb47cecc464545ba58e1ad24/library/test/src/lib.rs:576:43
[INFO] [stdout]   32:     0x612fba83b095 - test::run_test::{{closure}}::h56a17aa7a282a9f4
[INFO] [stdout]                                at /rustc/6067b36314ab5eb2eb47cecc464545ba58e1ad24/library/test/src/lib.rs:606:41
[INFO] [stdout]   33:     0x612fba83b095 - std::sys::backtrace::__rust_begin_short_backtrace::hd2d2d2fb8e8c6aac
[INFO] [stdout]                                at /rustc/6067b36314ab5eb2eb47cecc464545ba58e1ad24/library/std/src/sys/backtrace.rs:152:18
[INFO] [stdout]   34:     0x612fba83e97a - std::thread::Builder::spawn_unchecked_::{{closure}}::{{closure}}::h4faa3f9db6133423
[INFO] [stdout]                                at /rustc/6067b36314ab5eb2eb47cecc464545ba58e1ad24/library/std/src/thread/mod.rs:559:17
[INFO] [stdout]   35:     0x612fba83e97a - <core::panic::unwind_safe::AssertUnwindSafe<F> as core::ops::function::FnOnce<()>>::call_once::hf2e855a36a4ea846
[INFO] [stdout]                                at /rustc/6067b36314ab5eb2eb47cecc464545ba58e1ad24/library/core/src/panic/unwind_safe.rs:272:9
[INFO] [stdout]   36:     0x612fba83e97a - std::panicking::try::do_call::h2f73af3616c35465
[INFO] [stdout]                                at /rustc/6067b36314ab5eb2eb47cecc464545ba58e1ad24/library/std/src/panicking.rs:587:40
[INFO] [stdout]   37:     0x612fba83e97a - std::panicking::try::hd1660ce9efadef5a
[INFO] [stdout]                                at /rustc/6067b36314ab5eb2eb47cecc464545ba58e1ad24/library/std/src/panicking.rs:550:19
[INFO] [stdout]   38:     0x612fba83e97a - std::panic::catch_unwind::h5ee8d7823b8ca744
[INFO] [stdout]                                at /rustc/6067b36314ab5eb2eb47cecc464545ba58e1ad24/library/std/src/panic.rs:358:14
[INFO] [stdout]   39:     0x612fba83e97a - std::thread::Builder::spawn_unchecked_::{{closure}}::h53c3a1894dce8407
[INFO] [stdout]                                at /rustc/6067b36314ab5eb2eb47cecc464545ba58e1ad24/library/std/src/thread/mod.rs:557:30
[INFO] [stdout]   40:     0x612fba83e97a - core::ops::function::FnOnce::call_once{{vtable.shim}}::h048ce291ad4f62bf
[INFO] [stdout]                                at /rustc/6067b36314ab5eb2eb47cecc464545ba58e1ad24/library/core/src/ops/function.rs:250:5
[INFO] [stdout]   41:     0x612fba8afe2b - <alloc::boxed::Box<F,A> as core::ops::function::FnOnce<Args>>::call_once::ha52bedf99a3b4981
[INFO] [stdout]                                at /rustc/6067b36314ab5eb2eb47cecc464545ba58e1ad24/library/alloc/src/boxed.rs:2013:9
[INFO] [stdout]   42:     0x612fba8afe2b - <alloc::boxed::Box<F,A> as core::ops::function::FnOnce<Args>>::call_once::h567748934d80ccf8
[INFO] [stdout]                                at /rustc/6067b36314ab5eb2eb47cecc464545ba58e1ad24/library/alloc/src/boxed.rs:2013:9
[INFO] [stdout]   43:     0x612fba8afe2b - std::sys::pal::unix::thread::Thread::new::thread_start::h2d970728ae887adc
[INFO] [stdout]                                at /rustc/6067b36314ab5eb2eb47cecc464545ba58e1ad24/library/std/src/sys/pal/unix/thread.rs:106:17
[INFO] [stdout]   44:     0x767f1555fac3 - <unknown>
[INFO] [stdout]   45:     0x767f155f0a04 - clone
[INFO] [stdout]   46:                0x0 - <unknown>
[INFO] [stdout] 
[INFO] [stdout] 
[INFO] [stdout] failures:
[INFO] [stdout]     tests::test_listing_0038
[INFO] [stdout]     tests::test_listing_0039
[INFO] [stdout]     tests::test_listing_0041
[INFO] [stdout]     tests::test_listing_0043
[INFO] [stdout]     tests::test_listing_0044
[INFO] [stdout]     tests::test_listing_0046
[INFO] [stdout]     tests::test_listing_0049
[INFO] [stdout]     tests::test_listing_0051
[INFO] [stdout]     tests::test_listing_0052
[INFO] [stdout] 
[INFO] [stdout] test result: FAILED. 0 passed; 9 failed; 0 ignored; 0 measured; 0 filtered out; finished in 0.06s
[INFO] [stdout] 
[INFO] running `Command { std: "docker" "inspect" "98fa75ccb70ca3bcc426471eb6ec6029672191d009dfc437058ce1ceee5b84ce", kill_on_drop: false }`
[INFO] running `Command { std: "docker" "rm" "-f" "98fa75ccb70ca3bcc426471eb6ec6029672191d009dfc437058ce1ceee5b84ce", kill_on_drop: false }`
[INFO] [stdout] 98fa75ccb70ca3bcc426471eb6ec6029672191d009dfc437058ce1ceee5b84ce
