[INFO] cloning repository https://github.com/4dahalibut/ded
[INFO] running `Command { std: "git" "-c" "credential.helper=" "-c" "credential.helper=/workspace/cargo-home/bin/git-credential-null" "clone" "--bare" "https://github.com/4dahalibut/ded" "/workspace/cache/git-repos/https%3A%2F%2Fgithub.com%2F4dahalibut%2Fded", kill_on_drop: false }`
[INFO] [stderr] Cloning into bare repository '/workspace/cache/git-repos/https%3A%2F%2Fgithub.com%2F4dahalibut%2Fded'...
[INFO] running `Command { std: "git" "rev-parse" "HEAD", kill_on_drop: false }`
[INFO] [stdout] 1d01b97c67d17db39f5abe6c8863bc74fdb960aa
[INFO] testing 4dahalibut/ded against nightly-2025-01-18 for randomize-layout-2
[INFO] running `Command { std: "git" "clone" "/workspace/cache/git-repos/https%3A%2F%2Fgithub.com%2F4dahalibut%2Fded" "/workspace/builds/worker-7-tc1/source", kill_on_drop: false }`
[INFO] [stderr] Cloning into '/workspace/builds/worker-7-tc1/source'...
[INFO] [stderr] done.
[INFO] validating manifest of git repo https://github.com/4dahalibut/ded on toolchain nightly-2025-01-18
[INFO] running `Command { std: CARGO_HOME="/workspace/cargo-home" RUSTUP_HOME="/workspace/rustup-home" "/workspace/cargo-home/bin/cargo" "+nightly-2025-01-18" "metadata" "--manifest-path" "Cargo.toml" "--no-deps", kill_on_drop: false }`
[INFO] started tweaking git repo https://github.com/4dahalibut/ded
[INFO] finished tweaking git repo https://github.com/4dahalibut/ded
[INFO] tweaked toml for git repo https://github.com/4dahalibut/ded written to /workspace/builds/worker-7-tc1/source/Cargo.toml
[INFO] running `Command { std: CARGO_HOME="/workspace/cargo-home" RUSTUP_HOME="/workspace/rustup-home" "/workspace/cargo-home/bin/cargo" "+nightly-2025-01-18" "generate-lockfile" "--manifest-path" "Cargo.toml", kill_on_drop: false }`
[INFO] [stderr]     Updating crates.io index
[INFO] [stderr]      Locking 20 packages to latest compatible versions
[INFO] [stderr]       Adding clap v2.34.0 (available: v4.5.26)
[INFO] [stderr]       Adding nom v4.2.3 (available: v7.1.3)
[INFO] running `Command { std: CARGO_HOME="/workspace/cargo-home" RUSTUP_HOME="/workspace/rustup-home" "/workspace/cargo-home/bin/cargo" "+nightly-2025-01-18" "fetch" "--manifest-path" "Cargo.toml", kill_on_drop: false }`
[INFO] [stderr]     Blocking waiting for file lock on package cache
[INFO] [stderr]  Downloading crates ...
[INFO] [stderr]   Downloaded vec_map v0.8.2
[INFO] [stderr]   Downloaded strsim v0.8.0
[INFO] [stderr]   Downloaded ansi_term v0.12.1
[INFO] [stderr]   Downloaded version_check v0.1.5
[INFO] [stderr]   Downloaded clap v2.34.0
[INFO] [stderr]   Downloaded nom v4.2.3
[INFO] [stderr]   Downloaded unicode-width v0.1.14
[INFO] running `Command { std: "docker" "create" "-v" "/var/lib/crater-agent-workspace/builds/worker-7-tc1/target:/opt/rustwide/target:rw,Z" "-v" "/var/lib/crater-agent-workspace/builds/worker-7-tc1/source:/opt/rustwide/workdir:ro,Z" "-v" "/var/lib/crater-agent-workspace/cargo-home:/opt/rustwide/cargo-home:ro,Z" "-v" "/var/lib/crater-agent-workspace/rustup-home:/opt/rustwide/rustup-home:ro,Z" "-e" "SOURCE_DIR=/opt/rustwide/workdir" "-e" "CARGO_TARGET_DIR=/opt/rustwide/target" "-e" "CARGO_HOME=/opt/rustwide/cargo-home" "-e" "RUSTUP_HOME=/opt/rustwide/rustup-home" "-w" "/opt/rustwide/workdir" "-m" "1610612736" "--user" "0:0" "--network" "none" "ghcr.io/rust-lang/crates-build-env/linux@sha256:819108c5571ea2e421544af4d832f968d213c87fbe3707a016657f43d2f853bc" "/opt/rustwide/cargo-home/bin/cargo" "+nightly-2025-01-18" "metadata" "--no-deps" "--format-version=1", kill_on_drop: false }`
[INFO] [stdout] 8d73311f7c116091d87325eb388e7a95607b950e04b647b2ce8d66d74ae720cc
[INFO] running `Command { std: "docker" "start" "-a" "8d73311f7c116091d87325eb388e7a95607b950e04b647b2ce8d66d74ae720cc", kill_on_drop: false }`
[INFO] running `Command { std: "docker" "inspect" "8d73311f7c116091d87325eb388e7a95607b950e04b647b2ce8d66d74ae720cc", kill_on_drop: false }`
[INFO] running `Command { std: "docker" "rm" "-f" "8d73311f7c116091d87325eb388e7a95607b950e04b647b2ce8d66d74ae720cc", kill_on_drop: false }`
[INFO] [stdout] 8d73311f7c116091d87325eb388e7a95607b950e04b647b2ce8d66d74ae720cc
[INFO] running `Command { std: "docker" "create" "-v" "/var/lib/crater-agent-workspace/builds/worker-7-tc1/target:/opt/rustwide/target:rw,Z" "-v" "/var/lib/crater-agent-workspace/builds/worker-7-tc1/source:/opt/rustwide/workdir:ro,Z" "-v" "/var/lib/crater-agent-workspace/cargo-home:/opt/rustwide/cargo-home:ro,Z" "-v" "/var/lib/crater-agent-workspace/rustup-home:/opt/rustwide/rustup-home:ro,Z" "-e" "SOURCE_DIR=/opt/rustwide/workdir" "-e" "CARGO_TARGET_DIR=/opt/rustwide/target" "-e" "CARGO_INCREMENTAL=0" "-e" "RUST_BACKTRACE=full" "-e" "RUSTFLAGS=--cap-lints=forbid" "-e" "RUSTDOCFLAGS=--cap-lints=forbid" "-e" "CARGO_HOME=/opt/rustwide/cargo-home" "-e" "RUSTUP_HOME=/opt/rustwide/rustup-home" "-w" "/opt/rustwide/workdir" "-m" "1610612736" "--user" "0:0" "--network" "none" "ghcr.io/rust-lang/crates-build-env/linux@sha256:819108c5571ea2e421544af4d832f968d213c87fbe3707a016657f43d2f853bc" "/opt/rustwide/cargo-home/bin/cargo" "+nightly-2025-01-18" "build" "--frozen" "--message-format=json", kill_on_drop: false }`
[INFO] [stdout] 77a298af724eef9967fb3df38a5de5f28377a678505dca6f9362b33dbb21ca4b
[INFO] running `Command { std: "docker" "start" "-a" "77a298af724eef9967fb3df38a5de5f28377a678505dca6f9362b33dbb21ca4b", kill_on_drop: false }`
[INFO] [stderr]    Compiling memchr v2.7.4
[INFO] [stderr]    Compiling libc v0.2.169
[INFO] [stderr]    Compiling version_check v0.1.5
[INFO] [stderr]    Compiling unicode-width v0.1.14
[INFO] [stderr]    Compiling regex-syntax v0.8.5
[INFO] [stderr]    Compiling bitflags v1.3.2
[INFO] [stderr]    Compiling vec_map v0.8.2
[INFO] [stderr]    Compiling ansi_term v0.12.1
[INFO] [stderr]    Compiling strsim v0.8.0
[INFO] [stderr]    Compiling nom v4.2.3
[INFO] [stderr]    Compiling textwrap v0.11.0
[INFO] [stderr]    Compiling aho-corasick v1.1.3
[INFO] [stderr]    Compiling atty v0.2.14
[INFO] [stderr]    Compiling clap v2.34.0
[INFO] [stderr]    Compiling regex-automata v0.4.9
[INFO] [stderr]    Compiling regex v1.11.1
[INFO] [stderr]    Compiling ded v0.1.0 (/opt/rustwide/workdir)
[INFO] [stdout] warning: the feature `get_type_id` has been stable since 1.34.0 and no longer requires an attribute to enable
[INFO] [stdout]  --> src/main.rs:1:12
[INFO] [stdout]   |
[INFO] [stdout] 1 | #![feature(get_type_id)]
[INFO] [stdout]   |            ^^^^^^^^^^^
[INFO] [stdout]   |
[INFO] [stdout]   = note: `#[warn(stable_features)]` on by default
[INFO] [stdout] 
[INFO] [stdout] 
[INFO] [stdout] warning: trait objects without an explicit `dyn` are deprecated
[INFO] [stdout]   --> src/main.rs:18:38
[INFO] [stdout]    |
[INFO] [stdout] 18 | fn execute<T: BufRead>(cmd: &mut Box<SedCmd>, mut reader: T) {
[INFO] [stdout]    |                                      ^^^^^^
[INFO] [stdout]    |
[INFO] [stdout]    = warning: this is accepted in the current edition (Rust 2018) but is a hard error in Rust 2021!
[INFO] [stdout]    = note: for more information, see <https://doc.rust-lang.org/nightly/edition-guide/rust-2021/warnings-promoted-to-error.html>
[INFO] [stdout]    = note: `#[warn(bare_trait_objects)]` on by default
[INFO] [stdout] help: if this is a dyn-compatible trait, use `dyn`
[INFO] [stdout]    |
[INFO] [stdout] 18 | fn execute<T: BufRead>(cmd: &mut Box<dyn SedCmd>, mut reader: T) {
[INFO] [stdout]    |                                      +++
[INFO] [stdout] 
[INFO] [stdout] 
[INFO] [stdout] warning: trait objects without an explicit `dyn` are deprecated
[INFO] [stdout]  --> src/addr.rs:7:27
[INFO] [stdout]   |
[INFO] [stdout] 7 |     pub start: Option<Box<Bound>>,
[INFO] [stdout]   |                           ^^^^^
[INFO] [stdout]   |
[INFO] [stdout]   = warning: this is accepted in the current edition (Rust 2018) but is a hard error in Rust 2021!
[INFO] [stdout]   = note: for more information, see <https://doc.rust-lang.org/nightly/edition-guide/rust-2021/warnings-promoted-to-error.html>
[INFO] [stdout] help: if this is a dyn-compatible trait, use `dyn`
[INFO] [stdout]   |
[INFO] [stdout] 7 |     pub start: Option<Box<dyn Bound>>,
[INFO] [stdout]   |                           +++
[INFO] [stdout] 
[INFO] [stdout] 
[INFO] [stdout] warning: trait objects without an explicit `dyn` are deprecated
[INFO] [stdout]  --> src/addr.rs:8:25
[INFO] [stdout]   |
[INFO] [stdout] 8 |     pub end: Option<Box<Bound>>,
[INFO] [stdout]   |                         ^^^^^
[INFO] [stdout]   |
[INFO] [stdout]   = warning: this is accepted in the current edition (Rust 2018) but is a hard error in Rust 2021!
[INFO] [stdout]   = note: for more information, see <https://doc.rust-lang.org/nightly/edition-guide/rust-2021/warnings-promoted-to-error.html>
[INFO] [stdout] help: if this is a dyn-compatible trait, use `dyn`
[INFO] [stdout]   |
[INFO] [stdout] 8 |     pub end: Option<Box<dyn Bound>>,
[INFO] [stdout]   |                         +++
[INFO] [stdout] 
[INFO] [stdout] 
[INFO] [stdout] warning: trait objects without an explicit `dyn` are deprecated
[INFO] [stdout]   --> src/functions.rs:63:30
[INFO] [stdout]    |
[INFO] [stdout] 63 |     pub cmds: Vec<(Addr, Box<SedCmd>)>,
[INFO] [stdout]    |                              ^^^^^^
[INFO] [stdout]    |
[INFO] [stdout]    = warning: this is accepted in the current edition (Rust 2018) but is a hard error in Rust 2021!
[INFO] [stdout]    = note: for more information, see <https://doc.rust-lang.org/nightly/edition-guide/rust-2021/warnings-promoted-to-error.html>
[INFO] [stdout] help: if this is a dyn-compatible trait, use `dyn`
[INFO] [stdout]    |
[INFO] [stdout] 63 |     pub cmds: Vec<(Addr, Box<dyn SedCmd>)>,
[INFO] [stdout]    |                              +++
[INFO] [stdout] 
[INFO] [stdout] 
[INFO] [stdout] warning: trait objects without an explicit `dyn` are deprecated
[INFO] [stdout]   --> src/addr.rs:22:28
[INFO] [stdout]    |
[INFO] [stdout] 22 |     pub fn new1(start: Box<Bound>) -> Addr {
[INFO] [stdout]    |                            ^^^^^
[INFO] [stdout]    |
[INFO] [stdout]    = warning: this is accepted in the current edition (Rust 2018) but is a hard error in Rust 2021!
[INFO] [stdout]    = note: for more information, see <https://doc.rust-lang.org/nightly/edition-guide/rust-2021/warnings-promoted-to-error.html>
[INFO] [stdout] help: if this is a dyn-compatible trait, use `dyn`
[INFO] [stdout]    |
[INFO] [stdout] 22 |     pub fn new1(start: Box<dyn Bound>) -> Addr {
[INFO] [stdout]    |                            +++
[INFO] [stdout] 
[INFO] [stdout] 
[INFO] [stdout] warning: trait objects without an explicit `dyn` are deprecated
[INFO] [stdout]   --> src/addr.rs:31:28
[INFO] [stdout]    |
[INFO] [stdout] 31 |     pub fn new2(start: Box<Bound>, end: Box<Bound>) -> Addr {
[INFO] [stdout]    |                            ^^^^^
[INFO] [stdout]    |
[INFO] [stdout]    = warning: this is accepted in the current edition (Rust 2018) but is a hard error in Rust 2021!
[INFO] [stdout]    = note: for more information, see <https://doc.rust-lang.org/nightly/edition-guide/rust-2021/warnings-promoted-to-error.html>
[INFO] [stdout] help: if this is a dyn-compatible trait, use `dyn`
[INFO] [stdout]    |
[INFO] [stdout] 31 |     pub fn new2(start: Box<dyn Bound>, end: Box<Bound>) -> Addr {
[INFO] [stdout]    |                            +++
[INFO] [stdout] 
[INFO] [stdout] 
[INFO] [stdout] warning: trait objects without an explicit `dyn` are deprecated
[INFO] [stdout]   --> src/addr.rs:31:45
[INFO] [stdout]    |
[INFO] [stdout] 31 |     pub fn new2(start: Box<Bound>, end: Box<Bound>) -> Addr {
[INFO] [stdout]    |                                             ^^^^^
[INFO] [stdout]    |
[INFO] [stdout]    = warning: this is accepted in the current edition (Rust 2018) but is a hard error in Rust 2021!
[INFO] [stdout]    = note: for more information, see <https://doc.rust-lang.org/nightly/edition-guide/rust-2021/warnings-promoted-to-error.html>
[INFO] [stdout] help: if this is a dyn-compatible trait, use `dyn`
[INFO] [stdout]    |
[INFO] [stdout] 31 |     pub fn new2(start: Box<Bound>, end: Box<dyn Bound>) -> Addr {
[INFO] [stdout]    |                                             +++
[INFO] [stdout] 
[INFO] [stdout] 
[INFO] [stdout] warning: trait objects without an explicit `dyn` are deprecated
[INFO] [stdout]   --> src/compile.rs:12:28
[INFO] [stdout]    |
[INFO] [stdout] 12 | named!(num_bound<&str, Box<Bound> >,
[INFO] [stdout]    |                            ^^^^^
[INFO] [stdout]    |
[INFO] [stdout]    = warning: this is accepted in the current edition (Rust 2018) but is a hard error in Rust 2021!
[INFO] [stdout]    = note: for more information, see <https://doc.rust-lang.org/nightly/edition-guide/rust-2021/warnings-promoted-to-error.html>
[INFO] [stdout] help: if this is a dyn-compatible trait, use `dyn`
[INFO] [stdout]    |
[INFO] [stdout] 12 | named!(num_bound<&str, Box<dyn Bound> >,
[INFO] [stdout]    |                            +++
[INFO] [stdout] 
[INFO] [stdout] 
[INFO] [stdout] warning: trait objects without an explicit `dyn` are deprecated
[INFO] [stdout]   --> src/compile.rs:22:30
[INFO] [stdout]    |
[INFO] [stdout] 22 | named!(regex_bound<&str, Box<Bound> >,
[INFO] [stdout]    |                              ^^^^^
[INFO] [stdout]    |
[INFO] [stdout]    = warning: this is accepted in the current edition (Rust 2018) but is a hard error in Rust 2021!
[INFO] [stdout]    = note: for more information, see <https://doc.rust-lang.org/nightly/edition-guide/rust-2021/warnings-promoted-to-error.html>
[INFO] [stdout] help: if this is a dyn-compatible trait, use `dyn`
[INFO] [stdout]    |
[INFO] [stdout] 22 | named!(regex_bound<&str, Box<dyn Bound> >,
[INFO] [stdout]    |                              +++
[INFO] [stdout] 
[INFO] [stdout] 
[INFO] [stdout] warning: trait objects without an explicit `dyn` are deprecated
[INFO] [stdout]    --> src/compile.rs:103:30
[INFO] [stdout]     |
[INFO] [stdout] 103 | named!(append_hold<&str, Box<SedCmd> >,
[INFO] [stdout]     |                              ^^^^^^
[INFO] [stdout]     |
[INFO] [stdout]     = warning: this is accepted in the current edition (Rust 2018) but is a hard error in Rust 2021!
[INFO] [stdout]     = note: for more information, see <https://doc.rust-lang.org/nightly/edition-guide/rust-2021/warnings-promoted-to-error.html>
[INFO] [stdout] help: if this is a dyn-compatible trait, use `dyn`
[INFO] [stdout]     |
[INFO] [stdout] 103 | named!(append_hold<&str, Box<dyn SedCmd> >,
[INFO] [stdout]     |                              +++
[INFO] [stdout] 
[INFO] [stdout] 
[INFO] [stdout] warning: trait objects without an explicit `dyn` are deprecated
[INFO] [stdout]    --> src/compile.rs:111:29
[INFO] [stdout]     |
[INFO] [stdout] 111 | named!(substitute<&str, Box<SedCmd> >,
[INFO] [stdout]     |                             ^^^^^^
[INFO] [stdout]     |
[INFO] [stdout]     = warning: this is accepted in the current edition (Rust 2018) but is a hard error in Rust 2021!
[INFO] [stdout]     = note: for more information, see <https://doc.rust-lang.org/nightly/edition-guide/rust-2021/warnings-promoted-to-error.html>
[INFO] [stdout] help: if this is a dyn-compatible trait, use `dyn`
[INFO] [stdout]     |
[INFO] [stdout] 111 | named!(substitute<&str, Box<dyn SedCmd> >,
[INFO] [stdout]     |                             +++
[INFO] [stdout] 
[INFO] [stdout] 
[INFO] [stdout] warning: trait objects without an explicit `dyn` are deprecated
[INFO] [stdout]    --> src/compile.rs:123:24
[INFO] [stdout]     |
[INFO] [stdout] 123 | named!(aaalt<&str, Box<SedCmd> >,
[INFO] [stdout]     |                        ^^^^^^
[INFO] [stdout]     |
[INFO] [stdout]     = warning: this is accepted in the current edition (Rust 2018) but is a hard error in Rust 2021!
[INFO] [stdout]     = note: for more information, see <https://doc.rust-lang.org/nightly/edition-guide/rust-2021/warnings-promoted-to-error.html>
[INFO] [stdout] help: if this is a dyn-compatible trait, use `dyn`
[INFO] [stdout]     |
[INFO] [stdout] 123 | named!(aaalt<&str, Box<dyn SedCmd> >,
[INFO] [stdout]     |                        +++
[INFO] [stdout] 
[INFO] [stdout] 
[INFO] [stdout] warning: trait objects without an explicit `dyn` are deprecated
[INFO] [stdout]    --> src/compile.rs:154:44
[INFO] [stdout]     |
[INFO] [stdout] 154 | named!(wrapped_single<&str, Vec<(Addr, Box<SedCmd>)> >,
[INFO] [stdout]     |                                            ^^^^^^
[INFO] [stdout]     |
[INFO] [stdout]     = warning: this is accepted in the current edition (Rust 2018) but is a hard error in Rust 2021!
[INFO] [stdout]     = note: for more information, see <https://doc.rust-lang.org/nightly/edition-guide/rust-2021/warnings-promoted-to-error.html>
[INFO] [stdout] help: if this is a dyn-compatible trait, use `dyn`
[INFO] [stdout]     |
[INFO] [stdout] 154 | named!(wrapped_single<&str, Vec<(Addr, Box<dyn SedCmd>)> >,
[INFO] [stdout]     |                                            +++
[INFO] [stdout] 
[INFO] [stdout] 
[INFO] [stdout] warning: trait objects without an explicit `dyn` are deprecated
[INFO] [stdout]    --> src/compile.rs:163:37
[INFO] [stdout]     |
[INFO] [stdout] 163 | named!(pub toplevelparser<&str, Box<SedCmd> >,
[INFO] [stdout]     |                                     ^^^^^^
[INFO] [stdout]     |
[INFO] [stdout]     = warning: this is accepted in the current edition (Rust 2018) but is a hard error in Rust 2021!
[INFO] [stdout]     = note: for more information, see <https://doc.rust-lang.org/nightly/edition-guide/rust-2021/warnings-promoted-to-error.html>
[INFO] [stdout] help: if this is a dyn-compatible trait, use `dyn`
[INFO] [stdout]     |
[INFO] [stdout] 163 | named!(pub toplevelparser<&str, Box<dyn SedCmd> >,
[INFO] [stdout]     |                                     +++
[INFO] [stdout] 
[INFO] [stdout] 
[INFO] [stdout] warning: trait objects without an explicit `dyn` are deprecated
[INFO] [stdout]   --> src/main.rs:40:90
[INFO] [stdout]    |
[INFO] [stdout] 40 |         Some(filename) => Box::new(BufReader::new(File::open(filename).unwrap())) as Box<BufRead>,
[INFO] [stdout]    |                                                                                          ^^^^^^^
[INFO] [stdout]    |
[INFO] [stdout]    = warning: this is accepted in the current edition (Rust 2018) but is a hard error in Rust 2021!
[INFO] [stdout]    = note: for more information, see <https://doc.rust-lang.org/nightly/edition-guide/rust-2021/warnings-promoted-to-error.html>
[INFO] [stdout] help: if this is a dyn-compatible trait, use `dyn`
[INFO] [stdout]    |
[INFO] [stdout] 40 |         Some(filename) => Box::new(BufReader::new(File::open(filename).unwrap())) as Box<dyn BufRead>,
[INFO] [stdout]    |                                                                                          +++
[INFO] [stdout] 
[INFO] [stdout] 
[INFO] [stdout] warning: trait objects without an explicit `dyn` are deprecated
[INFO] [stdout]   --> src/main.rs:41:58
[INFO] [stdout]    |
[INFO] [stdout] 41 |         None => Box::new(BufReader::new(stdin())) as Box<BufRead>,
[INFO] [stdout]    |                                                          ^^^^^^^
[INFO] [stdout]    |
[INFO] [stdout]    = warning: this is accepted in the current edition (Rust 2018) but is a hard error in Rust 2021!
[INFO] [stdout]    = note: for more information, see <https://doc.rust-lang.org/nightly/edition-guide/rust-2021/warnings-promoted-to-error.html>
[INFO] [stdout] help: if this is a dyn-compatible trait, use `dyn`
[INFO] [stdout]    |
[INFO] [stdout] 41 |         None => Box::new(BufReader::new(stdin())) as Box<dyn BufRead>,
[INFO] [stdout]    |                                                          +++
[INFO] [stdout] 
[INFO] [stdout] 
[INFO] [stdout] warning: fields `global`, `print`, and `eval` are never read
[INFO] [stdout]   --> src/functions.rs:15:5
[INFO] [stdout]    |
[INFO] [stdout] 12 | pub struct Subst {
[INFO] [stdout]    |            ----- fields in this struct
[INFO] [stdout] ...
[INFO] [stdout] 15 |     global: bool,
[INFO] [stdout]    |     ^^^^^^
[INFO] [stdout] 16 |     print: bool,
[INFO] [stdout]    |     ^^^^^
[INFO] [stdout] 17 |     eval: bool,
[INFO] [stdout]    |     ^^^^
[INFO] [stdout]    |
[INFO] [stdout]    = note: `Subst` has a derived impl for the trait `Debug`, but this is intentionally ignored during dead code analysis
[INFO] [stdout]    = note: `#[warn(dead_code)]` on by default
[INFO] [stdout] 
[INFO] [stdout] 
[INFO] [stderr]     Finished `dev` profile [unoptimized + debuginfo] target(s) in 17.30s
[INFO] [stderr] warning: the following packages contain code that will be rejected by a future version of Rust: nom v4.2.3
[INFO] [stderr] note: to see what the problems were, use the option `--future-incompat-report`, or run `cargo report future-incompatibilities --id 1`
[INFO] running `Command { std: "docker" "inspect" "77a298af724eef9967fb3df38a5de5f28377a678505dca6f9362b33dbb21ca4b", kill_on_drop: false }`
[INFO] running `Command { std: "docker" "rm" "-f" "77a298af724eef9967fb3df38a5de5f28377a678505dca6f9362b33dbb21ca4b", kill_on_drop: false }`
[INFO] [stdout] 77a298af724eef9967fb3df38a5de5f28377a678505dca6f9362b33dbb21ca4b
[INFO] running `Command { std: "docker" "create" "-v" "/var/lib/crater-agent-workspace/builds/worker-7-tc1/target:/opt/rustwide/target:rw,Z" "-v" "/var/lib/crater-agent-workspace/builds/worker-7-tc1/source:/opt/rustwide/workdir:ro,Z" "-v" "/var/lib/crater-agent-workspace/cargo-home:/opt/rustwide/cargo-home:ro,Z" "-v" "/var/lib/crater-agent-workspace/rustup-home:/opt/rustwide/rustup-home:ro,Z" "-e" "SOURCE_DIR=/opt/rustwide/workdir" "-e" "CARGO_TARGET_DIR=/opt/rustwide/target" "-e" "CARGO_INCREMENTAL=0" "-e" "RUST_BACKTRACE=full" "-e" "RUSTFLAGS=--cap-lints=forbid" "-e" "RUSTDOCFLAGS=--cap-lints=forbid" "-e" "CARGO_HOME=/opt/rustwide/cargo-home" "-e" "RUSTUP_HOME=/opt/rustwide/rustup-home" "-w" "/opt/rustwide/workdir" "-m" "1610612736" "--user" "0:0" "--network" "none" "ghcr.io/rust-lang/crates-build-env/linux@sha256:819108c5571ea2e421544af4d832f968d213c87fbe3707a016657f43d2f853bc" "/opt/rustwide/cargo-home/bin/cargo" "+nightly-2025-01-18" "test" "--frozen" "--no-run" "--message-format=json", kill_on_drop: false }`
[INFO] [stdout] c554cdde4e884e69da3c7681a3694005dfe416dbe9153d7d4bb6d2cfa3f93839
[INFO] running `Command { std: "docker" "start" "-a" "c554cdde4e884e69da3c7681a3694005dfe416dbe9153d7d4bb6d2cfa3f93839", kill_on_drop: false }`
[INFO] [stdout] warning: the feature `get_type_id` has been stable since 1.34.0 and no longer requires an attribute to enable
[INFO] [stdout]  --> src/main.rs:1:12
[INFO] [stdout]   |
[INFO] [stdout] 1 | #![feature(get_type_id)]
[INFO] [stdout]   |            ^^^^^^^^^^^
[INFO] [stdout]   |
[INFO] [stdout]   = note: `#[warn(stable_features)]` on by default
[INFO] [stdout] 
[INFO] [stdout] 
[INFO] [stdout] warning: trait objects without an explicit `dyn` are deprecated
[INFO] [stdout]   --> src/main.rs:18:38
[INFO] [stdout]    |
[INFO] [stdout] 18 | fn execute<T: BufRead>(cmd: &mut Box<SedCmd>, mut reader: T) {
[INFO] [stdout]    |                                      ^^^^^^
[INFO] [stdout]    |
[INFO] [stdout]    = warning: this is accepted in the current edition (Rust 2018) but is a hard error in Rust 2021!
[INFO] [stdout]    = note: for more information, see <https://doc.rust-lang.org/nightly/edition-guide/rust-2021/warnings-promoted-to-error.html>
[INFO] [stdout]    = note: `#[warn(bare_trait_objects)]` on by default
[INFO] [stdout] help: if this is a dyn-compatible trait, use `dyn`
[INFO] [stdout]    |
[INFO] [stdout] 18 | fn execute<T: BufRead>(cmd: &mut Box<dyn SedCmd>, mut reader: T) {
[INFO] [stdout]    |                                      +++
[INFO] [stdout] 
[INFO] [stdout] 
[INFO] [stdout] warning: trait objects without an explicit `dyn` are deprecated
[INFO] [stdout]  --> src/addr.rs:7:27
[INFO] [stdout]   |
[INFO] [stdout] 7 |     pub start: Option<Box<Bound>>,
[INFO] [stdout]   |                           ^^^^^
[INFO] [stdout]   |
[INFO] [stdout]   = warning: this is accepted in the current edition (Rust 2018) but is a hard error in Rust 2021!
[INFO] [stdout]   = note: for more information, see <https://doc.rust-lang.org/nightly/edition-guide/rust-2021/warnings-promoted-to-error.html>
[INFO] [stdout] help: if this is a dyn-compatible trait, use `dyn`
[INFO] [stdout]   |
[INFO] [stdout] 7 |     pub start: Option<Box<dyn Bound>>,
[INFO] [stdout]   |                           +++
[INFO] [stdout] 
[INFO] [stdout] 
[INFO] [stderr]    Compiling ded v0.1.0 (/opt/rustwide/workdir)
[INFO] [stdout] warning: trait objects without an explicit `dyn` are deprecated
[INFO] [stdout]  --> src/addr.rs:8:25
[INFO] [stdout]   |
[INFO] [stdout] 8 |     pub end: Option<Box<Bound>>,
[INFO] [stdout]   |                         ^^^^^
[INFO] [stdout]   |
[INFO] [stdout]   = warning: this is accepted in the current edition (Rust 2018) but is a hard error in Rust 2021!
[INFO] [stdout]   = note: for more information, see <https://doc.rust-lang.org/nightly/edition-guide/rust-2021/warnings-promoted-to-error.html>
[INFO] [stdout] help: if this is a dyn-compatible trait, use `dyn`
[INFO] [stdout]   |
[INFO] [stdout] 8 |     pub end: Option<Box<dyn Bound>>,
[INFO] [stdout]   |                         +++
[INFO] [stdout] 
[INFO] [stdout] 
[INFO] [stdout] warning: trait objects without an explicit `dyn` are deprecated
[INFO] [stdout]   --> src/functions.rs:63:30
[INFO] [stdout]    |
[INFO] [stdout] 63 |     pub cmds: Vec<(Addr, Box<SedCmd>)>,
[INFO] [stdout]    |                              ^^^^^^
[INFO] [stdout]    |
[INFO] [stdout]    = warning: this is accepted in the current edition (Rust 2018) but is a hard error in Rust 2021!
[INFO] [stdout]    = note: for more information, see <https://doc.rust-lang.org/nightly/edition-guide/rust-2021/warnings-promoted-to-error.html>
[INFO] [stdout] help: if this is a dyn-compatible trait, use `dyn`
[INFO] [stdout]    |
[INFO] [stdout] 63 |     pub cmds: Vec<(Addr, Box<dyn SedCmd>)>,
[INFO] [stdout]    |                              +++
[INFO] [stdout] 
[INFO] [stdout] 
[INFO] [stdout] warning: trait objects without an explicit `dyn` are deprecated
[INFO] [stdout]   --> src/addr.rs:22:28
[INFO] [stdout]    |
[INFO] [stdout] 22 |     pub fn new1(start: Box<Bound>) -> Addr {
[INFO] [stdout]    |                            ^^^^^
[INFO] [stdout]    |
[INFO] [stdout]    = warning: this is accepted in the current edition (Rust 2018) but is a hard error in Rust 2021!
[INFO] [stdout]    = note: for more information, see <https://doc.rust-lang.org/nightly/edition-guide/rust-2021/warnings-promoted-to-error.html>
[INFO] [stdout] help: if this is a dyn-compatible trait, use `dyn`
[INFO] [stdout]    |
[INFO] [stdout] 22 |     pub fn new1(start: Box<dyn Bound>) -> Addr {
[INFO] [stdout]    |                            +++
[INFO] [stdout] 
[INFO] [stdout] 
[INFO] [stdout] warning: trait objects without an explicit `dyn` are deprecated
[INFO] [stdout]   --> src/addr.rs:31:28
[INFO] [stdout]    |
[INFO] [stdout] 31 |     pub fn new2(start: Box<Bound>, end: Box<Bound>) -> Addr {
[INFO] [stdout]    |                            ^^^^^
[INFO] [stdout]    |
[INFO] [stdout]    = warning: this is accepted in the current edition (Rust 2018) but is a hard error in Rust 2021!
[INFO] [stdout]    = note: for more information, see <https://doc.rust-lang.org/nightly/edition-guide/rust-2021/warnings-promoted-to-error.html>
[INFO] [stdout] help: if this is a dyn-compatible trait, use `dyn`
[INFO] [stdout]    |
[INFO] [stdout] 31 |     pub fn new2(start: Box<dyn Bound>, end: Box<Bound>) -> Addr {
[INFO] [stdout]    |                            +++
[INFO] [stdout] 
[INFO] [stdout] 
[INFO] [stdout] warning: trait objects without an explicit `dyn` are deprecated
[INFO] [stdout]   --> src/addr.rs:31:45
[INFO] [stdout]    |
[INFO] [stdout] 31 |     pub fn new2(start: Box<Bound>, end: Box<Bound>) -> Addr {
[INFO] [stdout]    |                                             ^^^^^
[INFO] [stdout]    |
[INFO] [stdout]    = warning: this is accepted in the current edition (Rust 2018) but is a hard error in Rust 2021!
[INFO] [stdout]    = note: for more information, see <https://doc.rust-lang.org/nightly/edition-guide/rust-2021/warnings-promoted-to-error.html>
[INFO] [stdout] help: if this is a dyn-compatible trait, use `dyn`
[INFO] [stdout]    |
[INFO] [stdout] 31 |     pub fn new2(start: Box<Bound>, end: Box<dyn Bound>) -> Addr {
[INFO] [stdout]    |                                             +++
[INFO] [stdout] 
[INFO] [stdout] 
[INFO] [stdout] warning: trait objects without an explicit `dyn` are deprecated
[INFO] [stdout]   --> src/compile.rs:12:28
[INFO] [stdout]    |
[INFO] [stdout] 12 | named!(num_bound<&str, Box<Bound> >,
[INFO] [stdout]    |                            ^^^^^
[INFO] [stdout]    |
[INFO] [stdout]    = warning: this is accepted in the current edition (Rust 2018) but is a hard error in Rust 2021!
[INFO] [stdout]    = note: for more information, see <https://doc.rust-lang.org/nightly/edition-guide/rust-2021/warnings-promoted-to-error.html>
[INFO] [stdout] help: if this is a dyn-compatible trait, use `dyn`
[INFO] [stdout]    |
[INFO] [stdout] 12 | named!(num_bound<&str, Box<dyn Bound> >,
[INFO] [stdout]    |                            +++
[INFO] [stdout] 
[INFO] [stdout] 
[INFO] [stdout] warning: trait objects without an explicit `dyn` are deprecated
[INFO] [stdout]   --> src/compile.rs:22:30
[INFO] [stdout]    |
[INFO] [stdout] 22 | named!(regex_bound<&str, Box<Bound> >,
[INFO] [stdout]    |                              ^^^^^
[INFO] [stdout]    |
[INFO] [stdout]    = warning: this is accepted in the current edition (Rust 2018) but is a hard error in Rust 2021!
[INFO] [stdout]    = note: for more information, see <https://doc.rust-lang.org/nightly/edition-guide/rust-2021/warnings-promoted-to-error.html>
[INFO] [stdout] help: if this is a dyn-compatible trait, use `dyn`
[INFO] [stdout]    |
[INFO] [stdout] 22 | named!(regex_bound<&str, Box<dyn Bound> >,
[INFO] [stdout]    |                              +++
[INFO] [stdout] 
[INFO] [stdout] 
[INFO] [stdout] warning: trait objects without an explicit `dyn` are deprecated
[INFO] [stdout]    --> src/compile.rs:103:30
[INFO] [stdout]     |
[INFO] [stdout] 103 | named!(append_hold<&str, Box<SedCmd> >,
[INFO] [stdout]     |                              ^^^^^^
[INFO] [stdout]     |
[INFO] [stdout]     = warning: this is accepted in the current edition (Rust 2018) but is a hard error in Rust 2021!
[INFO] [stdout]     = note: for more information, see <https://doc.rust-lang.org/nightly/edition-guide/rust-2021/warnings-promoted-to-error.html>
[INFO] [stdout] help: if this is a dyn-compatible trait, use `dyn`
[INFO] [stdout]     |
[INFO] [stdout] 103 | named!(append_hold<&str, Box<dyn SedCmd> >,
[INFO] [stdout]     |                              +++
[INFO] [stdout] 
[INFO] [stdout] 
[INFO] [stdout] warning: trait objects without an explicit `dyn` are deprecated
[INFO] [stdout]    --> src/compile.rs:111:29
[INFO] [stdout]     |
[INFO] [stdout] 111 | named!(substitute<&str, Box<SedCmd> >,
[INFO] [stdout]     |                             ^^^^^^
[INFO] [stdout]     |
[INFO] [stdout]     = warning: this is accepted in the current edition (Rust 2018) but is a hard error in Rust 2021!
[INFO] [stdout]     = note: for more information, see <https://doc.rust-lang.org/nightly/edition-guide/rust-2021/warnings-promoted-to-error.html>
[INFO] [stdout] help: if this is a dyn-compatible trait, use `dyn`
[INFO] [stdout]     |
[INFO] [stdout] 111 | named!(substitute<&str, Box<dyn SedCmd> >,
[INFO] [stdout]     |                             +++
[INFO] [stdout] 
[INFO] [stdout] 
[INFO] [stdout] warning: trait objects without an explicit `dyn` are deprecated
[INFO] [stdout]    --> src/compile.rs:123:24
[INFO] [stdout]     |
[INFO] [stdout] 123 | named!(aaalt<&str, Box<SedCmd> >,
[INFO] [stdout]     |                        ^^^^^^
[INFO] [stdout]     |
[INFO] [stdout]     = warning: this is accepted in the current edition (Rust 2018) but is a hard error in Rust 2021!
[INFO] [stdout]     = note: for more information, see <https://doc.rust-lang.org/nightly/edition-guide/rust-2021/warnings-promoted-to-error.html>
[INFO] [stdout] help: if this is a dyn-compatible trait, use `dyn`
[INFO] [stdout]     |
[INFO] [stdout] 123 | named!(aaalt<&str, Box<dyn SedCmd> >,
[INFO] [stdout]     |                        +++
[INFO] [stdout] 
[INFO] [stdout] 
[INFO] [stdout] warning: trait objects without an explicit `dyn` are deprecated
[INFO] [stdout]    --> src/compile.rs:154:44
[INFO] [stdout]     |
[INFO] [stdout] 154 | named!(wrapped_single<&str, Vec<(Addr, Box<SedCmd>)> >,
[INFO] [stdout]     |                                            ^^^^^^
[INFO] [stdout]     |
[INFO] [stdout]     = warning: this is accepted in the current edition (Rust 2018) but is a hard error in Rust 2021!
[INFO] [stdout]     = note: for more information, see <https://doc.rust-lang.org/nightly/edition-guide/rust-2021/warnings-promoted-to-error.html>
[INFO] [stdout] help: if this is a dyn-compatible trait, use `dyn`
[INFO] [stdout]     |
[INFO] [stdout] 154 | named!(wrapped_single<&str, Vec<(Addr, Box<dyn SedCmd>)> >,
[INFO] [stdout]     |                                            +++
[INFO] [stdout] 
[INFO] [stdout] 
[INFO] [stdout] warning: trait objects without an explicit `dyn` are deprecated
[INFO] [stdout]    --> src/compile.rs:163:37
[INFO] [stdout]     |
[INFO] [stdout] 163 | named!(pub toplevelparser<&str, Box<SedCmd> >,
[INFO] [stdout]     |                                     ^^^^^^
[INFO] [stdout]     |
[INFO] [stdout]     = warning: this is accepted in the current edition (Rust 2018) but is a hard error in Rust 2021!
[INFO] [stdout]     = note: for more information, see <https://doc.rust-lang.org/nightly/edition-guide/rust-2021/warnings-promoted-to-error.html>
[INFO] [stdout] help: if this is a dyn-compatible trait, use `dyn`
[INFO] [stdout]     |
[INFO] [stdout] 163 | named!(pub toplevelparser<&str, Box<dyn SedCmd> >,
[INFO] [stdout]     |                                     +++
[INFO] [stdout] 
[INFO] [stdout] 
[INFO] [stdout] warning: trait objects without an explicit `dyn` are deprecated
[INFO] [stdout]   --> src/main.rs:40:90
[INFO] [stdout]    |
[INFO] [stdout] 40 |         Some(filename) => Box::new(BufReader::new(File::open(filename).unwrap())) as Box<BufRead>,
[INFO] [stdout]    |                                                                                          ^^^^^^^
[INFO] [stdout]    |
[INFO] [stdout]    = warning: this is accepted in the current edition (Rust 2018) but is a hard error in Rust 2021!
[INFO] [stdout]    = note: for more information, see <https://doc.rust-lang.org/nightly/edition-guide/rust-2021/warnings-promoted-to-error.html>
[INFO] [stdout] help: if this is a dyn-compatible trait, use `dyn`
[INFO] [stdout]    |
[INFO] [stdout] 40 |         Some(filename) => Box::new(BufReader::new(File::open(filename).unwrap())) as Box<dyn BufRead>,
[INFO] [stdout]    |                                                                                          +++
[INFO] [stdout] 
[INFO] [stdout] 
[INFO] [stdout] warning: trait objects without an explicit `dyn` are deprecated
[INFO] [stdout]   --> src/main.rs:41:58
[INFO] [stdout]    |
[INFO] [stdout] 41 |         None => Box::new(BufReader::new(stdin())) as Box<BufRead>,
[INFO] [stdout]    |                                                          ^^^^^^^
[INFO] [stdout]    |
[INFO] [stdout]    = warning: this is accepted in the current edition (Rust 2018) but is a hard error in Rust 2021!
[INFO] [stdout]    = note: for more information, see <https://doc.rust-lang.org/nightly/edition-guide/rust-2021/warnings-promoted-to-error.html>
[INFO] [stdout] help: if this is a dyn-compatible trait, use `dyn`
[INFO] [stdout]    |
[INFO] [stdout] 41 |         None => Box::new(BufReader::new(stdin())) as Box<dyn BufRead>,
[INFO] [stdout]    |                                                          +++
[INFO] [stdout] 
[INFO] [stdout] 
[INFO] [stdout] warning: fields `global`, `print`, and `eval` are never read
[INFO] [stdout]   --> src/functions.rs:15:5
[INFO] [stdout]    |
[INFO] [stdout] 12 | pub struct Subst {
[INFO] [stdout]    |            ----- fields in this struct
[INFO] [stdout] ...
[INFO] [stdout] 15 |     global: bool,
[INFO] [stdout]    |     ^^^^^^
[INFO] [stdout] 16 |     print: bool,
[INFO] [stdout]    |     ^^^^^
[INFO] [stdout] 17 |     eval: bool,
[INFO] [stdout]    |     ^^^^
[INFO] [stdout]    |
[INFO] [stdout]    = note: `Subst` has a derived impl for the trait `Debug`, but this is intentionally ignored during dead code analysis
[INFO] [stdout]    = note: `#[warn(dead_code)]` on by default
[INFO] [stdout] 
[INFO] [stdout] 
[INFO] [stdout] warning: the feature `get_type_id` has been stable since 1.34.0 and no longer requires an attribute to enable
[INFO] [stdout]  --> src/main.rs:1:12
[INFO] [stdout]   |
[INFO] [stdout] 1 | #![feature(get_type_id)]
[INFO] [stdout]   |            ^^^^^^^^^^^
[INFO] [stdout]   |
[INFO] [stdout]   = note: `#[warn(stable_features)]` on by default
[INFO] [stdout] 
[INFO] [stdout] 
[INFO] [stdout] warning: trait objects without an explicit `dyn` are deprecated
[INFO] [stdout]   --> src/main.rs:18:38
[INFO] [stdout]    |
[INFO] [stdout] 18 | fn execute<T: BufRead>(cmd: &mut Box<SedCmd>, mut reader: T) {
[INFO] [stdout]    |                                      ^^^^^^
[INFO] [stdout]    |
[INFO] [stdout]    = warning: this is accepted in the current edition (Rust 2018) but is a hard error in Rust 2021!
[INFO] [stdout]    = note: for more information, see <https://doc.rust-lang.org/nightly/edition-guide/rust-2021/warnings-promoted-to-error.html>
[INFO] [stdout]    = note: `#[warn(bare_trait_objects)]` on by default
[INFO] [stdout] help: if this is a dyn-compatible trait, use `dyn`
[INFO] [stdout]    |
[INFO] [stdout] 18 | fn execute<T: BufRead>(cmd: &mut Box<dyn SedCmd>, mut reader: T) {
[INFO] [stdout]    |                                      +++
[INFO] [stdout] 
[INFO] [stdout] 
[INFO] [stdout] warning: trait objects without an explicit `dyn` are deprecated
[INFO] [stdout]  --> src/addr.rs:7:27
[INFO] [stdout]   |
[INFO] [stdout] 7 |     pub start: Option<Box<Bound>>,
[INFO] [stdout]   |                           ^^^^^
[INFO] [stdout]   |
[INFO] [stdout]   = warning: this is accepted in the current edition (Rust 2018) but is a hard error in Rust 2021!
[INFO] [stdout]   = note: for more information, see <https://doc.rust-lang.org/nightly/edition-guide/rust-2021/warnings-promoted-to-error.html>
[INFO] [stdout] help: if this is a dyn-compatible trait, use `dyn`
[INFO] [stdout]   |
[INFO] [stdout] 7 |     pub start: Option<Box<dyn Bound>>,
[INFO] [stdout]   |                           +++
[INFO] [stdout] 
[INFO] [stdout] 
[INFO] [stdout] warning: trait objects without an explicit `dyn` are deprecated
[INFO] [stdout]  --> src/addr.rs:8:25
[INFO] [stdout]   |
[INFO] [stdout] 8 |     pub end: Option<Box<Bound>>,
[INFO] [stdout]   |                         ^^^^^
[INFO] [stdout]   |
[INFO] [stdout]   = warning: this is accepted in the current edition (Rust 2018) but is a hard error in Rust 2021!
[INFO] [stdout]   = note: for more information, see <https://doc.rust-lang.org/nightly/edition-guide/rust-2021/warnings-promoted-to-error.html>
[INFO] [stdout] help: if this is a dyn-compatible trait, use `dyn`
[INFO] [stdout]   |
[INFO] [stdout] 8 |     pub end: Option<Box<dyn Bound>>,
[INFO] [stdout]   |                         +++
[INFO] [stdout] 
[INFO] [stdout] 
[INFO] [stdout] warning: trait objects without an explicit `dyn` are deprecated
[INFO] [stdout]   --> src/functions.rs:63:30
[INFO] [stdout]    |
[INFO] [stdout] 63 |     pub cmds: Vec<(Addr, Box<SedCmd>)>,
[INFO] [stdout]    |                              ^^^^^^
[INFO] [stdout]    |
[INFO] [stdout]    = warning: this is accepted in the current edition (Rust 2018) but is a hard error in Rust 2021!
[INFO] [stdout]    = note: for more information, see <https://doc.rust-lang.org/nightly/edition-guide/rust-2021/warnings-promoted-to-error.html>
[INFO] [stdout] help: if this is a dyn-compatible trait, use `dyn`
[INFO] [stdout]    |
[INFO] [stdout] 63 |     pub cmds: Vec<(Addr, Box<dyn SedCmd>)>,
[INFO] [stdout]    |                              +++
[INFO] [stdout] 
[INFO] [stdout] 
[INFO] [stdout] warning: trait objects without an explicit `dyn` are deprecated
[INFO] [stdout]   --> src/addr.rs:22:28
[INFO] [stdout]    |
[INFO] [stdout] 22 |     pub fn new1(start: Box<Bound>) -> Addr {
[INFO] [stdout]    |                            ^^^^^
[INFO] [stdout]    |
[INFO] [stdout]    = warning: this is accepted in the current edition (Rust 2018) but is a hard error in Rust 2021!
[INFO] [stdout]    = note: for more information, see <https://doc.rust-lang.org/nightly/edition-guide/rust-2021/warnings-promoted-to-error.html>
[INFO] [stdout] help: if this is a dyn-compatible trait, use `dyn`
[INFO] [stdout]    |
[INFO] [stdout] 22 |     pub fn new1(start: Box<dyn Bound>) -> Addr {
[INFO] [stdout]    |                            +++
[INFO] [stdout] 
[INFO] [stdout] 
[INFO] [stdout] warning: trait objects without an explicit `dyn` are deprecated
[INFO] [stdout]   --> src/addr.rs:31:28
[INFO] [stdout]    |
[INFO] [stdout] 31 |     pub fn new2(start: Box<Bound>, end: Box<Bound>) -> Addr {
[INFO] [stdout]    |                            ^^^^^
[INFO] [stdout]    |
[INFO] [stdout]    = warning: this is accepted in the current edition (Rust 2018) but is a hard error in Rust 2021!
[INFO] [stdout]    = note: for more information, see <https://doc.rust-lang.org/nightly/edition-guide/rust-2021/warnings-promoted-to-error.html>
[INFO] [stdout] help: if this is a dyn-compatible trait, use `dyn`
[INFO] [stdout]    |
[INFO] [stdout] 31 |     pub fn new2(start: Box<dyn Bound>, end: Box<Bound>) -> Addr {
[INFO] [stdout]    |                            +++
[INFO] [stdout] 
[INFO] [stdout] 
[INFO] [stdout] warning: trait objects without an explicit `dyn` are deprecated
[INFO] [stdout]   --> src/addr.rs:31:45
[INFO] [stdout]    |
[INFO] [stdout] 31 |     pub fn new2(start: Box<Bound>, end: Box<Bound>) -> Addr {
[INFO] [stdout]    |                                             ^^^^^
[INFO] [stdout]    |
[INFO] [stdout]    = warning: this is accepted in the current edition (Rust 2018) but is a hard error in Rust 2021!
[INFO] [stdout]    = note: for more information, see <https://doc.rust-lang.org/nightly/edition-guide/rust-2021/warnings-promoted-to-error.html>
[INFO] [stdout] help: if this is a dyn-compatible trait, use `dyn`
[INFO] [stdout]    |
[INFO] [stdout] 31 |     pub fn new2(start: Box<Bound>, end: Box<dyn Bound>) -> Addr {
[INFO] [stdout]    |                                             +++
[INFO] [stdout] 
[INFO] [stdout] 
[INFO] [stdout] warning: trait objects without an explicit `dyn` are deprecated
[INFO] [stdout]   --> src/compile.rs:12:28
[INFO] [stdout]    |
[INFO] [stdout] 12 | named!(num_bound<&str, Box<Bound> >,
[INFO] [stdout]    |                            ^^^^^
[INFO] [stdout]    |
[INFO] [stdout]    = warning: this is accepted in the current edition (Rust 2018) but is a hard error in Rust 2021!
[INFO] [stdout]    = note: for more information, see <https://doc.rust-lang.org/nightly/edition-guide/rust-2021/warnings-promoted-to-error.html>
[INFO] [stdout] help: if this is a dyn-compatible trait, use `dyn`
[INFO] [stdout]    |
[INFO] [stdout] 12 | named!(num_bound<&str, Box<dyn Bound> >,
[INFO] [stdout]    |                            +++
[INFO] [stdout] 
[INFO] [stdout] 
[INFO] [stdout] warning: trait objects without an explicit `dyn` are deprecated
[INFO] [stdout]   --> src/compile.rs:22:30
[INFO] [stdout]    |
[INFO] [stdout] 22 | named!(regex_bound<&str, Box<Bound> >,
[INFO] [stdout]    |                              ^^^^^
[INFO] [stdout]    |
[INFO] [stdout]    = warning: this is accepted in the current edition (Rust 2018) but is a hard error in Rust 2021!
[INFO] [stdout]    = note: for more information, see <https://doc.rust-lang.org/nightly/edition-guide/rust-2021/warnings-promoted-to-error.html>
[INFO] [stdout] help: if this is a dyn-compatible trait, use `dyn`
[INFO] [stdout]    |
[INFO] [stdout] 22 | named!(regex_bound<&str, Box<dyn Bound> >,
[INFO] [stdout]    |                              +++
[INFO] [stdout] 
[INFO] [stdout] 
[INFO] [stdout] warning: trait objects without an explicit `dyn` are deprecated
[INFO] [stdout]    --> src/compile.rs:103:30
[INFO] [stdout]     |
[INFO] [stdout] 103 | named!(append_hold<&str, Box<SedCmd> >,
[INFO] [stdout]     |                              ^^^^^^
[INFO] [stdout]     |
[INFO] [stdout]     = warning: this is accepted in the current edition (Rust 2018) but is a hard error in Rust 2021!
[INFO] [stdout]     = note: for more information, see <https://doc.rust-lang.org/nightly/edition-guide/rust-2021/warnings-promoted-to-error.html>
[INFO] [stdout] help: if this is a dyn-compatible trait, use `dyn`
[INFO] [stdout]     |
[INFO] [stdout] 103 | named!(append_hold<&str, Box<dyn SedCmd> >,
[INFO] [stdout]     |                              +++
[INFO] [stdout] 
[INFO] [stdout] 
[INFO] [stdout] warning: trait objects without an explicit `dyn` are deprecated
[INFO] [stdout]    --> src/compile.rs:111:29
[INFO] [stdout]     |
[INFO] [stdout] 111 | named!(substitute<&str, Box<SedCmd> >,
[INFO] [stdout]     |                             ^^^^^^
[INFO] [stdout]     |
[INFO] [stdout]     = warning: this is accepted in the current edition (Rust 2018) but is a hard error in Rust 2021!
[INFO] [stdout]     = note: for more information, see <https://doc.rust-lang.org/nightly/edition-guide/rust-2021/warnings-promoted-to-error.html>
[INFO] [stdout] help: if this is a dyn-compatible trait, use `dyn`
[INFO] [stdout]     |
[INFO] [stdout] 111 | named!(substitute<&str, Box<dyn SedCmd> >,
[INFO] [stdout]     |                             +++
[INFO] [stdout] 
[INFO] [stdout] 
[INFO] [stdout] warning: trait objects without an explicit `dyn` are deprecated
[INFO] [stdout]    --> src/compile.rs:123:24
[INFO] [stdout]     |
[INFO] [stdout] 123 | named!(aaalt<&str, Box<SedCmd> >,
[INFO] [stdout]     |                        ^^^^^^
[INFO] [stdout]     |
[INFO] [stdout]     = warning: this is accepted in the current edition (Rust 2018) but is a hard error in Rust 2021!
[INFO] [stdout]     = note: for more information, see <https://doc.rust-lang.org/nightly/edition-guide/rust-2021/warnings-promoted-to-error.html>
[INFO] [stdout] help: if this is a dyn-compatible trait, use `dyn`
[INFO] [stdout]     |
[INFO] [stdout] 123 | named!(aaalt<&str, Box<dyn SedCmd> >,
[INFO] [stdout]     |                        +++
[INFO] [stdout] 
[INFO] [stdout] 
[INFO] [stdout] warning: trait objects without an explicit `dyn` are deprecated
[INFO] [stdout]    --> src/compile.rs:154:44
[INFO] [stdout]     |
[INFO] [stdout] 154 | named!(wrapped_single<&str, Vec<(Addr, Box<SedCmd>)> >,
[INFO] [stdout]     |                                            ^^^^^^
[INFO] [stdout]     |
[INFO] [stdout]     = warning: this is accepted in the current edition (Rust 2018) but is a hard error in Rust 2021!
[INFO] [stdout]     = note: for more information, see <https://doc.rust-lang.org/nightly/edition-guide/rust-2021/warnings-promoted-to-error.html>
[INFO] [stdout] help: if this is a dyn-compatible trait, use `dyn`
[INFO] [stdout]     |
[INFO] [stdout] 154 | named!(wrapped_single<&str, Vec<(Addr, Box<dyn SedCmd>)> >,
[INFO] [stdout]     |                                            +++
[INFO] [stdout] 
[INFO] [stdout] 
[INFO] [stdout] warning: trait objects without an explicit `dyn` are deprecated
[INFO] [stdout]    --> src/compile.rs:163:37
[INFO] [stdout]     |
[INFO] [stdout] 163 | named!(pub toplevelparser<&str, Box<SedCmd> >,
[INFO] [stdout]     |                                     ^^^^^^
[INFO] [stdout]     |
[INFO] [stdout]     = warning: this is accepted in the current edition (Rust 2018) but is a hard error in Rust 2021!
[INFO] [stdout]     = note: for more information, see <https://doc.rust-lang.org/nightly/edition-guide/rust-2021/warnings-promoted-to-error.html>
[INFO] [stdout] help: if this is a dyn-compatible trait, use `dyn`
[INFO] [stdout]     |
[INFO] [stdout] 163 | named!(pub toplevelparser<&str, Box<dyn SedCmd> >,
[INFO] [stdout]     |                                     +++
[INFO] [stdout] 
[INFO] [stdout] 
[INFO] [stdout] warning: trait objects without an explicit `dyn` are deprecated
[INFO] [stdout]    --> src/compile.rs:182:21
[INFO] [stdout]     |
[INFO] [stdout] 182 |     let ref subst : SedCmd = *parsed.1;
[INFO] [stdout]     |                     ^^^^^^
[INFO] [stdout]     |
[INFO] [stdout]     = warning: this is accepted in the current edition (Rust 2018) but is a hard error in Rust 2021!
[INFO] [stdout]     = note: for more information, see <https://doc.rust-lang.org/nightly/edition-guide/rust-2021/warnings-promoted-to-error.html>
[INFO] [stdout] help: if this is a dyn-compatible trait, use `dyn`
[INFO] [stdout]     |
[INFO] [stdout] 182 |     let ref subst : dyn SedCmd = *parsed.1;
[INFO] [stdout]     |                     +++
[INFO] [stdout] 
[INFO] [stdout] 
[INFO] [stdout] warning: trait objects without an explicit `dyn` are deprecated
[INFO] [stdout]   --> src/main.rs:40:90
[INFO] [stdout]    |
[INFO] [stdout] 40 |         Some(filename) => Box::new(BufReader::new(File::open(filename).unwrap())) as Box<BufRead>,
[INFO] [stdout]    |                                                                                          ^^^^^^^
[INFO] [stdout]    |
[INFO] [stdout]    = warning: this is accepted in the current edition (Rust 2018) but is a hard error in Rust 2021!
[INFO] [stdout]    = note: for more information, see <https://doc.rust-lang.org/nightly/edition-guide/rust-2021/warnings-promoted-to-error.html>
[INFO] [stdout] help: if this is a dyn-compatible trait, use `dyn`
[INFO] [stdout]    |
[INFO] [stdout] 40 |         Some(filename) => Box::new(BufReader::new(File::open(filename).unwrap())) as Box<dyn BufRead>,
[INFO] [stdout]    |                                                                                          +++
[INFO] [stdout] 
[INFO] [stdout] 
[INFO] [stdout] warning: trait objects without an explicit `dyn` are deprecated
[INFO] [stdout]   --> src/main.rs:41:58
[INFO] [stdout]    |
[INFO] [stdout] 41 |         None => Box::new(BufReader::new(stdin())) as Box<BufRead>,
[INFO] [stdout]    |                                                          ^^^^^^^
[INFO] [stdout]    |
[INFO] [stdout]    = warning: this is accepted in the current edition (Rust 2018) but is a hard error in Rust 2021!
[INFO] [stdout]    = note: for more information, see <https://doc.rust-lang.org/nightly/edition-guide/rust-2021/warnings-promoted-to-error.html>
[INFO] [stdout] help: if this is a dyn-compatible trait, use `dyn`
[INFO] [stdout]    |
[INFO] [stdout] 41 |         None => Box::new(BufReader::new(stdin())) as Box<dyn BufRead>,
[INFO] [stdout]    |                                                          +++
[INFO] [stdout] 
[INFO] [stdout] 
[INFO] [stdout] warning: fields `global`, `print`, and `eval` are never read
[INFO] [stdout]   --> src/functions.rs:15:5
[INFO] [stdout]    |
[INFO] [stdout] 12 | pub struct Subst {
[INFO] [stdout]    |            ----- fields in this struct
[INFO] [stdout] ...
[INFO] [stdout] 15 |     global: bool,
[INFO] [stdout]    |     ^^^^^^
[INFO] [stdout] 16 |     print: bool,
[INFO] [stdout]    |     ^^^^^
[INFO] [stdout] 17 |     eval: bool,
[INFO] [stdout]    |     ^^^^
[INFO] [stdout]    |
[INFO] [stdout]    = note: `Subst` has a derived impl for the trait `Debug`, but this is intentionally ignored during dead code analysis
[INFO] [stdout]    = note: `#[warn(dead_code)]` on by default
[INFO] [stdout] 
[INFO] [stdout] 
[INFO] [stderr]     Finished `test` profile [unoptimized + debuginfo] target(s) in 1.49s
[INFO] [stderr] warning: the following packages contain code that will be rejected by a future version of Rust: nom v4.2.3
[INFO] [stderr] note: to see what the problems were, use the option `--future-incompat-report`, or run `cargo report future-incompatibilities --id 1`
[INFO] running `Command { std: "docker" "inspect" "c554cdde4e884e69da3c7681a3694005dfe416dbe9153d7d4bb6d2cfa3f93839", kill_on_drop: false }`
[INFO] running `Command { std: "docker" "rm" "-f" "c554cdde4e884e69da3c7681a3694005dfe416dbe9153d7d4bb6d2cfa3f93839", kill_on_drop: false }`
[INFO] [stdout] c554cdde4e884e69da3c7681a3694005dfe416dbe9153d7d4bb6d2cfa3f93839
[INFO] running `Command { std: "docker" "create" "-v" "/var/lib/crater-agent-workspace/builds/worker-7-tc1/target:/opt/rustwide/target:rw,Z" "-v" "/var/lib/crater-agent-workspace/builds/worker-7-tc1/source:/opt/rustwide/workdir:ro,Z" "-v" "/var/lib/crater-agent-workspace/cargo-home:/opt/rustwide/cargo-home:ro,Z" "-v" "/var/lib/crater-agent-workspace/rustup-home:/opt/rustwide/rustup-home:ro,Z" "-e" "SOURCE_DIR=/opt/rustwide/workdir" "-e" "CARGO_TARGET_DIR=/opt/rustwide/target" "-e" "CARGO_INCREMENTAL=0" "-e" "RUST_BACKTRACE=full" "-e" "RUSTFLAGS=--cap-lints=forbid" "-e" "RUSTDOCFLAGS=--cap-lints=forbid" "-e" "CARGO_HOME=/opt/rustwide/cargo-home" "-e" "RUSTUP_HOME=/opt/rustwide/rustup-home" "-w" "/opt/rustwide/workdir" "-m" "1610612736" "--user" "0:0" "--network" "none" "ghcr.io/rust-lang/crates-build-env/linux@sha256:819108c5571ea2e421544af4d832f968d213c87fbe3707a016657f43d2f853bc" "/opt/rustwide/cargo-home/bin/cargo" "+nightly-2025-01-18" "test" "--frozen", kill_on_drop: false }`
[INFO] [stdout] fc892bf484039b42c90f70a91551d9428e1335b3c1451917ae851dbc4cec8e51
[INFO] running `Command { std: "docker" "start" "-a" "fc892bf484039b42c90f70a91551d9428e1335b3c1451917ae851dbc4cec8e51", kill_on_drop: false }`
[INFO] [stderr] warning: the feature `get_type_id` has been stable since 1.34.0 and no longer requires an attribute to enable
[INFO] [stderr]  --> src/main.rs:1:12
[INFO] [stderr]   |
[INFO] [stderr] 1 | #![feature(get_type_id)]
[INFO] [stderr]   |            ^^^^^^^^^^^
[INFO] [stderr]   |
[INFO] [stderr]   = note: `#[warn(stable_features)]` on by default
[INFO] [stderr] 
[INFO] [stderr] warning: trait objects without an explicit `dyn` are deprecated
[INFO] [stderr]   --> src/main.rs:18:38
[INFO] [stderr]    |
[INFO] [stderr] 18 | fn execute<T: BufRead>(cmd: &mut Box<SedCmd>, mut reader: T) {
[INFO] [stderr]    |                                      ^^^^^^
[INFO] [stderr]    |
[INFO] [stderr]    = warning: this is accepted in the current edition (Rust 2018) but is a hard error in Rust 2021!
[INFO] [stderr]    = note: for more information, see <https://doc.rust-lang.org/nightly/edition-guide/rust-2021/warnings-promoted-to-error.html>
[INFO] [stderr]    = note: `#[warn(bare_trait_objects)]` on by default
[INFO] [stderr] help: if this is a dyn-compatible trait, use `dyn`
[INFO] [stderr]    |
[INFO] [stderr] 18 | fn execute<T: BufRead>(cmd: &mut Box<dyn SedCmd>, mut reader: T) {
[INFO] [stderr]    |                                      +++
[INFO] [stderr] 
[INFO] [stderr] warning: trait objects without an explicit `dyn` are deprecated
[INFO] [stderr]  --> src/addr.rs:7:27
[INFO] [stderr]   |
[INFO] [stderr] 7 |     pub start: Option<Box<Bound>>,
[INFO] [stderr]   |                           ^^^^^
[INFO] [stderr]   |
[INFO] [stderr]   = warning: this is accepted in the current edition (Rust 2018) but is a hard error in Rust 2021!
[INFO] [stderr]   = note: for more information, see <https://doc.rust-lang.org/nightly/edition-guide/rust-2021/warnings-promoted-to-error.html>
[INFO] [stderr] help: if this is a dyn-compatible trait, use `dyn`
[INFO] [stderr]   |
[INFO] [stderr] 7 |     pub start: Option<Box<dyn Bound>>,
[INFO] [stderr]   |                           +++
[INFO] [stderr] 
[INFO] [stderr] warning: trait objects without an explicit `dyn` are deprecated
[INFO] [stderr]  --> src/addr.rs:8:25
[INFO] [stderr]   |
[INFO] [stderr] 8 |     pub end: Option<Box<Bound>>,
[INFO] [stderr]   |                         ^^^^^
[INFO] [stderr]   |
[INFO] [stderr]   = warning: this is accepted in the current edition (Rust 2018) but is a hard error in Rust 2021!
[INFO] [stderr]   = note: for more information, see <https://doc.rust-lang.org/nightly/edition-guide/rust-2021/warnings-promoted-to-error.html>
[INFO] [stderr] help: if this is a dyn-compatible trait, use `dyn`
[INFO] [stderr]   |
[INFO] [stderr] 8 |     pub end: Option<Box<dyn Bound>>,
[INFO] [stderr]   |                         +++
[INFO] [stderr] 
[INFO] [stderr] warning: trait objects without an explicit `dyn` are deprecated
[INFO] [stderr]   --> src/functions.rs:63:30
[INFO] [stderr]    |
[INFO] [stderr] 63 |     pub cmds: Vec<(Addr, Box<SedCmd>)>,
[INFO] [stderr]    |                              ^^^^^^
[INFO] [stderr]    |
[INFO] [stderr]    = warning: this is accepted in the current edition (Rust 2018) but is a hard error in Rust 2021!
[INFO] [stderr]    = note: for more information, see <https://doc.rust-lang.org/nightly/edition-guide/rust-2021/warnings-promoted-to-error.html>
[INFO] [stderr] help: if this is a dyn-compatible trait, use `dyn`
[INFO] [stderr]    |
[INFO] [stderr] 63 |     pub cmds: Vec<(Addr, Box<dyn SedCmd>)>,
[INFO] [stderr]    |                              +++
[INFO] [stderr] 
[INFO] [stderr] warning: trait objects without an explicit `dyn` are deprecated
[INFO] [stderr]   --> src/addr.rs:22:28
[INFO] [stderr]    |
[INFO] [stderr] 22 |     pub fn new1(start: Box<Bound>) -> Addr {
[INFO] [stderr]    |                            ^^^^^
[INFO] [stderr]    |
[INFO] [stderr]    = warning: this is accepted in the current edition (Rust 2018) but is a hard error in Rust 2021!
[INFO] [stderr]    = note: for more information, see <https://doc.rust-lang.org/nightly/edition-guide/rust-2021/warnings-promoted-to-error.html>
[INFO] [stderr] help: if this is a dyn-compatible trait, use `dyn`
[INFO] [stderr]    |
[INFO] [stderr] 22 |     pub fn new1(start: Box<dyn Bound>) -> Addr {
[INFO] [stderr]    |                            +++
[INFO] [stderr] 
[INFO] [stderr] warning: trait objects without an explicit `dyn` are deprecated
[INFO] [stderr]   --> src/addr.rs:31:28
[INFO] [stderr]    |
[INFO] [stderr] 31 |     pub fn new2(start: Box<Bound>, end: Box<Bound>) -> Addr {
[INFO] [stderr]    |                            ^^^^^
[INFO] [stderr]    |
[INFO] [stderr]    = warning: this is accepted in the current edition (Rust 2018) but is a hard error in Rust 2021!
[INFO] [stderr]    = note: for more information, see <https://doc.rust-lang.org/nightly/edition-guide/rust-2021/warnings-promoted-to-error.html>
[INFO] [stderr] help: if this is a dyn-compatible trait, use `dyn`
[INFO] [stderr]    |
[INFO] [stderr] 31 |     pub fn new2(start: Box<dyn Bound>, end: Box<Bound>) -> Addr {
[INFO] [stderr]    |                            +++
[INFO] [stderr] 
[INFO] [stderr] warning: trait objects without an explicit `dyn` are deprecated
[INFO] [stderr]   --> src/addr.rs:31:45
[INFO] [stderr]    |
[INFO] [stderr] 31 |     pub fn new2(start: Box<Bound>, end: Box<Bound>) -> Addr {
[INFO] [stderr]    |                                             ^^^^^
[INFO] [stderr]    |
[INFO] [stderr]    = warning: this is accepted in the current edition (Rust 2018) but is a hard error in Rust 2021!
[INFO] [stderr]    = note: for more information, see <https://doc.rust-lang.org/nightly/edition-guide/rust-2021/warnings-promoted-to-error.html>
[INFO] [stderr] help: if this is a dyn-compatible trait, use `dyn`
[INFO] [stderr]    |
[INFO] [stderr] 31 |     pub fn new2(start: Box<Bound>, end: Box<dyn Bound>) -> Addr {
[INFO] [stderr]    |                                             +++
[INFO] [stderr] 
[INFO] [stderr] warning: trait objects without an explicit `dyn` are deprecated
[INFO] [stderr]   --> src/compile.rs:12:28
[INFO] [stderr]    |
[INFO] [stderr] 12 | named!(num_bound<&str, Box<Bound> >,
[INFO] [stderr]    |                            ^^^^^
[INFO] [stderr]    |
[INFO] [stderr]    = warning: this is accepted in the current edition (Rust 2018) but is a hard error in Rust 2021!
[INFO] [stderr]    = note: for more information, see <https://doc.rust-lang.org/nightly/edition-guide/rust-2021/warnings-promoted-to-error.html>
[INFO] [stderr] help: if this is a dyn-compatible trait, use `dyn`
[INFO] [stderr]    |
[INFO] [stderr] 12 | named!(num_bound<&str, Box<dyn Bound> >,
[INFO] [stderr]    |                            +++
[INFO] [stderr] 
[INFO] [stderr] warning: trait objects without an explicit `dyn` are deprecated
[INFO] [stderr]   --> src/compile.rs:22:30
[INFO] [stderr]    |
[INFO] [stderr] 22 | named!(regex_bound<&str, Box<Bound> >,
[INFO] [stderr]    |                              ^^^^^
[INFO] [stderr]    |
[INFO] [stderr]    = warning: this is accepted in the current edition (Rust 2018) but is a hard error in Rust 2021!
[INFO] [stderr]    = note: for more information, see <https://doc.rust-lang.org/nightly/edition-guide/rust-2021/warnings-promoted-to-error.html>
[INFO] [stderr] help: if this is a dyn-compatible trait, use `dyn`
[INFO] [stderr]    |
[INFO] [stderr] 22 | named!(regex_bound<&str, Box<dyn Bound> >,
[INFO] [stderr]    |                              +++
[INFO] [stderr] 
[INFO] [stderr] warning: trait objects without an explicit `dyn` are deprecated
[INFO] [stderr]    --> src/compile.rs:103:30
[INFO] [stderr]     |
[INFO] [stderr] 103 | named!(append_hold<&str, Box<SedCmd> >,
[INFO] [stderr]     |                              ^^^^^^
[INFO] [stderr]     |
[INFO] [stderr]     = warning: this is accepted in the current edition (Rust 2018) but is a hard error in Rust 2021!
[INFO] [stderr]     = note: for more information, see <https://doc.rust-lang.org/nightly/edition-guide/rust-2021/warnings-promoted-to-error.html>
[INFO] [stderr] help: if this is a dyn-compatible trait, use `dyn`
[INFO] [stderr]     |
[INFO] [stderr] 103 | named!(append_hold<&str, Box<dyn SedCmd> >,
[INFO] [stderr]     |                              +++
[INFO] [stderr] 
[INFO] [stderr] warning: trait objects without an explicit `dyn` are deprecated
[INFO] [stderr]    --> src/compile.rs:111:29
[INFO] [stderr]     |
[INFO] [stderr] 111 | named!(substitute<&str, Box<SedCmd> >,
[INFO] [stderr]     |                             ^^^^^^
[INFO] [stderr]     |
[INFO] [stderr]     = warning: this is accepted in the current edition (Rust 2018) but is a hard error in Rust 2021!
[INFO] [stderr]     = note: for more information, see <https://doc.rust-lang.org/nightly/edition-guide/rust-2021/warnings-promoted-to-error.html>
[INFO] [stderr] help: if this is a dyn-compatible trait, use `dyn`
[INFO] [stderr]     |
[INFO] [stderr] 111 | named!(substitute<&str, Box<dyn SedCmd> >,
[INFO] [stderr]     |                             +++
[INFO] [stderr] 
[INFO] [stderr] warning: trait objects without an explicit `dyn` are deprecated
[INFO] [stderr]    --> src/compile.rs:123:24
[INFO] [stderr]     |
[INFO] [stderr] 123 | named!(aaalt<&str, Box<SedCmd> >,
[INFO] [stderr]     |                        ^^^^^^
[INFO] [stderr]     |
[INFO] [stderr]     = warning: this is accepted in the current edition (Rust 2018) but is a hard error in Rust 2021!
[INFO] [stderr]     = note: for more information, see <https://doc.rust-lang.org/nightly/edition-guide/rust-2021/warnings-promoted-to-error.html>
[INFO] [stderr] help: if this is a dyn-compatible trait, use `dyn`
[INFO] [stderr]     |
[INFO] [stderr] 123 | named!(aaalt<&str, Box<dyn SedCmd> >,
[INFO] [stderr]     |                        +++
[INFO] [stderr] 
[INFO] [stderr] warning: trait objects without an explicit `dyn` are deprecated
[INFO] [stderr]    --> src/compile.rs:154:44
[INFO] [stderr]     |
[INFO] [stderr] 154 | named!(wrapped_single<&str, Vec<(Addr, Box<SedCmd>)> >,
[INFO] [stderr]     |                                            ^^^^^^
[INFO] [stderr]     |
[INFO] [stderr]     = warning: this is accepted in the current edition (Rust 2018) but is a hard error in Rust 2021!
[INFO] [stderr]     = note: for more information, see <https://doc.rust-lang.org/nightly/edition-guide/rust-2021/warnings-promoted-to-error.html>
[INFO] [stderr] help: if this is a dyn-compatible trait, use `dyn`
[INFO] [stderr]     |
[INFO] [stderr] 154 | named!(wrapped_single<&str, Vec<(Addr, Box<dyn SedCmd>)> >,
[INFO] [stderr]     |                                            +++
[INFO] [stderr] 
[INFO] [stderr] warning: trait objects without an explicit `dyn` are deprecated
[INFO] [stderr]    --> src/compile.rs:163:37
[INFO] [stderr]     |
[INFO] [stderr] 163 | named!(pub toplevelparser<&str, Box<SedCmd> >,
[INFO] [stderr]     |                                     ^^^^^^
[INFO] [stderr]     |
[INFO] [stderr]     = warning: this is accepted in the current edition (Rust 2018) but is a hard error in Rust 2021!
[INFO] [stderr]     = note: for more information, see <https://doc.rust-lang.org/nightly/edition-guide/rust-2021/warnings-promoted-to-error.html>
[INFO] [stderr] help: if this is a dyn-compatible trait, use `dyn`
[INFO] [stderr]     |
[INFO] [stderr] 163 | named!(pub toplevelparser<&str, Box<dyn SedCmd> >,
[INFO] [stderr]     |                                     +++
[INFO] [stderr] 
[INFO] [stderr] warning: trait objects without an explicit `dyn` are deprecated
[INFO] [stderr]    --> src/compile.rs:182:21
[INFO] [stderr]     |
[INFO] [stderr] 182 |     let ref subst : SedCmd = *parsed.1;
[INFO] [stderr]     |                     ^^^^^^
[INFO] [stderr]     |
[INFO] [stderr]     = warning: this is accepted in the current edition (Rust 2018) but is a hard error in Rust 2021!
[INFO] [stderr]     = note: for more information, see <https://doc.rust-lang.org/nightly/edition-guide/rust-2021/warnings-promoted-to-error.html>
[INFO] [stderr] help: if this is a dyn-compatible trait, use `dyn`
[INFO] [stderr]     |
[INFO] [stderr] 182 |     let ref subst : dyn SedCmd = *parsed.1;
[INFO] [stderr]     |                     +++
[INFO] [stderr] 
[INFO] [stderr] warning: trait objects without an explicit `dyn` are deprecated
[INFO] [stderr]   --> src/main.rs:40:90
[INFO] [stderr]    |
[INFO] [stderr] 40 |         Some(filename) => Box::new(BufReader::new(File::open(filename).unwrap())) as Box<BufRead>,
[INFO] [stderr]    |                                                                                          ^^^^^^^
[INFO] [stderr]    |
[INFO] [stderr]    = warning: this is accepted in the current edition (Rust 2018) but is a hard error in Rust 2021!
[INFO] [stderr]    = note: for more information, see <https://doc.rust-lang.org/nightly/edition-guide/rust-2021/warnings-promoted-to-error.html>
[INFO] [stderr] help: if this is a dyn-compatible trait, use `dyn`
[INFO] [stderr]    |
[INFO] [stderr] 40 |         Some(filename) => Box::new(BufReader::new(File::open(filename).unwrap())) as Box<dyn BufRead>,
[INFO] [stderr]    |                                                                                          +++
[INFO] [stderr] 
[INFO] [stderr] warning: trait objects without an explicit `dyn` are deprecated
[INFO] [stderr]   --> src/main.rs:41:58
[INFO] [stderr]    |
[INFO] [stderr] 41 |         None => Box::new(BufReader::new(stdin())) as Box<BufRead>,
[INFO] [stderr]    |                                                          ^^^^^^^
[INFO] [stderr]    |
[INFO] [stderr]    = warning: this is accepted in the current edition (Rust 2018) but is a hard error in Rust 2021!
[INFO] [stderr]    = note: for more information, see <https://doc.rust-lang.org/nightly/edition-guide/rust-2021/warnings-promoted-to-error.html>
[INFO] [stderr] help: if this is a dyn-compatible trait, use `dyn`
[INFO] [stderr]    |
[INFO] [stderr] 41 |         None => Box::new(BufReader::new(stdin())) as Box<dyn BufRead>,
[INFO] [stderr]    |                                                          +++
[INFO] [stderr] 
[INFO] [stderr] warning: fields `global`, `print`, and `eval` are never read
[INFO] [stderr]   --> src/functions.rs:15:5
[INFO] [stderr]    |
[INFO] [stderr] 12 | pub struct Subst {
[INFO] [stderr]    |            ----- fields in this struct
[INFO] [stderr] ...
[INFO] [stderr] 15 |     global: bool,
[INFO] [stderr]    |     ^^^^^^
[INFO] [stderr] 16 |     print: bool,
[INFO] [stderr]    |     ^^^^^
[INFO] [stderr] 17 |     eval: bool,
[INFO] [stderr]    |     ^^^^
[INFO] [stderr]    |
[INFO] [stderr]    = note: `Subst` has a derived impl for the trait `Debug`, but this is intentionally ignored during dead code analysis
[INFO] [stderr]    = note: `#[warn(dead_code)]` on by default
[INFO] [stderr] 
[INFO] [stderr] warning: `ded` (bin "ded" test) generated 19 warnings (run `cargo fix --bin "ded" --tests` to apply 17 suggestions)
[INFO] [stderr] warning: `ded` (bin "ded") generated 18 warnings (18 duplicates)
[INFO] [stderr]     Finished `test` profile [unoptimized + debuginfo] target(s) in 0.05s
[INFO] [stderr] warning: the following packages contain code that will be rejected by a future version of Rust: nom v4.2.3
[INFO] [stderr] note: to see what the problems were, use the option `--future-incompat-report`, or run `cargo report future-incompatibilities --id 1`
[INFO] [stderr]      Running unittests src/main.rs (/opt/rustwide/target/debug/deps/ded-fa2e1df339cfee7a)
[INFO] [stdout] 
[INFO] [stdout] running 7 tests
[INFO] [stdout] test compile::compile_g ... ok
[INFO] [stdout] test compile::parse_no_addr ... ok
[INFO] [stdout] test compile::one_substitute_cmd ... ok
[INFO] [stdout] test compile::parse_one_addr ... ok
[INFO] [stdout] test compile::parse_two_addr ... ok
[INFO] [stdout] test compile::parse_regex_bound ... ok
[INFO] [stdout] test compile::parse_num_bound ... ok
[INFO] [stdout] 
[INFO] [stdout] test result: ok. 7 passed; 0 failed; 0 ignored; 0 measured; 0 filtered out; finished in 0.01s
[INFO] [stdout] 
[INFO] [stderr]      Running tests/test.rs (/opt/rustwide/target/debug/deps/test-ba8b13fddecd5c66)
[INFO] [stdout] 
[INFO] [stdout] running 1 test
[INFO] [stdout] test test_from_file ... FAILED
[INFO] [stdout] 
[INFO] [stdout] failures:
[INFO] [stdout] 
[INFO] [stdout] ---- test_from_file stdout ----
[INFO] [stdout] Running command: s/oo/ee/g...Pass!
[INFO] [stdout] Running command: 1G...Pass!
[INFO] [stdout] Running command: G...Pass!
[INFO] [stdout] Running command: :a;N;$!ba;s/\n/ /g...
[INFO] [stdout] thread 'test_from_file' panicked at tests/test.rs:77:5:
[INFO] [stdout] assertion `left == right` failed
[INFO] [stdout]   left: "yoohoo yeehee\n"
[INFO] [stdout]  right: "yoohoo\nyeehee\n"
[INFO] [stdout] stack backtrace:
[INFO] [stdout]    0:     0x5c70d0c3c1ba - std::backtrace_rs::backtrace::libunwind::trace::hb059275cfc8d6126
[INFO] [stdout]                                at /rustc/6067b36314ab5eb2eb47cecc464545ba58e1ad24/library/std/src/../../backtrace/src/backtrace/libunwind.rs:116:5
[INFO] [stdout]    1:     0x5c70d0c3c1ba - std::backtrace_rs::backtrace::trace_unsynchronized::h2da071e4327ce3ee
[INFO] [stdout]                                at /rustc/6067b36314ab5eb2eb47cecc464545ba58e1ad24/library/std/src/../../backtrace/src/backtrace/mod.rs:66:5
[INFO] [stdout]    2:     0x5c70d0c3c1ba - std::sys::backtrace::_print_fmt::h842a1474e6f8d23f
[INFO] [stdout]                                at /rustc/6067b36314ab5eb2eb47cecc464545ba58e1ad24/library/std/src/sys/backtrace.rs:66:9
[INFO] [stdout]    3:     0x5c70d0c3c1ba - <std::sys::backtrace::BacktraceLock::print::DisplayBacktrace as core::fmt::Display>::fmt::h71a62eb3b9696b12
[INFO] [stdout]                                at /rustc/6067b36314ab5eb2eb47cecc464545ba58e1ad24/library/std/src/sys/backtrace.rs:39:26
[INFO] [stdout]    4:     0x5c70d0c649f3 - core::fmt::rt::Argument::fmt::hdb6b616786b41dc1
[INFO] [stdout]                                at /rustc/6067b36314ab5eb2eb47cecc464545ba58e1ad24/library/core/src/fmt/rt.rs:177:76
[INFO] [stdout]    5:     0x5c70d0c649f3 - core::fmt::write::h2cc1698af7e2d686
[INFO] [stdout]                                at /rustc/6067b36314ab5eb2eb47cecc464545ba58e1ad24/library/core/src/fmt/mod.rs:1440:21
[INFO] [stdout]    6:     0x5c70d0c38793 - std::io::Write::write_fmt::hab1b4cd059a79022
[INFO] [stdout]                                at /rustc/6067b36314ab5eb2eb47cecc464545ba58e1ad24/library/std/src/io/mod.rs:1887:15
[INFO] [stdout]    7:     0x5c70d0c3c002 - std::sys::backtrace::BacktraceLock::print::h147fe35b4ea13b08
[INFO] [stdout]                                at /rustc/6067b36314ab5eb2eb47cecc464545ba58e1ad24/library/std/src/sys/backtrace.rs:42:9
[INFO] [stdout]    8:     0x5c70d0c3d65f - std::panicking::default_hook::{{closure}}::hbd44223dbdc0d208
[INFO] [stdout]                                at /rustc/6067b36314ab5eb2eb47cecc464545ba58e1ad24/library/std/src/panicking.rs:298:22
[INFO] [stdout]    9:     0x5c70d0c3d478 - std::panicking::default_hook::h20f81eb0576efcec
[INFO] [stdout]                                at /rustc/6067b36314ab5eb2eb47cecc464545ba58e1ad24/library/std/src/panicking.rs:322:9
[INFO] [stdout]   10:     0x5c70d0c053f3 - <alloc::boxed::Box<F,A> as core::ops::function::Fn<Args>>::call::hdb53814c496a4d34
[INFO] [stdout]                                at /rustc/6067b36314ab5eb2eb47cecc464545ba58e1ad24/library/alloc/src/boxed.rs:2027:9
[INFO] [stdout]   11:     0x5c70d0c053f3 - test::test_main::{{closure}}::hc0a4963c59427c24
[INFO] [stdout]                                at /rustc/6067b36314ab5eb2eb47cecc464545ba58e1ad24/library/test/src/lib.rs:134:21
[INFO] [stdout]   12:     0x5c70d0c3e153 - <alloc::boxed::Box<F,A> as core::ops::function::Fn<Args>>::call::h591b2225413a77e9
[INFO] [stdout]                                at /rustc/6067b36314ab5eb2eb47cecc464545ba58e1ad24/library/alloc/src/boxed.rs:2027:9
[INFO] [stdout]   13:     0x5c70d0c3e153 - std::panicking::rust_panic_with_hook::h625eea43051b2edc
[INFO] [stdout]                                at /rustc/6067b36314ab5eb2eb47cecc464545ba58e1ad24/library/std/src/panicking.rs:839:13
[INFO] [stdout]   14:     0x5c70d0c3de0a - std::panicking::begin_panic_handler::{{closure}}::h4f9159cfbc3f6bd3
[INFO] [stdout]                                at /rustc/6067b36314ab5eb2eb47cecc464545ba58e1ad24/library/std/src/panicking.rs:704:13
[INFO] [stdout]   15:     0x5c70d0c3c6b9 - std::sys::backtrace::__rust_end_short_backtrace::h0390abce48353151
[INFO] [stdout]                                at /rustc/6067b36314ab5eb2eb47cecc464545ba58e1ad24/library/std/src/sys/backtrace.rs:168:18
[INFO] [stdout]   16:     0x5c70d0c3da9d - rust_begin_unwind
[INFO] [stdout]                                at /rustc/6067b36314ab5eb2eb47cecc464545ba58e1ad24/library/std/src/panicking.rs:695:5
[INFO] [stdout]   17:     0x5c70d0c63190 - core::panicking::panic_fmt::h9e7c637e9e5f29c9
[INFO] [stdout]                                at /rustc/6067b36314ab5eb2eb47cecc464545ba58e1ad24/library/core/src/panicking.rs:75:14
[INFO] [stdout]   18:     0x5c70d0c634b2 - core::panicking::assert_failed_inner::h538bec7c1374cd9c
[INFO] [stdout]   19:     0x5c70d0bc873f - core::panicking::assert_failed::h52974768b3412981
[INFO] [stdout]                                at /rustc/6067b36314ab5eb2eb47cecc464545ba58e1ad24/library/core/src/panicking.rs:364:5
[INFO] [stdout]   20:     0x5c70d0bcaa2a - test::compare_with_sed::h38ac91239a2651d3
[INFO] [stdout]                                at /opt/rustwide/workdir/tests/test.rs:77:5
[INFO] [stdout]   21:     0x5c70d0bcb24e - test::test_from_file::hd26058b6e0eada08
[INFO] [stdout]                                at /opt/rustwide/workdir/tests/test.rs:93:9
[INFO] [stdout]   22:     0x5c70d0bcaab7 - test::test_from_file::{{closure}}::hb9f9f9a093dd6cd1
[INFO] [stdout]                                at /opt/rustwide/workdir/tests/test.rs:84:20
[INFO] [stdout]   23:     0x5c70d0bc2386 - core::ops::function::FnOnce::call_once::habd7397e91662d5f
[INFO] [stdout]                                at /rustc/6067b36314ab5eb2eb47cecc464545ba58e1ad24/library/core/src/ops/function.rs:250:5
[INFO] [stdout]   24:     0x5c70d0c0ab4b - core::ops::function::FnOnce::call_once::he27718dfdd183f43
[INFO] [stdout]                                at /rustc/6067b36314ab5eb2eb47cecc464545ba58e1ad24/library/core/src/ops/function.rs:250:5
[INFO] [stdout]   25:     0x5c70d0c0ab4b - test::__rust_begin_short_backtrace::h4e84902998457a5d
[INFO] [stdout]                                at /rustc/6067b36314ab5eb2eb47cecc464545ba58e1ad24/library/test/src/lib.rs:632:18
[INFO] [stdout]   26:     0x5c70d0c09a83 - test::run_test_in_process::{{closure}}::h7176fd18fc1feca0
[INFO] [stdout]                                at /rustc/6067b36314ab5eb2eb47cecc464545ba58e1ad24/library/test/src/lib.rs:655:60
[INFO] [stdout]   27:     0x5c70d0c09a83 - <core::panic::unwind_safe::AssertUnwindSafe<F> as core::ops::function::FnOnce<()>>::call_once::hf79cff2a624d8cf7
[INFO] [stdout]                                at /rustc/6067b36314ab5eb2eb47cecc464545ba58e1ad24/library/core/src/panic/unwind_safe.rs:272:9
[INFO] [stdout]   28:     0x5c70d0c09a83 - std::panicking::try::do_call::h3da0561d9ab99c25
[INFO] [stdout]                                at /rustc/6067b36314ab5eb2eb47cecc464545ba58e1ad24/library/std/src/panicking.rs:587:40
[INFO] [stdout]   29:     0x5c70d0c09a83 - std::panicking::try::h41c9fa508bc61df6
[INFO] [stdout]                                at /rustc/6067b36314ab5eb2eb47cecc464545ba58e1ad24/library/std/src/panicking.rs:550:19
[INFO] [stdout]   30:     0x5c70d0c09a83 - std::panic::catch_unwind::h6b3ff07bb5afad93
[INFO] [stdout]                                at /rustc/6067b36314ab5eb2eb47cecc464545ba58e1ad24/library/std/src/panic.rs:358:14
[INFO] [stdout]   31:     0x5c70d0c09a83 - test::run_test_in_process::hc7253dd11b39b9f4
[INFO] [stdout]                                at /rustc/6067b36314ab5eb2eb47cecc464545ba58e1ad24/library/test/src/lib.rs:655:27
[INFO] [stdout]   32:     0x5c70d0c09a83 - test::run_test::{{closure}}::hfb2007f8649c30bb
[INFO] [stdout]                                at /rustc/6067b36314ab5eb2eb47cecc464545ba58e1ad24/library/test/src/lib.rs:576:43
[INFO] [stdout]   33:     0x5c70d0bccb65 - test::run_test::{{closure}}::h56a17aa7a282a9f4
[INFO] [stdout]                                at /rustc/6067b36314ab5eb2eb47cecc464545ba58e1ad24/library/test/src/lib.rs:606:41
[INFO] [stdout]   34:     0x5c70d0bccb65 - std::sys::backtrace::__rust_begin_short_backtrace::hd2d2d2fb8e8c6aac
[INFO] [stdout]                                at /rustc/6067b36314ab5eb2eb47cecc464545ba58e1ad24/library/std/src/sys/backtrace.rs:152:18
[INFO] [stdout]   35:     0x5c70d0bd044a - std::thread::Builder::spawn_unchecked_::{{closure}}::{{closure}}::h4faa3f9db6133423
[INFO] [stdout]                                at /rustc/6067b36314ab5eb2eb47cecc464545ba58e1ad24/library/std/src/thread/mod.rs:559:17
[INFO] [stdout]   36:     0x5c70d0bd044a - <core::panic::unwind_safe::AssertUnwindSafe<F> as core::ops::function::FnOnce<()>>::call_once::hf2e855a36a4ea846
[INFO] [stdout]                                at /rustc/6067b36314ab5eb2eb47cecc464545ba58e1ad24/library/core/src/panic/unwind_safe.rs:272:9
[INFO] [stdout]   37:     0x5c70d0bd044a - std::panicking::try::do_call::h2f73af3616c35465
[INFO] [stdout]                                at /rustc/6067b36314ab5eb2eb47cecc464545ba58e1ad24/library/std/src/panicking.rs:587:40
[INFO] [stdout]   38:     0x5c70d0bd044a - std::panicking::try::hd1660ce9efadef5a
[INFO] [stdout]                                at /rustc/6067b36314ab5eb2eb47cecc464545ba58e1ad24/library/std/src/panicking.rs:550:19
[INFO] [stdout]   39:     0x5c70d0bd044a - std::panic::catch_unwind::h5ee8d7823b8ca744
[INFO] [stdout]                                at /rustc/6067b36314ab5eb2eb47cecc464545ba58e1ad24/library/std/src/panic.rs:358:14
[INFO] [stdout]   40:     0x5c70d0bd044a - std::thread::Builder::spawn_unchecked_::{{closure}}::h53c3a1894dce8407
[INFO] [stdout]                                at /rustc/6067b36314ab5eb2eb47cecc464545ba58e1ad24/library/std/src/thread/mod.rs:557:30
[INFO] [stdout]   41:     0x5c70d0bd044a - core::ops::function::FnOnce::call_once{{vtable.shim}}::h048ce291ad4f62bf
[INFO] [stdout]                                at /rustc/6067b36314ab5eb2eb47cecc464545ba58e1ad24/library/core/src/ops/function.rs:250:5
[INFO] [stdout]   42:     0x5c70d0c42b6b - <alloc::boxed::Box<F,A> as core::ops::function::FnOnce<Args>>::call_once::ha52bedf99a3b4981
[INFO] [stdout]                                at /rustc/6067b36314ab5eb2eb47cecc464545ba58e1ad24/library/alloc/src/boxed.rs:2013:9
[INFO] [stdout]   43:     0x5c70d0c42b6b - <alloc::boxed::Box<F,A> as core::ops::function::FnOnce<Args>>::call_once::h567748934d80ccf8
[INFO] [stdout]                                at /rustc/6067b36314ab5eb2eb47cecc464545ba58e1ad24/library/alloc/src/boxed.rs:2013:9
[INFO] [stdout]   44:     0x5c70d0c42b6b - std::sys::pal::unix::thread::Thread::new::thread_start::h2d970728ae887adc
[INFO] [stdout]                                at /rustc/6067b36314ab5eb2eb47cecc464545ba58e1ad24/library/std/src/sys/pal/unix/thread.rs:106:17
[INFO] [stdout]   45:     0x794bb68e6ac3 - <unknown>
[INFO] [stdout]   46:     0x794bb6977a04 - clone
[INFO] [stdout]   47:                0x0 - <unknown>
[INFO] [stdout] 
[INFO] [stdout] 
[INFO] [stdout] failures:
[INFO] [stdout]     test_from_file
[INFO] [stdout] 
[INFO] [stdout] test result: FAILED. 0 passed; 1 failed; 0 ignored; 0 measured; 0 filtered out; finished in 0.10s
[INFO] [stdout] 
[INFO] [stderr] error: test failed, to rerun pass `--test test`
[INFO] running `Command { std: "docker" "inspect" "fc892bf484039b42c90f70a91551d9428e1335b3c1451917ae851dbc4cec8e51", kill_on_drop: false }`
[INFO] running `Command { std: "docker" "rm" "-f" "fc892bf484039b42c90f70a91551d9428e1335b3c1451917ae851dbc4cec8e51", kill_on_drop: false }`
[INFO] [stdout] fc892bf484039b42c90f70a91551d9428e1335b3c1451917ae851dbc4cec8e51
