[INFO] cloning repository https://github.com/1714080902120/auto_gen_d_ts
[INFO] running `Command { std: "git" "-c" "credential.helper=" "-c" "credential.helper=/workspace/cargo-home/bin/git-credential-null" "clone" "--bare" "https://github.com/1714080902120/auto_gen_d_ts" "/workspace/cache/git-repos/https%3A%2F%2Fgithub.com%2F1714080902120%2Fauto_gen_d_ts", kill_on_drop: false }`
[INFO] [stderr] Cloning into bare repository '/workspace/cache/git-repos/https%3A%2F%2Fgithub.com%2F1714080902120%2Fauto_gen_d_ts'...
[INFO] running `Command { std: "git" "rev-parse" "HEAD", kill_on_drop: false }`
[INFO] [stdout] bf537c4134f064388466eccec2e2e1808c5f5d61
[INFO] testing 1714080902120/auto_gen_d_ts against nightly-2025-01-18 for randomize-layout-2
[INFO] running `Command { std: "git" "clone" "/workspace/cache/git-repos/https%3A%2F%2Fgithub.com%2F1714080902120%2Fauto_gen_d_ts" "/workspace/builds/worker-0-tc1/source", kill_on_drop: false }`
[INFO] [stderr] Cloning into '/workspace/builds/worker-0-tc1/source'...
[INFO] [stderr] done.
[INFO] validating manifest of git repo https://github.com/1714080902120/auto_gen_d_ts on toolchain nightly-2025-01-18
[INFO] running `Command { std: CARGO_HOME="/workspace/cargo-home" RUSTUP_HOME="/workspace/rustup-home" "/workspace/cargo-home/bin/cargo" "+nightly-2025-01-18" "metadata" "--manifest-path" "Cargo.toml" "--no-deps", kill_on_drop: false }`
[INFO] started tweaking git repo https://github.com/1714080902120/auto_gen_d_ts
[INFO] finished tweaking git repo https://github.com/1714080902120/auto_gen_d_ts
[INFO] tweaked toml for git repo https://github.com/1714080902120/auto_gen_d_ts written to /workspace/builds/worker-0-tc1/source/Cargo.toml
[INFO] crate git repo https://github.com/1714080902120/auto_gen_d_ts already has a lockfile, it will not be regenerated
[INFO] running `Command { std: CARGO_HOME="/workspace/cargo-home" RUSTUP_HOME="/workspace/rustup-home" "/workspace/cargo-home/bin/cargo" "+nightly-2025-01-18" "fetch" "--manifest-path" "Cargo.toml", kill_on_drop: false }`
[INFO] [stderr]     Updating crates.io index
[INFO] [stderr]     Blocking waiting for file lock on package cache
[INFO] [stderr]  Downloading crates ...
[INFO] [stderr]   Downloaded cc v1.0.94
[INFO] [stderr]   Downloaded swc_ecma_visit v0.98.7
[INFO] [stderr]   Downloaded proc-macro2 v1.0.81
[INFO] [stderr]   Downloaded swc_ecma_ast v0.112.8
[INFO] [stderr]   Downloaded swc_macros_common v0.3.10
[INFO] [stderr]   Downloaded swc_visit v0.5.13
[INFO] [stderr]   Downloaded syn v2.0.60
[INFO] [stderr]   Downloaded swc_visit_macros v0.5.11
[INFO] [stderr]   Downloaded serde v1.0.198
[INFO] [stderr]   Downloaded rustls-pemfile v2.1.2
[INFO] [stderr]   Downloaded is_ci v1.2.0
[INFO] [stderr]   Downloaded rustls-pki-types v1.4.1
[INFO] [stderr]   Downloaded swc_ecma_codegen v0.148.17
[INFO] [stderr]   Downloaded swc_ecma_lints v0.92.21
[INFO] [stderr]   Downloaded hyper v1.3.1
[INFO] [stderr]   Downloaded swc_ecma_minifier v0.192.23
[INFO] [stderr]   Downloaded radix_fmt v1.0.0
[INFO] [stderr]   Downloaded reqwest v0.12.3
[INFO] [stderr]   Downloaded swc_compiler_base v0.7.20
[INFO] [stderr]   Downloaded swc_ecma_usage_analyzer v0.23.14
[INFO] [stderr]   Downloaded browserslist-rs v0.15.0
[INFO] [stderr]   Downloaded swc_ecma_compat_es3 v0.4.16
[INFO] [stderr]   Downloaded swc_ecma_transforms v0.229.18
[INFO] [stderr]   Downloaded miette-derive v4.7.1
[INFO] [stderr]   Downloaded swc_ecma_parser v0.143.16
[INFO] [stderr]   Downloaded semver v1.0.22
[INFO] [stderr]   Downloaded stacker v0.1.15
[INFO] [stderr]   Downloaded static-map-macro v0.3.3
[INFO] [stderr]   Downloaded swc_ecma_compat_es2017 v0.4.17
[INFO] [stderr]   Downloaded swc_ecma_compat_es2019 v0.4.16
[INFO] [stderr]   Downloaded swc_atoms v0.6.7
[INFO] [stderr]   Downloaded swc_error_reporters v0.17.19
[INFO] [stderr]   Downloaded swc_node_comments v0.20.19
[INFO] [stderr]   Downloaded swc v0.273.27
[INFO] [stderr]   Downloaded thiserror-impl v1.0.59
[INFO] [stderr]   Downloaded swc_ecma_compat_es2015 v0.4.20
[INFO] [stderr]   Downloaded swc_ecma_compat_es2018 v0.4.17
[INFO] [stderr]   Downloaded swc_ecma_compat_es2022 v0.4.17
[INFO] [stderr]   Downloaded swc_trace_macro v0.1.3
[INFO] [stderr]   Downloaded path-clean v0.1.0
[INFO] [stderr]   Downloaded swc_ecma_transforms_module v0.180.19
[INFO] [stderr]   Downloaded swc_ecma_transforms_react v0.183.19
[INFO] [stderr]   Downloaded swc_ecma_preset_env v0.206.18
[INFO] [stderr]   Downloaded swc_ecma_utils v0.127.20
[INFO] [stderr]   Downloaded is-macro v0.3.5
[INFO] [stderr]   Downloaded hstr v0.2.10
[INFO] [stderr]   Downloaded serde_derive v1.0.198
[INFO] [stderr]   Downloaded jsonc-parser v0.21.1
[INFO] [stderr]   Downloaded swc_ecma_ext_transforms v0.113.14
[INFO] [stderr]   Downloaded supports-hyperlinks v1.2.0
[INFO] [stderr]   Downloaded supports-unicode v1.0.2
[INFO] [stderr]   Downloaded textwrap v0.15.2
[INFO] [stderr]   Downloaded thiserror v1.0.59
[INFO] [stderr]   Downloaded st-map v0.2.3
[INFO] [stderr]   Downloaded swc_ecma_compat_es2016 v0.4.16
[INFO] [stderr]   Downloaded swc_ecma_transforms_proposal v0.171.23
[INFO] [stderr]   Downloaded swc_ecma_transforms_macros v0.5.4
[INFO] [stderr]   Downloaded from_variant v0.1.7
[INFO] [stderr]   Downloaded base64-simd v0.7.0
[INFO] [stderr]   Downloaded unicode-id-start v1.1.2
[INFO] [stderr]   Downloaded supports-color v1.3.1
[INFO] [stderr]   Downloaded miette v4.7.1
[INFO] [stderr]   Downloaded swc_timer v0.21.21
[INFO] [stderr]   Downloaded preset_env_base v0.4.12
[INFO] [stderr]   Downloaded swc_ecma_compat_es2020 v0.4.17
[INFO] [stderr]   Downloaded swc_ecma_compat_es2021 v0.4.16
[INFO] [stderr]   Downloaded swc_ecma_loader v0.45.27
[INFO] [stderr]   Downloaded swc_fast_graph v0.21.21
[INFO] [stderr]   Downloaded swc_ecma_transforms_classes v0.126.16
[INFO] [stderr]   Downloaded anyhow v1.0.82
[INFO] [stderr]   Downloaded swc_cached v0.3.20
[INFO] [stderr]   Downloaded swc_config_macro v0.1.3
[INFO] [stderr]   Downloaded swc_config v0.1.12
[INFO] [stderr]   Downloaded typed-arena v2.0.2
[INFO] [stderr]   Downloaded string_enum v0.4.3
[INFO] [stderr]   Downloaded ast_node v0.9.7
[INFO] [stderr]   Downloaded better_scoped_tls v0.1.1
[INFO] [stderr]   Downloaded outref v0.1.0
[INFO] [stderr]   Downloaded simd-abstraction v0.7.1
[INFO] [stderr]   Downloaded data-encoding v2.5.0
[INFO] [stderr]   Downloaded debugid v0.8.0
[INFO] [stderr]   Downloaded if_chain v1.0.2
[INFO] [stderr]   Downloaded serde_json v1.0.116
[INFO] [stderr]   Downloaded sourcemap v8.0.1
[INFO] [stderr]   Downloaded swc_common v0.33.25
[INFO] [stderr]   Downloaded swc_ecma_codegen_macros v0.7.5
[INFO] [stderr]   Downloaded smawk v0.3.2
[INFO] [stderr]   Downloaded swc_ecma_compat_bugfixes v0.4.18
[INFO] [stderr]   Downloaded swc_ecma_compat_common v0.4.13
[INFO] [stderr]   Downloaded swc_ecma_transforms_compat v0.163.19
[INFO] [stderr]   Downloaded normpath v0.2.0
[INFO] [stderr]   Downloaded swc_ecma_transforms_optimization v0.198.22
[INFO] [stderr]   Downloaded ryu-js v1.0.1
[INFO] [stderr]   Downloaded swc_ecma_transforms_typescript v0.188.19
[INFO] [stderr]   Downloaded swc_ecma_transforms_base v0.137.21
[INFO] [stderr]   Downloaded swc_eq_ignore_macros v0.1.3
[INFO] running `Command { std: "docker" "create" "-v" "/var/lib/crater-agent-workspace/builds/worker-0-tc1/target:/opt/rustwide/target:rw,Z" "-v" "/var/lib/crater-agent-workspace/builds/worker-0-tc1/source:/opt/rustwide/workdir:ro,Z" "-v" "/var/lib/crater-agent-workspace/cargo-home:/opt/rustwide/cargo-home:ro,Z" "-v" "/var/lib/crater-agent-workspace/rustup-home:/opt/rustwide/rustup-home:ro,Z" "-e" "SOURCE_DIR=/opt/rustwide/workdir" "-e" "CARGO_TARGET_DIR=/opt/rustwide/target" "-e" "CARGO_HOME=/opt/rustwide/cargo-home" "-e" "RUSTUP_HOME=/opt/rustwide/rustup-home" "-w" "/opt/rustwide/workdir" "-m" "1610612736" "--user" "0:0" "--network" "none" "ghcr.io/rust-lang/crates-build-env/linux@sha256:819108c5571ea2e421544af4d832f968d213c87fbe3707a016657f43d2f853bc" "/opt/rustwide/cargo-home/bin/cargo" "+nightly-2025-01-18" "metadata" "--no-deps" "--format-version=1", kill_on_drop: false }`
[INFO] [stdout] 5872134f8e85190d04af83ba9d969588545d705ecce98d806a551113663d2b75
[INFO] running `Command { std: "docker" "start" "-a" "5872134f8e85190d04af83ba9d969588545d705ecce98d806a551113663d2b75", kill_on_drop: false }`
[INFO] running `Command { std: "docker" "inspect" "5872134f8e85190d04af83ba9d969588545d705ecce98d806a551113663d2b75", kill_on_drop: false }`
[INFO] running `Command { std: "docker" "rm" "-f" "5872134f8e85190d04af83ba9d969588545d705ecce98d806a551113663d2b75", kill_on_drop: false }`
[INFO] [stdout] 5872134f8e85190d04af83ba9d969588545d705ecce98d806a551113663d2b75
[INFO] running `Command { std: "docker" "create" "-v" "/var/lib/crater-agent-workspace/builds/worker-0-tc1/target:/opt/rustwide/target:rw,Z" "-v" "/var/lib/crater-agent-workspace/builds/worker-0-tc1/source:/opt/rustwide/workdir:ro,Z" "-v" "/var/lib/crater-agent-workspace/cargo-home:/opt/rustwide/cargo-home:ro,Z" "-v" "/var/lib/crater-agent-workspace/rustup-home:/opt/rustwide/rustup-home:ro,Z" "-e" "SOURCE_DIR=/opt/rustwide/workdir" "-e" "CARGO_TARGET_DIR=/opt/rustwide/target" "-e" "CARGO_INCREMENTAL=0" "-e" "RUST_BACKTRACE=full" "-e" "RUSTFLAGS=--cap-lints=forbid" "-e" "RUSTDOCFLAGS=--cap-lints=forbid" "-e" "CARGO_HOME=/opt/rustwide/cargo-home" "-e" "RUSTUP_HOME=/opt/rustwide/rustup-home" "-w" "/opt/rustwide/workdir" "-m" "1610612736" "--user" "0:0" "--network" "none" "ghcr.io/rust-lang/crates-build-env/linux@sha256:819108c5571ea2e421544af4d832f968d213c87fbe3707a016657f43d2f853bc" "/opt/rustwide/cargo-home/bin/cargo" "+nightly-2025-01-18" "build" "--frozen" "--message-format=json", kill_on_drop: false }`
[INFO] [stdout] 38c870ccf187140a1adc838c37a1b7b8c59da32a66229828fb7e16ff7477a61c
[INFO] running `Command { std: "docker" "start" "-a" "38c870ccf187140a1adc838c37a1b7b8c59da32a66229828fb7e16ff7477a61c", kill_on_drop: false }`
[INFO] [stderr]    Compiling proc-macro2 v1.0.81
[INFO] [stderr]    Compiling libc v0.2.153
[INFO] [stderr]    Compiling autocfg v1.2.0
[INFO] [stderr]    Compiling serde v1.0.198
[INFO] [stderr]    Compiling parking_lot_core v0.9.9
[INFO] [stderr]    Compiling smallvec v1.13.2
[INFO] [stderr]    Compiling itoa v1.0.11
[INFO] [stderr]    Compiling hashbrown v0.14.3
[INFO] [stderr]    Compiling pin-project-lite v0.2.14
[INFO] [stderr]    Compiling siphasher v0.3.11
[INFO] [stderr]    Compiling ppv-lite86 v0.2.17
[INFO] [stderr]    Compiling log v0.4.21
[INFO] [stderr]    Compiling ryu v1.0.17
[INFO] [stderr]    Compiling regex-syntax v0.8.3
[INFO] [stderr]    Compiling lock_api v0.4.11
[INFO] [stderr]    Compiling serde_json v1.0.116
[INFO] [stderr]    Compiling tracing-core v0.1.32
[INFO] [stderr]    Compiling quote v1.0.36
[INFO] [stderr]    Compiling syn v2.0.60
[INFO] [stderr]    Compiling ahash v0.8.11
[INFO] [stderr]    Compiling cc v1.0.94
[INFO] [stderr]    Compiling num-traits v0.2.18
[INFO] [stderr]    Compiling getrandom v0.2.14
[INFO] [stderr]    Compiling memchr v2.7.2
[INFO] [stderr]    Compiling rand_core v0.6.4
[INFO] [stderr]    Compiling unicode-normalization v0.1.23
[INFO] [stderr]    Compiling parking_lot v0.12.1
[INFO] [stderr]    Compiling rand_chacha v0.3.1
[INFO] [stderr]    Compiling rand v0.8.5
[INFO] [stderr]    Compiling aho-corasick v1.1.3
[INFO] [stderr]    Compiling phf_shared v0.11.2
[INFO] [stderr]    Compiling radium v0.7.0
[INFO] [stderr]    Compiling lazy_static v1.4.0
[INFO] [stderr]    Compiling unicode-bidi v0.3.15
[INFO] [stderr]    Compiling either v1.11.0
[INFO] [stderr]    Compiling new_debug_unreachable v1.0.6
[INFO] [stderr]    Compiling rustc-hash v1.1.0
[INFO] [stderr]    Compiling tap v1.0.1
[INFO] [stderr]    Compiling phf_generator v0.11.2
[INFO] [stderr]    Compiling outref v0.1.0
[INFO] [stderr]    Compiling wyz v0.5.1
[INFO] [stderr]    Compiling simd-abstraction v0.7.1
[INFO] [stderr]    Compiling funty v2.0.0
[INFO] [stderr]    Compiling idna v0.5.0
[INFO] [stderr]    Compiling uuid v1.8.0
[INFO] [stderr]    Compiling stable_deref_trait v1.2.0
[INFO] [stderr]    Compiling base64-simd v0.7.0
[INFO] [stderr]    Compiling num-bigint v0.4.4
[INFO] [stderr]    Compiling regex-automata v0.4.6
[INFO] [stderr]    Compiling url v2.5.0
[INFO] [stderr]    Compiling unicode-id-start v1.1.2
[INFO] [stderr]    Compiling bitflags v2.5.0
[INFO] [stderr]    Compiling bitvec v1.0.1
[INFO] [stderr]    Compiling unicode-width v0.1.11
[INFO] [stderr]    Compiling data-encoding v2.5.0
[INFO] [stderr]    Compiling if_chain v1.0.2
[INFO] [stderr]    Compiling num-integer v0.1.46
[INFO] [stderr]    Compiling num_cpus v1.16.0
[INFO] [stderr]    Compiling scoped-tls v1.0.1
[INFO] [stderr]    Compiling better_scoped_tls v0.1.1
[INFO] [stderr]    Compiling unicode-id v0.3.4
[INFO] [stderr]    Compiling psm v0.1.21
[INFO] [stderr]    Compiling stacker v0.1.15
[INFO] [stderr]    Compiling smartstring v1.0.1
[INFO] [stderr]    Compiling static_assertions v1.1.0
[INFO] [stderr]    Compiling typed-arena v2.0.2
[INFO] [stderr]    Compiling anyhow v1.0.82
[INFO] [stderr]    Compiling dashmap v5.5.3
[INFO] [stderr]    Compiling bytes v1.6.0
[INFO] [stderr]    Compiling swc_macros_common v0.3.10
[INFO] [stderr]    Compiling futures-core v0.3.30
[INFO] [stderr]    Compiling socket2 v0.5.6
[INFO] [stderr]    Compiling signal-hook-registry v1.4.1
[INFO] [stderr]    Compiling mio v0.8.11
[INFO] [stderr]    Compiling pkg-config v0.3.30
[INFO] [stderr]    Compiling vcpkg v0.2.15
[INFO] [stderr]    Compiling regex v1.10.4
[INFO] [stderr]    Compiling phf_shared v0.10.0
[INFO] [stderr]    Compiling fixedbitset v0.4.2
[INFO] [stderr]    Compiling thiserror v1.0.59
[INFO] [stderr]    Compiling Inflector v0.11.4
[INFO] [stderr]    Compiling crossbeam-utils v0.8.19
[INFO] [stderr]    Compiling http v1.1.0
[INFO] [stderr]    Compiling openssl-sys v0.9.102
[INFO] [stderr]    Compiling phf_generator v0.10.0
[INFO] [stderr]    Compiling slab v0.4.9
[INFO] [stderr]    Compiling futures-task v0.3.30
[INFO] [stderr]    Compiling futures-util v0.3.30
[INFO] [stderr]    Compiling digest v0.10.7
[INFO] [stderr]    Compiling serde_derive v1.0.198
[INFO] [stderr]    Compiling tracing-attributes v0.1.27
[INFO] [stderr]    Compiling phf_macros v0.11.2
[INFO] [stderr]    Compiling phf v0.11.2
[INFO] [stderr]    Compiling from_variant v0.1.7
[INFO] [stderr]    Compiling swc_eq_ignore_macros v0.1.3
[INFO] [stderr]    Compiling ast_node v0.9.7
[INFO] [stderr]    Compiling string_enum v0.4.3
[INFO] [stderr]    Compiling swc_ecma_transforms_macros v0.5.4
[INFO] [stderr]    Compiling swc_visit_macros v0.5.11
[INFO] [stderr]    Compiling tracing v0.1.40
[INFO] [stderr]    Compiling is-macro v0.3.5
[INFO] [stderr]    Compiling swc_trace_macro v0.1.3
[INFO] [stderr]    Compiling swc_config_macro v0.1.3
[INFO] [stderr]    Compiling tokio-macros v2.2.0
[INFO] [stderr]    Compiling thiserror-impl v1.0.59
[INFO] [stderr]    Compiling string_cache_codegen v0.5.2
[INFO] [stderr]    Compiling tokio v1.37.0
[INFO] [stderr]    Compiling atty v0.2.14
[INFO] [stderr]    Compiling pathdiff v0.2.1
[INFO] [stderr]    Compiling futures-sink v0.3.30
[INFO] [stderr]    Compiling httparse v1.8.0
[INFO] [stderr]    Compiling base64 v0.21.7
[INFO] [stderr]    Compiling ryu-js v1.0.1
[INFO] [stderr]    Compiling foreign-types-shared v0.1.1
[INFO] [stderr]    Compiling cpufeatures v0.2.12
[INFO] [stderr]    Compiling openssl v0.10.64
[INFO] [stderr]    Compiling syn v1.0.109
[INFO] [stderr]    Compiling sha-1 v0.10.0
[INFO] [stderr]    Compiling foreign-types v0.3.2
[INFO] [stderr]    Compiling crossbeam-epoch v0.9.18
[INFO] [stderr]    Compiling http-body v1.0.0
[INFO] [stderr]    Compiling pin-project-internal v1.1.5
[INFO] [stderr]    Compiling openssl-macros v0.1.1
[INFO] [stderr]    Compiling swc_visit v0.5.13
[INFO] [stderr]    Compiling backtrace v0.3.71
[INFO] [stderr]    Compiling try-lock v0.2.5
[INFO] [stderr]    Compiling semver v1.0.22
[INFO] [stderr]    Compiling gimli v0.28.1
[INFO] [stderr]    Compiling minimal-lexical v0.2.1
[INFO] [stderr]    Compiling iana-time-zone v0.1.60
[INFO] [stderr]    Compiling precomputed-hash v0.1.1
[INFO] [stderr]    Compiling path-clean v0.1.0
[INFO] [stderr]    Compiling native-tls v0.2.11
[INFO] [stderr]    Compiling adler v1.0.2
[INFO] [stderr]    Compiling miniz_oxide v0.7.2
[INFO] [stderr]    Compiling nom v7.1.3
[INFO] [stderr]    Compiling pin-project v1.1.5
[INFO] [stderr]    Compiling chrono v0.4.38
[INFO] [stderr]    Compiling want v0.3.1
[INFO] [stderr]    Compiling crossbeam-deque v0.8.5
[INFO] [stderr]    Compiling tokio-util v0.7.10
[INFO] [stderr]    Compiling triomphe v0.1.11
[INFO] [stderr]    Compiling debugid v0.8.0
[INFO] [stderr]    Compiling indexmap v2.2.6
[INFO] [stderr]    Compiling hstr v0.2.10
[INFO] [stderr]    Compiling swc_atoms v0.6.7
[INFO] [stderr]    Compiling swc_cached v0.3.20
[INFO] [stderr]    Compiling hashbrown v0.13.2
[INFO] [stderr]    Compiling sourcemap v8.0.1
[INFO] [stderr]    Compiling petgraph v0.6.4
[INFO] [stderr]    Compiling swc_config v0.1.12
[INFO] [stderr]    Compiling swc_common v0.33.25
[INFO] [stderr]    Compiling lru v0.10.1
[INFO] [stderr]    Compiling h2 v0.4.4
[INFO] [stderr]    Compiling browserslist-rs v0.15.0
[INFO] [stderr]    Compiling string_cache v0.8.7
[INFO] [stderr]    Compiling addr2line v0.21.0
[INFO] [stderr]    Compiling swc_timer v0.21.21
[INFO] [stderr]    Compiling swc_ecma_codegen_macros v0.7.5
[INFO] [stderr]    Compiling static-map-macro v0.3.3
[INFO] [stderr]    Compiling futures-channel v0.3.30
[INFO] [stderr]    Compiling object v0.32.2
[INFO] [stderr]    Compiling swc_ecma_ast v0.112.8
[INFO] [stderr]    Compiling swc_fast_graph v0.21.21
[INFO] [stderr]    Compiling swc_ecma_loader v0.45.27
[INFO] [stderr]    Compiling itertools v0.12.1
[INFO] [stderr]    Compiling is_ci v1.2.0
[INFO] [stderr]    Compiling rustc-demangle v0.1.23
[INFO] [stderr]    Compiling tower-service v0.3.2
[INFO] [stderr]    Compiling openssl-probe v0.1.5
[INFO] [stderr]    Compiling smawk v0.3.2
[INFO] [stderr]    Compiling tower-layer v0.3.2
[INFO] [stderr]    Compiling unicode-linebreak v0.1.5
[INFO] [stderr]    Compiling tower v0.4.13
[INFO] [stderr]    Compiling textwrap v0.15.2
[INFO] [stderr]    Compiling supports-color v1.3.1
[INFO] [stderr]    Compiling st-map v0.2.3
[INFO] [stderr]    Compiling miette-derive v4.7.1
[INFO] [stderr]    Compiling rayon-core v1.12.1
[INFO] [stderr]    Compiling supports-unicode v1.0.2
[INFO] [stderr]    Compiling supports-hyperlinks v1.2.0
[INFO] [stderr]    Compiling terminal_size v0.1.17
[INFO] [stderr]    Compiling hyper v1.3.1
[INFO] [stderr]    Compiling rustix v0.38.32
[INFO] [stderr]    Compiling radix_fmt v1.0.0
[INFO] [stderr]    Compiling owo-colors v3.5.0
[INFO] [stderr]    Compiling rayon v1.10.0
[INFO] [stderr]    Compiling tokio-native-tls v0.3.1
[INFO] [stderr]    Compiling http-body-util v0.1.1
[INFO] [stderr]    Compiling hyper-util v0.1.3
[INFO] [stderr]    Compiling miette v4.7.1
[INFO] [stderr]    Compiling auto_impl v1.2.0
[INFO] [stderr]    Compiling base64 v0.22.0
[INFO] [stderr]    Compiling swc_ecma_visit v0.98.7
[INFO] [stderr]    Compiling swc_ecma_parser v0.143.16
[INFO] [stderr]    Compiling swc_ecma_codegen v0.148.17
[INFO] [stderr]    Compiling linux-raw-sys v0.4.13
[INFO] [stderr]    Compiling rustls-pki-types v1.4.1
[INFO] [stderr]    Compiling swc_error_reporters v0.17.19
[INFO] [stderr]    Compiling hyper-tls v0.6.0
[INFO] [stderr]    Compiling rustls-pemfile v2.1.2
[INFO] [stderr]    Compiling swc_node_comments v0.20.19
[INFO] [stderr]    Compiling jsonc-parser v0.21.1
[INFO] [stderr]    Compiling serde_urlencoded v0.7.1
[INFO] [stderr]    Compiling encoding_rs v0.8.34
[INFO] [stderr]    Compiling fastrand v2.0.2
[INFO] [stderr]    Compiling sync_wrapper v0.1.2
[INFO] [stderr]    Compiling ipnet v2.9.0
[INFO] [stderr]    Compiling tokio-stream v0.1.15
[INFO] [stderr]    Compiling tempfile v3.10.1
[INFO] [stderr]    Compiling reqwest v0.12.3
[INFO] [stderr]    Compiling preset_env_base v0.4.12
[INFO] [stderr]    Compiling swc_ecma_utils v0.127.20
[INFO] [stderr]    Compiling swc_ecma_transforms_base v0.137.21
[INFO] [stderr]    Compiling swc_ecma_compat_common v0.4.13
[INFO] [stderr]    Compiling swc_ecma_usage_analyzer v0.23.14
[INFO] [stderr]    Compiling swc_ecma_ext_transforms v0.113.14
[INFO] [stderr]    Compiling swc_ecma_lints v0.92.21
[INFO] [stderr]    Compiling swc_ecma_transforms_classes v0.126.16
[INFO] [stderr]    Compiling swc_ecma_transforms_optimization v0.198.22
[INFO] [stderr]    Compiling swc_ecma_compat_es2019 v0.4.16
[INFO] [stderr]    Compiling swc_ecma_compat_es2021 v0.4.16
[INFO] [stderr]    Compiling swc_ecma_compat_es2018 v0.4.17
[INFO] [stderr]    Compiling swc_ecma_compat_es2017 v0.4.17
[INFO] [stderr]    Compiling swc_ecma_compat_es2016 v0.4.16
[INFO] [stderr]    Compiling swc_ecma_compat_es2022 v0.4.17
[INFO] [stderr]    Compiling swc_ecma_compat_es2015 v0.4.20
[INFO] [stderr]    Compiling swc_ecma_transforms_react v0.183.19
[INFO] [stderr]    Compiling swc_ecma_compat_es3 v0.4.16
[INFO] [stderr]    Compiling swc_ecma_transforms_typescript v0.188.19
[INFO] [stderr]    Compiling swc_ecma_transforms_proposal v0.171.23
[INFO] [stderr]    Compiling swc_ecma_transforms_module v0.180.19
[INFO] [stderr]    Compiling swc_ecma_compat_es2020 v0.4.17
[INFO] [stderr]    Compiling swc_ecma_minifier v0.192.23
[INFO] [stderr]    Compiling swc_ecma_compat_bugfixes v0.4.18
[INFO] [stderr]    Compiling swc_ecma_transforms_compat v0.163.19
[INFO] [stderr]    Compiling swc_ecma_transforms v0.229.18
[INFO] [stderr]    Compiling swc_ecma_preset_env v0.206.18
[INFO] [stderr]    Compiling swc_compiler_base v0.7.20
[INFO] [stderr]    Compiling swc v0.273.27
[INFO] [stderr]    Compiling rust_auto_gen_d_ts v0.1.0 (/opt/rustwide/workdir)
[INFO] [stdout] warning: unused imports: `File` and `OpenOptions`
[INFO] [stdout]  --> src/args/mod.rs:1:29
[INFO] [stdout]   |
[INFO] [stdout] 1 | use std::fs::{canonicalize, File, OpenOptions};
[INFO] [stdout]   |                             ^^^^  ^^^^^^^^^^^
[INFO] [stdout]   |
[INFO] [stdout]   = note: `#[warn(unused_imports)]` on by default
[INFO] [stdout] 
[INFO] [stdout] 
[INFO] [stdout] warning: unused imports: `BufReader` and `BufWriter`
[INFO] [stdout]  --> src/args/mod.rs:2:45
[INFO] [stdout]   |
[INFO] [stdout] 2 | use std::io::{self, stdin, stdout, BufRead, BufReader, BufWriter, Write};
[INFO] [stdout]   |                                             ^^^^^^^^^  ^^^^^^^^^
[INFO] [stdout] 
[INFO] [stdout] 
[INFO] [stdout] warning: unused import: `env`
[INFO] [stdout]  --> src/args/mod.rs:4:11
[INFO] [stdout]   |
[INFO] [stdout] 4 | use std::{env, fs};
[INFO] [stdout]   |           ^^^
[INFO] [stdout] 
[INFO] [stdout] 
[INFO] [stdout] warning: unused import: `std::path::PathBuf`
[INFO] [stdout]  --> src/compile/parse.rs:1:5
[INFO] [stdout]   |
[INFO] [stdout] 1 | use std::path::PathBuf;
[INFO] [stdout]   |     ^^^^^^^^^^^^^^^^^^
[INFO] [stdout] 
[INFO] [stdout] 
[INFO] [stdout] warning: unused import: `Mark`
[INFO] [stdout]  --> src/compile/parse.rs:7:18
[INFO] [stdout]   |
[INFO] [stdout] 7 | use swc_common::{Mark, GLOBALS};
[INFO] [stdout]   |                  ^^^^
[INFO] [stdout] 
[INFO] [stdout] 
[INFO] [stdout] warning: unused import: `swc_ecma_preset_env::preset_env`
[INFO] [stdout]   --> src/compile/parse.rs:11:5
[INFO] [stdout]    |
[INFO] [stdout] 11 | use swc_ecma_preset_env::preset_env;
[INFO] [stdout]    |     ^^^^^^^^^^^^^^^^^^^^^^^^^^^^^^^
[INFO] [stdout] 
[INFO] [stdout] 
[INFO] [stdout] warning: unused import: `swc_ecma_transforms_base::resolver`
[INFO] [stdout]   --> src/compile/parse.rs:12:5
[INFO] [stdout]    |
[INFO] [stdout] 12 | use swc_ecma_transforms_base::resolver;
[INFO] [stdout]    |     ^^^^^^^^^^^^^^^^^^^^^^^^^^^^^^^^^^
[INFO] [stdout] 
[INFO] [stdout] 
[INFO] [stdout] warning: unused import: `swc_ecma_visit::FoldWith`
[INFO] [stdout]   --> src/compile/parse.rs:13:5
[INFO] [stdout]    |
[INFO] [stdout] 13 | use swc_ecma_visit::FoldWith;
[INFO] [stdout]    |     ^^^^^^^^^^^^^^^^^^^^^^^^
[INFO] [stdout] 
[INFO] [stdout] 
[INFO] [stdout] warning: unused imports: `AsyncReadExt`, `AsyncRead`, `ReadBuf`, `ReadDir`, and `self`
[INFO] [stdout]  --> src/file_io/read.rs:3:10
[INFO] [stdout]   |
[INFO] [stdout] 3 |     fs::{self, ReadDir},
[INFO] [stdout]   |          ^^^^  ^^^^^^^
[INFO] [stdout] 4 |     io::{self, AsyncRead, AsyncReadExt, ReadBuf},
[INFO] [stdout]   |                ^^^^^^^^^  ^^^^^^^^^^^^  ^^^^^^^
[INFO] [stdout] 
[INFO] [stdout] 
[INFO] [stdout] warning: unused import: `File`
[INFO] [stdout]  --> src/file_io/write.rs:1:21
[INFO] [stdout]   |
[INFO] [stdout] 1 | use std::fs::{self, File};
[INFO] [stdout]   |                     ^^^^
[INFO] [stdout] 
[INFO] [stdout] 
[INFO] [stdout] warning: unused import: `BufRead`
[INFO] [stdout]  --> src/args/mod.rs:2:36
[INFO] [stdout]   |
[INFO] [stdout] 2 | use std::io::{self, stdin, stdout, BufRead, BufReader, BufWriter, Write};
[INFO] [stdout]   |                                    ^^^^^^^
[INFO] [stdout] 
[INFO] [stdout] 
[INFO] [stdout] warning: unused import: `Write`
[INFO] [stdout]  --> src/file_io/write.rs:2:21
[INFO] [stdout]   |
[INFO] [stdout] 2 | use std::io::{self, Write};
[INFO] [stdout]   |                     ^^^^^
[INFO] [stdout] 
[INFO] [stdout] 
[INFO] [stdout] warning: variable does not need to be mutable
[INFO] [stdout]   --> src/compile/transform.rs:11:18
[INFO] [stdout]    |
[INFO] [stdout] 11 | pub fn visit_ast(mut module: Module, source_code: &str) -> (Module, Vec<Vec<String>>) {
[INFO] [stdout]    |                  ----^^^^^^
[INFO] [stdout]    |                  |
[INFO] [stdout]    |                  help: remove this `mut`
[INFO] [stdout]    |
[INFO] [stdout]    = note: `#[warn(unused_mut)]` on by default
[INFO] [stdout] 
[INFO] [stdout] 
[INFO] [stdout] warning: unused return value of `core::str::<impl str>::trim_end_matches` that must be used
[INFO] [stdout]   --> src/args/mod.rs:60:5
[INFO] [stdout]    |
[INFO] [stdout] 60 |     path.trim_end_matches('\n');
[INFO] [stdout]    |     ^^^^^^^^^^^^^^^^^^^^^^^^^^^
[INFO] [stdout]    |
[INFO] [stdout]    = note: this returns the trimmed string as a new slice, without modifying the original
[INFO] [stdout]    = note: `#[warn(unused_must_use)]` on by default
[INFO] [stdout] help: use `let _ = ...` to ignore the resulting value
[INFO] [stdout]    |
[INFO] [stdout] 60 |     let _ = path.trim_end_matches('\n');
[INFO] [stdout]    |     +++++++
[INFO] [stdout] 
[INFO] [stdout] 
[INFO] [stdout] warning: unused `Result` that must be used
[INFO] [stdout]    --> src/file_io/read.rs:113:5
[INFO] [stdout]     |
[INFO] [stdout] 113 |     recur_dir(String::new(), deep, path, &mut dirs, &mut contents);
[INFO] [stdout]     |     ^^^^^^^^^^^^^^^^^^^^^^^^^^^^^^^^^^^^^^^^^^^^^^^^^^^^^^^^^^^^^^
[INFO] [stdout]     |
[INFO] [stdout]     = note: this `Result` may be an `Err` variant, which should be handled
[INFO] [stdout] help: use `let _ = ...` to ignore the resulting value
[INFO] [stdout]     |
[INFO] [stdout] 113 |     let _ = recur_dir(String::new(), deep, path, &mut dirs, &mut contents);
[INFO] [stdout]     |     +++++++
[INFO] [stdout] 
[INFO] [stdout] 
[INFO] [stderr]     Finished `dev` profile [unoptimized + debuginfo] target(s) in 4m 57s
[INFO] running `Command { std: "docker" "inspect" "38c870ccf187140a1adc838c37a1b7b8c59da32a66229828fb7e16ff7477a61c", kill_on_drop: false }`
[INFO] running `Command { std: "docker" "rm" "-f" "38c870ccf187140a1adc838c37a1b7b8c59da32a66229828fb7e16ff7477a61c", kill_on_drop: false }`
[INFO] [stdout] 38c870ccf187140a1adc838c37a1b7b8c59da32a66229828fb7e16ff7477a61c
[INFO] running `Command { std: "docker" "create" "-v" "/var/lib/crater-agent-workspace/builds/worker-0-tc1/target:/opt/rustwide/target:rw,Z" "-v" "/var/lib/crater-agent-workspace/builds/worker-0-tc1/source:/opt/rustwide/workdir:ro,Z" "-v" "/var/lib/crater-agent-workspace/cargo-home:/opt/rustwide/cargo-home:ro,Z" "-v" "/var/lib/crater-agent-workspace/rustup-home:/opt/rustwide/rustup-home:ro,Z" "-e" "SOURCE_DIR=/opt/rustwide/workdir" "-e" "CARGO_TARGET_DIR=/opt/rustwide/target" "-e" "CARGO_INCREMENTAL=0" "-e" "RUST_BACKTRACE=full" "-e" "RUSTFLAGS=--cap-lints=forbid" "-e" "RUSTDOCFLAGS=--cap-lints=forbid" "-e" "CARGO_HOME=/opt/rustwide/cargo-home" "-e" "RUSTUP_HOME=/opt/rustwide/rustup-home" "-w" "/opt/rustwide/workdir" "-m" "1610612736" "--user" "0:0" "--network" "none" "ghcr.io/rust-lang/crates-build-env/linux@sha256:819108c5571ea2e421544af4d832f968d213c87fbe3707a016657f43d2f853bc" "/opt/rustwide/cargo-home/bin/cargo" "+nightly-2025-01-18" "test" "--frozen" "--no-run" "--message-format=json", kill_on_drop: false }`
[INFO] [stdout] 48a8011548f504e9efd03e47d4c068cc72ea7e91f19756f0cf4c6b35daf48c6c
[INFO] running `Command { std: "docker" "start" "-a" "48a8011548f504e9efd03e47d4c068cc72ea7e91f19756f0cf4c6b35daf48c6c", kill_on_drop: false }`
[INFO] [stderr]    Compiling rust_auto_gen_d_ts v0.1.0 (/opt/rustwide/workdir)
[INFO] [stdout] warning: unused imports: `File` and `OpenOptions`
[INFO] [stdout]  --> src/args/mod.rs:1:29
[INFO] [stdout]   |
[INFO] [stdout] 1 | use std::fs::{canonicalize, File, OpenOptions};
[INFO] [stdout]   |                             ^^^^  ^^^^^^^^^^^
[INFO] [stdout]   |
[INFO] [stdout]   = note: `#[warn(unused_imports)]` on by default
[INFO] [stdout] 
[INFO] [stdout] 
[INFO] [stdout] warning: unused imports: `BufReader` and `BufWriter`
[INFO] [stdout]  --> src/args/mod.rs:2:45
[INFO] [stdout]   |
[INFO] [stdout] 2 | use std::io::{self, stdin, stdout, BufRead, BufReader, BufWriter, Write};
[INFO] [stdout]   |                                             ^^^^^^^^^  ^^^^^^^^^
[INFO] [stdout] 
[INFO] [stdout] 
[INFO] [stdout] warning: unused import: `env`
[INFO] [stdout]  --> src/args/mod.rs:4:11
[INFO] [stdout]   |
[INFO] [stdout] 4 | use std::{env, fs};
[INFO] [stdout]   |           ^^^
[INFO] [stdout] 
[INFO] [stdout] 
[INFO] [stdout] warning: unused import: `std::path::PathBuf`
[INFO] [stdout]  --> src/compile/parse.rs:1:5
[INFO] [stdout]   |
[INFO] [stdout] 1 | use std::path::PathBuf;
[INFO] [stdout]   |     ^^^^^^^^^^^^^^^^^^
[INFO] [stdout] 
[INFO] [stdout] 
[INFO] [stdout] warning: unused import: `Mark`
[INFO] [stdout]  --> src/compile/parse.rs:7:18
[INFO] [stdout]   |
[INFO] [stdout] 7 | use swc_common::{Mark, GLOBALS};
[INFO] [stdout]   |                  ^^^^
[INFO] [stdout] 
[INFO] [stdout] 
[INFO] [stdout] warning: unused import: `swc_ecma_preset_env::preset_env`
[INFO] [stdout]   --> src/compile/parse.rs:11:5
[INFO] [stdout]    |
[INFO] [stdout] 11 | use swc_ecma_preset_env::preset_env;
[INFO] [stdout]    |     ^^^^^^^^^^^^^^^^^^^^^^^^^^^^^^^
[INFO] [stdout] 
[INFO] [stdout] 
[INFO] [stdout] warning: unused import: `swc_ecma_transforms_base::resolver`
[INFO] [stdout]   --> src/compile/parse.rs:12:5
[INFO] [stdout]    |
[INFO] [stdout] 12 | use swc_ecma_transforms_base::resolver;
[INFO] [stdout]    |     ^^^^^^^^^^^^^^^^^^^^^^^^^^^^^^^^^^
[INFO] [stdout] 
[INFO] [stdout] 
[INFO] [stdout] warning: unused import: `swc_ecma_visit::FoldWith`
[INFO] [stdout]   --> src/compile/parse.rs:13:5
[INFO] [stdout]    |
[INFO] [stdout] 13 | use swc_ecma_visit::FoldWith;
[INFO] [stdout]    |     ^^^^^^^^^^^^^^^^^^^^^^^^
[INFO] [stdout] 
[INFO] [stdout] 
[INFO] [stdout] warning: unused import: `swc_ecma_ast::*`
[INFO] [stdout]   --> src/compile/parse.rs:66:9
[INFO] [stdout]    |
[INFO] [stdout] 66 |     use swc_ecma_ast::*;
[INFO] [stdout]    |         ^^^^^^^^^^^^^^^
[INFO] [stdout] 
[INFO] [stdout] 
[INFO] [stdout] warning: unused imports: `AsyncReadExt`, `AsyncRead`, `ReadBuf`, `ReadDir`, and `self`
[INFO] [stdout]  --> src/file_io/read.rs:3:10
[INFO] [stdout]   |
[INFO] [stdout] 3 |     fs::{self, ReadDir},
[INFO] [stdout]   |          ^^^^  ^^^^^^^
[INFO] [stdout] 4 |     io::{self, AsyncRead, AsyncReadExt, ReadBuf},
[INFO] [stdout]   |                ^^^^^^^^^  ^^^^^^^^^^^^  ^^^^^^^
[INFO] [stdout] 
[INFO] [stdout] 
[INFO] [stdout] warning: unused import: `std::path::Path`
[INFO] [stdout]    --> src/file_io/read.rs:123:9
[INFO] [stdout]     |
[INFO] [stdout] 123 |     use std::path::Path;
[INFO] [stdout]     |         ^^^^^^^^^^^^^^^
[INFO] [stdout] 
[INFO] [stdout] 
[INFO] [stdout] warning: unused import: `File`
[INFO] [stdout]  --> src/file_io/write.rs:1:21
[INFO] [stdout]   |
[INFO] [stdout] 1 | use std::fs::{self, File};
[INFO] [stdout]   |                     ^^^^
[INFO] [stdout] 
[INFO] [stdout] 
[INFO] [stdout] warning: unused import: `BufRead`
[INFO] [stdout]  --> src/args/mod.rs:2:36
[INFO] [stdout]   |
[INFO] [stdout] 2 | use std::io::{self, stdin, stdout, BufRead, BufReader, BufWriter, Write};
[INFO] [stdout]   |                                    ^^^^^^^
[INFO] [stdout] 
[INFO] [stdout] 
[INFO] [stdout] warning: unused import: `Write`
[INFO] [stdout]  --> src/file_io/write.rs:2:21
[INFO] [stdout]   |
[INFO] [stdout] 2 | use std::io::{self, Write};
[INFO] [stdout]   |                     ^^^^^
[INFO] [stdout] 
[INFO] [stdout] 
[INFO] [stdout] warning: unused variable: `temp_dir`
[INFO] [stdout]    --> src/args/mod.rs:119:13
[INFO] [stdout]     |
[INFO] [stdout] 119 |         let temp_dir = fs::create_dir_all("/tmp/test_dir").await.unwrap();
[INFO] [stdout]     |             ^^^^^^^^ help: if this is intentional, prefix it with an underscore: `_temp_dir`
[INFO] [stdout]     |
[INFO] [stdout]     = note: `#[warn(unused_variables)]` on by default
[INFO] [stdout] 
[INFO] [stdout] 
[INFO] [stdout] warning: unused variable: `module`
[INFO] [stdout]   --> src/compile/parse.rs:75:13
[INFO] [stdout]    |
[INFO] [stdout] 75 |         let module = parse_js_2_ast(file_name, &mut code);
[INFO] [stdout]    |             ^^^^^^ help: if this is intentional, prefix it with an underscore: `_module`
[INFO] [stdout] 
[INFO] [stdout] 
[INFO] [stdout] warning: variable does not need to be mutable
[INFO] [stdout]   --> src/compile/transform.rs:11:18
[INFO] [stdout]    |
[INFO] [stdout] 11 | pub fn visit_ast(mut module: Module, source_code: &str) -> (Module, Vec<Vec<String>>) {
[INFO] [stdout]    |                  ----^^^^^^
[INFO] [stdout]    |                  |
[INFO] [stdout]    |                  help: remove this `mut`
[INFO] [stdout]    |
[INFO] [stdout]    = note: `#[warn(unused_mut)]` on by default
[INFO] [stdout] 
[INFO] [stdout] 
[INFO] [stdout] warning: variable does not need to be mutable
[INFO] [stdout]    --> src/compile/transform.rs:123:13
[INFO] [stdout]     |
[INFO] [stdout] 123 |         let mut parse_res = parse_js_2_ast(file_name, &mut code);
[INFO] [stdout]     |             ----^^^^^^^^^
[INFO] [stdout]     |             |
[INFO] [stdout]     |             help: remove this `mut`
[INFO] [stdout] 
[INFO] [stdout] 
[INFO] [stdout] warning: unused variable: `module`
[INFO] [stdout]    --> src/compile/transform.rs:138:13
[INFO] [stdout]     |
[INFO] [stdout] 138 |         let module = visit_ast(parse_res.0, &parse_res.1);
[INFO] [stdout]     |             ^^^^^^ help: if this is intentional, prefix it with an underscore: `_module`
[INFO] [stdout] 
[INFO] [stdout] 
[INFO] [stdout] warning: unused variable: `res`
[INFO] [stdout]    --> src/file_io/write.rs:121:13
[INFO] [stdout]     |
[INFO] [stdout] 121 |         let res = generate_dts_files(
[INFO] [stdout]     |             ^^^ help: if this is intentional, prefix it with an underscore: `_res`
[INFO] [stdout] 
[INFO] [stdout] 
[INFO] [stdout] warning: unused return value of `core::str::<impl str>::trim_end_matches` that must be used
[INFO] [stdout]   --> src/args/mod.rs:60:5
[INFO] [stdout]    |
[INFO] [stdout] 60 |     path.trim_end_matches('\n');
[INFO] [stdout]    |     ^^^^^^^^^^^^^^^^^^^^^^^^^^^
[INFO] [stdout]    |
[INFO] [stdout]    = note: this returns the trimmed string as a new slice, without modifying the original
[INFO] [stdout]    = note: `#[warn(unused_must_use)]` on by default
[INFO] [stdout] help: use `let _ = ...` to ignore the resulting value
[INFO] [stdout]    |
[INFO] [stdout] 60 |     let _ = path.trim_end_matches('\n');
[INFO] [stdout]    |     +++++++
[INFO] [stdout] 
[INFO] [stdout] 
[INFO] [stdout] warning: unused `Result` that must be used
[INFO] [stdout]    --> src/file_io/read.rs:113:5
[INFO] [stdout]     |
[INFO] [stdout] 113 |     recur_dir(String::new(), deep, path, &mut dirs, &mut contents);
[INFO] [stdout]     |     ^^^^^^^^^^^^^^^^^^^^^^^^^^^^^^^^^^^^^^^^^^^^^^^^^^^^^^^^^^^^^^
[INFO] [stdout]     |
[INFO] [stdout]     = note: this `Result` may be an `Err` variant, which should be handled
[INFO] [stdout] help: use `let _ = ...` to ignore the resulting value
[INFO] [stdout]     |
[INFO] [stdout] 113 |     let _ = recur_dir(String::new(), deep, path, &mut dirs, &mut contents);
[INFO] [stdout]     |     +++++++
[INFO] [stdout] 
[INFO] [stdout] 
[INFO] [stderr]     Finished `test` profile [unoptimized + debuginfo] target(s) in 10.29s
[INFO] running `Command { std: "docker" "inspect" "48a8011548f504e9efd03e47d4c068cc72ea7e91f19756f0cf4c6b35daf48c6c", kill_on_drop: false }`
[INFO] running `Command { std: "docker" "rm" "-f" "48a8011548f504e9efd03e47d4c068cc72ea7e91f19756f0cf4c6b35daf48c6c", kill_on_drop: false }`
[INFO] [stdout] 48a8011548f504e9efd03e47d4c068cc72ea7e91f19756f0cf4c6b35daf48c6c
[INFO] running `Command { std: "docker" "create" "-v" "/var/lib/crater-agent-workspace/builds/worker-0-tc1/target:/opt/rustwide/target:rw,Z" "-v" "/var/lib/crater-agent-workspace/builds/worker-0-tc1/source:/opt/rustwide/workdir:ro,Z" "-v" "/var/lib/crater-agent-workspace/cargo-home:/opt/rustwide/cargo-home:ro,Z" "-v" "/var/lib/crater-agent-workspace/rustup-home:/opt/rustwide/rustup-home:ro,Z" "-e" "SOURCE_DIR=/opt/rustwide/workdir" "-e" "CARGO_TARGET_DIR=/opt/rustwide/target" "-e" "CARGO_INCREMENTAL=0" "-e" "RUST_BACKTRACE=full" "-e" "RUSTFLAGS=--cap-lints=forbid" "-e" "RUSTDOCFLAGS=--cap-lints=forbid" "-e" "CARGO_HOME=/opt/rustwide/cargo-home" "-e" "RUSTUP_HOME=/opt/rustwide/rustup-home" "-w" "/opt/rustwide/workdir" "-m" "1610612736" "--user" "0:0" "--network" "none" "ghcr.io/rust-lang/crates-build-env/linux@sha256:819108c5571ea2e421544af4d832f968d213c87fbe3707a016657f43d2f853bc" "/opt/rustwide/cargo-home/bin/cargo" "+nightly-2025-01-18" "test" "--frozen", kill_on_drop: false }`
[INFO] [stdout] 4689064fb76ee6a14f89957cb5b111422ab46e8988cacbf3d3a7f3a20246ce0a
[INFO] running `Command { std: "docker" "start" "-a" "4689064fb76ee6a14f89957cb5b111422ab46e8988cacbf3d3a7f3a20246ce0a", kill_on_drop: false }`
[INFO] [stderr] warning: unused imports: `File` and `OpenOptions`
[INFO] [stderr]  --> src/args/mod.rs:1:29
[INFO] [stderr]   |
[INFO] [stderr] 1 | use std::fs::{canonicalize, File, OpenOptions};
[INFO] [stderr]   |                             ^^^^  ^^^^^^^^^^^
[INFO] [stderr]   |
[INFO] [stderr]   = note: `#[warn(unused_imports)]` on by default
[INFO] [stderr] 
[INFO] [stderr] warning: unused imports: `BufReader` and `BufWriter`
[INFO] [stderr]  --> src/args/mod.rs:2:45
[INFO] [stderr]   |
[INFO] [stderr] 2 | use std::io::{self, stdin, stdout, BufRead, BufReader, BufWriter, Write};
[INFO] [stderr]   |                                             ^^^^^^^^^  ^^^^^^^^^
[INFO] [stderr] 
[INFO] [stderr] warning: unused import: `env`
[INFO] [stderr]  --> src/args/mod.rs:4:11
[INFO] [stderr]   |
[INFO] [stderr] 4 | use std::{env, fs};
[INFO] [stderr]   |           ^^^
[INFO] [stderr] 
[INFO] [stderr] warning: unused import: `std::path::PathBuf`
[INFO] [stderr]  --> src/compile/parse.rs:1:5
[INFO] [stderr]   |
[INFO] [stderr] 1 | use std::path::PathBuf;
[INFO] [stderr]   |     ^^^^^^^^^^^^^^^^^^
[INFO] [stderr] 
[INFO] [stderr] warning: unused import: `Mark`
[INFO] [stderr]  --> src/compile/parse.rs:7:18
[INFO] [stderr]   |
[INFO] [stderr] 7 | use swc_common::{Mark, GLOBALS};
[INFO] [stderr]   |                  ^^^^
[INFO] [stderr] 
[INFO] [stderr] warning: unused import: `swc_ecma_preset_env::preset_env`
[INFO] [stderr]   --> src/compile/parse.rs:11:5
[INFO] [stderr]    |
[INFO] [stderr] 11 | use swc_ecma_preset_env::preset_env;
[INFO] [stderr]    |     ^^^^^^^^^^^^^^^^^^^^^^^^^^^^^^^
[INFO] [stderr] 
[INFO] [stderr] warning: unused import: `swc_ecma_transforms_base::resolver`
[INFO] [stderr]   --> src/compile/parse.rs:12:5
[INFO] [stderr]    |
[INFO] [stderr] 12 | use swc_ecma_transforms_base::resolver;
[INFO] [stderr]    |     ^^^^^^^^^^^^^^^^^^^^^^^^^^^^^^^^^^
[INFO] [stderr] 
[INFO] [stderr] warning: unused import: `swc_ecma_visit::FoldWith`
[INFO] [stderr]   --> src/compile/parse.rs:13:5
[INFO] [stderr]    |
[INFO] [stderr] 13 | use swc_ecma_visit::FoldWith;
[INFO] [stderr]    |     ^^^^^^^^^^^^^^^^^^^^^^^^
[INFO] [stderr] 
[INFO] [stderr] warning: unused import: `swc_ecma_ast::*`
[INFO] [stderr]   --> src/compile/parse.rs:66:9
[INFO] [stderr]    |
[INFO] [stderr] 66 |     use swc_ecma_ast::*;
[INFO] [stderr]    |         ^^^^^^^^^^^^^^^
[INFO] [stderr] 
[INFO] [stderr] warning: unused imports: `AsyncReadExt`, `AsyncRead`, `ReadBuf`, `ReadDir`, and `self`
[INFO] [stderr]  --> src/file_io/read.rs:3:10
[INFO] [stderr]   |
[INFO] [stderr] 3 |     fs::{self, ReadDir},
[INFO] [stderr]   |          ^^^^  ^^^^^^^
[INFO] [stderr] 4 |     io::{self, AsyncRead, AsyncReadExt, ReadBuf},
[INFO] [stderr]   |                ^^^^^^^^^  ^^^^^^^^^^^^  ^^^^^^^
[INFO] [stderr] 
[INFO] [stderr] warning: unused import: `std::path::Path`
[INFO] [stderr]    --> src/file_io/read.rs:123:9
[INFO] [stderr]     |
[INFO] [stderr] 123 |     use std::path::Path;
[INFO] [stderr]     |         ^^^^^^^^^^^^^^^
[INFO] [stderr] 
[INFO] [stderr] warning: unused import: `File`
[INFO] [stderr]  --> src/file_io/write.rs:1:21
[INFO] [stderr]   |
[INFO] [stderr] 1 | use std::fs::{self, File};
[INFO] [stderr]   |                     ^^^^
[INFO] [stderr] 
[INFO] [stderr] warning: unused import: `BufRead`
[INFO] [stderr]  --> src/args/mod.rs:2:36
[INFO] [stderr]   |
[INFO] [stderr] 2 | use std::io::{self, stdin, stdout, BufRead, BufReader, BufWriter, Write};
[INFO] [stderr]   |                                    ^^^^^^^
[INFO] [stderr] 
[INFO] [stderr] warning: unused import: `Write`
[INFO] [stderr]  --> src/file_io/write.rs:2:21
[INFO] [stderr]   |
[INFO] [stderr] 2 | use std::io::{self, Write};
[INFO] [stderr]   |                     ^^^^^
[INFO] [stderr] 
[INFO] [stderr] warning: unused variable: `temp_dir`
[INFO] [stderr]    --> src/args/mod.rs:119:13
[INFO] [stderr]     |
[INFO] [stderr] 119 |         let temp_dir = fs::create_dir_all("/tmp/test_dir").await.unwrap();
[INFO] [stderr]     |             ^^^^^^^^ help: if this is intentional, prefix it with an underscore: `_temp_dir`
[INFO] [stderr]     |
[INFO] [stderr]     = note: `#[warn(unused_variables)]` on by default
[INFO] [stderr] 
[INFO] [stderr] warning: unused variable: `module`
[INFO] [stderr]   --> src/compile/parse.rs:75:13
[INFO] [stderr]    |
[INFO] [stderr] 75 |         let module = parse_js_2_ast(file_name, &mut code);
[INFO] [stderr]    |             ^^^^^^ help: if this is intentional, prefix it with an underscore: `_module`
[INFO] [stderr] 
[INFO] [stderr] warning: variable does not need to be mutable
[INFO] [stderr]   --> src/compile/transform.rs:11:18
[INFO] [stderr]    |
[INFO] [stderr] 11 | pub fn visit_ast(mut module: Module, source_code: &str) -> (Module, Vec<Vec<String>>) {
[INFO] [stderr]    |                  ----^^^^^^
[INFO] [stderr]    |                  |
[INFO] [stderr]    |                  help: remove this `mut`
[INFO] [stderr]    |
[INFO] [stderr]    = note: `#[warn(unused_mut)]` on by default
[INFO] [stderr] 
[INFO] [stderr] warning: variable does not need to be mutable
[INFO] [stderr]    --> src/compile/transform.rs:123:13
[INFO] [stderr]     |
[INFO] [stderr] 123 |         let mut parse_res = parse_js_2_ast(file_name, &mut code);
[INFO] [stderr]     |             ----^^^^^^^^^
[INFO] [stderr]     |             |
[INFO] [stderr]     |             help: remove this `mut`
[INFO] [stderr] 
[INFO] [stderr] warning: unused variable: `module`
[INFO] [stderr]    --> src/compile/transform.rs:138:13
[INFO] [stderr]     |
[INFO] [stderr] 138 |         let module = visit_ast(parse_res.0, &parse_res.1);
[INFO] [stderr]     |             ^^^^^^ help: if this is intentional, prefix it with an underscore: `_module`
[INFO] [stderr] 
[INFO] [stderr] warning: unused variable: `res`
[INFO] [stderr]    --> src/file_io/write.rs:121:13
[INFO] [stderr]     |
[INFO] [stderr] 121 |         let res = generate_dts_files(
[INFO] [stderr]     |             ^^^ help: if this is intentional, prefix it with an underscore: `_res`
[INFO] [stderr] 
[INFO] [stderr] warning: unused return value of `core::str::<impl str>::trim_end_matches` that must be used
[INFO] [stderr]   --> src/args/mod.rs:60:5
[INFO] [stderr]    |
[INFO] [stderr] 60 |     path.trim_end_matches('\n');
[INFO] [stderr]    |     ^^^^^^^^^^^^^^^^^^^^^^^^^^^
[INFO] [stderr]    |
[INFO] [stderr]    = note: this returns the trimmed string as a new slice, without modifying the original
[INFO] [stderr]    = note: `#[warn(unused_must_use)]` on by default
[INFO] [stderr] help: use `let _ = ...` to ignore the resulting value
[INFO] [stderr]    |
[INFO] [stderr] 60 |     let _ = path.trim_end_matches('\n');
[INFO] [stderr]    |     +++++++
[INFO] [stderr] 
[INFO] [stderr] warning: unused `Result` that must be used
[INFO] [stderr]    --> src/file_io/read.rs:113:5
[INFO] [stderr]     |
[INFO] [stderr] 113 |     recur_dir(String::new(), deep, path, &mut dirs, &mut contents);
[INFO] [stderr]     |     ^^^^^^^^^^^^^^^^^^^^^^^^^^^^^^^^^^^^^^^^^^^^^^^^^^^^^^^^^^^^^^
[INFO] [stderr]     |
[INFO] [stderr]     = note: this `Result` may be an `Err` variant, which should be handled
[INFO] [stderr] help: use `let _ = ...` to ignore the resulting value
[INFO] [stderr]     |
[INFO] [stderr] 113 |     let _ = recur_dir(String::new(), deep, path, &mut dirs, &mut contents);
[INFO] [stderr]     |     +++++++
[INFO] [stderr] 
[INFO] [stderr] warning: `rust_auto_gen_d_ts` (bin "rust_auto_gen_d_ts" test) generated 22 warnings (run `cargo fix --bin "rust_auto_gen_d_ts" --tests` to apply 14 suggestions)
[INFO] [stderr]     Finished `test` profile [unoptimized + debuginfo] target(s) in 0.38s
[INFO] [stderr]      Running unittests src/main.rs (/opt/rustwide/target/debug/deps/rust_auto_gen_d_ts-f12ca436171aff03)
[INFO] [stdout] 
[INFO] [stdout] running 11 tests
[INFO] [stdout] test file_io::read::tests::test_get_files_and_contents ... ok
[INFO] [stdout] test compile::parse::tests::test_get_js_ast ... ok
[INFO] [stdout] test compile::transform::tests::test_transform ... ok
[INFO] [stdout] test compile::parse::tests::test_get_async_js_ast ... ok
[INFO] [stdout] test compile::transform::tests::test_transform_async_js_ast ... ok
[INFO] [stdout] test file_io::write::tests::test_generate_dts_files ... ok
[INFO] [stdout] test file_io::read::tests::test_get_files_contents ... ok
[INFO] [stdout] test args::tests::test_trans_2_absolute_with_invalid_windows_path ... FAILED
[INFO] [stdout] test args::tests::test_trans_2_absolute_with_absolute_windows_path ... FAILED
[INFO] [stdout] test file_io::write::tests::test_gen_absoulte_path ... FAILED
[INFO] [stdout] test args::tests::test_init ... FAILED
[INFO] [stdout] 
[INFO] [stdout] failures:
[INFO] [stdout] 
[INFO] [stdout] ---- args::tests::test_trans_2_absolute_with_invalid_windows_path stdout ----
[INFO] [stdout] 文件路径找不到，准备创建文件夹：./test
[INFO] [stdout] [src/args/mod.rs:160:9] &result = Err(
[INFO] [stdout]     Os {
[INFO] [stdout]         code: 30,
[INFO] [stdout]         kind: ReadOnlyFilesystem,
[INFO] [stdout]         message: "Read-only file system",
[INFO] [stdout]     },
[INFO] [stdout] )
[INFO] [stdout] 
[INFO] [stdout] thread 'args::tests::test_trans_2_absolute_with_invalid_windows_path' panicked at src/args/mod.rs:162:9:
[INFO] [stdout] assertion `left == right` failed
[INFO] [stdout]   left: ReadOnlyFilesystem
[INFO] [stdout]  right: NotFound
[INFO] [stdout] stack backtrace:
[INFO] [stdout]    0:     0x5e29492d2c0a - std::backtrace_rs::backtrace::libunwind::trace::hb059275cfc8d6126
[INFO] [stdout]                                at /rustc/6067b36314ab5eb2eb47cecc464545ba58e1ad24/library/std/src/../../backtrace/src/backtrace/libunwind.rs:116:5
[INFO] [stdout]    1:     0x5e29492d2c0a - std::backtrace_rs::backtrace::trace_unsynchronized::h2da071e4327ce3ee
[INFO] [stdout]                                at /rustc/6067b36314ab5eb2eb47cecc464545ba58e1ad24/library/std/src/../../backtrace/src/backtrace/mod.rs:66:5
[INFO] [stdout]    2:     0x5e29492d2c0a - std::sys::backtrace::_print_fmt::h842a1474e6f8d23f
[INFO] [stdout]                                at /rustc/6067b36314ab5eb2eb47cecc464545ba58e1ad24/library/std/src/sys/backtrace.rs:66:9
[INFO] [stdout]    3:     0x5e29492d2c0a - <std::sys::backtrace::BacktraceLock::print::DisplayBacktrace as core::fmt::Display>::fmt::h71a62eb3b9696b12
[INFO] [stdout]                                at /rustc/6067b36314ab5eb2eb47cecc464545ba58e1ad24/library/std/src/sys/backtrace.rs:39:26
[INFO] [stdout]    4:     0x5e29492ffd13 - core::fmt::rt::Argument::fmt::hdb6b616786b41dc1
[INFO] [stdout]                                at /rustc/6067b36314ab5eb2eb47cecc464545ba58e1ad24/library/core/src/fmt/rt.rs:177:76
[INFO] [stdout]    5:     0x5e29492ffd13 - core::fmt::write::h2cc1698af7e2d686
[INFO] [stdout]                                at /rustc/6067b36314ab5eb2eb47cecc464545ba58e1ad24/library/core/src/fmt/mod.rs:1440:21
[INFO] [stdout]    6:     0x5e29492ce433 - std::io::Write::write_fmt::hab1b4cd059a79022
[INFO] [stdout]                                at /rustc/6067b36314ab5eb2eb47cecc464545ba58e1ad24/library/std/src/io/mod.rs:1887:15
[INFO] [stdout]    7:     0x5e29492d2a52 - std::sys::backtrace::BacktraceLock::print::h147fe35b4ea13b08
[INFO] [stdout]                                at /rustc/6067b36314ab5eb2eb47cecc464545ba58e1ad24/library/std/src/sys/backtrace.rs:42:9
[INFO] [stdout]    8:     0x5e29492d402f - std::panicking::default_hook::{{closure}}::hbd44223dbdc0d208
[INFO] [stdout]                                at /rustc/6067b36314ab5eb2eb47cecc464545ba58e1ad24/library/std/src/panicking.rs:298:22
[INFO] [stdout]    9:     0x5e29492d3e48 - std::panicking::default_hook::h20f81eb0576efcec
[INFO] [stdout]                                at /rustc/6067b36314ab5eb2eb47cecc464545ba58e1ad24/library/std/src/panicking.rs:322:9
[INFO] [stdout]   10:     0x5e294857d073 - <alloc::boxed::Box<F,A> as core::ops::function::Fn<Args>>::call::hdb53814c496a4d34
[INFO] [stdout]                                at /rustc/6067b36314ab5eb2eb47cecc464545ba58e1ad24/library/alloc/src/boxed.rs:2027:9
[INFO] [stdout]   11:     0x5e294857d073 - test::test_main::{{closure}}::hc0a4963c59427c24
[INFO] [stdout]                                at /rustc/6067b36314ab5eb2eb47cecc464545ba58e1ad24/library/test/src/lib.rs:134:21
[INFO] [stdout]   12:     0x5e29492d4b23 - <alloc::boxed::Box<F,A> as core::ops::function::Fn<Args>>::call::h591b2225413a77e9
[INFO] [stdout]                                at /rustc/6067b36314ab5eb2eb47cecc464545ba58e1ad24/library/alloc/src/boxed.rs:2027:9
[INFO] [stdout]   13:     0x5e29492d4b23 - std::panicking::rust_panic_with_hook::h625eea43051b2edc
[INFO] [stdout]                                at /rustc/6067b36314ab5eb2eb47cecc464545ba58e1ad24/library/std/src/panicking.rs:839:13
[INFO] [stdout]   14:     0x5e29492d47da - std::panicking::begin_panic_handler::{{closure}}::h4f9159cfbc3f6bd3
[INFO] [stdout]                                at /rustc/6067b36314ab5eb2eb47cecc464545ba58e1ad24/library/std/src/panicking.rs:704:13
[INFO] [stdout]   15:     0x5e29492d3109 - std::sys::backtrace::__rust_end_short_backtrace::h0390abce48353151
[INFO] [stdout]                                at /rustc/6067b36314ab5eb2eb47cecc464545ba58e1ad24/library/std/src/sys/backtrace.rs:168:18
[INFO] [stdout]   16:     0x5e29492d446d - rust_begin_unwind
[INFO] [stdout]                                at /rustc/6067b36314ab5eb2eb47cecc464545ba58e1ad24/library/std/src/panicking.rs:695:5
[INFO] [stdout]   17:     0x5e29492fd820 - core::panicking::panic_fmt::h9e7c637e9e5f29c9
[INFO] [stdout]                                at /rustc/6067b36314ab5eb2eb47cecc464545ba58e1ad24/library/core/src/panicking.rs:75:14
[INFO] [stdout]   18:     0x5e29492fdc73 - core::panicking::assert_failed_inner::h538bec7c1374cd9c
[INFO] [stdout]   19:     0x5e29484fb5d8 - core::panicking::assert_failed::hd8bc789a44d403dc
[INFO] [stdout]                                at /rustc/6067b36314ab5eb2eb47cecc464545ba58e1ad24/library/core/src/panicking.rs:364:5
[INFO] [stdout]   20:     0x5e29484f57e7 - rust_auto_gen_d_ts::args::tests::test_trans_2_absolute_with_invalid_windows_path::hc2987165d082db84
[INFO] [stdout]                                at /opt/rustwide/workdir/src/args/mod.rs:162:9
[INFO] [stdout]   21:     0x5e29484f5497 - rust_auto_gen_d_ts::args::tests::test_trans_2_absolute_with_invalid_windows_path::{{closure}}::h73e9092bed32f9d1
[INFO] [stdout]                                at /opt/rustwide/workdir/src/args/mod.rs:157:57
[INFO] [stdout]   22:     0x5e29485306e6 - core::ops::function::FnOnce::call_once::h655330c12d5942a6
[INFO] [stdout]                                at /rustc/6067b36314ab5eb2eb47cecc464545ba58e1ad24/library/core/src/ops/function.rs:250:5
[INFO] [stdout]   23:     0x5e29485827cb - core::ops::function::FnOnce::call_once::he27718dfdd183f43
[INFO] [stdout]                                at /rustc/6067b36314ab5eb2eb47cecc464545ba58e1ad24/library/core/src/ops/function.rs:250:5
[INFO] [stdout]   24:     0x5e29485827cb - test::__rust_begin_short_backtrace::h4e84902998457a5d
[INFO] [stdout]                                at /rustc/6067b36314ab5eb2eb47cecc464545ba58e1ad24/library/test/src/lib.rs:632:18
[INFO] [stdout]   25:     0x5e2948581703 - test::run_test_in_process::{{closure}}::h7176fd18fc1feca0
[INFO] [stdout]                                at /rustc/6067b36314ab5eb2eb47cecc464545ba58e1ad24/library/test/src/lib.rs:655:60
[INFO] [stdout]   26:     0x5e2948581703 - <core::panic::unwind_safe::AssertUnwindSafe<F> as core::ops::function::FnOnce<()>>::call_once::hf79cff2a624d8cf7
[INFO] [stdout]                                at /rustc/6067b36314ab5eb2eb47cecc464545ba58e1ad24/library/core/src/panic/unwind_safe.rs:272:9
[INFO] [stdout]   27:     0x5e2948581703 - std::panicking::try::do_call::h3da0561d9ab99c25
[INFO] [stdout]                                at /rustc/6067b36314ab5eb2eb47cecc464545ba58e1ad24/library/std/src/panicking.rs:587:40
[INFO] [stdout]   28:     0x5e2948581703 - std::panicking::try::h41c9fa508bc61df6
[INFO] [stdout]                                at /rustc/6067b36314ab5eb2eb47cecc464545ba58e1ad24/library/std/src/panicking.rs:550:19
[INFO] [stdout]   29:     0x5e2948581703 - std::panic::catch_unwind::h6b3ff07bb5afad93
[INFO] [stdout]                                at /rustc/6067b36314ab5eb2eb47cecc464545ba58e1ad24/library/std/src/panic.rs:358:14
[INFO] [stdout]   30:     0x5e2948581703 - test::run_test_in_process::hc7253dd11b39b9f4
[INFO] [stdout]                                at /rustc/6067b36314ab5eb2eb47cecc464545ba58e1ad24/library/test/src/lib.rs:655:27
[INFO] [stdout]   31:     0x5e2948581703 - test::run_test::{{closure}}::hfb2007f8649c30bb
[INFO] [stdout]                                at /rustc/6067b36314ab5eb2eb47cecc464545ba58e1ad24/library/test/src/lib.rs:576:43
[INFO] [stdout]   32:     0x5e29485447e5 - test::run_test::{{closure}}::h56a17aa7a282a9f4
[INFO] [stdout]                                at /rustc/6067b36314ab5eb2eb47cecc464545ba58e1ad24/library/test/src/lib.rs:606:41
[INFO] [stdout]   33:     0x5e29485447e5 - std::sys::backtrace::__rust_begin_short_backtrace::hd2d2d2fb8e8c6aac
[INFO] [stdout]                                at /rustc/6067b36314ab5eb2eb47cecc464545ba58e1ad24/library/std/src/sys/backtrace.rs:152:18
[INFO] [stdout]   34:     0x5e29485480ca - std::thread::Builder::spawn_unchecked_::{{closure}}::{{closure}}::h4faa3f9db6133423
[INFO] [stdout]                                at /rustc/6067b36314ab5eb2eb47cecc464545ba58e1ad24/library/std/src/thread/mod.rs:559:17
[INFO] [stdout]   35:     0x5e29485480ca - <core::panic::unwind_safe::AssertUnwindSafe<F> as core::ops::function::FnOnce<()>>::call_once::hf2e855a36a4ea846
[INFO] [stdout]                                at /rustc/6067b36314ab5eb2eb47cecc464545ba58e1ad24/library/core/src/panic/unwind_safe.rs:272:9
[INFO] [stdout]   36:     0x5e29485480ca - std::panicking::try::do_call::h2f73af3616c35465
[INFO] [stdout]                                at /rustc/6067b36314ab5eb2eb47cecc464545ba58e1ad24/library/std/src/panicking.rs:587:40
[INFO] [stdout]   37:     0x5e29485480ca - std::panicking::try::hd1660ce9efadef5a
[INFO] [stdout]                                at /rustc/6067b36314ab5eb2eb47cecc464545ba58e1ad24/library/std/src/panicking.rs:550:19
[INFO] [stdout]   38:     0x5e29485480ca - std::panic::catch_unwind::h5ee8d7823b8ca744
[INFO] [stdout]                                at /rustc/6067b36314ab5eb2eb47cecc464545ba58e1ad24/library/std/src/panic.rs:358:14
[INFO] [stdout]   39:     0x5e29485480ca - std::thread::Builder::spawn_unchecked_::{{closure}}::h53c3a1894dce8407
[INFO] [stdout]                                at /rustc/6067b36314ab5eb2eb47cecc464545ba58e1ad24/library/std/src/thread/mod.rs:557:30
[INFO] [stdout]   40:     0x5e29485480ca - core::ops::function::FnOnce::call_once{{vtable.shim}}::h048ce291ad4f62bf
[INFO] [stdout]                                at /rustc/6067b36314ab5eb2eb47cecc464545ba58e1ad24/library/core/src/ops/function.rs:250:5
[INFO] [stdout]   41:     0x5e29492d9c7b - <alloc::boxed::Box<F,A> as core::ops::function::FnOnce<Args>>::call_once::ha52bedf99a3b4981
[INFO] [stdout]                                at /rustc/6067b36314ab5eb2eb47cecc464545ba58e1ad24/library/alloc/src/boxed.rs:2013:9
[INFO] [stdout]   42:     0x5e29492d9c7b - <alloc::boxed::Box<F,A> as core::ops::function::FnOnce<Args>>::call_once::h567748934d80ccf8
[INFO] [stdout]                                at /rustc/6067b36314ab5eb2eb47cecc464545ba58e1ad24/library/alloc/src/boxed.rs:2013:9
[INFO] [stdout]   43:     0x5e29492d9c7b - std::sys::pal::unix::thread::Thread::new::thread_start::h2d970728ae887adc
[INFO] [stdout]                                at /rustc/6067b36314ab5eb2eb47cecc464545ba58e1ad24/library/std/src/sys/pal/unix/thread.rs:106:17
[INFO] [stdout]   44:     0x72c22aed2ac3 - <unknown>
[INFO] [stdout]   45:     0x72c22af63a04 - clone
[INFO] [stdout]   46:                0x0 - <unknown>
[INFO] [stdout] 
[INFO] [stdout] ---- args::tests::test_trans_2_absolute_with_absolute_windows_path stdout ----
[INFO] [stdout] 文件路径找不到，准备创建文件夹：C:\Users\user\Documents
[INFO] [stdout] 
[INFO] [stdout] thread 'args::tests::test_trans_2_absolute_with_absolute_windows_path' panicked at src/args/mod.rs:152:9:
[INFO] [stdout] assertion failed: result.is_ok()
[INFO] [stdout] stack backtrace:
[INFO] [stdout]    0:     0x5e29492d2c0a - std::backtrace_rs::backtrace::libunwind::trace::hb059275cfc8d6126
[INFO] [stdout]                                at /rustc/6067b36314ab5eb2eb47cecc464545ba58e1ad24/library/std/src/../../backtrace/src/backtrace/libunwind.rs:116:5
[INFO] [stdout]    1:     0x5e29492d2c0a - std::backtrace_rs::backtrace::trace_unsynchronized::h2da071e4327ce3ee
[INFO] [stdout]                                at /rustc/6067b36314ab5eb2eb47cecc464545ba58e1ad24/library/std/src/../../backtrace/src/backtrace/mod.rs:66:5
[INFO] [stdout]    2:     0x5e29492d2c0a - std::sys::backtrace::_print_fmt::h842a1474e6f8d23f
[INFO] [stdout]                                at /rustc/6067b36314ab5eb2eb47cecc464545ba58e1ad24/library/std/src/sys/backtrace.rs:66:9
[INFO] [stdout]    3:     0x5e29492d2c0a - <std::sys::backtrace::BacktraceLock::print::DisplayBacktrace as core::fmt::Display>::fmt::h71a62eb3b9696b12
[INFO] [stdout]                                at /rustc/6067b36314ab5eb2eb47cecc464545ba58e1ad24/library/std/src/sys/backtrace.rs:39:26
[INFO] [stdout]    4:     0x5e29492ffd13 - core::fmt::rt::Argument::fmt::hdb6b616786b41dc1
[INFO] [stdout]                                at /rustc/6067b36314ab5eb2eb47cecc464545ba58e1ad24/library/core/src/fmt/rt.rs:177:76
[INFO] [stdout]    5:     0x5e29492ffd13 - core::fmt::write::h2cc1698af7e2d686
[INFO] [stdout]                                at /rustc/6067b36314ab5eb2eb47cecc464545ba58e1ad24/library/core/src/fmt/mod.rs:1440:21
[INFO] [stdout]    6:     0x5e29492ce433 - std::io::Write::write_fmt::hab1b4cd059a79022
[INFO] [stdout]                                at /rustc/6067b36314ab5eb2eb47cecc464545ba58e1ad24/library/std/src/io/mod.rs:1887:15
[INFO] [stdout]    7:     0x5e29492d2a52 - std::sys::backtrace::BacktraceLock::print::h147fe35b4ea13b08
[INFO] [stdout]                                at /rustc/6067b36314ab5eb2eb47cecc464545ba58e1ad24/library/std/src/sys/backtrace.rs:42:9
[INFO] [stdout]    8:     0x5e29492d402f - std::panicking::default_hook::{{closure}}::hbd44223dbdc0d208
[INFO] [stdout]                                at /rustc/6067b36314ab5eb2eb47cecc464545ba58e1ad24/library/std/src/panicking.rs:298:22
[INFO] [stdout]    9:     0x5e29492d3e48 - std::panicking::default_hook::h20f81eb0576efcec
[INFO] [stdout]                                at /rustc/6067b36314ab5eb2eb47cecc464545ba58e1ad24/library/std/src/panicking.rs:322:9
[INFO] [stdout]   10:     0x5e294857d073 - <alloc::boxed::Box<F,A> as core::ops::function::Fn<Args>>::call::hdb53814c496a4d34
[INFO] [stdout]                                at /rustc/6067b36314ab5eb2eb47cecc464545ba58e1ad24/library/alloc/src/boxed.rs:2027:9
[INFO] [stdout]   11:     0x5e294857d073 - test::test_main::{{closure}}::hc0a4963c59427c24
[INFO] [stdout]                                at /rustc/6067b36314ab5eb2eb47cecc464545ba58e1ad24/library/test/src/lib.rs:134:21
[INFO] [stdout]   12:     0x5e29492d4b23 - <alloc::boxed::Box<F,A> as core::ops::function::Fn<Args>>::call::h591b2225413a77e9
[INFO] [stdout]                                at /rustc/6067b36314ab5eb2eb47cecc464545ba58e1ad24/library/alloc/src/boxed.rs:2027:9
[INFO] [stdout]   13:     0x5e29492d4b23 - std::panicking::rust_panic_with_hook::h625eea43051b2edc
[INFO] [stdout]                                at /rustc/6067b36314ab5eb2eb47cecc464545ba58e1ad24/library/std/src/panicking.rs:839:13
[INFO] [stdout]   14:     0x5e29492d47a6 - std::panicking::begin_panic_handler::{{closure}}::h4f9159cfbc3f6bd3
[INFO] [stdout]                                at /rustc/6067b36314ab5eb2eb47cecc464545ba58e1ad24/library/std/src/panicking.rs:697:13
[INFO] [stdout]   15:     0x5e29492d3109 - std::sys::backtrace::__rust_end_short_backtrace::h0390abce48353151
[INFO] [stdout]                                at /rustc/6067b36314ab5eb2eb47cecc464545ba58e1ad24/library/std/src/sys/backtrace.rs:168:18
[INFO] [stdout]   16:     0x5e29492d446d - rust_begin_unwind
[INFO] [stdout]                                at /rustc/6067b36314ab5eb2eb47cecc464545ba58e1ad24/library/std/src/panicking.rs:695:5
[INFO] [stdout]   17:     0x5e29492fd820 - core::panicking::panic_fmt::h9e7c637e9e5f29c9
[INFO] [stdout]                                at /rustc/6067b36314ab5eb2eb47cecc464545ba58e1ad24/library/core/src/panicking.rs:75:14
[INFO] [stdout]   18:     0x5e29492fd8ac - core::panicking::panic::haa3255ea20181a33
[INFO] [stdout]                                at /rustc/6067b36314ab5eb2eb47cecc464545ba58e1ad24/library/core/src/panicking.rs:145:5
[INFO] [stdout]   19:     0x5e29484f525b - rust_auto_gen_d_ts::args::tests::test_trans_2_absolute_with_absolute_windows_path::hfb31079fe5e9090d
[INFO] [stdout]                                at /opt/rustwide/workdir/src/args/mod.rs:152:9
[INFO] [stdout]   20:     0x5e29484f5187 - rust_auto_gen_d_ts::args::tests::test_trans_2_absolute_with_absolute_windows_path::{{closure}}::h4e693b276190457f
[INFO] [stdout]                                at /opt/rustwide/workdir/src/args/mod.rs:149:58
[INFO] [stdout]   21:     0x5e29485306a6 - core::ops::function::FnOnce::call_once::h5efb23c4f7700044
[INFO] [stdout]                                at /rustc/6067b36314ab5eb2eb47cecc464545ba58e1ad24/library/core/src/ops/function.rs:250:5
[INFO] [stdout]   22:     0x5e29485827cb - core::ops::function::FnOnce::call_once::he27718dfdd183f43
[INFO] [stdout]                                at /rustc/6067b36314ab5eb2eb47cecc464545ba58e1ad24/library/core/src/ops/function.rs:250:5
[INFO] [stdout]   23:     0x5e29485827cb - test::__rust_begin_short_backtrace::h4e84902998457a5d
[INFO] [stdout]                                at /rustc/6067b36314ab5eb2eb47cecc464545ba58e1ad24/library/test/src/lib.rs:632:18
[INFO] [stdout]   24:     0x5e2948581703 - test::run_test_in_process::{{closure}}::h7176fd18fc1feca0
[INFO] [stdout]                                at /rustc/6067b36314ab5eb2eb47cecc464545ba58e1ad24/library/test/src/lib.rs:655:60
[INFO] [stdout]   25:     0x5e2948581703 - <core::panic::unwind_safe::AssertUnwindSafe<F> as core::ops::function::FnOnce<()>>::call_once::hf79cff2a624d8cf7
[INFO] [stdout]                                at /rustc/6067b36314ab5eb2eb47cecc464545ba58e1ad24/library/core/src/panic/unwind_safe.rs:272:9
[INFO] [stdout]   26:     0x5e2948581703 - std::panicking::try::do_call::h3da0561d9ab99c25
[INFO] [stdout]                                at /rustc/6067b36314ab5eb2eb47cecc464545ba58e1ad24/library/std/src/panicking.rs:587:40
[INFO] [stdout]   27:     0x5e2948581703 - std::panicking::try::h41c9fa508bc61df6
[INFO] [stdout]                                at /rustc/6067b36314ab5eb2eb47cecc464545ba58e1ad24/library/std/src/panicking.rs:550:19
[INFO] [stdout]   28:     0x5e2948581703 - std::panic::catch_unwind::h6b3ff07bb5afad93
[INFO] [stdout]                                at /rustc/6067b36314ab5eb2eb47cecc464545ba58e1ad24/library/std/src/panic.rs:358:14
[INFO] [stdout]   29:     0x5e2948581703 - test::run_test_in_process::hc7253dd11b39b9f4
[INFO] [stdout]                                at /rustc/6067b36314ab5eb2eb47cecc464545ba58e1ad24/library/test/src/lib.rs:655:27
[INFO] [stdout]   30:     0x5e2948581703 - test::run_test::{{closure}}::hfb2007f8649c30bb
[INFO] [stdout]                                at /rustc/6067b36314ab5eb2eb47cecc464545ba58e1ad24/library/test/src/lib.rs:576:43
[INFO] [stdout]   31:     0x5e29485447e5 - test::run_test::{{closure}}::h56a17aa7a282a9f4
[INFO] [stdout]                                at /rustc/6067b36314ab5eb2eb47cecc464545ba58e1ad24/library/test/src/lib.rs:606:41
[INFO] [stdout]   32:     0x5e29485447e5 - std::sys::backtrace::__rust_begin_short_backtrace::hd2d2d2fb8e8c6aac
[INFO] [stdout]                                at /rustc/6067b36314ab5eb2eb47cecc464545ba58e1ad24/library/std/src/sys/backtrace.rs:152:18
[INFO] [stdout]   33:     0x5e29485480ca - std::thread::Builder::spawn_unchecked_::{{closure}}::{{closure}}::h4faa3f9db6133423
[INFO] [stdout]                                at /rustc/6067b36314ab5eb2eb47cecc464545ba58e1ad24/library/std/src/thread/mod.rs:559:17
[INFO] [stdout]   34:     0x5e29485480ca - <core::panic::unwind_safe::AssertUnwindSafe<F> as core::ops::function::FnOnce<()>>::call_once::hf2e855a36a4ea846
[INFO] [stdout]                                at /rustc/6067b36314ab5eb2eb47cecc464545ba58e1ad24/library/core/src/panic/unwind_safe.rs:272:9
[INFO] [stdout]   35:     0x5e29485480ca - std::panicking::try::do_call::h2f73af3616c35465
[INFO] [stdout]                                at /rustc/6067b36314ab5eb2eb47cecc464545ba58e1ad24/library/std/src/panicking.rs:587:40
[INFO] [stdout]   36:     0x5e29485480ca - std::panicking::try::hd1660ce9efadef5a
[INFO] [stdout]                                at /rustc/6067b36314ab5eb2eb47cecc464545ba58e1ad24/library/std/src/panicking.rs:550:19
[INFO] [stdout]   37:     0x5e29485480ca - std::panic::catch_unwind::h5ee8d7823b8ca744
[INFO] [stdout]                                at /rustc/6067b36314ab5eb2eb47cecc464545ba58e1ad24/library/std/src/panic.rs:358:14
[INFO] [stdout]   38:     0x5e29485480ca - std::thread::Builder::spawn_unchecked_::{{closure}}::h53c3a1894dce8407
[INFO] [stdout]                                at /rustc/6067b36314ab5eb2eb47cecc464545ba58e1ad24/library/std/src/thread/mod.rs:557:30
[INFO] [stdout]   39:     0x5e29485480ca - core::ops::function::FnOnce::call_once{{vtable.shim}}::h048ce291ad4f62bf
[INFO] [stdout]                                at /rustc/6067b36314ab5eb2eb47cecc464545ba58e1ad24/library/core/src/ops/function.rs:250:5
[INFO] [stdout]   40:     0x5e29492d9c7b - <alloc::boxed::Box<F,A> as core::ops::function::FnOnce<Args>>::call_once::ha52bedf99a3b4981
[INFO] [stdout]                                at /rustc/6067b36314ab5eb2eb47cecc464545ba58e1ad24/library/alloc/src/boxed.rs:2013:9
[INFO] [stdout]   41:     0x5e29492d9c7b - <alloc::boxed::Box<F,A> as core::ops::function::FnOnce<Args>>::call_once::h567748934d80ccf8
[INFO] [stdout]                                at /rustc/6067b36314ab5eb2eb47cecc464545ba58e1ad24/library/alloc/src/boxed.rs:2013:9
[INFO] [stdout]   42:     0x5e29492d9c7b - std::sys::pal::unix::thread::Thread::new::thread_start::h2d970728ae887adc
[INFO] [stdout]                                at /rustc/6067b36314ab5eb2eb47cecc464545ba58e1ad24/library/std/src/sys/pal/unix/thread.rs:106:17
[INFO] [stdout]   43:     0x72c22aed2ac3 - <unknown>
[INFO] [stdout]   44:     0x72c22af63a04 - clone
[INFO] [stdout]   45:                0x0 - <unknown>
[INFO] [stdout] 
[INFO] [stdout] ---- file_io::write::tests::test_gen_absoulte_path stdout ----
[INFO] [stdout] 
[INFO] [stdout] thread 'file_io::write::tests::test_gen_absoulte_path' panicked at src/file_io/write.rs:130:17:
[INFO] [stdout] called `Result::unwrap()` on an `Err` value: Os { code: 30, kind: ReadOnlyFilesystem, message: "Read-only file system" }
[INFO] [stdout] stack backtrace:
[INFO] [stdout]    0:     0x5e29492d2c0a - std::backtrace_rs::backtrace::libunwind::trace::hb059275cfc8d6126
[INFO] [stdout]                                at /rustc/6067b36314ab5eb2eb47cecc464545ba58e1ad24/library/std/src/../../backtrace/src/backtrace/libunwind.rs:116:5
[INFO] [stdout]    1:     0x5e29492d2c0a - std::backtrace_rs::backtrace::trace_unsynchronized::h2da071e4327ce3ee
[INFO] [stdout]                                at /rustc/6067b36314ab5eb2eb47cecc464545ba58e1ad24/library/std/src/../../backtrace/src/backtrace/mod.rs:66:5
[INFO] [stdout]    2:     0x5e29492d2c0a - std::sys::backtrace::_print_fmt::h842a1474e6f8d23f
[INFO] [stdout]                                at /rustc/6067b36314ab5eb2eb47cecc464545ba58e1ad24/library/std/src/sys/backtrace.rs:66:9
[INFO] [stdout]    3:     0x5e29492d2c0a - <std::sys::backtrace::BacktraceLock::print::DisplayBacktrace as core::fmt::Display>::fmt::h71a62eb3b9696b12
[INFO] [stdout]                                at /rustc/6067b36314ab5eb2eb47cecc464545ba58e1ad24/library/std/src/sys/backtrace.rs:39:26
[INFO] [stdout]    4:     0x5e29492ffd13 - core::fmt::rt::Argument::fmt::hdb6b616786b41dc1
[INFO] [stdout]                                at /rustc/6067b36314ab5eb2eb47cecc464545ba58e1ad24/library/core/src/fmt/rt.rs:177:76
[INFO] [stdout]    5:     0x5e29492ffd13 - core::fmt::write::h2cc1698af7e2d686
[INFO] [stdout]                                at /rustc/6067b36314ab5eb2eb47cecc464545ba58e1ad24/library/core/src/fmt/mod.rs:1440:21
[INFO] [stdout]    6:     0x5e29492ce433 - std::io::Write::write_fmt::hab1b4cd059a79022
[INFO] [stdout]                                at /rustc/6067b36314ab5eb2eb47cecc464545ba58e1ad24/library/std/src/io/mod.rs:1887:15
[INFO] [stdout]    7:     0x5e29492d2a52 - std::sys::backtrace::BacktraceLock::print::h147fe35b4ea13b08
[INFO] [stdout]                                at /rustc/6067b36314ab5eb2eb47cecc464545ba58e1ad24/library/std/src/sys/backtrace.rs:42:9
[INFO] [stdout]    8:     0x5e29492d402f - std::panicking::default_hook::{{closure}}::hbd44223dbdc0d208
[INFO] [stdout]                                at /rustc/6067b36314ab5eb2eb47cecc464545ba58e1ad24/library/std/src/panicking.rs:298:22
[INFO] [stdout]    9:     0x5e29492d3e48 - std::panicking::default_hook::h20f81eb0576efcec
[INFO] [stdout]                                at /rustc/6067b36314ab5eb2eb47cecc464545ba58e1ad24/library/std/src/panicking.rs:322:9
[INFO] [stdout]   10:     0x5e294857d073 - <alloc::boxed::Box<F,A> as core::ops::function::Fn<Args>>::call::hdb53814c496a4d34
[INFO] [stdout]                                at /rustc/6067b36314ab5eb2eb47cecc464545ba58e1ad24/library/alloc/src/boxed.rs:2027:9
[INFO] [stdout]   11:     0x5e294857d073 - test::test_main::{{closure}}::hc0a4963c59427c24
[INFO] [stdout]                                at /rustc/6067b36314ab5eb2eb47cecc464545ba58e1ad24/library/test/src/lib.rs:134:21
[INFO] [stdout]   12:     0x5e29492d4b23 - <alloc::boxed::Box<F,A> as core::ops::function::Fn<Args>>::call::h591b2225413a77e9
[INFO] [stdout]                                at /rustc/6067b36314ab5eb2eb47cecc464545ba58e1ad24/library/alloc/src/boxed.rs:2027:9
[INFO] [stdout]   13:     0x5e29492d4b23 - std::panicking::rust_panic_with_hook::h625eea43051b2edc
[INFO] [stdout]                                at /rustc/6067b36314ab5eb2eb47cecc464545ba58e1ad24/library/std/src/panicking.rs:839:13
[INFO] [stdout]   14:     0x5e29492d47da - std::panicking::begin_panic_handler::{{closure}}::h4f9159cfbc3f6bd3
[INFO] [stdout]                                at /rustc/6067b36314ab5eb2eb47cecc464545ba58e1ad24/library/std/src/panicking.rs:704:13
[INFO] [stdout]   15:     0x5e29492d3109 - std::sys::backtrace::__rust_end_short_backtrace::h0390abce48353151
[INFO] [stdout]                                at /rustc/6067b36314ab5eb2eb47cecc464545ba58e1ad24/library/std/src/sys/backtrace.rs:168:18
[INFO] [stdout]   16:     0x5e29492d446d - rust_begin_unwind
[INFO] [stdout]                                at /rustc/6067b36314ab5eb2eb47cecc464545ba58e1ad24/library/std/src/panicking.rs:695:5
[INFO] [stdout]   17:     0x5e29492fd820 - core::panicking::panic_fmt::h9e7c637e9e5f29c9
[INFO] [stdout]                                at /rustc/6067b36314ab5eb2eb47cecc464545ba58e1ad24/library/core/src/panicking.rs:75:14
[INFO] [stdout]   18:     0x5e29492fdcf6 - core::result::unwrap_failed::h7979f09313fe1849
[INFO] [stdout]                                at /rustc/6067b36314ab5eb2eb47cecc464545ba58e1ad24/library/core/src/result.rs:1704:5
[INFO] [stdout]   19:     0x5e294853a66c - core::result::Result<T,E>::unwrap::he76cc405c9c12e0f
[INFO] [stdout]                                at /rustc/6067b36314ab5eb2eb47cecc464545ba58e1ad24/library/core/src/result.rs:1109:23
[INFO] [stdout]   20:     0x5e294853a66c - rust_auto_gen_d_ts::file_io::write::tests::test_gen_absoulte_path::{{closure}}::hb7bf103c7140b77c
[INFO] [stdout]                                at /opt/rustwide/workdir/src/file_io/write.rs:121:19
[INFO] [stdout]   21:     0x5e29484ab562 - <core::pin::Pin<P> as core::future::future::Future>::poll::h1bff02d4d07e76f2
[INFO] [stdout]                                at /rustc/6067b36314ab5eb2eb47cecc464545ba58e1ad24/library/core/src/future/future.rs:124:9
[INFO] [stdout]   22:     0x5e29484ab61d - <core::pin::Pin<P> as core::future::future::Future>::poll::hf73e0a3d22fd2479
[INFO] [stdout]                                at /rustc/6067b36314ab5eb2eb47cecc464545ba58e1ad24/library/core/src/future/future.rs:124:9
[INFO] [stdout]   23:     0x5e2948508b9f - tokio::runtime::scheduler::current_thread::CoreGuard::block_on::{{closure}}::{{closure}}::{{closure}}::h1aac2749fafc5846
[INFO] [stdout]                                at /opt/rustwide/cargo-home/registry/src/index.crates.io-1949cf8c6b5b557f/tokio-1.37.0/src/runtime/scheduler/current_thread/mod.rs:659:57
[INFO] [stdout]   24:     0x5e2948508ae5 - tokio::runtime::coop::with_budget::h38c07a01f4909b22
[INFO] [stdout]                                at /opt/rustwide/cargo-home/registry/src/index.crates.io-1949cf8c6b5b557f/tokio-1.37.0/src/runtime/coop.rs:107:5
[INFO] [stdout]   25:     0x5e2948508ae5 - tokio::runtime::coop::budget::h3fac45e6ef83085e
[INFO] [stdout]                                at /opt/rustwide/cargo-home/registry/src/index.crates.io-1949cf8c6b5b557f/tokio-1.37.0/src/runtime/coop.rs:73:5
[INFO] [stdout]   26:     0x5e2948508ae5 - tokio::runtime::scheduler::current_thread::CoreGuard::block_on::{{closure}}::{{closure}}::hbc0d7a4571c58d96
[INFO] [stdout]                                at /opt/rustwide/cargo-home/registry/src/index.crates.io-1949cf8c6b5b557f/tokio-1.37.0/src/runtime/scheduler/current_thread/mod.rs:659:25
[INFO] [stdout]   27:     0x5e2948506630 - tokio::runtime::scheduler::current_thread::Context::enter::hca7fde660088b0f9
[INFO] [stdout]                                at /opt/rustwide/cargo-home/registry/src/index.crates.io-1949cf8c6b5b557f/tokio-1.37.0/src/runtime/scheduler/current_thread/mod.rs:404:19
[INFO] [stdout]   28:     0x5e294850784e - tokio::runtime::scheduler::current_thread::CoreGuard::block_on::{{closure}}::h6aee2b52a3f679ef
[INFO] [stdout]                                at /opt/rustwide/cargo-home/registry/src/index.crates.io-1949cf8c6b5b557f/tokio-1.37.0/src/runtime/scheduler/current_thread/mod.rs:658:36
[INFO] [stdout]   29:     0x5e2948507554 - tokio::runtime::scheduler::current_thread::CoreGuard::enter::{{closure}}::ha69cb7b042cdd098
[INFO] [stdout]                                at /opt/rustwide/cargo-home/registry/src/index.crates.io-1949cf8c6b5b557f/tokio-1.37.0/src/runtime/scheduler/current_thread/mod.rs:737:68
[INFO] [stdout]   30:     0x5e29484eecab - tokio::runtime::context::scoped::Scoped<T>::set::h238340ca84540568
[INFO] [stdout]                                at /opt/rustwide/cargo-home/registry/src/index.crates.io-1949cf8c6b5b557f/tokio-1.37.0/src/runtime/context/scoped.rs:40:9
[INFO] [stdout]   31:     0x5e2948535fe9 - tokio::runtime::context::set_scheduler::{{closure}}::h1c0eb69e6314f844
[INFO] [stdout]                                at /opt/rustwide/cargo-home/registry/src/index.crates.io-1949cf8c6b5b557f/tokio-1.37.0/src/runtime/context.rs:176:26
[INFO] [stdout]   32:     0x5e29484f84d2 - std::thread::local::LocalKey<T>::try_with::h7b86ff9fb102c335
[INFO] [stdout]                                at /rustc/6067b36314ab5eb2eb47cecc464545ba58e1ad24/library/std/src/thread/local.rs:308:12
[INFO] [stdout]   33:     0x5e29484f75ea - std::thread::local::LocalKey<T>::with::h5b5d29894eb2037b
[INFO] [stdout]                                at /rustc/6067b36314ab5eb2eb47cecc464545ba58e1ad24/library/std/src/thread/local.rs:272:9
[INFO] [stdout]   34:     0x5e2948535f9d - tokio::runtime::context::set_scheduler::hd23a59c72fba0e93
[INFO] [stdout]                                at /opt/rustwide/cargo-home/registry/src/index.crates.io-1949cf8c6b5b557f/tokio-1.37.0/src/runtime/context.rs:176:9
[INFO] [stdout]   35:     0x5e2948506e80 - tokio::runtime::scheduler::current_thread::CoreGuard::enter::h2082d6e65ade7691
[INFO] [stdout]                                at /opt/rustwide/cargo-home/registry/src/index.crates.io-1949cf8c6b5b557f/tokio-1.37.0/src/runtime/scheduler/current_thread/mod.rs:737:27
[INFO] [stdout]   36:     0x5e29485075e3 - tokio::runtime::scheduler::current_thread::CoreGuard::block_on::ha46ad0e6aeadc09b
[INFO] [stdout]                                at /opt/rustwide/cargo-home/registry/src/index.crates.io-1949cf8c6b5b557f/tokio-1.37.0/src/runtime/scheduler/current_thread/mod.rs:646:19
[INFO] [stdout]   37:     0x5e29485056dd - tokio::runtime::scheduler::current_thread::CurrentThread::block_on::{{closure}}::haf79a00fdf5bdf3d
[INFO] [stdout]                                at /opt/rustwide/cargo-home/registry/src/index.crates.io-1949cf8c6b5b557f/tokio-1.37.0/src/runtime/scheduler/current_thread/mod.rs:175:28
[INFO] [stdout]   38:     0x5e29484a7ca6 - tokio::runtime::context::runtime::enter_runtime::haf20758346a18a28
[INFO] [stdout]                                at /opt/rustwide/cargo-home/registry/src/index.crates.io-1949cf8c6b5b557f/tokio-1.37.0/src/runtime/context/runtime.rs:65:16
[INFO] [stdout]   39:     0x5e29485051a1 - tokio::runtime::scheduler::current_thread::CurrentThread::block_on::h7273bfd51abac5d4
[INFO] [stdout]                                at /opt/rustwide/cargo-home/registry/src/index.crates.io-1949cf8c6b5b557f/tokio-1.37.0/src/runtime/scheduler/current_thread/mod.rs:167:9
[INFO] [stdout]   40:     0x5e294852299d - tokio::runtime::runtime::Runtime::block_on::h46d8db1a1215db22
[INFO] [stdout]                                at /opt/rustwide/cargo-home/registry/src/index.crates.io-1949cf8c6b5b557f/tokio-1.37.0/src/runtime/runtime.rs:349:47
[INFO] [stdout]   41:     0x5e2948539cb1 - rust_auto_gen_d_ts::file_io::write::tests::test_gen_absoulte_path::he3b0d68278bc9fcf
[INFO] [stdout]                                at /opt/rustwide/workdir/src/file_io/write.rs:121:9
[INFO] [stdout]   42:     0x5e2948539b57 - rust_auto_gen_d_ts::file_io::write::tests::test_gen_absoulte_path::{{closure}}::h9ed4e68073031ed8
[INFO] [stdout]                                at /opt/rustwide/workdir/src/file_io/write.rs:105:38
[INFO] [stdout]   43:     0x5e2948530746 - core::ops::function::FnOnce::call_once::h72923359ba2ddf0e
[INFO] [stdout]                                at /rustc/6067b36314ab5eb2eb47cecc464545ba58e1ad24/library/core/src/ops/function.rs:250:5
[INFO] [stdout]   44:     0x5e29485827cb - core::ops::function::FnOnce::call_once::he27718dfdd183f43
[INFO] [stdout]                                at /rustc/6067b36314ab5eb2eb47cecc464545ba58e1ad24/library/core/src/ops/function.rs:250:5
[INFO] [stdout]   45:     0x5e29485827cb - test::__rust_begin_short_backtrace::h4e84902998457a5d
[INFO] [stdout]                                at /rustc/6067b36314ab5eb2eb47cecc464545ba58e1ad24/library/test/src/lib.rs:632:18
[INFO] [stdout]   46:     0x5e2948581703 - test::run_test_in_process::{{closure}}::h7176fd18fc1feca0
[INFO] [stdout]                                at /rustc/6067b36314ab5eb2eb47cecc464545ba58e1ad24/library/test/src/lib.rs:655:60
[INFO] [stdout]   47:     0x5e2948581703 - <core::panic::unwind_safe::AssertUnwindSafe<F> as core::ops::function::FnOnce<()>>::call_once::hf79cff2a624d8cf7
[INFO] [stdout]                                at /rustc/6067b36314ab5eb2eb47cecc464545ba58e1ad24/library/core/src/panic/unwind_safe.rs:272:9
[INFO] [stdout]   48:     0x5e2948581703 - std::panicking::try::do_call::h3da0561d9ab99c25
[INFO] [stdout]                                at /rustc/6067b36314ab5eb2eb47cecc464545ba58e1ad24/library/std/src/panicking.rs:587:40
[INFO] [stdout]   49:     0x5e2948581703 - std::panicking::try::h41c9fa508bc61df6
[INFO] [stdout]                                at /rustc/6067b36314ab5eb2eb47cecc464545ba58e1ad24/library/std/src/panicking.rs:550:19
[INFO] [stdout]   50:     0x5e2948581703 - std::panic::catch_unwind::h6b3ff07bb5afad93
[INFO] [stdout]                                at /rustc/6067b36314ab5eb2eb47cecc464545ba58e1ad24/library/std/src/panic.rs:358:14
[INFO] [stdout]   51:     0x5e2948581703 - test::run_test_in_process::hc7253dd11b39b9f4
[INFO] [stdout]                                at /rustc/6067b36314ab5eb2eb47cecc464545ba58e1ad24/library/test/src/lib.rs:655:27
[INFO] [stdout]   52:     0x5e2948581703 - test::run_test::{{closure}}::hfb2007f8649c30bb
[INFO] [stdout]                                at /rustc/6067b36314ab5eb2eb47cecc464545ba58e1ad24/library/test/src/lib.rs:576:43
[INFO] [stdout]   53:     0x5e29485447e5 - test::run_test::{{closure}}::h56a17aa7a282a9f4
[INFO] [stdout]                                at /rustc/6067b36314ab5eb2eb47cecc464545ba58e1ad24/library/test/src/lib.rs:606:41
[INFO] [stdout]   54:     0x5e29485447e5 - std::sys::backtrace::__rust_begin_short_backtrace::hd2d2d2fb8e8c6aac
[INFO] [stdout]                                at /rustc/6067b36314ab5eb2eb47cecc464545ba58e1ad24/library/std/src/sys/backtrace.rs:152:18
[INFO] [stdout]   55:     0x5e29485480ca - std::thread::Builder::spawn_unchecked_::{{closure}}::{{closure}}::h4faa3f9db6133423
[INFO] [stdout]                                at /rustc/6067b36314ab5eb2eb47cecc464545ba58e1ad24/library/std/src/thread/mod.rs:559:17
[INFO] [stdout]   56:     0x5e29485480ca - <core::panic::unwind_safe::AssertUnwindSafe<F> as core::ops::function::FnOnce<()>>::call_once::hf2e855a36a4ea846
[INFO] [stdout]                                at /rustc/6067b36314ab5eb2eb47cecc464545ba58e1ad24/library/core/src/panic/unwind_safe.rs:272:9
[INFO] [stdout]   57:     0x5e29485480ca - std::panicking::try::do_call::h2f73af3616c35465
[INFO] [stdout]                                at /rustc/6067b36314ab5eb2eb47cecc464545ba58e1ad24/library/std/src/panicking.rs:587:40
[INFO] [stdout]   58:     0x5e29485480ca - std::panicking::try::hd1660ce9efadef5a
[INFO] [stdout]                                at /rustc/6067b36314ab5eb2eb47cecc464545ba58e1ad24/library/std/src/panicking.rs:550:19
[INFO] [stdout]   59:     0x5e29485480ca - std::panic::catch_unwind::h5ee8d7823b8ca744
[INFO] [stdout]                                at /rustc/6067b36314ab5eb2eb47cecc464545ba58e1ad24/library/std/src/panic.rs:358:14
[INFO] [stdout]   60:     0x5e29485480ca - std::thread::Builder::spawn_unchecked_::{{closure}}::h53c3a1894dce8407
[INFO] [stdout]                                at /rustc/6067b36314ab5eb2eb47cecc464545ba58e1ad24/library/std/src/thread/mod.rs:557:30
[INFO] [stdout]   61:     0x5e29485480ca - core::ops::function::FnOnce::call_once{{vtable.shim}}::h048ce291ad4f62bf
[INFO] [stdout]                                at /rustc/6067b36314ab5eb2eb47cecc464545ba58e1ad24/library/core/src/ops/function.rs:250:5
[INFO] [stdout]   62:     0x5e29492d9c7b - <alloc::boxed::Box<F,A> as core::ops::function::FnOnce<Args>>::call_once::ha52bedf99a3b4981
[INFO] [stdout]                                at /rustc/6067b36314ab5eb2eb47cecc464545ba58e1ad24/library/alloc/src/boxed.rs:2013:9
[INFO] [stdout]   63:     0x5e29492d9c7b - <alloc::boxed::Box<F,A> as core::ops::function::FnOnce<Args>>::call_once::h567748934d80ccf8
[INFO] [stdout]                                at /rustc/6067b36314ab5eb2eb47cecc464545ba58e1ad24/library/alloc/src/boxed.rs:2013:9
[INFO] [stdout]   64:     0x5e29492d9c7b - std::sys::pal::unix::thread::Thread::new::thread_start::h2d970728ae887adc
[INFO] [stdout]                                at /rustc/6067b36314ab5eb2eb47cecc464545ba58e1ad24/library/std/src/sys/pal/unix/thread.rs:106:17
[INFO] [stdout]   65:     0x72c22aed2ac3 - <unknown>
[INFO] [stdout]   66:     0x72c22af63a04 - clone
[INFO] [stdout]   67:                0x0 - <unknown>
[INFO] [stdout] 
[INFO] [stdout] ---- args::tests::test_init stdout ----
[INFO] [stdout] 请输入目标文件（夹）地址: 请输入输出文件夹地址（注意是文件夹）: 要深度♂吗？即递归子文件夹（y/n）: 找不到目标文件或者文件夹：
[INFO] [stdout] 
[INFO] [stdout] thread 'args::tests::test_init' panicked at src/args/mod.rs:138:46:
[INFO] [stdout] called `Result::unwrap()` on an `Err` value: Os { code: 2, kind: NotFound, message: "No such file or directory" }
[INFO] [stdout] stack backtrace:
[INFO] [stdout]    0:     0x5e29492d2c0a - std::backtrace_rs::backtrace::libunwind::trace::hb059275cfc8d6126
[INFO] [stdout]                                at /rustc/6067b36314ab5eb2eb47cecc464545ba58e1ad24/library/std/src/../../backtrace/src/backtrace/libunwind.rs:116:5
[INFO] [stdout]    1:     0x5e29492d2c0a - std::backtrace_rs::backtrace::trace_unsynchronized::h2da071e4327ce3ee
[INFO] [stdout]                                at /rustc/6067b36314ab5eb2eb47cecc464545ba58e1ad24/library/std/src/../../backtrace/src/backtrace/mod.rs:66:5
[INFO] [stdout]    2:     0x5e29492d2c0a - std::sys::backtrace::_print_fmt::h842a1474e6f8d23f
[INFO] [stdout]                                at /rustc/6067b36314ab5eb2eb47cecc464545ba58e1ad24/library/std/src/sys/backtrace.rs:66:9
[INFO] [stdout]    3:     0x5e29492d2c0a - <std::sys::backtrace::BacktraceLock::print::DisplayBacktrace as core::fmt::Display>::fmt::h71a62eb3b9696b12
[INFO] [stdout]                                at /rustc/6067b36314ab5eb2eb47cecc464545ba58e1ad24/library/std/src/sys/backtrace.rs:39:26
[INFO] [stdout]    4:     0x5e29492ffd13 - core::fmt::rt::Argument::fmt::hdb6b616786b41dc1
[INFO] [stdout]                                at /rustc/6067b36314ab5eb2eb47cecc464545ba58e1ad24/library/core/src/fmt/rt.rs:177:76
[INFO] [stdout]    5:     0x5e29492ffd13 - core::fmt::write::h2cc1698af7e2d686
[INFO] [stdout]                                at /rustc/6067b36314ab5eb2eb47cecc464545ba58e1ad24/library/core/src/fmt/mod.rs:1440:21
[INFO] [stdout]    6:     0x5e29492ce433 - std::io::Write::write_fmt::hab1b4cd059a79022
[INFO] [stdout]                                at /rustc/6067b36314ab5eb2eb47cecc464545ba58e1ad24/library/std/src/io/mod.rs:1887:15
[INFO] [stdout]    7:     0x5e29492d2a52 - std::sys::backtrace::BacktraceLock::print::h147fe35b4ea13b08
[INFO] [stdout]                                at /rustc/6067b36314ab5eb2eb47cecc464545ba58e1ad24/library/std/src/sys/backtrace.rs:42:9
[INFO] [stdout]    8:     0x5e29492d402f - std::panicking::default_hook::{{closure}}::hbd44223dbdc0d208
[INFO] [stdout]                                at /rustc/6067b36314ab5eb2eb47cecc464545ba58e1ad24/library/std/src/panicking.rs:298:22
[INFO] [stdout]    9:     0x5e29492d3e48 - std::panicking::default_hook::h20f81eb0576efcec
[INFO] [stdout]                                at /rustc/6067b36314ab5eb2eb47cecc464545ba58e1ad24/library/std/src/panicking.rs:322:9
[INFO] [stdout]   10:     0x5e294857d073 - <alloc::boxed::Box<F,A> as core::ops::function::Fn<Args>>::call::hdb53814c496a4d34
[INFO] [stdout]                                at /rustc/6067b36314ab5eb2eb47cecc464545ba58e1ad24/library/alloc/src/boxed.rs:2027:9
[INFO] [stdout]   11:     0x5e294857d073 - test::test_main::{{closure}}::hc0a4963c59427c24
[INFO] [stdout]                                at /rustc/6067b36314ab5eb2eb47cecc464545ba58e1ad24/library/test/src/lib.rs:134:21
[INFO] [stdout]   12:     0x5e29492d4b23 - <alloc::boxed::Box<F,A> as core::ops::function::Fn<Args>>::call::h591b2225413a77e9
[INFO] [stdout]                                at /rustc/6067b36314ab5eb2eb47cecc464545ba58e1ad24/library/alloc/src/boxed.rs:2027:9
[INFO] [stdout]   13:     0x5e29492d4b23 - std::panicking::rust_panic_with_hook::h625eea43051b2edc
[INFO] [stdout]                                at /rustc/6067b36314ab5eb2eb47cecc464545ba58e1ad24/library/std/src/panicking.rs:839:13
[INFO] [stdout]   14:     0x5e29492d47da - std::panicking::begin_panic_handler::{{closure}}::h4f9159cfbc3f6bd3
[INFO] [stdout]                                at /rustc/6067b36314ab5eb2eb47cecc464545ba58e1ad24/library/std/src/panicking.rs:704:13
[INFO] [stdout]   15:     0x5e29492d3109 - std::sys::backtrace::__rust_end_short_backtrace::h0390abce48353151
[INFO] [stdout]                                at /rustc/6067b36314ab5eb2eb47cecc464545ba58e1ad24/library/std/src/sys/backtrace.rs:168:18
[INFO] [stdout]   16:     0x5e29492d446d - rust_begin_unwind
[INFO] [stdout]                                at /rustc/6067b36314ab5eb2eb47cecc464545ba58e1ad24/library/std/src/panicking.rs:695:5
[INFO] [stdout]   17:     0x5e29492fd820 - core::panicking::panic_fmt::h9e7c637e9e5f29c9
[INFO] [stdout]                                at /rustc/6067b36314ab5eb2eb47cecc464545ba58e1ad24/library/core/src/panicking.rs:75:14
[INFO] [stdout]   18:     0x5e29492fdcf6 - core::result::unwrap_failed::h7979f09313fe1849
[INFO] [stdout]                                at /rustc/6067b36314ab5eb2eb47cecc464545ba58e1ad24/library/core/src/result.rs:1704:5
[INFO] [stdout]   19:     0x5e29484f4ebd - core::result::Result<T,E>::unwrap::h38dc9ac01a2706e7
[INFO] [stdout]                                at /rustc/6067b36314ab5eb2eb47cecc464545ba58e1ad24/library/core/src/result.rs:1109:23
[INFO] [stdout]   20:     0x5e29484f4ebd - rust_auto_gen_d_ts::args::tests::test_init::{{closure}}::h46709773766db277
[INFO] [stdout]                                at /opt/rustwide/workdir/src/args/mod.rs:138:22
[INFO] [stdout]   21:     0x5e29484ab562 - <core::pin::Pin<P> as core::future::future::Future>::poll::h1bff02d4d07e76f2
[INFO] [stdout]                                at /rustc/6067b36314ab5eb2eb47cecc464545ba58e1ad24/library/core/src/future/future.rs:124:9
[INFO] [stdout]   22:     0x5e29484ab61d - <core::pin::Pin<P> as core::future::future::Future>::poll::hf73e0a3d22fd2479
[INFO] [stdout]                                at /rustc/6067b36314ab5eb2eb47cecc464545ba58e1ad24/library/core/src/future/future.rs:124:9
[INFO] [stdout]   23:     0x5e2948508b9f - tokio::runtime::scheduler::current_thread::CoreGuard::block_on::{{closure}}::{{closure}}::{{closure}}::h1aac2749fafc5846
[INFO] [stdout]                                at /opt/rustwide/cargo-home/registry/src/index.crates.io-1949cf8c6b5b557f/tokio-1.37.0/src/runtime/scheduler/current_thread/mod.rs:659:57
[INFO] [stdout]   24:     0x5e2948508ae5 - tokio::runtime::coop::with_budget::h38c07a01f4909b22
[INFO] [stdout]                                at /opt/rustwide/cargo-home/registry/src/index.crates.io-1949cf8c6b5b557f/tokio-1.37.0/src/runtime/coop.rs:107:5
[INFO] [stdout]   25:     0x5e2948508ae5 - tokio::runtime::coop::budget::h3fac45e6ef83085e
[INFO] [stdout]                                at /opt/rustwide/cargo-home/registry/src/index.crates.io-1949cf8c6b5b557f/tokio-1.37.0/src/runtime/coop.rs:73:5
[INFO] [stdout]   26:     0x5e2948508ae5 - tokio::runtime::scheduler::current_thread::CoreGuard::block_on::{{closure}}::{{closure}}::hbc0d7a4571c58d96
[INFO] [stdout]                                at /opt/rustwide/cargo-home/registry/src/index.crates.io-1949cf8c6b5b557f/tokio-1.37.0/src/runtime/scheduler/current_thread/mod.rs:659:25
[INFO] [stdout]   27:     0x5e2948506630 - tokio::runtime::scheduler::current_thread::Context::enter::hca7fde660088b0f9
[INFO] [stdout]                                at /opt/rustwide/cargo-home/registry/src/index.crates.io-1949cf8c6b5b557f/tokio-1.37.0/src/runtime/scheduler/current_thread/mod.rs:404:19
[INFO] [stdout]   28:     0x5e294850784e - tokio::runtime::scheduler::current_thread::CoreGuard::block_on::{{closure}}::h6aee2b52a3f679ef
[INFO] [stdout]                                at /opt/rustwide/cargo-home/registry/src/index.crates.io-1949cf8c6b5b557f/tokio-1.37.0/src/runtime/scheduler/current_thread/mod.rs:658:36
[INFO] [stdout]   29:     0x5e2948507554 - tokio::runtime::scheduler::current_thread::CoreGuard::enter::{{closure}}::ha69cb7b042cdd098
[INFO] [stdout]                                at /opt/rustwide/cargo-home/registry/src/index.crates.io-1949cf8c6b5b557f/tokio-1.37.0/src/runtime/scheduler/current_thread/mod.rs:737:68
[INFO] [stdout]   30:     0x5e29484eecab - tokio::runtime::context::scoped::Scoped<T>::set::h238340ca84540568
[INFO] [stdout]                                at /opt/rustwide/cargo-home/registry/src/index.crates.io-1949cf8c6b5b557f/tokio-1.37.0/src/runtime/context/scoped.rs:40:9
[INFO] [stdout]   31:     0x5e2948535fe9 - tokio::runtime::context::set_scheduler::{{closure}}::h1c0eb69e6314f844
[INFO] [stdout]                                at /opt/rustwide/cargo-home/registry/src/index.crates.io-1949cf8c6b5b557f/tokio-1.37.0/src/runtime/context.rs:176:26
[INFO] [stdout]   32:     0x5e29484f84d2 - std::thread::local::LocalKey<T>::try_with::h7b86ff9fb102c335
[INFO] [stdout]                                at /rustc/6067b36314ab5eb2eb47cecc464545ba58e1ad24/library/std/src/thread/local.rs:308:12
[INFO] [stdout]   33:     0x5e29484f75ea - std::thread::local::LocalKey<T>::with::h5b5d29894eb2037b
[INFO] [stdout]                                at /rustc/6067b36314ab5eb2eb47cecc464545ba58e1ad24/library/std/src/thread/local.rs:272:9
[INFO] [stdout]   34:     0x5e2948535f9d - tokio::runtime::context::set_scheduler::hd23a59c72fba0e93
[INFO] [stdout]                                at /opt/rustwide/cargo-home/registry/src/index.crates.io-1949cf8c6b5b557f/tokio-1.37.0/src/runtime/context.rs:176:9
[INFO] [stdout]   35:     0x5e2948506e80 - tokio::runtime::scheduler::current_thread::CoreGuard::enter::h2082d6e65ade7691
[INFO] [stdout]                                at /opt/rustwide/cargo-home/registry/src/index.crates.io-1949cf8c6b5b557f/tokio-1.37.0/src/runtime/scheduler/current_thread/mod.rs:737:27
[INFO] [stdout]   36:     0x5e29485075e3 - tokio::runtime::scheduler::current_thread::CoreGuard::block_on::ha46ad0e6aeadc09b
[INFO] [stdout]                                at /opt/rustwide/cargo-home/registry/src/index.crates.io-1949cf8c6b5b557f/tokio-1.37.0/src/runtime/scheduler/current_thread/mod.rs:646:19
[INFO] [stdout]   37:     0x5e29485056dd - tokio::runtime::scheduler::current_thread::CurrentThread::block_on::{{closure}}::haf79a00fdf5bdf3d
[INFO] [stdout]                                at /opt/rustwide/cargo-home/registry/src/index.crates.io-1949cf8c6b5b557f/tokio-1.37.0/src/runtime/scheduler/current_thread/mod.rs:175:28
[INFO] [stdout]   38:     0x5e29484a7ca6 - tokio::runtime::context::runtime::enter_runtime::haf20758346a18a28
[INFO] [stdout]                                at /opt/rustwide/cargo-home/registry/src/index.crates.io-1949cf8c6b5b557f/tokio-1.37.0/src/runtime/context/runtime.rs:65:16
[INFO] [stdout]   39:     0x5e29485051a1 - tokio::runtime::scheduler::current_thread::CurrentThread::block_on::h7273bfd51abac5d4
[INFO] [stdout]                                at /opt/rustwide/cargo-home/registry/src/index.crates.io-1949cf8c6b5b557f/tokio-1.37.0/src/runtime/scheduler/current_thread/mod.rs:167:9
[INFO] [stdout]   40:     0x5e294852299d - tokio::runtime::runtime::Runtime::block_on::h46d8db1a1215db22
[INFO] [stdout]                                at /opt/rustwide/cargo-home/registry/src/index.crates.io-1949cf8c6b5b557f/tokio-1.37.0/src/runtime/runtime.rs:349:47
[INFO] [stdout]   41:     0x5e29484f42ce - rust_auto_gen_d_ts::args::tests::test_init::hc79b6126b7a77764
[INFO] [stdout]                                at /opt/rustwide/workdir/src/args/mod.rs:142:9
[INFO] [stdout]   42:     0x5e29484f4177 - rust_auto_gen_d_ts::args::tests::test_init::{{closure}}::h71def1bd71a62f9e
[INFO] [stdout]                                at /opt/rustwide/workdir/src/args/mod.rs:117:25
[INFO] [stdout]   43:     0x5e2948530a36 - core::ops::function::FnOnce::call_once::h99fb5418b6e924c1
[INFO] [stdout]                                at /rustc/6067b36314ab5eb2eb47cecc464545ba58e1ad24/library/core/src/ops/function.rs:250:5
[INFO] [stdout]   44:     0x5e29485827cb - core::ops::function::FnOnce::call_once::he27718dfdd183f43
[INFO] [stdout]                                at /rustc/6067b36314ab5eb2eb47cecc464545ba58e1ad24/library/core/src/ops/function.rs:250:5
[INFO] [stdout]   45:     0x5e29485827cb - test::__rust_begin_short_backtrace::h4e84902998457a5d
[INFO] [stdout]                                at /rustc/6067b36314ab5eb2eb47cecc464545ba58e1ad24/library/test/src/lib.rs:632:18
[INFO] [stdout]   46:     0x5e2948581703 - test::run_test_in_process::{{closure}}::h7176fd18fc1feca0
[INFO] [stdout]                                at /rustc/6067b36314ab5eb2eb47cecc464545ba58e1ad24/library/test/src/lib.rs:655:60
[INFO] [stdout]   47:     0x5e2948581703 - <core::panic::unwind_safe::AssertUnwindSafe<F> as core::ops::function::FnOnce<()>>::call_once::hf79cff2a624d8cf7
[INFO] [stdout]                                at /rustc/6067b36314ab5eb2eb47cecc464545ba58e1ad24/library/core/src/panic/unwind_safe.rs:272:9
[INFO] [stdout]   48:     0x5e2948581703 - std::panicking::try::do_call::h3da0561d9ab99c25
[INFO] [stdout]                                at /rustc/6067b36314ab5eb2eb47cecc464545ba58e1ad24/library/std/src/panicking.rs:587:40
[INFO] [stdout]   49:     0x5e2948581703 - std::panicking::try::h41c9fa508bc61df6
[INFO] [stdout]                                at /rustc/6067b36314ab5eb2eb47cecc464545ba58e1ad24/library/std/src/panicking.rs:550:19
[INFO] [stdout]   50:     0x5e2948581703 - std::panic::catch_unwind::h6b3ff07bb5afad93
[INFO] [stdout]                                at /rustc/6067b36314ab5eb2eb47cecc464545ba58e1ad24/library/std/src/panic.rs:358:14
[INFO] [stdout]   51:     0x5e2948581703 - test::run_test_in_process::hc7253dd11b39b9f4
[INFO] [stdout]                                at /rustc/6067b36314ab5eb2eb47cecc464545ba58e1ad24/library/test/src/lib.rs:655:27
[INFO] [stdout]   52:     0x5e2948581703 - test::run_test::{{closure}}::hfb2007f8649c30bb
[INFO] [stdout]                                at /rustc/6067b36314ab5eb2eb47cecc464545ba58e1ad24/library/test/src/lib.rs:576:43
[INFO] [stdout]   53:     0x5e29485447e5 - test::run_test::{{closure}}::h56a17aa7a282a9f4
[INFO] [stdout]                                at /rustc/6067b36314ab5eb2eb47cecc464545ba58e1ad24/library/test/src/lib.rs:606:41
[INFO] [stdout]   54:     0x5e29485447e5 - std::sys::backtrace::__rust_begin_short_backtrace::hd2d2d2fb8e8c6aac
[INFO] [stdout]                                at /rustc/6067b36314ab5eb2eb47cecc464545ba58e1ad24/library/std/src/sys/backtrace.rs:152:18
[INFO] [stdout]   55:     0x5e29485480ca - std::thread::Builder::spawn_unchecked_::{{closure}}::{{closure}}::h4faa3f9db6133423
[INFO] [stdout]                                at /rustc/6067b36314ab5eb2eb47cecc464545ba58e1ad24/library/std/src/thread/mod.rs:559:17
[INFO] [stdout]   56:     0x5e29485480ca - <core::panic::unwind_safe::AssertUnwindSafe<F> as core::ops::function::FnOnce<()>>::call_once::hf2e855a36a4ea846
[INFO] [stdout]                                at /rustc/6067b36314ab5eb2eb47cecc464545ba58e1ad24/library/core/src/panic/unwind_safe.rs:272:9
[INFO] [stdout]   57:     0x5e29485480ca - std::panicking::try::do_call::h2f73af3616c35465
[INFO] [stdout]                                at /rustc/6067b36314ab5eb2eb47cecc464545ba58e1ad24/library/std/src/panicking.rs:587:40
[INFO] [stdout]   58:     0x5e29485480ca - std::panicking::try::hd1660ce9efadef5a
[INFO] [stdout]                                at /rustc/6067b36314ab5eb2eb47cecc464545ba58e1ad24/library/std/src/panicking.rs:550:19
[INFO] [stdout]   59:     0x5e29485480ca - std::panic::catch_unwind::h5ee8d7823b8ca744
[INFO] [stdout]                                at /rustc/6067b36314ab5eb2eb47cecc464545ba58e1ad24/library/std/src/panic.rs:358:14
[INFO] [stdout]   60:     0x5e29485480ca - std::thread::Builder::spawn_unchecked_::{{closure}}::h53c3a1894dce8407
[INFO] [stdout]                                at /rustc/6067b36314ab5eb2eb47cecc464545ba58e1ad24/library/std/src/thread/mod.rs:557:30
[INFO] [stdout]   61:     0x5e29485480ca - core::ops::function::FnOnce::call_once{{vtable.shim}}::h048ce291ad4f62bf
[INFO] [stdout]                                at /rustc/6067b36314ab5eb2eb47cecc464545ba58e1ad24/library/core/src/ops/function.rs:250:5
[INFO] [stdout]   62:     0x5e29492d9c7b - <alloc::boxed::Box<F,A> as core::ops::function::FnOnce<Args>>::call_once::ha52bedf99a3b4981
[INFO] [stdout]                                at /rustc/6067b36314ab5eb2eb47cecc464545ba58e1ad24/library/alloc/src/boxed.rs:2013:9
[INFO] [stdout]   63:     0x5e29492d9c7b - <alloc::boxed::Box<F,A> as core::ops::function::FnOnce<Args>>::call_once::h567748934d80ccf8
[INFO] [stdout]                                at /rustc/6067b36314ab5eb2eb47cecc464545ba58e1ad24/library/alloc/src/boxed.rs:2013:9
[INFO] [stdout]   64:     0x5e29492d9c7b - std::sys::pal::unix::thread::Thread::new::thread_start::h2d970728ae887adc
[INFO] [stdout]                                at /rustc/6067b36314ab5eb2eb47cecc464545ba58e1ad24/library/std/src/sys/pal/unix/thread.rs:106:17
[INFO] [stdout]   65:     0x72c22aed2ac3 - <unknown>
[INFO] [stdout]   66:     0x72c22af63a04 - clone
[INFO] [stdout]   67:                0x0 - <unknown>
[INFO] [stdout] 
[INFO] [stdout] 
[INFO] [stdout] failures:
[INFO] [stdout]     args::tests::test_init
[INFO] [stdout]     args::tests::test_trans_2_absolute_with_absolute_windows_path
[INFO] [stdout]     args::tests::test_trans_2_absolute_with_invalid_windows_path
[INFO] [stdout]     file_io::write::tests::test_gen_absoulte_path
[INFO] [stdout] 
[INFO] [stdout] test result: FAILED. 7 passed; 4 failed; 0 ignored; 0 measured; 0 filtered out; finished in 0.17s
[INFO] [stdout] 
[INFO] [stderr] error: test failed, to rerun pass `--bin rust_auto_gen_d_ts`
[INFO] running `Command { std: "docker" "inspect" "4689064fb76ee6a14f89957cb5b111422ab46e8988cacbf3d3a7f3a20246ce0a", kill_on_drop: false }`
[INFO] running `Command { std: "docker" "rm" "-f" "4689064fb76ee6a14f89957cb5b111422ab46e8988cacbf3d3a7f3a20246ce0a", kill_on_drop: false }`
[INFO] [stdout] 4689064fb76ee6a14f89957cb5b111422ab46e8988cacbf3d3a7f3a20246ce0a
