[INFO] cloning repository https://github.com/1517005260/my-sql-db
[INFO] running `Command { std: "git" "-c" "credential.helper=" "-c" "credential.helper=/workspace/cargo-home/bin/git-credential-null" "clone" "--bare" "https://github.com/1517005260/my-sql-db" "/workspace/cache/git-repos/https%3A%2F%2Fgithub.com%2F1517005260%2Fmy-sql-db", kill_on_drop: false }`
[INFO] [stderr] Cloning into bare repository '/workspace/cache/git-repos/https%3A%2F%2Fgithub.com%2F1517005260%2Fmy-sql-db'...
[INFO] running `Command { std: "git" "rev-parse" "HEAD", kill_on_drop: false }`
[INFO] [stdout] bdf33d287d12dfe9ac7dd7014aa1c6295b9d0143
[INFO] testing 1517005260/my-sql-db against nightly-2025-01-18+rustflags=-Zrandomize-layout for randomize-layout-2
[INFO] running `Command { std: "git" "clone" "/workspace/cache/git-repos/https%3A%2F%2Fgithub.com%2F1517005260%2Fmy-sql-db" "/workspace/builds/worker-3-tc2/source", kill_on_drop: false }`
[INFO] [stderr] Cloning into '/workspace/builds/worker-3-tc2/source'...
[INFO] [stderr] done.
[INFO] validating manifest of git repo https://github.com/1517005260/my-sql-db on toolchain nightly-2025-01-18
[INFO] running `Command { std: CARGO_HOME="/workspace/cargo-home" RUSTUP_HOME="/workspace/rustup-home" "/workspace/cargo-home/bin/cargo" "+nightly-2025-01-18" "metadata" "--manifest-path" "Cargo.toml" "--no-deps", kill_on_drop: false }`
[INFO] started tweaking git repo https://github.com/1517005260/my-sql-db
[INFO] finished tweaking git repo https://github.com/1517005260/my-sql-db
[INFO] tweaked toml for git repo https://github.com/1517005260/my-sql-db written to /workspace/builds/worker-3-tc2/source/Cargo.toml
[INFO] running `Command { std: CARGO_HOME="/workspace/cargo-home" RUSTUP_HOME="/workspace/rustup-home" "/workspace/cargo-home/bin/cargo" "+nightly-2025-01-18" "generate-lockfile" "--manifest-path" "Cargo.toml", kill_on_drop: false }`
[INFO] [stderr]     Updating crates.io index
[INFO] [stderr]      Locking 229 packages to latest compatible versions
[INFO] [stderr]       Adding colored v2.2.0 (available: v3.0.0)
[INFO] [stderr]       Adding dirs v4.0.0 (available: v6.0.0)
[INFO] [stderr]       Adding fs4 v0.8.4 (available: v0.12.0)
[INFO] [stderr]       Adding reqwest v0.11.27 (available: v0.12.12)
[INFO] [stderr]       Adding strum v0.24.1 (available: v0.26.3)
[INFO] [stderr]       Adding strum_macros v0.24.3 (available: v0.26.4)
[INFO] running `Command { std: CARGO_HOME="/workspace/cargo-home" RUSTUP_HOME="/workspace/rustup-home" "/workspace/cargo-home/bin/cargo" "+nightly-2025-01-18" "fetch" "--manifest-path" "Cargo.toml", kill_on_drop: false }`
[INFO] running `Command { std: "docker" "create" "-v" "/var/lib/crater-agent-workspace/builds/worker-3-tc2/target:/opt/rustwide/target:rw,Z" "-v" "/var/lib/crater-agent-workspace/builds/worker-3-tc2/source:/opt/rustwide/workdir:ro,Z" "-v" "/var/lib/crater-agent-workspace/cargo-home:/opt/rustwide/cargo-home:ro,Z" "-v" "/var/lib/crater-agent-workspace/rustup-home:/opt/rustwide/rustup-home:ro,Z" "-e" "SOURCE_DIR=/opt/rustwide/workdir" "-e" "CARGO_TARGET_DIR=/opt/rustwide/target" "-e" "CARGO_HOME=/opt/rustwide/cargo-home" "-e" "RUSTUP_HOME=/opt/rustwide/rustup-home" "-w" "/opt/rustwide/workdir" "-m" "1610612736" "--user" "0:0" "--network" "none" "ghcr.io/rust-lang/crates-build-env/linux@sha256:819108c5571ea2e421544af4d832f968d213c87fbe3707a016657f43d2f853bc" "/opt/rustwide/cargo-home/bin/cargo" "+nightly-2025-01-18" "metadata" "--no-deps" "--format-version=1", kill_on_drop: false }`
[INFO] [stdout] 4fa4286bea6cefad3432632940f3e4addab631bad5fdffce308e6998898d5298
[INFO] running `Command { std: "docker" "start" "-a" "4fa4286bea6cefad3432632940f3e4addab631bad5fdffce308e6998898d5298", kill_on_drop: false }`
[INFO] running `Command { std: "docker" "inspect" "4fa4286bea6cefad3432632940f3e4addab631bad5fdffce308e6998898d5298", kill_on_drop: false }`
[INFO] running `Command { std: "docker" "rm" "-f" "4fa4286bea6cefad3432632940f3e4addab631bad5fdffce308e6998898d5298", kill_on_drop: false }`
[INFO] [stdout] 4fa4286bea6cefad3432632940f3e4addab631bad5fdffce308e6998898d5298
[INFO] running `Command { std: "docker" "create" "-v" "/var/lib/crater-agent-workspace/builds/worker-3-tc2/target:/opt/rustwide/target:rw,Z" "-v" "/var/lib/crater-agent-workspace/builds/worker-3-tc2/source:/opt/rustwide/workdir:ro,Z" "-v" "/var/lib/crater-agent-workspace/cargo-home:/opt/rustwide/cargo-home:ro,Z" "-v" "/var/lib/crater-agent-workspace/rustup-home:/opt/rustwide/rustup-home:ro,Z" "-e" "SOURCE_DIR=/opt/rustwide/workdir" "-e" "CARGO_TARGET_DIR=/opt/rustwide/target" "-e" "CARGO_INCREMENTAL=0" "-e" "RUST_BACKTRACE=full" "-e" "RUSTFLAGS=--cap-lints=forbid -Zrandomize-layout" "-e" "RUSTDOCFLAGS=--cap-lints=forbid" "-e" "CARGO_HOME=/opt/rustwide/cargo-home" "-e" "RUSTUP_HOME=/opt/rustwide/rustup-home" "-w" "/opt/rustwide/workdir" "-m" "1610612736" "--user" "0:0" "--network" "none" "ghcr.io/rust-lang/crates-build-env/linux@sha256:819108c5571ea2e421544af4d832f968d213c87fbe3707a016657f43d2f853bc" "/opt/rustwide/cargo-home/bin/cargo" "+nightly-2025-01-18" "build" "--frozen" "--message-format=json", kill_on_drop: false }`
[INFO] [stdout] 06d4c58fa7c0c5b6b46d3d8f06dd79ca8f5f9bb7b64b1e1ea53d4859db6ce200
[INFO] running `Command { std: "docker" "start" "-a" "06d4c58fa7c0c5b6b46d3d8f06dd79ca8f5f9bb7b64b1e1ea53d4859db6ce200", kill_on_drop: false }`
[INFO] [stderr]    Compiling proc-macro2 v1.0.93
[INFO] [stderr]    Compiling smallvec v1.13.2
[INFO] [stderr]    Compiling stable_deref_trait v1.2.0
[INFO] [stderr]    Compiling pin-project-lite v0.2.16
[INFO] [stderr]    Compiling memchr v2.7.4
[INFO] [stderr]    Compiling bitflags v2.8.0
[INFO] [stderr]    Compiling shlex v1.3.0
[INFO] [stderr]    Compiling parking_lot_core v0.9.10
[INFO] [stderr]    Compiling vcpkg v0.2.15
[INFO] [stderr]    Compiling lock_api v0.4.12
[INFO] [stderr]    Compiling slab v0.4.9
[INFO] [stderr]    Compiling pkg-config v0.3.31
[INFO] [stderr]    Compiling serde v1.0.217
[INFO] [stderr]    Compiling futures-core v0.3.31
[INFO] [stderr]    Compiling litemap v0.7.4
[INFO] [stderr]    Compiling writeable v0.5.5
[INFO] [stderr]    Compiling futures-sink v0.3.31
[INFO] [stderr]    Compiling signal-hook-registry v1.4.2
[INFO] [stderr]    Compiling socket2 v0.5.8
[INFO] [stderr]    Compiling cc v1.2.10
[INFO] [stderr]    Compiling futures-channel v0.3.31
[INFO] [stderr]    Compiling mio v1.0.3
[INFO] [stderr]    Compiling futures-task v0.3.31
[INFO] [stderr]    Compiling futures-io v0.3.31
[INFO] [stderr]    Compiling icu_locid_transform_data v1.5.0
[INFO] [stderr]    Compiling openssl v0.10.68
[INFO] [stderr]    Compiling rustix v0.38.43
[INFO] [stderr]    Compiling icu_properties_data v1.5.0
[INFO] [stderr]    Compiling http v0.2.12
[INFO] [stderr]    Compiling tracing-core v0.1.33
[INFO] [stderr]    Compiling native-tls v0.2.12
[INFO] [stderr]    Compiling parking_lot v0.12.3
[INFO] [stderr]    Compiling utf8_iter v1.0.4
[INFO] [stderr]    Compiling serde_json v1.0.137
[INFO] [stderr]    Compiling log v0.4.25
[INFO] [stderr]    Compiling linux-raw-sys v0.4.15
[INFO] [stderr]    Compiling httparse v1.9.5
[INFO] [stderr]    Compiling write16 v1.0.0
[INFO] [stderr]    Compiling utf16_iter v1.0.5
[INFO] [stderr]    Compiling icu_normalizer_data v1.5.0
[INFO] [stderr]    Compiling indexmap v2.7.1
[INFO] [stderr]    Compiling tracing v0.1.41
[INFO] [stderr]    Compiling num-traits v0.2.19
[INFO] [stderr]    Compiling quote v1.0.38
[INFO] [stderr]    Compiling try-lock v0.2.5
[INFO] [stderr]    Compiling either v1.13.0
[INFO] [stderr]    Compiling want v0.3.1
[INFO] [stderr]    Compiling form_urlencoded v1.2.1
[INFO] [stderr]    Compiling nix v0.29.0
[INFO] [stderr]    Compiling half v2.4.1
[INFO] [stderr]    Compiling regex-syntax v0.8.5
[INFO] [stderr]    Compiling rustversion v1.0.19
[INFO] [stderr]    Compiling syn v2.0.96
[INFO] [stderr]    Compiling syn v1.0.109
[INFO] [stderr]    Compiling http-body v0.4.6
[INFO] [stderr]    Compiling plotters-backend v0.3.7
[INFO] [stderr]    Compiling ciborium-io v0.2.2
[INFO] [stderr]    Compiling tower-service v0.3.3
[INFO] [stderr]    Compiling clap_builder v4.5.26
[INFO] [stderr]    Compiling ciborium-ll v0.2.2
[INFO] [stderr]    Compiling itertools v0.10.5
[INFO] [stderr]    Compiling nibble_vec v0.1.0
[INFO] [stderr]    Compiling cast v0.3.0
[INFO] [stderr]    Compiling endian-type v0.1.2
[INFO] [stderr]    Compiling same-file v1.0.6
[INFO] [stderr]    Compiling base64 v0.21.7
[INFO] [stderr]    Compiling plotters-svg v0.3.7
[INFO] [stderr]    Compiling walkdir v2.5.0
[INFO] [stderr]    Compiling radix_trie v0.2.1
[INFO] [stderr]    Compiling rayon v1.10.0
[INFO] [stderr]    Compiling rustls-pemfile v1.0.4
[INFO] [stderr]    Compiling dirs-sys v0.3.7
[INFO] [stderr]    Compiling is-terminal v0.4.13
[INFO] [stderr]    Compiling getrandom v0.2.15
[INFO] [stderr]    Compiling encoding_rs v0.8.35
[INFO] [stderr]    Compiling oorandom v11.1.4
[INFO] [stderr]    Compiling unicode-segmentation v1.12.0
[INFO] [stderr]    Compiling home v0.5.11
[INFO] [stderr]    Compiling ipnet v2.11.0
[INFO] [stderr]    Compiling fastrand v2.3.0
[INFO] [stderr]    Compiling anes v0.1.6
[INFO] [stderr]    Compiling colored v2.2.0
[INFO] [stderr]    Compiling openssl-sys v0.9.104
[INFO] [stderr]    Compiling plotters v0.3.7
[INFO] [stderr]    Compiling regex-automata v0.4.9
[INFO] [stderr]    Compiling dirs v4.0.0
[INFO] [stderr]    Compiling strum v0.24.1
[INFO] [stderr]    Compiling dotenv v0.15.0
[INFO] [stderr]    Compiling criterion-plot v0.5.0
[INFO] [stderr]    Compiling clap v4.5.26
[INFO] [stderr]    Compiling strum_macros v0.24.3
[INFO] [stderr]    Compiling fd-lock v4.0.2
[INFO] [stderr]    Compiling tempfile v3.15.0
[INFO] [stderr]    Compiling fs4 v0.8.4
[INFO] [stderr]    Compiling rustyline v15.0.0
[INFO] [stderr]    Compiling regex v1.11.1
[INFO] [stderr]    Compiling synstructure v0.13.1
[INFO] [stderr]    Compiling zerofrom-derive v0.1.5
[INFO] [stderr]    Compiling yoke-derive v0.7.5
[INFO] [stderr]    Compiling zerovec-derive v0.10.3
[INFO] [stderr]    Compiling displaydoc v0.2.5
[INFO] [stderr]    Compiling serde_derive v1.0.217
[INFO] [stderr]    Compiling futures-macro v0.3.31
[INFO] [stderr]    Compiling tokio-macros v2.5.0
[INFO] [stderr]    Compiling icu_provider_macros v1.5.0
[INFO] [stderr]    Compiling openssl-macros v0.1.1
[INFO] [stderr]    Compiling tokio v1.43.0
[INFO] [stderr]    Compiling futures-util v0.3.31
[INFO] [stderr]    Compiling zerofrom v0.1.5
[INFO] [stderr]    Compiling yoke v0.7.5
[INFO] [stderr]    Compiling zerovec v0.10.4
[INFO] [stderr]    Compiling tinystr v0.7.6
[INFO] [stderr]    Compiling icu_collections v1.5.0
[INFO] [stderr]    Compiling icu_locid v1.5.0
[INFO] [stderr]    Compiling icu_provider v1.5.0
[INFO] [stderr]    Compiling icu_locid_transform v1.5.0
[INFO] [stderr]    Compiling futures-executor v0.3.31
[INFO] [stderr]    Compiling futures v0.3.31
[INFO] [stderr]    Compiling icu_properties v1.5.1
[INFO] [stderr]    Compiling serde_urlencoded v0.7.1
[INFO] [stderr]    Compiling ciborium v0.2.2
[INFO] [stderr]    Compiling serde_bytes v0.11.15
[INFO] [stderr]    Compiling bincode v1.3.3
[INFO] [stderr]    Compiling tokio-util v0.7.13
[INFO] [stderr]    Compiling tokio-native-tls v0.3.1
[INFO] [stderr]    Compiling tokio-stream v0.1.17
[INFO] [stderr]    Compiling icu_normalizer v1.5.0
[INFO] [stderr]    Compiling tinytemplate v1.2.1
[INFO] [stderr]    Compiling criterion v0.5.1
[INFO] [stderr]    Compiling h2 v0.3.26
[INFO] [stderr]    Compiling idna_adapter v1.2.0
[INFO] [stderr]    Compiling idna v1.0.3
[INFO] [stderr]    Compiling url v2.5.4
[INFO] [stderr]    Compiling hyper v0.14.32
[INFO] [stderr]    Compiling hyper-tls v0.5.0
[INFO] [stderr]    Compiling reqwest v0.11.27
[INFO] [stderr]    Compiling my-sql-db v0.1.0 (/opt/rustwide/workdir)
[INFO] [stderr]     Finished `dev` profile [unoptimized + debuginfo] target(s) in 57.98s
[INFO] running `Command { std: "docker" "inspect" "06d4c58fa7c0c5b6b46d3d8f06dd79ca8f5f9bb7b64b1e1ea53d4859db6ce200", kill_on_drop: false }`
[INFO] running `Command { std: "docker" "rm" "-f" "06d4c58fa7c0c5b6b46d3d8f06dd79ca8f5f9bb7b64b1e1ea53d4859db6ce200", kill_on_drop: false }`
[INFO] [stdout] 06d4c58fa7c0c5b6b46d3d8f06dd79ca8f5f9bb7b64b1e1ea53d4859db6ce200
[INFO] running `Command { std: "docker" "create" "-v" "/var/lib/crater-agent-workspace/builds/worker-3-tc2/target:/opt/rustwide/target:rw,Z" "-v" "/var/lib/crater-agent-workspace/builds/worker-3-tc2/source:/opt/rustwide/workdir:ro,Z" "-v" "/var/lib/crater-agent-workspace/cargo-home:/opt/rustwide/cargo-home:ro,Z" "-v" "/var/lib/crater-agent-workspace/rustup-home:/opt/rustwide/rustup-home:ro,Z" "-e" "SOURCE_DIR=/opt/rustwide/workdir" "-e" "CARGO_TARGET_DIR=/opt/rustwide/target" "-e" "CARGO_INCREMENTAL=0" "-e" "RUST_BACKTRACE=full" "-e" "RUSTFLAGS=--cap-lints=forbid -Zrandomize-layout" "-e" "RUSTDOCFLAGS=--cap-lints=forbid" "-e" "CARGO_HOME=/opt/rustwide/cargo-home" "-e" "RUSTUP_HOME=/opt/rustwide/rustup-home" "-w" "/opt/rustwide/workdir" "-m" "1610612736" "--user" "0:0" "--network" "none" "ghcr.io/rust-lang/crates-build-env/linux@sha256:819108c5571ea2e421544af4d832f968d213c87fbe3707a016657f43d2f853bc" "/opt/rustwide/cargo-home/bin/cargo" "+nightly-2025-01-18" "test" "--frozen" "--no-run" "--message-format=json", kill_on_drop: false }`
[INFO] [stdout] 49e3192bfbe70560f199e18509eb8236314b959c90385959fe43f829d8f29da6
[INFO] running `Command { std: "docker" "start" "-a" "49e3192bfbe70560f199e18509eb8236314b959c90385959fe43f829d8f29da6", kill_on_drop: false }`
[INFO] [stderr]    Compiling my-sql-db v0.1.0 (/opt/rustwide/workdir)
[INFO] [stdout] warning: unused variable: `eng`
[INFO] [stdout]    --> src/storage/disk.rs:261:13
[INFO] [stdout]     |
[INFO] [stdout] 261 |         let eng = DiskEngine::new(PathBuf::from("./tmp/sqldb-log-test"))?;
[INFO] [stdout]     |             ^^^ help: if this is intentional, prefix it with an underscore: `_eng`
[INFO] [stdout]     |
[INFO] [stdout]     = note: `#[warn(unused_variables)]` on by default
[INFO] [stdout] 
[INFO] [stdout] 
[INFO] [stdout] warning: unused variable: `eng`
[INFO] [stdout]    --> src/storage/disk.rs:267:13
[INFO] [stdout]     |
[INFO] [stdout] 267 |         let eng = DiskEngine::new_compact(PathBuf::from("./tmp/sqldb-log"))?;
[INFO] [stdout]     |             ^^^ help: if this is intentional, prefix it with an underscore: `_eng`
[INFO] [stdout] 
[INFO] [stdout] 
[INFO] [stdout] warning: variable does not need to be mutable
[INFO] [stdout]    --> src/storage/mvcc.rs:373:13
[INFO] [stdout]     |
[INFO] [stdout] 373 |         let mut transaction2 = mvcc.begin()?;
[INFO] [stdout]     |             ----^^^^^^^^^^^^
[INFO] [stdout]     |             |
[INFO] [stdout]     |             help: remove this `mut`
[INFO] [stdout]     |
[INFO] [stdout]     = note: `#[warn(unused_mut)]` on by default
[INFO] [stdout] 
[INFO] [stdout] 
[INFO] [stdout] warning: variable does not need to be mutable
[INFO] [stdout]    --> src/storage/mvcc.rs:480:13
[INFO] [stdout]     |
[INFO] [stdout] 480 |         let mut transaction1 = mvcc.begin()?;
[INFO] [stdout]     |             ----^^^^^^^^^^^^
[INFO] [stdout]     |             |
[INFO] [stdout]     |             help: remove this `mut`
[INFO] [stdout] 
[INFO] [stdout] 
[INFO] [stdout] warning: variable does not need to be mutable
[INFO] [stdout]    --> src/storage/mvcc.rs:718:13
[INFO] [stdout]     |
[INFO] [stdout] 718 |         let mut transaction1 = mvcc.begin()?;
[INFO] [stdout]     |             ----^^^^^^^^^^^^
[INFO] [stdout]     |             |
[INFO] [stdout]     |             help: remove this `mut`
[INFO] [stdout] 
[INFO] [stdout] 
[INFO] [stdout] warning: variable does not need to be mutable
[INFO] [stdout]    --> src/storage/mvcc.rs:745:13
[INFO] [stdout]     |
[INFO] [stdout] 745 |         let mut transaction1 = mvcc.begin()?;
[INFO] [stdout]     |             ----^^^^^^^^^^^^
[INFO] [stdout]     |             |
[INFO] [stdout]     |             help: remove this `mut`
[INFO] [stdout] 
[INFO] [stdout] 
[INFO] [stdout] warning: variable does not need to be mutable
[INFO] [stdout]    --> src/storage/mvcc.rs:774:13
[INFO] [stdout]     |
[INFO] [stdout] 774 |         let mut transaction1 = mvcc.begin()?;
[INFO] [stdout]     |             ----^^^^^^^^^^^^
[INFO] [stdout]     |             |
[INFO] [stdout]     |             help: remove this `mut`
[INFO] [stdout] 
[INFO] [stdout] 
[INFO] [stderr]     Finished `test` profile [unoptimized + debuginfo] target(s) in 3.02s
[INFO] running `Command { std: "docker" "inspect" "49e3192bfbe70560f199e18509eb8236314b959c90385959fe43f829d8f29da6", kill_on_drop: false }`
[INFO] running `Command { std: "docker" "rm" "-f" "49e3192bfbe70560f199e18509eb8236314b959c90385959fe43f829d8f29da6", kill_on_drop: false }`
[INFO] [stdout] 49e3192bfbe70560f199e18509eb8236314b959c90385959fe43f829d8f29da6
[INFO] running `Command { std: "docker" "create" "-v" "/var/lib/crater-agent-workspace/builds/worker-3-tc2/target:/opt/rustwide/target:rw,Z" "-v" "/var/lib/crater-agent-workspace/builds/worker-3-tc2/source:/opt/rustwide/workdir:ro,Z" "-v" "/var/lib/crater-agent-workspace/cargo-home:/opt/rustwide/cargo-home:ro,Z" "-v" "/var/lib/crater-agent-workspace/rustup-home:/opt/rustwide/rustup-home:ro,Z" "-e" "SOURCE_DIR=/opt/rustwide/workdir" "-e" "CARGO_TARGET_DIR=/opt/rustwide/target" "-e" "CARGO_INCREMENTAL=0" "-e" "RUST_BACKTRACE=full" "-e" "RUSTFLAGS=--cap-lints=forbid -Zrandomize-layout" "-e" "RUSTDOCFLAGS=--cap-lints=forbid" "-e" "CARGO_HOME=/opt/rustwide/cargo-home" "-e" "RUSTUP_HOME=/opt/rustwide/rustup-home" "-w" "/opt/rustwide/workdir" "-m" "1610612736" "--user" "0:0" "--network" "none" "ghcr.io/rust-lang/crates-build-env/linux@sha256:819108c5571ea2e421544af4d832f968d213c87fbe3707a016657f43d2f853bc" "/opt/rustwide/cargo-home/bin/cargo" "+nightly-2025-01-18" "test" "--frozen", kill_on_drop: false }`
[INFO] [stdout] e0f0cdd2b8c19f4b872a2ca049069c60114b84dfca8a0f893d562c6af1ec98eb
[INFO] running `Command { std: "docker" "start" "-a" "e0f0cdd2b8c19f4b872a2ca049069c60114b84dfca8a0f893d562c6af1ec98eb", kill_on_drop: false }`
[INFO] [stderr] warning: unused variable: `eng`
[INFO] [stderr]    --> src/storage/disk.rs:261:13
[INFO] [stderr]     |
[INFO] [stderr] 261 |         let eng = DiskEngine::new(PathBuf::from("./tmp/sqldb-log-test"))?;
[INFO] [stderr]     |             ^^^ help: if this is intentional, prefix it with an underscore: `_eng`
[INFO] [stderr]     |
[INFO] [stderr]     = note: `#[warn(unused_variables)]` on by default
[INFO] [stderr] 
[INFO] [stderr] warning: unused variable: `eng`
[INFO] [stderr]    --> src/storage/disk.rs:267:13
[INFO] [stderr]     |
[INFO] [stderr] 267 |         let eng = DiskEngine::new_compact(PathBuf::from("./tmp/sqldb-log"))?;
[INFO] [stderr]     |             ^^^ help: if this is intentional, prefix it with an underscore: `_eng`
[INFO] [stderr] 
[INFO] [stderr] warning: variable does not need to be mutable
[INFO] [stderr]    --> src/storage/mvcc.rs:373:13
[INFO] [stderr]     |
[INFO] [stderr] 373 |         let mut transaction2 = mvcc.begin()?;
[INFO] [stderr]     |             ----^^^^^^^^^^^^
[INFO] [stderr]     |             |
[INFO] [stderr]     |             help: remove this `mut`
[INFO] [stderr]     |
[INFO] [stderr]     = note: `#[warn(unused_mut)]` on by default
[INFO] [stderr] 
[INFO] [stderr] warning: variable does not need to be mutable
[INFO] [stderr]    --> src/storage/mvcc.rs:480:13
[INFO] [stderr]     |
[INFO] [stderr] 480 |         let mut transaction1 = mvcc.begin()?;
[INFO] [stderr]     |             ----^^^^^^^^^^^^
[INFO] [stderr]     |             |
[INFO] [stderr]     |             help: remove this `mut`
[INFO] [stderr] 
[INFO] [stderr] warning: variable does not need to be mutable
[INFO] [stderr]    --> src/storage/mvcc.rs:718:13
[INFO] [stderr]     |
[INFO] [stderr] 718 |         let mut transaction1 = mvcc.begin()?;
[INFO] [stderr]     |             ----^^^^^^^^^^^^
[INFO] [stderr]     |             |
[INFO] [stderr]     |             help: remove this `mut`
[INFO] [stderr] 
[INFO] [stderr] warning: variable does not need to be mutable
[INFO] [stderr]    --> src/storage/mvcc.rs:745:13
[INFO] [stderr]     |
[INFO] [stderr] 745 |         let mut transaction1 = mvcc.begin()?;
[INFO] [stderr]     |             ----^^^^^^^^^^^^
[INFO] [stderr]     |             |
[INFO] [stderr]     |             help: remove this `mut`
[INFO] [stderr] 
[INFO] [stderr] warning: variable does not need to be mutable
[INFO] [stderr]    --> src/storage/mvcc.rs:774:13
[INFO] [stderr]     |
[INFO] [stderr] 774 |         let mut transaction1 = mvcc.begin()?;
[INFO] [stderr]     |             ----^^^^^^^^^^^^
[INFO] [stderr]     |             |
[INFO] [stderr]     |             help: remove this `mut`
[INFO] [stderr] 
[INFO] [stderr] warning: `my-sql-db` (lib test) generated 7 warnings (run `cargo fix --lib -p my-sql-db --tests` to apply 5 suggestions)
[INFO] [stderr]     Finished `test` profile [unoptimized + debuginfo] target(s) in 0.16s
[INFO] [stderr]      Running unittests src/lib.rs (/opt/rustwide/target/debug/deps/my_sql_db-ac79619b1b05befc)
[INFO] [stdout] 
[INFO] [stdout] running 43 tests
[INFO] [stdout] test sql::engine::kv::tests::test_create_table ... ok
[INFO] [stdout] test sql::engine::kv::tests::test_agg ... ok
[INFO] [stdout] test sql::engine::kv::tests::test_cross_join ... ok
[INFO] [stdout] test sql::engine::kv::tests::test_filter ... ok
[INFO] [stdout] test sql::parser::tests::test_parser_insert ... ok
[INFO] [stdout] test sql::engine::kv::tests::test_hash_join ... ok
[INFO] [stdout] test sql::engine::kv::tests::test_join ... ok
[INFO] [stdout] test sql::parser::tests::test_parser_select ... ok
[INFO] [stdout] test sql::planner::tests::test_plan_create_table ... ok
[INFO] [stdout] test sql::parser::tests::test_parser_create_table ... ok
[INFO] [stdout] test sql::engine::kv::tests::test_primary_key_scan ... ok
[INFO] [stdout] test storage::disk::tests::test_disk_engine_compact_1 ... FAILED
[INFO] [stdout] test sql::engine::kv::tests::test_group_by ... ok
[INFO] [stdout] test sql::planner::tests::test_plan_select ... ok
[INFO] [stdout] test sql::parser::tests::test_parser_update ... ok
[INFO] [stdout] test sql::parser::lexer::tests::test_lexer_select ... ok
[INFO] [stdout] test sql::parser::lexer::tests::test_lexer_create_table ... ok
[INFO] [stdout] test sql::engine::kv::tests::test_index ... ok
[INFO] [stdout] test sql::parser::lexer::tests::test_lexer_insert_into ... ok
[INFO] [stdout] test sql::engine::kv::tests::test_insert ... ok
[INFO] [stdout] test storage::disk::tests::test_disk_engine_compact_2 ... FAILED
[INFO] [stdout] test sql::engine::kv::tests::test_sort ... ok
[INFO] [stdout] test storage::disk::tests::test_disk_engine_start ... FAILED
[INFO] [stdout] test storage::engine::tests::test_disk ... FAILED
[INFO] [stdout] test sql::engine::kv::tests::test_delete ... ok
[INFO] [stdout] test storage::engine::tests::test_memory ... ok
[INFO] [stdout] test sql::planner::tests::test_plan_insert ... ok
[INFO] [stdout] test storage::keyencode::tests::test_decode ... ok
[INFO] [stdout] test storage::keyencode::tests::test_encode_prefix ... ok
[INFO] [stdout] test storage::mvcc::tests::test_delete ... ok
[INFO] [stdout] test storage::mvcc::tests::test_delete_conflict ... ok
[INFO] [stdout] test storage::keyencode::tests::test_encode ... ok
[INFO] [stdout] test storage::mvcc::tests::test_dirty_read ... ok
[INFO] [stdout] test storage::mvcc::tests::test_get ... ok
[INFO] [stdout] test sql::engine::kv::tests::test_update ... ok
[INFO] [stdout] test storage::mvcc::tests::test_unrepeatable_read ... ok
[INFO] [stdout] test storage::mvcc::tests::test_get_isolation ... ok
[INFO] [stdout] test storage::mvcc::tests::test_phantom_read ... ok
[INFO] [stdout] test storage::mvcc::tests::test_prefix_scan ... ok
[INFO] [stdout] test storage::mvcc::tests::test_rollback ... ok
[INFO] [stdout] test storage::mvcc::tests::test_set ... ok
[INFO] [stdout] test storage::mvcc::tests::test_scan_isolation ... ok
[INFO] [stdout] test storage::mvcc::tests::test_set_conflict ... ok
[INFO] [stdout] 
[INFO] [stdout] failures:
[INFO] [stdout] 
[INFO] [stdout] ---- storage::disk::tests::test_disk_engine_compact_1 stdout ----
[INFO] [stdout] Error: Internal("Read-only file system (os error 30)")
[INFO] [stdout] 
[INFO] [stdout] ---- storage::disk::tests::test_disk_engine_compact_2 stdout ----
[INFO] [stdout] Error: Internal("Read-only file system (os error 30)")
[INFO] [stdout] 
[INFO] [stdout] ---- storage::disk::tests::test_disk_engine_start stdout ----
[INFO] [stdout] Error: Internal("Read-only file system (os error 30)")
[INFO] [stdout] 
[INFO] [stdout] ---- storage::engine::tests::test_disk stdout ----
[INFO] [stdout] Error: Internal("Read-only file system (os error 30)")
[INFO] [stdout] 
[INFO] [stdout] 
[INFO] [stdout] failures:
[INFO] [stdout]     storage::disk::tests::test_disk_engine_compact_1
[INFO] [stdout]     storage::disk::tests::test_disk_engine_compact_2
[INFO] [stdout]     storage::disk::tests::test_disk_engine_start
[INFO] [stdout]     storage::engine::tests::test_disk
[INFO] [stdout] 
[INFO] [stdout] test result: FAILED. 39 passed; 4 failed; 0 ignored; 0 measured; 0 filtered out; finished in 0.01s
[INFO] [stdout] 
[INFO] [stderr] error: test failed, to rerun pass `--lib`
[INFO] running `Command { std: "docker" "inspect" "e0f0cdd2b8c19f4b872a2ca049069c60114b84dfca8a0f893d562c6af1ec98eb", kill_on_drop: false }`
[INFO] running `Command { std: "docker" "rm" "-f" "e0f0cdd2b8c19f4b872a2ca049069c60114b84dfca8a0f893d562c6af1ec98eb", kill_on_drop: false }`
[INFO] [stdout] e0f0cdd2b8c19f4b872a2ca049069c60114b84dfca8a0f893d562c6af1ec98eb
