[INFO] cloning repository https://github.com/0xi4o/aoc2023
[INFO] running `Command { std: "git" "-c" "credential.helper=" "-c" "credential.helper=/workspace/cargo-home/bin/git-credential-null" "clone" "--bare" "https://github.com/0xi4o/aoc2023" "/workspace/cache/git-repos/https%3A%2F%2Fgithub.com%2F0xi4o%2Faoc2023", kill_on_drop: false }`
[INFO] [stderr] Cloning into bare repository '/workspace/cache/git-repos/https%3A%2F%2Fgithub.com%2F0xi4o%2Faoc2023'...
[INFO] running `Command { std: "git" "rev-parse" "HEAD", kill_on_drop: false }`
[INFO] [stdout] b9aaff3de4ec0ff97501883676ecda6648065724
[INFO] testing 0xi4o/aoc2023 against nightly-2025-01-18 for randomize-layout-2
[INFO] running `Command { std: "git" "clone" "/workspace/cache/git-repos/https%3A%2F%2Fgithub.com%2F0xi4o%2Faoc2023" "/workspace/builds/worker-2-tc1/source", kill_on_drop: false }`
[INFO] [stderr] Cloning into '/workspace/builds/worker-2-tc1/source'...
[INFO] [stderr] done.
[INFO] validating manifest of git repo https://github.com/0xi4o/aoc2023 on toolchain nightly-2025-01-18
[INFO] running `Command { std: CARGO_HOME="/workspace/cargo-home" RUSTUP_HOME="/workspace/rustup-home" "/workspace/cargo-home/bin/cargo" "+nightly-2025-01-18" "metadata" "--manifest-path" "Cargo.toml" "--no-deps", kill_on_drop: false }`
[INFO] started tweaking git repo https://github.com/0xi4o/aoc2023
[INFO] finished tweaking git repo https://github.com/0xi4o/aoc2023
[INFO] tweaked toml for git repo https://github.com/0xi4o/aoc2023 written to /workspace/builds/worker-2-tc1/source/Cargo.toml
[INFO] crate git repo https://github.com/0xi4o/aoc2023 already has a lockfile, it will not be regenerated
[INFO] running `Command { std: CARGO_HOME="/workspace/cargo-home" RUSTUP_HOME="/workspace/rustup-home" "/workspace/cargo-home/bin/cargo" "+nightly-2025-01-18" "fetch" "--manifest-path" "Cargo.toml", kill_on_drop: false }`
[INFO] [stderr]     Blocking waiting for file lock on package cache
[INFO] [stderr]     Blocking waiting for file lock on package cache
[INFO] running `Command { std: "docker" "create" "-v" "/var/lib/crater-agent-workspace/builds/worker-2-tc1/target:/opt/rustwide/target:rw,Z" "-v" "/var/lib/crater-agent-workspace/builds/worker-2-tc1/source:/opt/rustwide/workdir:ro,Z" "-v" "/var/lib/crater-agent-workspace/cargo-home:/opt/rustwide/cargo-home:ro,Z" "-v" "/var/lib/crater-agent-workspace/rustup-home:/opt/rustwide/rustup-home:ro,Z" "-e" "SOURCE_DIR=/opt/rustwide/workdir" "-e" "CARGO_TARGET_DIR=/opt/rustwide/target" "-e" "CARGO_HOME=/opt/rustwide/cargo-home" "-e" "RUSTUP_HOME=/opt/rustwide/rustup-home" "-w" "/opt/rustwide/workdir" "-m" "1610612736" "--user" "0:0" "--network" "none" "ghcr.io/rust-lang/crates-build-env/linux@sha256:819108c5571ea2e421544af4d832f968d213c87fbe3707a016657f43d2f853bc" "/opt/rustwide/cargo-home/bin/cargo" "+nightly-2025-01-18" "metadata" "--no-deps" "--format-version=1", kill_on_drop: false }`
[INFO] [stdout] 8f24fcbe2a2221779a9c282e5a4c669a04fd5d9c87d180ea6976d1855cb30e86
[INFO] running `Command { std: "docker" "start" "-a" "8f24fcbe2a2221779a9c282e5a4c669a04fd5d9c87d180ea6976d1855cb30e86", kill_on_drop: false }`
[INFO] running `Command { std: "docker" "inspect" "8f24fcbe2a2221779a9c282e5a4c669a04fd5d9c87d180ea6976d1855cb30e86", kill_on_drop: false }`
[INFO] running `Command { std: "docker" "rm" "-f" "8f24fcbe2a2221779a9c282e5a4c669a04fd5d9c87d180ea6976d1855cb30e86", kill_on_drop: false }`
[INFO] [stdout] 8f24fcbe2a2221779a9c282e5a4c669a04fd5d9c87d180ea6976d1855cb30e86
[INFO] running `Command { std: "docker" "create" "-v" "/var/lib/crater-agent-workspace/builds/worker-2-tc1/target:/opt/rustwide/target:rw,Z" "-v" "/var/lib/crater-agent-workspace/builds/worker-2-tc1/source:/opt/rustwide/workdir:ro,Z" "-v" "/var/lib/crater-agent-workspace/cargo-home:/opt/rustwide/cargo-home:ro,Z" "-v" "/var/lib/crater-agent-workspace/rustup-home:/opt/rustwide/rustup-home:ro,Z" "-e" "SOURCE_DIR=/opt/rustwide/workdir" "-e" "CARGO_TARGET_DIR=/opt/rustwide/target" "-e" "CARGO_INCREMENTAL=0" "-e" "RUST_BACKTRACE=full" "-e" "RUSTFLAGS=--cap-lints=forbid" "-e" "RUSTDOCFLAGS=--cap-lints=forbid" "-e" "CARGO_HOME=/opt/rustwide/cargo-home" "-e" "RUSTUP_HOME=/opt/rustwide/rustup-home" "-w" "/opt/rustwide/workdir" "-m" "1610612736" "--user" "0:0" "--network" "none" "ghcr.io/rust-lang/crates-build-env/linux@sha256:819108c5571ea2e421544af4d832f968d213c87fbe3707a016657f43d2f853bc" "/opt/rustwide/cargo-home/bin/cargo" "+nightly-2025-01-18" "build" "--frozen" "--message-format=json", kill_on_drop: false }`
[INFO] [stdout] 2e93225211bf2184e44ee6890280e45b81bc4e1abc0ccceba151a6e79c9af5df
[INFO] running `Command { std: "docker" "start" "-a" "2e93225211bf2184e44ee6890280e45b81bc4e1abc0ccceba151a6e79c9af5df", kill_on_drop: false }`
[INFO] [stderr] warning: output filename collision.
[INFO] [stderr] The bin target `part1` in package `day02 v0.1.0 (/opt/rustwide/workdir/day02)` has the same output filename as the bin target `part1` in package `day01 v0.1.0 (/opt/rustwide/workdir/day01)`.
[INFO] [stderr] Colliding filename is: /opt/rustwide/target/debug/part1
[INFO] [stderr] The targets should have unique names.
[INFO] [stderr] Consider changing their names to be unique or compiling them separately.
[INFO] [stderr] This may become a hard error in the future; see <https://github.com/rust-lang/cargo/issues/6313>.
[INFO] [stderr] warning: output filename collision.
[INFO] [stderr] The bin target `part1` in package `day02 v0.1.0 (/opt/rustwide/workdir/day02)` has the same output filename as the bin target `part1` in package `day01 v0.1.0 (/opt/rustwide/workdir/day01)`.
[INFO] [stderr] Colliding filename is: /opt/rustwide/target/debug/part1.dwp
[INFO] [stderr] The targets should have unique names.
[INFO] [stderr] Consider changing their names to be unique or compiling them separately.
[INFO] [stderr] This may become a hard error in the future; see <https://github.com/rust-lang/cargo/issues/6313>.
[INFO] [stderr] warning: output filename collision.
[INFO] [stderr] The bin target `part2` in package `day02 v0.1.0 (/opt/rustwide/workdir/day02)` has the same output filename as the bin target `part2` in package `day01 v0.1.0 (/opt/rustwide/workdir/day01)`.
[INFO] [stderr] Colliding filename is: /opt/rustwide/target/debug/part2
[INFO] [stderr] The targets should have unique names.
[INFO] [stderr] Consider changing their names to be unique or compiling them separately.
[INFO] [stderr] This may become a hard error in the future; see <https://github.com/rust-lang/cargo/issues/6313>.
[INFO] [stderr] warning: output filename collision.
[INFO] [stderr] The bin target `part2` in package `day02 v0.1.0 (/opt/rustwide/workdir/day02)` has the same output filename as the bin target `part2` in package `day01 v0.1.0 (/opt/rustwide/workdir/day01)`.
[INFO] [stderr] Colliding filename is: /opt/rustwide/target/debug/part2.dwp
[INFO] [stderr] The targets should have unique names.
[INFO] [stderr] Consider changing their names to be unique or compiling them separately.
[INFO] [stderr] This may become a hard error in the future; see <https://github.com/rust-lang/cargo/issues/6313>.
[INFO] [stderr] warning: output filename collision.
[INFO] [stderr] The bin target `part1` in package `day03 v0.1.0 (/opt/rustwide/workdir/day03)` has the same output filename as the bin target `part1` in package `day02 v0.1.0 (/opt/rustwide/workdir/day02)`.
[INFO] [stderr] Colliding filename is: /opt/rustwide/target/debug/part1
[INFO] [stderr] The targets should have unique names.
[INFO] [stderr] Consider changing their names to be unique or compiling them separately.
[INFO] [stderr] This may become a hard error in the future; see <https://github.com/rust-lang/cargo/issues/6313>.
[INFO] [stderr] warning: output filename collision.
[INFO] [stderr] The bin target `part1` in package `day03 v0.1.0 (/opt/rustwide/workdir/day03)` has the same output filename as the bin target `part1` in package `day02 v0.1.0 (/opt/rustwide/workdir/day02)`.
[INFO] [stderr] Colliding filename is: /opt/rustwide/target/debug/part1.dwp
[INFO] [stderr] The targets should have unique names.
[INFO] [stderr] Consider changing their names to be unique or compiling them separately.
[INFO] [stderr] This may become a hard error in the future; see <https://github.com/rust-lang/cargo/issues/6313>.
[INFO] [stderr] warning: output filename collision.
[INFO] [stderr] The bin target `part2` in package `day03 v0.1.0 (/opt/rustwide/workdir/day03)` has the same output filename as the bin target `part2` in package `day02 v0.1.0 (/opt/rustwide/workdir/day02)`.
[INFO] [stderr] Colliding filename is: /opt/rustwide/target/debug/part2
[INFO] [stderr] The targets should have unique names.
[INFO] [stderr] Consider changing their names to be unique or compiling them separately.
[INFO] [stderr] This may become a hard error in the future; see <https://github.com/rust-lang/cargo/issues/6313>.
[INFO] [stderr] warning: output filename collision.
[INFO] [stderr] The bin target `part2` in package `day03 v0.1.0 (/opt/rustwide/workdir/day03)` has the same output filename as the bin target `part2` in package `day02 v0.1.0 (/opt/rustwide/workdir/day02)`.
[INFO] [stderr] Colliding filename is: /opt/rustwide/target/debug/part2.dwp
[INFO] [stderr] The targets should have unique names.
[INFO] [stderr] Consider changing their names to be unique or compiling them separately.
[INFO] [stderr] This may become a hard error in the future; see <https://github.com/rust-lang/cargo/issues/6313>.
[INFO] [stderr] warning: output filename collision.
[INFO] [stderr] The bin target `part1` in package `day04 v0.1.0 (/opt/rustwide/workdir/day04)` has the same output filename as the bin target `part1` in package `day03 v0.1.0 (/opt/rustwide/workdir/day03)`.
[INFO] [stderr] Colliding filename is: /opt/rustwide/target/debug/part1
[INFO] [stderr] The targets should have unique names.
[INFO] [stderr] Consider changing their names to be unique or compiling them separately.
[INFO] [stderr] This may become a hard error in the future; see <https://github.com/rust-lang/cargo/issues/6313>.
[INFO] [stderr] warning: output filename collision.
[INFO] [stderr] The bin target `part1` in package `day04 v0.1.0 (/opt/rustwide/workdir/day04)` has the same output filename as the bin target `part1` in package `day03 v0.1.0 (/opt/rustwide/workdir/day03)`.
[INFO] [stderr] Colliding filename is: /opt/rustwide/target/debug/part1.dwp
[INFO] [stderr] The targets should have unique names.
[INFO] [stderr] Consider changing their names to be unique or compiling them separately.
[INFO] [stderr] This may become a hard error in the future; see <https://github.com/rust-lang/cargo/issues/6313>.
[INFO] [stderr] warning: output filename collision.
[INFO] [stderr] The bin target `part2` in package `day04 v0.1.0 (/opt/rustwide/workdir/day04)` has the same output filename as the bin target `part2` in package `day03 v0.1.0 (/opt/rustwide/workdir/day03)`.
[INFO] [stderr] Colliding filename is: /opt/rustwide/target/debug/part2
[INFO] [stderr] The targets should have unique names.
[INFO] [stderr] Consider changing their names to be unique or compiling them separately.
[INFO] [stderr] This may become a hard error in the future; see <https://github.com/rust-lang/cargo/issues/6313>.
[INFO] [stderr] warning: output filename collision.
[INFO] [stderr] The bin target `part2` in package `day04 v0.1.0 (/opt/rustwide/workdir/day04)` has the same output filename as the bin target `part2` in package `day03 v0.1.0 (/opt/rustwide/workdir/day03)`.
[INFO] [stderr] Colliding filename is: /opt/rustwide/target/debug/part2.dwp
[INFO] [stderr] The targets should have unique names.
[INFO] [stderr] Consider changing their names to be unique or compiling them separately.
[INFO] [stderr] This may become a hard error in the future; see <https://github.com/rust-lang/cargo/issues/6313>.
[INFO] [stderr] warning: output filename collision.
[INFO] [stderr] The bin target `part1` in package `day05 v0.1.0 (/opt/rustwide/workdir/day05)` has the same output filename as the bin target `part1` in package `day04 v0.1.0 (/opt/rustwide/workdir/day04)`.
[INFO] [stderr] Colliding filename is: /opt/rustwide/target/debug/part1
[INFO] [stderr] The targets should have unique names.
[INFO] [stderr] Consider changing their names to be unique or compiling them separately.
[INFO] [stderr] This may become a hard error in the future; see <https://github.com/rust-lang/cargo/issues/6313>.
[INFO] [stderr] warning: output filename collision.
[INFO] [stderr] The bin target `part1` in package `day05 v0.1.0 (/opt/rustwide/workdir/day05)` has the same output filename as the bin target `part1` in package `day04 v0.1.0 (/opt/rustwide/workdir/day04)`.
[INFO] [stderr] Colliding filename is: /opt/rustwide/target/debug/part1.dwp
[INFO] [stderr] The targets should have unique names.
[INFO] [stderr] Consider changing their names to be unique or compiling them separately.
[INFO] [stderr] This may become a hard error in the future; see <https://github.com/rust-lang/cargo/issues/6313>.
[INFO] [stderr] warning: output filename collision.
[INFO] [stderr] The bin target `part2` in package `day05 v0.1.0 (/opt/rustwide/workdir/day05)` has the same output filename as the bin target `part2` in package `day04 v0.1.0 (/opt/rustwide/workdir/day04)`.
[INFO] [stderr] Colliding filename is: /opt/rustwide/target/debug/part2
[INFO] [stderr] The targets should have unique names.
[INFO] [stderr] Consider changing their names to be unique or compiling them separately.
[INFO] [stderr] This may become a hard error in the future; see <https://github.com/rust-lang/cargo/issues/6313>.
[INFO] [stderr] warning: output filename collision.
[INFO] [stderr] The bin target `part2` in package `day05 v0.1.0 (/opt/rustwide/workdir/day05)` has the same output filename as the bin target `part2` in package `day04 v0.1.0 (/opt/rustwide/workdir/day04)`.
[INFO] [stderr] Colliding filename is: /opt/rustwide/target/debug/part2.dwp
[INFO] [stderr] The targets should have unique names.
[INFO] [stderr] Consider changing their names to be unique or compiling them separately.
[INFO] [stderr] This may become a hard error in the future; see <https://github.com/rust-lang/cargo/issues/6313>.
[INFO] [stderr] warning: output filename collision.
[INFO] [stderr] The bin target `part1` in package `day06 v0.1.0 (/opt/rustwide/workdir/day06)` has the same output filename as the bin target `part1` in package `day05 v0.1.0 (/opt/rustwide/workdir/day05)`.
[INFO] [stderr] Colliding filename is: /opt/rustwide/target/debug/part1
[INFO] [stderr] The targets should have unique names.
[INFO] [stderr] Consider changing their names to be unique or compiling them separately.
[INFO] [stderr] This may become a hard error in the future; see <https://github.com/rust-lang/cargo/issues/6313>.
[INFO] [stderr] warning: output filename collision.
[INFO] [stderr] The bin target `part1` in package `day06 v0.1.0 (/opt/rustwide/workdir/day06)` has the same output filename as the bin target `part1` in package `day05 v0.1.0 (/opt/rustwide/workdir/day05)`.
[INFO] [stderr] Colliding filename is: /opt/rustwide/target/debug/part1.dwp
[INFO] [stderr] The targets should have unique names.
[INFO] [stderr] Consider changing their names to be unique or compiling them separately.
[INFO] [stderr] This may become a hard error in the future; see <https://github.com/rust-lang/cargo/issues/6313>.
[INFO] [stderr] warning: output filename collision.
[INFO] [stderr] The bin target `part2` in package `day06 v0.1.0 (/opt/rustwide/workdir/day06)` has the same output filename as the bin target `part2` in package `day05 v0.1.0 (/opt/rustwide/workdir/day05)`.
[INFO] [stderr] Colliding filename is: /opt/rustwide/target/debug/part2
[INFO] [stderr] The targets should have unique names.
[INFO] [stderr] Consider changing their names to be unique or compiling them separately.
[INFO] [stderr] This may become a hard error in the future; see <https://github.com/rust-lang/cargo/issues/6313>.
[INFO] [stderr] warning: output filename collision.
[INFO] [stderr] The bin target `part2` in package `day06 v0.1.0 (/opt/rustwide/workdir/day06)` has the same output filename as the bin target `part2` in package `day05 v0.1.0 (/opt/rustwide/workdir/day05)`.
[INFO] [stderr] Colliding filename is: /opt/rustwide/target/debug/part2.dwp
[INFO] [stderr] The targets should have unique names.
[INFO] [stderr] Consider changing their names to be unique or compiling them separately.
[INFO] [stderr] This may become a hard error in the future; see <https://github.com/rust-lang/cargo/issues/6313>.
[INFO] [stderr] warning: output filename collision.
[INFO] [stderr] The bin target `part1` in package `day07 v0.1.0 (/opt/rustwide/workdir/day07)` has the same output filename as the bin target `part1` in package `day06 v0.1.0 (/opt/rustwide/workdir/day06)`.
[INFO] [stderr] Colliding filename is: /opt/rustwide/target/debug/part1
[INFO] [stderr] The targets should have unique names.
[INFO] [stderr] Consider changing their names to be unique or compiling them separately.
[INFO] [stderr] This may become a hard error in the future; see <https://github.com/rust-lang/cargo/issues/6313>.
[INFO] [stderr] warning: output filename collision.
[INFO] [stderr] The bin target `part1` in package `day07 v0.1.0 (/opt/rustwide/workdir/day07)` has the same output filename as the bin target `part1` in package `day06 v0.1.0 (/opt/rustwide/workdir/day06)`.
[INFO] [stderr] Colliding filename is: /opt/rustwide/target/debug/part1.dwp
[INFO] [stderr] The targets should have unique names.
[INFO] [stderr] Consider changing their names to be unique or compiling them separately.
[INFO] [stderr] This may become a hard error in the future; see <https://github.com/rust-lang/cargo/issues/6313>.
[INFO] [stderr] warning: output filename collision.
[INFO] [stderr] The bin target `part2` in package `day07 v0.1.0 (/opt/rustwide/workdir/day07)` has the same output filename as the bin target `part2` in package `day06 v0.1.0 (/opt/rustwide/workdir/day06)`.
[INFO] [stderr] Colliding filename is: /opt/rustwide/target/debug/part2
[INFO] [stderr] The targets should have unique names.
[INFO] [stderr] Consider changing their names to be unique or compiling them separately.
[INFO] [stderr] This may become a hard error in the future; see <https://github.com/rust-lang/cargo/issues/6313>.
[INFO] [stderr] warning: output filename collision.
[INFO] [stderr] The bin target `part2` in package `day07 v0.1.0 (/opt/rustwide/workdir/day07)` has the same output filename as the bin target `part2` in package `day06 v0.1.0 (/opt/rustwide/workdir/day06)`.
[INFO] [stderr] Colliding filename is: /opt/rustwide/target/debug/part2.dwp
[INFO] [stderr] The targets should have unique names.
[INFO] [stderr] Consider changing their names to be unique or compiling them separately.
[INFO] [stderr] This may become a hard error in the future; see <https://github.com/rust-lang/cargo/issues/6313>.
[INFO] [stderr]    Compiling memchr v2.6.4
[INFO] [stderr]    Compiling minimal-lexical v0.2.1
[INFO] [stderr]    Compiling day02 v0.1.0 (/opt/rustwide/workdir/day02)
[INFO] [stderr]    Compiling day01 v0.1.0 (/opt/rustwide/workdir/day01)
[INFO] [stderr]    Compiling day03 v0.1.0 (/opt/rustwide/workdir/day03)
[INFO] [stderr]    Compiling day05 v0.1.0 (/opt/rustwide/workdir/day05)
[INFO] [stderr]    Compiling day07 v0.1.0 (/opt/rustwide/workdir/day07)
[INFO] [stdout] warning: unused variable: `lines`
[INFO] [stdout]  --> day05/src/part1.rs:2:9
[INFO] [stdout]   |
[INFO] [stdout] 2 |     let lines = input.lines().collect::<Vec<&str>>();
[INFO] [stdout]   |         ^^^^^ help: if this is intentional, prefix it with an underscore: `_lines`
[INFO] [stdout]   |
[INFO] [stdout]   = note: `#[warn(unused_variables)]` on by default
[INFO] [stdout] 
[INFO] [stdout] 
[INFO] [stdout] warning: unused variable: `lines`
[INFO] [stdout]  --> day07/src/part1.rs:2:9
[INFO] [stdout]   |
[INFO] [stdout] 2 |     let lines = input.lines().collect::<Vec<&str>>();
[INFO] [stdout]   |         ^^^^^ help: if this is intentional, prefix it with an underscore: `_lines`
[INFO] [stdout]   |
[INFO] [stdout]   = note: `#[warn(unused_variables)]` on by default
[INFO] [stdout] 
[INFO] [stdout] 
[INFO] [stdout] warning: unused variable: `lines`
[INFO] [stdout]  --> day05/src/part2.rs:2:9
[INFO] [stdout]   |
[INFO] [stdout] 2 |     let lines = input.lines().collect::<Vec<&str>>();
[INFO] [stdout]   |         ^^^^^ help: if this is intentional, prefix it with an underscore: `_lines`
[INFO] [stdout] 
[INFO] [stdout] 
[INFO] [stdout] warning: unused variable: `lines`
[INFO] [stdout]  --> day07/src/part2.rs:2:9
[INFO] [stdout]   |
[INFO] [stdout] 2 |     let lines = input.lines().collect::<Vec<&str>>();
[INFO] [stdout]   |         ^^^^^ help: if this is intentional, prefix it with an underscore: `_lines`
[INFO] [stdout] 
[INFO] [stdout] 
[INFO] [stdout] warning: fields `hand` and `bid` are never read
[INFO] [stdout]   --> day07/src/lib.rs:15:5
[INFO] [stdout]    |
[INFO] [stdout] 14 | pub struct Games {
[INFO] [stdout]    |            ----- fields in this struct
[INFO] [stdout] 15 |     hand: Hands,
[INFO] [stdout]    |     ^^^^
[INFO] [stdout] 16 |     bid: u32
[INFO] [stdout]    |     ^^^
[INFO] [stdout]    |
[INFO] [stdout]    = note: `#[warn(dead_code)]` on by default
[INFO] [stdout] 
[INFO] [stdout] 
[INFO] [stdout] warning: multiple fields are never read
[INFO] [stdout]   --> day05/src/lib.rs:7:5
[INFO] [stdout]    |
[INFO] [stdout] 6  | pub struct Farming {
[INFO] [stdout]    |            ------- fields in this struct
[INFO] [stdout] 7  |     seeds: Vec<u64>,
[INFO] [stdout]    |     ^^^^^
[INFO] [stdout] 8  |     seed_to_soil: BTreeMap<u64, u64>,
[INFO] [stdout]    |     ^^^^^^^^^^^^
[INFO] [stdout] 9  |     soil_to_fertilizer: BTreeMap<u64, u64>,
[INFO] [stdout]    |     ^^^^^^^^^^^^^^^^^^
[INFO] [stdout] 10 |     fertilizer_to_water: BTreeMap<u64, u64>,
[INFO] [stdout]    |     ^^^^^^^^^^^^^^^^^^^
[INFO] [stdout] 11 |     water_to_light: BTreeMap<u64, u64>,
[INFO] [stdout]    |     ^^^^^^^^^^^^^^
[INFO] [stdout] 12 |     light_to_temp: BTreeMap<u64, u64>,
[INFO] [stdout]    |     ^^^^^^^^^^^^^
[INFO] [stdout] 13 |     temp_to_humidity: BTreeMap<u64, u64>,
[INFO] [stdout]    |     ^^^^^^^^^^^^^^^^
[INFO] [stdout] 14 |     humidity_to_location: BTreeMap<u64, u64>,
[INFO] [stdout]    |     ^^^^^^^^^^^^^^^^^^^^
[INFO] [stdout]    |
[INFO] [stdout]    = note: `#[warn(dead_code)]` on by default
[INFO] [stdout] 
[INFO] [stdout] 
[INFO] [stdout] warning: unused variable: `numbers`
[INFO] [stdout]   --> day03/src/part2.rs:41:9
[INFO] [stdout]    |
[INFO] [stdout] 41 |     let numbers = map
[INFO] [stdout]    |         ^^^^^^^ help: if this is intentional, prefix it with an underscore: `_numbers`
[INFO] [stdout]    |
[INFO] [stdout]    = note: `#[warn(unused_variables)]` on by default
[INFO] [stdout] 
[INFO] [stdout] 
[INFO] [stdout] warning: field `0` is never read
[INFO] [stdout]  --> day03/src/part1.rs:7:12
[INFO] [stdout]   |
[INFO] [stdout] 7 |     Symbol(char),
[INFO] [stdout]   |     ------ ^^^^
[INFO] [stdout]   |     |
[INFO] [stdout]   |     field in this variant
[INFO] [stdout]   |
[INFO] [stdout]   = note: `Value` has derived impls for the traits `Debug` and `Clone`, but these are intentionally ignored during dead code analysis
[INFO] [stdout]   = note: `#[warn(dead_code)]` on by default
[INFO] [stdout] help: consider changing the field to be of unit type to suppress this warning while preserving the field numbering, or remove the field
[INFO] [stdout]   |
[INFO] [stdout] 7 |     Symbol(()),
[INFO] [stdout]   |            ~~
[INFO] [stdout] 
[INFO] [stdout] 
[INFO] [stderr]    Compiling nom v7.1.3
[INFO] [stderr]    Compiling day04 v0.1.0 (/opt/rustwide/workdir/day04)
[INFO] [stderr]    Compiling day06 v0.1.0 (/opt/rustwide/workdir/day06)
[INFO] [stderr]     Finished `dev` profile [unoptimized + debuginfo] target(s) in 3.90s
[INFO] running `Command { std: "docker" "inspect" "2e93225211bf2184e44ee6890280e45b81bc4e1abc0ccceba151a6e79c9af5df", kill_on_drop: false }`
[INFO] running `Command { std: "docker" "rm" "-f" "2e93225211bf2184e44ee6890280e45b81bc4e1abc0ccceba151a6e79c9af5df", kill_on_drop: false }`
[INFO] [stdout] 2e93225211bf2184e44ee6890280e45b81bc4e1abc0ccceba151a6e79c9af5df
[INFO] running `Command { std: "docker" "create" "-v" "/var/lib/crater-agent-workspace/builds/worker-2-tc1/target:/opt/rustwide/target:rw,Z" "-v" "/var/lib/crater-agent-workspace/builds/worker-2-tc1/source:/opt/rustwide/workdir:ro,Z" "-v" "/var/lib/crater-agent-workspace/cargo-home:/opt/rustwide/cargo-home:ro,Z" "-v" "/var/lib/crater-agent-workspace/rustup-home:/opt/rustwide/rustup-home:ro,Z" "-e" "SOURCE_DIR=/opt/rustwide/workdir" "-e" "CARGO_TARGET_DIR=/opt/rustwide/target" "-e" "CARGO_INCREMENTAL=0" "-e" "RUST_BACKTRACE=full" "-e" "RUSTFLAGS=--cap-lints=forbid" "-e" "RUSTDOCFLAGS=--cap-lints=forbid" "-e" "CARGO_HOME=/opt/rustwide/cargo-home" "-e" "RUSTUP_HOME=/opt/rustwide/rustup-home" "-w" "/opt/rustwide/workdir" "-m" "1610612736" "--user" "0:0" "--network" "none" "ghcr.io/rust-lang/crates-build-env/linux@sha256:819108c5571ea2e421544af4d832f968d213c87fbe3707a016657f43d2f853bc" "/opt/rustwide/cargo-home/bin/cargo" "+nightly-2025-01-18" "test" "--frozen" "--no-run" "--message-format=json", kill_on_drop: false }`
[INFO] [stdout] 348337528a29f2b525081b874e70f303297f37b8e9b684fc876c895d5ee98e56
[INFO] running `Command { std: "docker" "start" "-a" "348337528a29f2b525081b874e70f303297f37b8e9b684fc876c895d5ee98e56", kill_on_drop: false }`
[INFO] [stdout] warning: unused variable: `lines`
[INFO] [stdout]  --> day05/src/part1.rs:2:9
[INFO] [stdout]   |
[INFO] [stdout] 2 |     let lines = input.lines().collect::<Vec<&str>>();
[INFO] [stdout]   |         ^^^^^ help: if this is intentional, prefix it with an underscore: `_lines`
[INFO] [stdout]   |
[INFO] [stdout]   = note: `#[warn(unused_variables)]` on by default
[INFO] [stdout] 
[INFO] [stdout] 
[INFO] [stdout] warning: unused variable: `lines`
[INFO] [stdout]  --> day05/src/part2.rs:2:9
[INFO] [stdout]   |
[INFO] [stdout] 2 |     let lines = input.lines().collect::<Vec<&str>>();
[INFO] [stdout]   |         ^^^^^ help: if this is intentional, prefix it with an underscore: `_lines`
[INFO] [stdout] 
[INFO] [stdout] 
[INFO] [stdout] warning: multiple fields are never read
[INFO] [stdout]   --> day05/src/lib.rs:7:5
[INFO] [stdout]    |
[INFO] [stdout] 6  | pub struct Farming {
[INFO] [stdout]    |            ------- fields in this struct
[INFO] [stdout] 7  |     seeds: Vec<u64>,
[INFO] [stdout]    |     ^^^^^
[INFO] [stdout] 8  |     seed_to_soil: BTreeMap<u64, u64>,
[INFO] [stdout]    |     ^^^^^^^^^^^^
[INFO] [stdout] 9  |     soil_to_fertilizer: BTreeMap<u64, u64>,
[INFO] [stdout]    |     ^^^^^^^^^^^^^^^^^^
[INFO] [stdout] 10 |     fertilizer_to_water: BTreeMap<u64, u64>,
[INFO] [stdout]    |     ^^^^^^^^^^^^^^^^^^^
[INFO] [stdout] 11 |     water_to_light: BTreeMap<u64, u64>,
[INFO] [stdout]    |     ^^^^^^^^^^^^^^
[INFO] [stdout] 12 |     light_to_temp: BTreeMap<u64, u64>,
[INFO] [stdout]    |     ^^^^^^^^^^^^^
[INFO] [stdout] 13 |     temp_to_humidity: BTreeMap<u64, u64>,
[INFO] [stdout]    |     ^^^^^^^^^^^^^^^^
[INFO] [stdout] 14 |     humidity_to_location: BTreeMap<u64, u64>,
[INFO] [stdout]    |     ^^^^^^^^^^^^^^^^^^^^
[INFO] [stdout]    |
[INFO] [stdout]    = note: `#[warn(dead_code)]` on by default
[INFO] [stdout] 
[INFO] [stdout] 
[INFO] [stdout] warning: unused variable: `numbers`
[INFO] [stdout]   --> day03/src/part2.rs:41:9
[INFO] [stdout]    |
[INFO] [stdout] 41 |     let numbers = map
[INFO] [stdout]    |         ^^^^^^^ help: if this is intentional, prefix it with an underscore: `_numbers`
[INFO] [stdout]    |
[INFO] [stdout]    = note: `#[warn(unused_variables)]` on by default
[INFO] [stdout] 
[INFO] [stdout] 
[INFO] [stdout] warning: field `0` is never read
[INFO] [stdout]  --> day03/src/part1.rs:7:12
[INFO] [stdout]   |
[INFO] [stdout] 7 |     Symbol(char),
[INFO] [stdout]   |     ------ ^^^^
[INFO] [stdout]   |     |
[INFO] [stdout]   |     field in this variant
[INFO] [stdout]   |
[INFO] [stdout]   = note: `Value` has derived impls for the traits `Debug` and `Clone`, but these are intentionally ignored during dead code analysis
[INFO] [stdout]   = note: `#[warn(dead_code)]` on by default
[INFO] [stdout] help: consider changing the field to be of unit type to suppress this warning while preserving the field numbering, or remove the field
[INFO] [stdout]   |
[INFO] [stdout] 7 |     Symbol(()),
[INFO] [stdout]   |            ~~
[INFO] [stdout] 
[INFO] [stdout] 
[INFO] [stdout] warning: unused variable: `lines`
[INFO] [stdout]  --> day07/src/part1.rs:2:9
[INFO] [stdout]   |
[INFO] [stdout] 2 |     let lines = input.lines().collect::<Vec<&str>>();
[INFO] [stdout]   |         ^^^^^ help: if this is intentional, prefix it with an underscore: `_lines`
[INFO] [stdout]   |
[INFO] [stdout]   = note: `#[warn(unused_variables)]` on by default
[INFO] [stdout] 
[INFO] [stdout] 
[INFO] [stdout] warning: unused variable: `lines`
[INFO] [stdout]  --> day07/src/part2.rs:2:9
[INFO] [stdout]   |
[INFO] [stdout] 2 |     let lines = input.lines().collect::<Vec<&str>>();
[INFO] [stdout]   |         ^^^^^ help: if this is intentional, prefix it with an underscore: `_lines`
[INFO] [stdout] 
[INFO] [stdout] 
[INFO] [stdout] warning: fields `hand` and `bid` are never read
[INFO] [stdout]   --> day07/src/lib.rs:15:5
[INFO] [stdout]    |
[INFO] [stdout] 14 | pub struct Games {
[INFO] [stdout]    |            ----- fields in this struct
[INFO] [stdout] 15 |     hand: Hands,
[INFO] [stdout]    |     ^^^^
[INFO] [stdout] 16 |     bid: u32
[INFO] [stdout]    |     ^^^
[INFO] [stdout]    |
[INFO] [stdout]    = note: `#[warn(dead_code)]` on by default
[INFO] [stdout] 
[INFO] [stdout] 
[INFO] [stderr]    Compiling day03 v0.1.0 (/opt/rustwide/workdir/day03)
[INFO] [stderr]    Compiling day05 v0.1.0 (/opt/rustwide/workdir/day05)
[INFO] [stderr]    Compiling day04 v0.1.0 (/opt/rustwide/workdir/day04)
[INFO] [stderr]    Compiling day06 v0.1.0 (/opt/rustwide/workdir/day06)
[INFO] [stderr]    Compiling day07 v0.1.0 (/opt/rustwide/workdir/day07)
[INFO] [stderr]    Compiling day01 v0.1.0 (/opt/rustwide/workdir/day01)
[INFO] [stderr]    Compiling day02 v0.1.0 (/opt/rustwide/workdir/day02)
[INFO] [stdout] warning: unused variable: `lines`
[INFO] [stdout]  --> day07/src/part1.rs:2:9
[INFO] [stdout]   |
[INFO] [stdout] 2 |     let lines = input.lines().collect::<Vec<&str>>();
[INFO] [stdout]   |         ^^^^^ help: if this is intentional, prefix it with an underscore: `_lines`
[INFO] [stdout]   |
[INFO] [stdout]   = note: `#[warn(unused_variables)]` on by default
[INFO] [stdout] 
[INFO] [stdout] 
[INFO] [stdout] warning: unused variable: `lines`
[INFO] [stdout]  --> day05/src/part1.rs:2:9
[INFO] [stdout]   |
[INFO] [stdout] 2 |     let lines = input.lines().collect::<Vec<&str>>();
[INFO] [stdout]   |         ^^^^^ help: if this is intentional, prefix it with an underscore: `_lines`
[INFO] [stdout]   |
[INFO] [stdout]   = note: `#[warn(unused_variables)]` on by default
[INFO] [stdout] 
[INFO] [stdout] 
[INFO] [stdout] warning: unused variable: `lines`
[INFO] [stdout]  --> day07/src/part2.rs:2:9
[INFO] [stdout]   |
[INFO] [stdout] 2 |     let lines = input.lines().collect::<Vec<&str>>();
[INFO] [stdout]   |         ^^^^^ help: if this is intentional, prefix it with an underscore: `_lines`
[INFO] [stdout] 
[INFO] [stdout] 
[INFO] [stdout] warning: fields `hand` and `bid` are never read
[INFO] [stdout]   --> day07/src/lib.rs:15:5
[INFO] [stdout]    |
[INFO] [stdout] 14 | pub struct Games {
[INFO] [stdout]    |            ----- fields in this struct
[INFO] [stdout] 15 |     hand: Hands,
[INFO] [stdout]    |     ^^^^
[INFO] [stdout] 16 |     bid: u32
[INFO] [stdout]    |     ^^^
[INFO] [stdout]    |
[INFO] [stdout]    = note: `#[warn(dead_code)]` on by default
[INFO] [stdout] 
[INFO] [stdout] 
[INFO] [stdout] warning: unused variable: `lines`
[INFO] [stdout]  --> day05/src/part2.rs:2:9
[INFO] [stdout]   |
[INFO] [stdout] 2 |     let lines = input.lines().collect::<Vec<&str>>();
[INFO] [stdout]   |         ^^^^^ help: if this is intentional, prefix it with an underscore: `_lines`
[INFO] [stdout] 
[INFO] [stdout] 
[INFO] [stdout] warning: multiple fields are never read
[INFO] [stdout]   --> day05/src/lib.rs:7:5
[INFO] [stdout]    |
[INFO] [stdout] 6  | pub struct Farming {
[INFO] [stdout]    |            ------- fields in this struct
[INFO] [stdout] 7  |     seeds: Vec<u64>,
[INFO] [stdout]    |     ^^^^^
[INFO] [stdout] 8  |     seed_to_soil: BTreeMap<u64, u64>,
[INFO] [stdout]    |     ^^^^^^^^^^^^
[INFO] [stdout] 9  |     soil_to_fertilizer: BTreeMap<u64, u64>,
[INFO] [stdout]    |     ^^^^^^^^^^^^^^^^^^
[INFO] [stdout] 10 |     fertilizer_to_water: BTreeMap<u64, u64>,
[INFO] [stdout]    |     ^^^^^^^^^^^^^^^^^^^
[INFO] [stdout] 11 |     water_to_light: BTreeMap<u64, u64>,
[INFO] [stdout]    |     ^^^^^^^^^^^^^^
[INFO] [stdout] 12 |     light_to_temp: BTreeMap<u64, u64>,
[INFO] [stdout]    |     ^^^^^^^^^^^^^
[INFO] [stdout] 13 |     temp_to_humidity: BTreeMap<u64, u64>,
[INFO] [stdout]    |     ^^^^^^^^^^^^^^^^
[INFO] [stdout] 14 |     humidity_to_location: BTreeMap<u64, u64>,
[INFO] [stdout]    |     ^^^^^^^^^^^^^^^^^^^^
[INFO] [stdout]    |
[INFO] [stdout]    = note: `#[warn(dead_code)]` on by default
[INFO] [stdout] 
[INFO] [stdout] 
[INFO] [stdout] warning: unused variable: `numbers`
[INFO] [stdout]   --> day03/src/part2.rs:41:9
[INFO] [stdout]    |
[INFO] [stdout] 41 |     let numbers = map
[INFO] [stdout]    |         ^^^^^^^ help: if this is intentional, prefix it with an underscore: `_numbers`
[INFO] [stdout]    |
[INFO] [stdout]    = note: `#[warn(unused_variables)]` on by default
[INFO] [stdout] 
[INFO] [stdout] 
[INFO] [stdout] warning: field `0` is never read
[INFO] [stdout]  --> day03/src/part1.rs:7:12
[INFO] [stdout]   |
[INFO] [stdout] 7 |     Symbol(char),
[INFO] [stdout]   |     ------ ^^^^
[INFO] [stdout]   |     |
[INFO] [stdout]   |     field in this variant
[INFO] [stdout]   |
[INFO] [stdout]   = note: `Value` has derived impls for the traits `Debug` and `Clone`, but these are intentionally ignored during dead code analysis
[INFO] [stdout]   = note: `#[warn(dead_code)]` on by default
[INFO] [stdout] help: consider changing the field to be of unit type to suppress this warning while preserving the field numbering, or remove the field
[INFO] [stdout]   |
[INFO] [stdout] 7 |     Symbol(()),
[INFO] [stdout]   |            ~~
[INFO] [stdout] 
[INFO] [stdout] 
[INFO] [stderr]     Finished `test` profile [unoptimized + debuginfo] target(s) in 2.98s
[INFO] running `Command { std: "docker" "inspect" "348337528a29f2b525081b874e70f303297f37b8e9b684fc876c895d5ee98e56", kill_on_drop: false }`
[INFO] running `Command { std: "docker" "rm" "-f" "348337528a29f2b525081b874e70f303297f37b8e9b684fc876c895d5ee98e56", kill_on_drop: false }`
[INFO] [stdout] 348337528a29f2b525081b874e70f303297f37b8e9b684fc876c895d5ee98e56
[INFO] running `Command { std: "docker" "create" "-v" "/var/lib/crater-agent-workspace/builds/worker-2-tc1/target:/opt/rustwide/target:rw,Z" "-v" "/var/lib/crater-agent-workspace/builds/worker-2-tc1/source:/opt/rustwide/workdir:ro,Z" "-v" "/var/lib/crater-agent-workspace/cargo-home:/opt/rustwide/cargo-home:ro,Z" "-v" "/var/lib/crater-agent-workspace/rustup-home:/opt/rustwide/rustup-home:ro,Z" "-e" "SOURCE_DIR=/opt/rustwide/workdir" "-e" "CARGO_TARGET_DIR=/opt/rustwide/target" "-e" "CARGO_INCREMENTAL=0" "-e" "RUST_BACKTRACE=full" "-e" "RUSTFLAGS=--cap-lints=forbid" "-e" "RUSTDOCFLAGS=--cap-lints=forbid" "-e" "CARGO_HOME=/opt/rustwide/cargo-home" "-e" "RUSTUP_HOME=/opt/rustwide/rustup-home" "-w" "/opt/rustwide/workdir" "-m" "1610612736" "--user" "0:0" "--network" "none" "ghcr.io/rust-lang/crates-build-env/linux@sha256:819108c5571ea2e421544af4d832f968d213c87fbe3707a016657f43d2f853bc" "/opt/rustwide/cargo-home/bin/cargo" "+nightly-2025-01-18" "test" "--frozen", kill_on_drop: false }`
[INFO] [stdout] de66ac8c0a237a384ffc04d550aa04a283752adb5fad270d59d8a1b8da3585c0
[INFO] running `Command { std: "docker" "start" "-a" "de66ac8c0a237a384ffc04d550aa04a283752adb5fad270d59d8a1b8da3585c0", kill_on_drop: false }`
[INFO] [stderr] warning: unused variable: `lines`
[INFO] [stderr]  --> day07/src/part1.rs:2:9
[INFO] [stderr]   |
[INFO] [stderr] 2 |     let lines = input.lines().collect::<Vec<&str>>();
[INFO] [stderr]   |         ^^^^^ help: if this is intentional, prefix it with an underscore: `_lines`
[INFO] [stderr]   |
[INFO] [stderr]   = note: `#[warn(unused_variables)]` on by default
[INFO] [stderr] 
[INFO] [stderr] warning: unused variable: `lines`
[INFO] [stderr]  --> day07/src/part2.rs:2:9
[INFO] [stderr]   |
[INFO] [stderr] 2 |     let lines = input.lines().collect::<Vec<&str>>();
[INFO] [stderr]   |         ^^^^^ help: if this is intentional, prefix it with an underscore: `_lines`
[INFO] [stderr] 
[INFO] [stderr] warning: fields `hand` and `bid` are never read
[INFO] [stderr]   --> day07/src/lib.rs:15:5
[INFO] [stderr]    |
[INFO] [stderr] 14 | pub struct Games {
[INFO] [stderr]    |            ----- fields in this struct
[INFO] [stderr] 15 |     hand: Hands,
[INFO] [stderr]    |     ^^^^
[INFO] [stderr] 16 |     bid: u32
[INFO] [stderr]    |     ^^^
[INFO] [stderr]    |
[INFO] [stderr]    = note: `#[warn(dead_code)]` on by default
[INFO] [stderr] 
[INFO] [stderr] warning: unused variable: `lines`
[INFO] [stderr]  --> day05/src/part1.rs:2:9
[INFO] [stderr]   |
[INFO] [stderr] 2 |     let lines = input.lines().collect::<Vec<&str>>();
[INFO] [stderr]   |         ^^^^^ help: if this is intentional, prefix it with an underscore: `_lines`
[INFO] [stderr]   |
[INFO] [stderr]   = note: `#[warn(unused_variables)]` on by default
[INFO] [stderr] 
[INFO] [stderr] warning: unused variable: `lines`
[INFO] [stderr]  --> day05/src/part2.rs:2:9
[INFO] [stderr]   |
[INFO] [stderr] 2 |     let lines = input.lines().collect::<Vec<&str>>();
[INFO] [stderr]   |         ^^^^^ help: if this is intentional, prefix it with an underscore: `_lines`
[INFO] [stderr] 
[INFO] [stderr] warning: multiple fields are never read
[INFO] [stderr]   --> day05/src/lib.rs:7:5
[INFO] [stderr]    |
[INFO] [stderr] 6  | pub struct Farming {
[INFO] [stderr]    |            ------- fields in this struct
[INFO] [stderr] 7  |     seeds: Vec<u64>,
[INFO] [stderr]    |     ^^^^^
[INFO] [stderr] 8  |     seed_to_soil: BTreeMap<u64, u64>,
[INFO] [stderr]    |     ^^^^^^^^^^^^
[INFO] [stderr] 9  |     soil_to_fertilizer: BTreeMap<u64, u64>,
[INFO] [stderr]    |     ^^^^^^^^^^^^^^^^^^
[INFO] [stderr] 10 |     fertilizer_to_water: BTreeMap<u64, u64>,
[INFO] [stderr]    |     ^^^^^^^^^^^^^^^^^^^
[INFO] [stderr] 11 |     water_to_light: BTreeMap<u64, u64>,
[INFO] [stderr]    |     ^^^^^^^^^^^^^^
[INFO] [stderr] 12 |     light_to_temp: BTreeMap<u64, u64>,
[INFO] [stderr]    |     ^^^^^^^^^^^^^
[INFO] [stderr] 13 |     temp_to_humidity: BTreeMap<u64, u64>,
[INFO] [stderr]    |     ^^^^^^^^^^^^^^^^
[INFO] [stderr] 14 |     humidity_to_location: BTreeMap<u64, u64>,
[INFO] [stderr]    |     ^^^^^^^^^^^^^^^^^^^^
[INFO] [stderr]    |
[INFO] [stderr]    = note: `#[warn(dead_code)]` on by default
[INFO] [stderr] 
[INFO] [stderr] warning: unused variable: `numbers`
[INFO] [stderr]   --> day03/src/part2.rs:41:9
[INFO] [stderr]    |
[INFO] [stderr] 41 |     let numbers = map
[INFO] [stderr]    |         ^^^^^^^ help: if this is intentional, prefix it with an underscore: `_numbers`
[INFO] [stderr]    |
[INFO] [stderr]    = note: `#[warn(unused_variables)]` on by default
[INFO] [stderr] 
[INFO] [stderr] warning: field `0` is never read
[INFO] [stderr]  --> day03/src/part1.rs:7:12
[INFO] [stderr]   |
[INFO] [stderr] 7 |     Symbol(char),
[INFO] [stderr]   |     ------ ^^^^
[INFO] [stderr]   |     |
[INFO] [stderr]   |     field in this variant
[INFO] [stderr]   |
[INFO] [stderr]   = note: `Value` has derived impls for the traits `Debug` and `Clone`, but these are intentionally ignored during dead code analysis
[INFO] [stderr]   = note: `#[warn(dead_code)]` on by default
[INFO] [stderr] help: consider changing the field to be of unit type to suppress this warning while preserving the field numbering, or remove the field
[INFO] [stderr]   |
[INFO] [stderr] 7 |     Symbol(()),
[INFO] [stderr]   |            ~~
[INFO] [stderr] 
[INFO] [stderr] warning: `day07` (lib) generated 3 warnings
[INFO] [stderr] warning: `day05` (lib) generated 3 warnings
[INFO] [stderr] warning: `day03` (lib) generated 2 warnings
[INFO] [stderr] warning: `day07` (lib test) generated 3 warnings (3 duplicates)
[INFO] [stderr] warning: `day03` (lib test) generated 2 warnings (2 duplicates)
[INFO] [stderr] warning: `day05` (lib test) generated 3 warnings (3 duplicates)
[INFO] [stderr]     Finished `test` profile [unoptimized + debuginfo] target(s) in 0.05s
[INFO] [stderr]      Running unittests src/lib.rs (/opt/rustwide/target/debug/deps/day01-06df4526058450ec)
[INFO] [stdout] 
[INFO] [stdout] running 2 tests
[INFO] [stdout] test part1::test::test_process ... ok
[INFO] [stdout] test part2::test::test_process ... ok
[INFO] [stdout] 
[INFO] [stdout] test result: ok. 2 passed; 0 failed; 0 ignored; 0 measured; 0 filtered out; finished in 0.01s
[INFO] [stdout] 
[INFO] [stderr]      Running unittests src/bin/part1.rs (/opt/rustwide/target/debug/deps/part1-8327e5ec0823fd2b)
[INFO] [stdout] 
[INFO] [stderr]      Running unittests src/bin/part2.rs (/opt/rustwide/target/debug/deps/part2-b4b60aab65847dd9)
[INFO] [stdout] running 0 tests
[INFO] [stdout] 
[INFO] [stdout] test result: ok. 0 passed; 0 failed; 0 ignored; 0 measured; 0 filtered out; finished in 0.00s
[INFO] [stdout] 
[INFO] [stdout] 
[INFO] [stdout] running 0 tests
[INFO] [stdout] 
[INFO] [stderr]      Running unittests src/lib.rs (/opt/rustwide/target/debug/deps/day02-237f63b2f9ca0f1d)
[INFO] [stdout] test result: ok. 0 passed; 0 failed; 0 ignored; 0 measured; 0 filtered out; finished in 0.00s
[INFO] [stdout] 
[INFO] [stdout] 
[INFO] [stdout] running 5 tests
[INFO] [stdout] test helpers::test::test_game_from ... ok
[INFO] [stdout] test helpers::test::test_set_from ... ok
[INFO] [stdout] test part2::test::test_process ... ok
[INFO] [stdout] test helpers::test::test_set_parse ... ok
[INFO] [stdout] test part1::test::test_process ... ok
[INFO] [stderr]      Running unittests src/bin/part1.rs (/opt/rustwide/target/debug/deps/part1-91a029b6496d1944)
[INFO] [stdout] 
[INFO] [stdout] test result: ok. 5 passed; 0 failed; 0 ignored; 0 measured; 0 filtered out; finished in 0.00s
[INFO] [stdout] 
[INFO] [stdout] 
[INFO] [stdout] running 0 tests
[INFO] [stdout] 
[INFO] [stdout] test result: ok. 0 passed; 0 failed; 0 ignored; 0 measured; 0 filtered out; finished in 0.00s
[INFO] [stdout] 
[INFO] [stderr]      Running unittests src/bin/part2.rs (/opt/rustwide/target/debug/deps/part2-90f5910b8568b613)
[INFO] [stdout] 
[INFO] [stdout] running 0 tests
[INFO] [stdout] 
[INFO] [stdout] test result: ok. 0 passed; 0 failed; 0 ignored; 0 measured; 0 filtered out; finished in 0.00s
[INFO] [stdout] 
[INFO] [stderr]      Running unittests src/lib.rs (/opt/rustwide/target/debug/deps/day03-48878787622aaeb9)
[INFO] [stdout] 
[INFO] [stdout] running 2 tests
[INFO] [stdout] test part1::test::test_process ... ok
[INFO] [stdout] test part2::test::test_process ... FAILED
[INFO] [stdout] 
[INFO] [stdout] failures:
[INFO] [stdout] 
[INFO] [stdout] ---- part2::test::test_process stdout ----
[INFO] [stdout] (Coords { x: 0, y: 0 }, Coords { x: 0, y: 2 }, 467)
[INFO] [stdout] (Coords { x: 0, y: 5 }, Coords { x: 0, y: 7 }, 114)
[INFO] [stdout] (Coords { x: 2, y: 2 }, Coords { x: 2, y: 3 }, 35)
[INFO] [stdout] (Coords { x: 2, y: 7 }, Coords { x: 2, y: 9 }, 633)
[INFO] [stdout] (Coords { x: 4, y: 0 }, Coords { x: 4, y: 2 }, 617)
[INFO] [stdout] (Coords { x: 5, y: 7 }, Coords { x: 5, y: 8 }, 58)
[INFO] [stdout] (Coords { x: 6, y: 2 }, Coords { x: 6, y: 4 }, 592)
[INFO] [stdout] (Coords { x: 7, y: 6 }, Coords { x: 7, y: 8 }, 755)
[INFO] [stdout] (Coords { x: 9, y: 1 }, Coords { x: 9, y: 3 }, 664)
[INFO] [stdout] (Coords { x: 9, y: 5 }, Coords { x: 9, y: 7 }, 598)
[INFO] [stdout] 
[INFO] [stdout] thread 'part2::test::test_process' panicked at day03/src/part2.rs:111:9:
[INFO] [stdout] assertion `left == right` failed
[INFO] [stdout]   left: 0
[INFO] [stdout]  right: 467835
[INFO] [stdout] stack backtrace:
[INFO] [stdout]    0:     0x5f5dab79b89a - std::backtrace_rs::backtrace::libunwind::trace::hb059275cfc8d6126
[INFO] [stdout]                                at /rustc/6067b36314ab5eb2eb47cecc464545ba58e1ad24/library/std/src/../../backtrace/src/backtrace/libunwind.rs:116:5
[INFO] [stdout]    1:     0x5f5dab79b89a - std::backtrace_rs::backtrace::trace_unsynchronized::h2da071e4327ce3ee
[INFO] [stdout]                                at /rustc/6067b36314ab5eb2eb47cecc464545ba58e1ad24/library/std/src/../../backtrace/src/backtrace/mod.rs:66:5
[INFO] [stdout]    2:     0x5f5dab79b89a - std::sys::backtrace::_print_fmt::h842a1474e6f8d23f
[INFO] [stdout]                                at /rustc/6067b36314ab5eb2eb47cecc464545ba58e1ad24/library/std/src/sys/backtrace.rs:66:9
[INFO] [stdout]    3:     0x5f5dab79b89a - <std::sys::backtrace::BacktraceLock::print::DisplayBacktrace as core::fmt::Display>::fmt::h71a62eb3b9696b12
[INFO] [stdout]                                at /rustc/6067b36314ab5eb2eb47cecc464545ba58e1ad24/library/std/src/sys/backtrace.rs:39:26
[INFO] [stdout]    4:     0x5f5dab7c2f23 - core::fmt::rt::Argument::fmt::hdb6b616786b41dc1
[INFO] [stdout]                                at /rustc/6067b36314ab5eb2eb47cecc464545ba58e1ad24/library/core/src/fmt/rt.rs:177:76
[INFO] [stdout]    5:     0x5f5dab7c2f23 - core::fmt::write::h2cc1698af7e2d686
[INFO] [stdout]                                at /rustc/6067b36314ab5eb2eb47cecc464545ba58e1ad24/library/core/src/fmt/mod.rs:1440:21
[INFO] [stdout]    6:     0x5f5dab7983f3 - std::io::Write::write_fmt::hab1b4cd059a79022
[INFO] [stdout]                                at /rustc/6067b36314ab5eb2eb47cecc464545ba58e1ad24/library/std/src/io/mod.rs:1887:15
[INFO] [stdout]    7:     0x5f5dab79b6e2 - std::sys::backtrace::BacktraceLock::print::h147fe35b4ea13b08
[INFO] [stdout]                                at /rustc/6067b36314ab5eb2eb47cecc464545ba58e1ad24/library/std/src/sys/backtrace.rs:42:9
[INFO] [stdout]    8:     0x5f5dab79ccbf - std::panicking::default_hook::{{closure}}::hbd44223dbdc0d208
[INFO] [stdout]                                at /rustc/6067b36314ab5eb2eb47cecc464545ba58e1ad24/library/std/src/panicking.rs:298:22
[INFO] [stdout]    9:     0x5f5dab79cad8 - std::panicking::default_hook::h20f81eb0576efcec
[INFO] [stdout]                                at /rustc/6067b36314ab5eb2eb47cecc464545ba58e1ad24/library/std/src/panicking.rs:322:9
[INFO] [stdout]   10:     0x5f5dab7658f3 - <alloc::boxed::Box<F,A> as core::ops::function::Fn<Args>>::call::hdb53814c496a4d34
[INFO] [stdout]                                at /rustc/6067b36314ab5eb2eb47cecc464545ba58e1ad24/library/alloc/src/boxed.rs:2027:9
[INFO] [stdout]   11:     0x5f5dab7658f3 - test::test_main::{{closure}}::hc0a4963c59427c24
[INFO] [stdout]                                at /rustc/6067b36314ab5eb2eb47cecc464545ba58e1ad24/library/test/src/lib.rs:134:21
[INFO] [stdout]   12:     0x5f5dab79d7b3 - <alloc::boxed::Box<F,A> as core::ops::function::Fn<Args>>::call::h591b2225413a77e9
[INFO] [stdout]                                at /rustc/6067b36314ab5eb2eb47cecc464545ba58e1ad24/library/alloc/src/boxed.rs:2027:9
[INFO] [stdout]   13:     0x5f5dab79d7b3 - std::panicking::rust_panic_with_hook::h625eea43051b2edc
[INFO] [stdout]                                at /rustc/6067b36314ab5eb2eb47cecc464545ba58e1ad24/library/std/src/panicking.rs:839:13
[INFO] [stdout]   14:     0x5f5dab79d46a - std::panicking::begin_panic_handler::{{closure}}::h4f9159cfbc3f6bd3
[INFO] [stdout]                                at /rustc/6067b36314ab5eb2eb47cecc464545ba58e1ad24/library/std/src/panicking.rs:704:13
[INFO] [stdout]   15:     0x5f5dab79bd99 - std::sys::backtrace::__rust_end_short_backtrace::h0390abce48353151
[INFO] [stdout]                                at /rustc/6067b36314ab5eb2eb47cecc464545ba58e1ad24/library/std/src/sys/backtrace.rs:168:18
[INFO] [stdout]   16:     0x5f5dab79d0fd - rust_begin_unwind
[INFO] [stdout]                                at /rustc/6067b36314ab5eb2eb47cecc464545ba58e1ad24/library/std/src/panicking.rs:695:5
[INFO] [stdout]   17:     0x5f5dab7c19d0 - core::panicking::panic_fmt::h9e7c637e9e5f29c9
[INFO] [stdout]                                at /rustc/6067b36314ab5eb2eb47cecc464545ba58e1ad24/library/core/src/panicking.rs:75:14
[INFO] [stdout]   18:     0x5f5dab7c1cf2 - core::panicking::assert_failed_inner::h538bec7c1374cd9c
[INFO] [stdout]   19:     0x5f5dab722dda - core::panicking::assert_failed::h65aae1324f574ea9
[INFO] [stdout]                                at /rustc/6067b36314ab5eb2eb47cecc464545ba58e1ad24/library/core/src/panicking.rs:364:5
[INFO] [stdout]   20:     0x5f5dab71d0ea - day03::part2::test::test_process::h71ecf47fbd07282f
[INFO] [stdout]                                at /opt/rustwide/workdir/day03/src/part2.rs:111:9
[INFO] [stdout]   21:     0x5f5dab71d057 - day03::part2::test::test_process::{{closure}}::h9e361e9a9a75496f
[INFO] [stdout]                                at /opt/rustwide/workdir/day03/src/part2.rs:99:22
[INFO] [stdout]   22:     0x5f5dab725ab6 - core::ops::function::FnOnce::call_once::h8392c8c79e4ed3bf
[INFO] [stdout]                                at /rustc/6067b36314ab5eb2eb47cecc464545ba58e1ad24/library/core/src/ops/function.rs:250:5
[INFO] [stdout]   23:     0x5f5dab76b04b - core::ops::function::FnOnce::call_once::he27718dfdd183f43
[INFO] [stdout]                                at /rustc/6067b36314ab5eb2eb47cecc464545ba58e1ad24/library/core/src/ops/function.rs:250:5
[INFO] [stdout]   24:     0x5f5dab76b04b - test::__rust_begin_short_backtrace::h4e84902998457a5d
[INFO] [stdout]                                at /rustc/6067b36314ab5eb2eb47cecc464545ba58e1ad24/library/test/src/lib.rs:632:18
[INFO] [stdout]   25:     0x5f5dab769f83 - test::run_test_in_process::{{closure}}::h7176fd18fc1feca0
[INFO] [stdout]                                at /rustc/6067b36314ab5eb2eb47cecc464545ba58e1ad24/library/test/src/lib.rs:655:60
[INFO] [stdout]   26:     0x5f5dab769f83 - <core::panic::unwind_safe::AssertUnwindSafe<F> as core::ops::function::FnOnce<()>>::call_once::hf79cff2a624d8cf7
[INFO] [stdout]                                at /rustc/6067b36314ab5eb2eb47cecc464545ba58e1ad24/library/core/src/panic/unwind_safe.rs:272:9
[INFO] [stdout]   27:     0x5f5dab769f83 - std::panicking::try::do_call::h3da0561d9ab99c25
[INFO] [stdout]                                at /rustc/6067b36314ab5eb2eb47cecc464545ba58e1ad24/library/std/src/panicking.rs:587:40
[INFO] [stdout]   28:     0x5f5dab769f83 - std::panicking::try::h41c9fa508bc61df6
[INFO] [stdout]                                at /rustc/6067b36314ab5eb2eb47cecc464545ba58e1ad24/library/std/src/panicking.rs:550:19
[INFO] [stdout]   29:     0x5f5dab769f83 - std::panic::catch_unwind::h6b3ff07bb5afad93
[INFO] [stdout]                                at /rustc/6067b36314ab5eb2eb47cecc464545ba58e1ad24/library/std/src/panic.rs:358:14
[INFO] [stdout]   30:     0x5f5dab769f83 - test::run_test_in_process::hc7253dd11b39b9f4
[INFO] [stdout]                                at /rustc/6067b36314ab5eb2eb47cecc464545ba58e1ad24/library/test/src/lib.rs:655:27
[INFO] [stdout]   31:     0x5f5dab769f83 - test::run_test::{{closure}}::hfb2007f8649c30bb
[INFO] [stdout]                                at /rustc/6067b36314ab5eb2eb47cecc464545ba58e1ad24/library/test/src/lib.rs:576:43
[INFO] [stdout]   32:     0x5f5dab72d065 - test::run_test::{{closure}}::h56a17aa7a282a9f4
[INFO] [stdout]                                at /rustc/6067b36314ab5eb2eb47cecc464545ba58e1ad24/library/test/src/lib.rs:606:41
[INFO] [stdout]   33:     0x5f5dab72d065 - std::sys::backtrace::__rust_begin_short_backtrace::hd2d2d2fb8e8c6aac
[INFO] [stdout]                                at /rustc/6067b36314ab5eb2eb47cecc464545ba58e1ad24/library/std/src/sys/backtrace.rs:152:18
[INFO] [stdout]   34:     0x5f5dab73094a - std::thread::Builder::spawn_unchecked_::{{closure}}::{{closure}}::h4faa3f9db6133423
[INFO] [stdout]                                at /rustc/6067b36314ab5eb2eb47cecc464545ba58e1ad24/library/std/src/thread/mod.rs:559:17
[INFO] [stdout]   35:     0x5f5dab73094a - <core::panic::unwind_safe::AssertUnwindSafe<F> as core::ops::function::FnOnce<()>>::call_once::hf2e855a36a4ea846
[INFO] [stdout]                                at /rustc/6067b36314ab5eb2eb47cecc464545ba58e1ad24/library/core/src/panic/unwind_safe.rs:272:9
[INFO] [stdout]   36:     0x5f5dab73094a - std::panicking::try::do_call::h2f73af3616c35465
[INFO] [stdout]                                at /rustc/6067b36314ab5eb2eb47cecc464545ba58e1ad24/library/std/src/panicking.rs:587:40
[INFO] [stdout]   37:     0x5f5dab73094a - std::panicking::try::hd1660ce9efadef5a
[INFO] [stdout]                                at /rustc/6067b36314ab5eb2eb47cecc464545ba58e1ad24/library/std/src/panicking.rs:550:19
[INFO] [stdout]   38:     0x5f5dab73094a - std::panic::catch_unwind::h5ee8d7823b8ca744
[INFO] [stdout]                                at /rustc/6067b36314ab5eb2eb47cecc464545ba58e1ad24/library/std/src/panic.rs:358:14
[INFO] [stdout]   39:     0x5f5dab73094a - std::thread::Builder::spawn_unchecked_::{{closure}}::h53c3a1894dce8407
[INFO] [stdout]                                at /rustc/6067b36314ab5eb2eb47cecc464545ba58e1ad24/library/std/src/thread/mod.rs:557:30
[INFO] [stdout]   40:     0x5f5dab73094a - core::ops::function::FnOnce::call_once{{vtable.shim}}::h048ce291ad4f62bf
[INFO] [stdout]                                at /rustc/6067b36314ab5eb2eb47cecc464545ba58e1ad24/library/core/src/ops/function.rs:250:5
[INFO] [stdout]   41:     0x5f5dab7a16eb - <alloc::boxed::Box<F,A> as core::ops::function::FnOnce<Args>>::call_once::ha52bedf99a3b4981
[INFO] [stdout]                                at /rustc/6067b36314ab5eb2eb47cecc464545ba58e1ad24/library/alloc/src/boxed.rs:2013:9
[INFO] [stdout]   42:     0x5f5dab7a16eb - <alloc::boxed::Box<F,A> as core::ops::function::FnOnce<Args>>::call_once::h567748934d80ccf8
[INFO] [stdout]                                at /rustc/6067b36314ab5eb2eb47cecc464545ba58e1ad24/library/alloc/src/boxed.rs:2013:9
[INFO] [stdout]   43:     0x5f5dab7a16eb - std::sys::pal::unix::thread::Thread::new::thread_start::h2d970728ae887adc
[INFO] [stdout]                                at /rustc/6067b36314ab5eb2eb47cecc464545ba58e1ad24/library/std/src/sys/pal/unix/thread.rs:106:17
[INFO] [stdout]   44:     0x780de89e9ac3 - <unknown>
[INFO] [stdout]   45:     0x780de8a7aa04 - clone
[INFO] [stdout]   46:                0x0 - <unknown>
[INFO] [stdout] 
[INFO] [stdout] 
[INFO] [stdout] failures:
[INFO] [stdout]     part2::test::test_process
[INFO] [stdout] 
[INFO] [stdout] test result: FAILED. 1 passed; 1 failed; 0 ignored; 0 measured; 0 filtered out; finished in 0.05s
[INFO] [stdout] 
[INFO] [stderr] error: test failed, to rerun pass `-p day03 --lib`
[INFO] running `Command { std: "docker" "inspect" "de66ac8c0a237a384ffc04d550aa04a283752adb5fad270d59d8a1b8da3585c0", kill_on_drop: false }`
[INFO] running `Command { std: "docker" "rm" "-f" "de66ac8c0a237a384ffc04d550aa04a283752adb5fad270d59d8a1b8da3585c0", kill_on_drop: false }`
[INFO] [stdout] de66ac8c0a237a384ffc04d550aa04a283752adb5fad270d59d8a1b8da3585c0
