[INFO] cloning repository https://github.com/0xfiraterdem/mx-dao-sc
[INFO] running `Command { std: "git" "-c" "credential.helper=" "-c" "credential.helper=/workspace/cargo-home/bin/git-credential-null" "clone" "--bare" "https://github.com/0xfiraterdem/mx-dao-sc" "/workspace/cache/git-repos/https%3A%2F%2Fgithub.com%2F0xfiraterdem%2Fmx-dao-sc", kill_on_drop: false }`
[INFO] [stderr] Cloning into bare repository '/workspace/cache/git-repos/https%3A%2F%2Fgithub.com%2F0xfiraterdem%2Fmx-dao-sc'...
[INFO] running `Command { std: "git" "rev-parse" "HEAD", kill_on_drop: false }`
[INFO] [stdout] f861bcf5b2dbc41ec103036c0647073b15057e01
[INFO] testing 0xfiraterdem/mx-dao-sc against nightly-2025-01-18 for randomize-layout-2
[INFO] running `Command { std: "git" "clone" "/workspace/cache/git-repos/https%3A%2F%2Fgithub.com%2F0xfiraterdem%2Fmx-dao-sc" "/workspace/builds/worker-5-tc1/source", kill_on_drop: false }`
[INFO] [stderr] Cloning into '/workspace/builds/worker-5-tc1/source'...
[INFO] [stderr] done.
[INFO] validating manifest of git repo https://github.com/0xfiraterdem/mx-dao-sc on toolchain nightly-2025-01-18
[INFO] running `Command { std: CARGO_HOME="/workspace/cargo-home" RUSTUP_HOME="/workspace/rustup-home" "/workspace/cargo-home/bin/cargo" "+nightly-2025-01-18" "metadata" "--manifest-path" "Cargo.toml" "--no-deps", kill_on_drop: false }`
[INFO] started tweaking git repo https://github.com/0xfiraterdem/mx-dao-sc
[INFO] finished tweaking git repo https://github.com/0xfiraterdem/mx-dao-sc
[INFO] tweaked toml for git repo https://github.com/0xfiraterdem/mx-dao-sc written to /workspace/builds/worker-5-tc1/source/Cargo.toml
[INFO] crate git repo https://github.com/0xfiraterdem/mx-dao-sc already has a lockfile, it will not be regenerated
[INFO] running `Command { std: CARGO_HOME="/workspace/cargo-home" RUSTUP_HOME="/workspace/rustup-home" "/workspace/cargo-home/bin/cargo" "+nightly-2025-01-18" "fetch" "--manifest-path" "Cargo.toml", kill_on_drop: false }`
[INFO] [stderr]     Updating crates.io index
[INFO] [stderr]  Downloading crates ...
[INFO] [stderr]   Downloaded multiversx-sc-meta v0.50.6
[INFO] [stderr]   Downloaded common-path v1.0.0
[INFO] [stderr]   Downloaded ignore v0.4.22
[INFO] [stderr]   Downloaded multiversx-chain-scenario-format v0.22.3
[INFO] [stderr]   Downloaded multiversx-sc-codec v0.19.0
[INFO] [stderr]   Downloaded multiversx-chain-vm v0.8.4
[INFO] [stderr]   Downloaded num-bigint v0.4.5
[INFO] [stderr]   Downloaded multiversx-sdk v0.4.1
[INFO] [stderr]   Downloaded multiversx-sc-derive v0.50.6
[INFO] [stderr]   Downloaded multiversx-sc-scenario v0.50.6
[INFO] [stderr]   Downloaded wasmprinter v0.208.1
[INFO] [stderr]   Downloaded multiversx-sc-codec-derive v0.19.0
[INFO] [stderr]   Downloaded syn v2.0.61
[INFO] [stderr]   Downloaded multiversx-sc v0.50.6
[INFO] [stderr]   Downloaded wasmparser v0.208.1
[INFO] [stderr]   Downloaded derive_arbitrary v1.3.2
[INFO] [stderr]   Downloaded rand_seeder v0.2.3
[INFO] [stderr]   Downloaded multiversx-chain-vm-executor v0.2.0
[INFO] [stderr]   Downloaded copy_dir v0.1.3
[INFO] [stderr]   Downloaded unwrap-infallible v0.1.5
[INFO] [stderr]   Downloaded globset v0.4.14
[INFO] [stderr]   Downloaded ruplacer v0.8.2
[INFO] [stderr]   Downloaded lockfree-object-pool v0.1.6
[INFO] [stderr]   Downloaded zopfli v0.8.1
[INFO] [stderr]   Downloaded zip v2.2.0
[INFO] running `Command { std: "docker" "create" "-v" "/var/lib/crater-agent-workspace/builds/worker-5-tc1/target:/opt/rustwide/target:rw,Z" "-v" "/var/lib/crater-agent-workspace/builds/worker-5-tc1/source:/opt/rustwide/workdir:ro,Z" "-v" "/var/lib/crater-agent-workspace/cargo-home:/opt/rustwide/cargo-home:ro,Z" "-v" "/var/lib/crater-agent-workspace/rustup-home:/opt/rustwide/rustup-home:ro,Z" "-e" "SOURCE_DIR=/opt/rustwide/workdir" "-e" "CARGO_TARGET_DIR=/opt/rustwide/target" "-e" "CARGO_HOME=/opt/rustwide/cargo-home" "-e" "RUSTUP_HOME=/opt/rustwide/rustup-home" "-w" "/opt/rustwide/workdir" "-m" "1610612736" "--user" "0:0" "--network" "none" "ghcr.io/rust-lang/crates-build-env/linux@sha256:819108c5571ea2e421544af4d832f968d213c87fbe3707a016657f43d2f853bc" "/opt/rustwide/cargo-home/bin/cargo" "+nightly-2025-01-18" "metadata" "--no-deps" "--format-version=1", kill_on_drop: false }`
[INFO] [stdout] cbddd6af82fe549c1ccaec1e1cd9ccbdcd0b79e627116357b9cc3c29c79095a4
[INFO] running `Command { std: "docker" "start" "-a" "cbddd6af82fe549c1ccaec1e1cd9ccbdcd0b79e627116357b9cc3c29c79095a4", kill_on_drop: false }`
[INFO] running `Command { std: "docker" "inspect" "cbddd6af82fe549c1ccaec1e1cd9ccbdcd0b79e627116357b9cc3c29c79095a4", kill_on_drop: false }`
[INFO] running `Command { std: "docker" "rm" "-f" "cbddd6af82fe549c1ccaec1e1cd9ccbdcd0b79e627116357b9cc3c29c79095a4", kill_on_drop: false }`
[INFO] [stdout] cbddd6af82fe549c1ccaec1e1cd9ccbdcd0b79e627116357b9cc3c29c79095a4
[INFO] running `Command { std: "docker" "create" "-v" "/var/lib/crater-agent-workspace/builds/worker-5-tc1/target:/opt/rustwide/target:rw,Z" "-v" "/var/lib/crater-agent-workspace/builds/worker-5-tc1/source:/opt/rustwide/workdir:ro,Z" "-v" "/var/lib/crater-agent-workspace/cargo-home:/opt/rustwide/cargo-home:ro,Z" "-v" "/var/lib/crater-agent-workspace/rustup-home:/opt/rustwide/rustup-home:ro,Z" "-e" "SOURCE_DIR=/opt/rustwide/workdir" "-e" "CARGO_TARGET_DIR=/opt/rustwide/target" "-e" "CARGO_INCREMENTAL=0" "-e" "RUST_BACKTRACE=full" "-e" "RUSTFLAGS=--cap-lints=forbid" "-e" "RUSTDOCFLAGS=--cap-lints=forbid" "-e" "CARGO_HOME=/opt/rustwide/cargo-home" "-e" "RUSTUP_HOME=/opt/rustwide/rustup-home" "-w" "/opt/rustwide/workdir" "-m" "1610612736" "--user" "0:0" "--network" "none" "ghcr.io/rust-lang/crates-build-env/linux@sha256:819108c5571ea2e421544af4d832f968d213c87fbe3707a016657f43d2f853bc" "/opt/rustwide/cargo-home/bin/cargo" "+nightly-2025-01-18" "build" "--frozen" "--message-format=json", kill_on_drop: false }`
[INFO] [stdout] 35fcd7dfe1a47cedeb6a90f7a1c551429061fc19d66e9174d9e2c906d284ac3f
[INFO] running `Command { std: "docker" "start" "-a" "35fcd7dfe1a47cedeb6a90f7a1c551429061fc19d66e9174d9e2c906d284ac3f", kill_on_drop: false }`
[INFO] [stderr]    Compiling proc-macro2 v1.0.82
[INFO] [stderr]    Compiling hex v0.4.3
[INFO] [stderr]    Compiling smallvec v1.13.2
[INFO] [stderr]    Compiling endian-type v0.1.2
[INFO] [stderr]    Compiling num-traits v0.2.19
[INFO] [stderr]    Compiling unwrap-infallible v0.1.5
[INFO] [stderr]    Compiling hex-literal v0.4.1
[INFO] [stderr]    Compiling bitflags v2.5.0
[INFO] [stderr]    Compiling nibble_vec v0.1.0
[INFO] [stderr]    Compiling radix_trie v0.2.1
[INFO] [stderr]    Compiling quote v1.0.36
[INFO] [stderr]    Compiling syn v2.0.61
[INFO] [stderr]    Compiling multiversx-sc-codec-derive v0.19.0
[INFO] [stderr]    Compiling multiversx-sc-derive v0.50.6
[INFO] [stderr]    Compiling multiversx-sc-codec v0.19.0
[INFO] [stderr]    Compiling multiversx-sc v0.50.6
[INFO] [stderr]    Compiling cyber-dao v0.0.0 (/opt/rustwide/workdir)
[INFO] [stderr]     Finished `dev` profile [unoptimized + debuginfo] target(s) in 17.58s
[INFO] running `Command { std: "docker" "inspect" "35fcd7dfe1a47cedeb6a90f7a1c551429061fc19d66e9174d9e2c906d284ac3f", kill_on_drop: false }`
[INFO] running `Command { std: "docker" "rm" "-f" "35fcd7dfe1a47cedeb6a90f7a1c551429061fc19d66e9174d9e2c906d284ac3f", kill_on_drop: false }`
[INFO] [stdout] 35fcd7dfe1a47cedeb6a90f7a1c551429061fc19d66e9174d9e2c906d284ac3f
[INFO] running `Command { std: "docker" "create" "-v" "/var/lib/crater-agent-workspace/builds/worker-5-tc1/target:/opt/rustwide/target:rw,Z" "-v" "/var/lib/crater-agent-workspace/builds/worker-5-tc1/source:/opt/rustwide/workdir:ro,Z" "-v" "/var/lib/crater-agent-workspace/cargo-home:/opt/rustwide/cargo-home:ro,Z" "-v" "/var/lib/crater-agent-workspace/rustup-home:/opt/rustwide/rustup-home:ro,Z" "-e" "SOURCE_DIR=/opt/rustwide/workdir" "-e" "CARGO_TARGET_DIR=/opt/rustwide/target" "-e" "CARGO_INCREMENTAL=0" "-e" "RUST_BACKTRACE=full" "-e" "RUSTFLAGS=--cap-lints=forbid" "-e" "RUSTDOCFLAGS=--cap-lints=forbid" "-e" "CARGO_HOME=/opt/rustwide/cargo-home" "-e" "RUSTUP_HOME=/opt/rustwide/rustup-home" "-w" "/opt/rustwide/workdir" "-m" "1610612736" "--user" "0:0" "--network" "none" "ghcr.io/rust-lang/crates-build-env/linux@sha256:819108c5571ea2e421544af4d832f968d213c87fbe3707a016657f43d2f853bc" "/opt/rustwide/cargo-home/bin/cargo" "+nightly-2025-01-18" "test" "--frozen" "--no-run" "--message-format=json", kill_on_drop: false }`
[INFO] [stdout] b9c2c8cd689084b282d0f27b769a591b1bfe86ab2b946d68a9cae5edc9d7b16f
[INFO] running `Command { std: "docker" "start" "-a" "b9c2c8cd689084b282d0f27b769a591b1bfe86ab2b946d68a9cae5edc9d7b16f", kill_on_drop: false }`
[INFO] [stderr]    Compiling libc v0.2.158
[INFO] [stderr]    Compiling byteorder v1.5.0
[INFO] [stderr]    Compiling serde v1.0.209
[INFO] [stderr]    Compiling once_cell v1.19.0
[INFO] [stderr]    Compiling equivalent v1.0.1
[INFO] [stderr]    Compiling bytes v1.7.1
[INFO] [stderr]    Compiling pin-project-lite v0.2.14
[INFO] [stderr]    Compiling shlex v1.3.0
[INFO] [stderr]    Compiling ahash v0.8.11
[INFO] [stderr]    Compiling lock_api v0.4.12
[INFO] [stderr]    Compiling futures-core v0.3.30
[INFO] [stderr]    Compiling smallvec v1.13.2
[INFO] [stderr]    Compiling slab v0.4.9
[INFO] [stderr]    Compiling syn v2.0.61
[INFO] [stderr]    Compiling pkg-config v0.3.30
[INFO] [stderr]    Compiling vcpkg v0.2.15
[INFO] [stderr]    Compiling futures-sink v0.3.30
[INFO] [stderr]    Compiling num-traits v0.2.19
[INFO] [stderr]    Compiling subtle v2.6.1
[INFO] [stderr]    Compiling futures-io v0.3.30
[INFO] [stderr]    Compiling futures-task v0.3.30
[INFO] [stderr]    Compiling cc v1.1.15
[INFO] [stderr]    Compiling tracing-core v0.1.32
[INFO] [stderr]    Compiling openssl v0.10.66
[INFO] [stderr]    Compiling getrandom v0.1.16
[INFO] [stderr]    Compiling foreign-types-shared v0.1.1
[INFO] [stderr]    Compiling httparse v1.9.4
[INFO] [stderr]    Compiling foreign-types v0.3.2
[INFO] [stderr]    Compiling digest v0.10.7
[INFO] [stderr]    Compiling native-tls v0.2.12
[INFO] [stderr]    Compiling try-lock v0.2.5
[INFO] [stderr]    Compiling atomic-waker v1.1.2
[INFO] [stderr]    Compiling crossbeam-utils v0.8.20
[INFO] [stderr]    Compiling http v1.1.0
[INFO] [stderr]    Compiling futures-util v0.3.30
[INFO] [stderr]    Compiling want v0.3.1
[INFO] [stderr]    Compiling regex-automata v0.4.7
[INFO] [stderr]    Compiling unicode-normalization v0.1.22
[INFO] [stderr]    Compiling futures-channel v0.3.30
[INFO] [stderr]    Compiling tower-layer v0.3.3
[INFO] [stderr]    Compiling percent-encoding v2.3.1
[INFO] [stderr]    Compiling tower-service v0.3.3
[INFO] [stderr]    Compiling tracing v0.1.40
[INFO] [stderr]    Compiling semver v1.0.23
[INFO] [stderr]    Compiling openssl-probe v0.1.5
[INFO] [stderr]    Compiling parking_lot_core v0.9.10
[INFO] [stderr]    Compiling signal-hook-registry v1.4.2
[INFO] [stderr]    Compiling mio v1.0.2
[INFO] [stderr]    Compiling socket2 v0.5.7
[INFO] [stderr]    Compiling getrandom v0.2.15
[INFO] [stderr]    Compiling anyhow v1.0.86
[INFO] [stderr]    Compiling parking_lot v0.12.3
[INFO] [stderr]    Compiling serde_json v1.0.127
[INFO] [stderr]    Compiling num-integer v0.1.46
[INFO] [stderr]    Compiling rand_core v0.6.4
[INFO] [stderr]    Compiling rand_core v0.5.1
[INFO] [stderr]    Compiling form_urlencoded v1.2.1
[INFO] [stderr]    Compiling http-body v1.0.1
[INFO] [stderr]    Compiling cpufeatures v0.2.13
[INFO] [stderr]    Compiling base64 v0.22.1
[INFO] [stderr]    Compiling unicode-bidi v0.3.15
[INFO] [stderr]    Compiling openssl-sys v0.9.103
[INFO] [stderr]    Compiling digest v0.9.0
[INFO] [stderr]    Compiling bstr v1.10.0
[INFO] [stderr]    Compiling crc32fast v1.4.2
[INFO] [stderr]    Compiling thiserror v1.0.63
[INFO] [stderr]    Compiling adler2 v2.0.0
[INFO] [stderr]    Compiling num-bigint v0.4.5
[INFO] [stderr]    Compiling crossbeam-epoch v0.9.18
[INFO] [stderr]    Compiling keccak v0.1.5
[INFO] [stderr]    Compiling rustls-pki-types v1.8.0
[INFO] [stderr]    Compiling clap_builder v4.5.15
[INFO] [stderr]    Compiling miniz_oxide v0.8.0
[INFO] [stderr]    Compiling sync_wrapper v1.0.1
[INFO] [stderr]    Compiling crossbeam-deque v0.8.5
[INFO] [stderr]    Compiling rustls-pemfile v2.1.3
[INFO] [stderr]    Compiling block-buffer v0.9.0
[INFO] [stderr]    Compiling idna v0.5.0
[INFO] [stderr]    Compiling sha3 v0.10.8
[INFO] [stderr]    Compiling encoding_rs v0.8.34
[INFO] [stderr]    Compiling simd-adler32 v0.3.7
[INFO] [stderr]    Compiling regex v1.10.6
[INFO] [stderr]    Compiling globset v0.4.14
[INFO] [stderr]    Compiling mime v0.3.17
[INFO] [stderr]    Compiling zip v2.2.0
[INFO] [stderr]    Compiling lockfree-object-pool v0.1.6
[INFO] [stderr]    Compiling ipnet v2.9.0
[INFO] [stderr]    Compiling bumpalo v3.16.0
[INFO] [stderr]    Compiling winnow v0.6.18
[INFO] [stderr]    Compiling url v2.5.2
[INFO] [stderr]    Compiling signature v1.6.4
[INFO] [stderr]    Compiling either v1.13.0
[INFO] [stderr]    Compiling opaque-debug v0.3.1
[INFO] [stderr]    Compiling ed25519 v1.5.3
[INFO] [stderr]    Compiling sha2 v0.9.9
[INFO] [stderr]    Compiling itertools v0.12.1
[INFO] [stderr]    Compiling zopfli v0.8.1
[INFO] [stderr]    Compiling Inflector v0.11.4
[INFO] [stderr]    Compiling ignore v0.4.22
[INFO] [stderr]    Compiling flate2 v1.0.33
[INFO] [stderr]    Compiling sha2 v0.10.8
[INFO] [stderr]    Compiling bech32 v0.9.1
[INFO] [stderr]    Compiling unicode-segmentation v1.11.0
[INFO] [stderr]    Compiling bitcoin_hashes v0.11.0
[INFO] [stderr]    Compiling convert_case v0.6.0
[INFO] [stderr]    Compiling pem v3.0.4
[INFO] [stderr]    Compiling rustc_version v0.4.1
[INFO] [stderr]    Compiling copy_dir v0.1.3
[INFO] [stderr]    Compiling rand_seeder v0.2.3
[INFO] [stderr]    Compiling pbkdf2 v0.12.2
[INFO] [stderr]    Compiling hmac v0.12.1
[INFO] [stderr]    Compiling multiversx-chain-vm-executor v0.2.0
[INFO] [stderr]    Compiling http-body-util v0.1.2
[INFO] [stderr]    Compiling common-path v1.0.0
[INFO] [stderr]    Compiling pathdiff v0.2.1
[INFO] [stderr]    Compiling zerocopy-derive v0.7.35
[INFO] [stderr]    Compiling serde_derive v1.0.209
[INFO] [stderr]    Compiling tokio-macros v2.4.0
[INFO] [stderr]    Compiling pin-project-internal v1.1.5
[INFO] [stderr]    Compiling openssl-macros v0.1.1
[INFO] [stderr]    Compiling zeroize_derive v1.4.2
[INFO] [stderr]    Compiling multiversx-sc-codec-derive v0.19.0
[INFO] [stderr]    Compiling clap_derive v4.5.13
[INFO] [stderr]    Compiling thiserror-impl v1.0.63
[INFO] [stderr]    Compiling multiversx-sc-derive v0.50.6
[INFO] [stderr]    Compiling displaydoc v0.2.5
[INFO] [stderr]    Compiling serde_repr v0.1.19
[INFO] [stderr]    Compiling multiversx-sc-codec v0.19.0
[INFO] [stderr]    Compiling zeroize v1.8.1
[INFO] [stderr]    Compiling tokio v1.39.3
[INFO] [stderr]    Compiling zerocopy v0.7.35
[INFO] [stderr]    Compiling curve25519-dalek v3.2.0
[INFO] [stderr]    Compiling pin-project v1.1.5
[INFO] [stderr]    Compiling clap v4.5.16
[INFO] [stderr]    Compiling ruplacer v0.8.2
[INFO] [stderr]    Compiling ppv-lite86 v0.2.20
[INFO] [stderr]    Compiling multiversx-sc v0.50.6
[INFO] [stderr]    Compiling rand_chacha v0.3.1
[INFO] [stderr]    Compiling rand_chacha v0.2.2
[INFO] [stderr]    Compiling rand v0.7.3
[INFO] [stderr]    Compiling rand v0.8.5
[INFO] [stderr]    Compiling hashbrown v0.14.5
[INFO] [stderr]    Compiling toml_datetime v0.6.8
[INFO] [stderr]    Compiling serde_spanned v0.6.7
[INFO] [stderr]    Compiling serde_urlencoded v0.7.1
[INFO] [stderr]    Compiling ed25519-dalek v1.0.1
[INFO] [stderr]    Compiling bip39 v2.0.0
[INFO] [stderr]    Compiling multiversx-chain-vm v0.8.4
[INFO] [stderr]    Compiling indexmap v2.4.0
[INFO] [stderr]    Compiling tokio-util v0.7.11
[INFO] [stderr]    Compiling tower v0.4.13
[INFO] [stderr]    Compiling tokio-native-tls v0.3.1
[INFO] [stderr]    Compiling toml_edit v0.22.20
[INFO] [stderr]    Compiling wasmparser v0.208.1
[INFO] [stderr]    Compiling multiversx-chain-scenario-format v0.22.3
[INFO] [stderr]    Compiling h2 v0.4.6
[INFO] [stderr]    Compiling toml v0.8.19
[INFO] [stderr]    Compiling cyber-dao v0.0.0 (/opt/rustwide/workdir)
[INFO] [stderr]    Compiling hyper v1.4.1
[INFO] [stderr]    Compiling hyper-util v0.1.7
[INFO] [stderr]    Compiling wasmprinter v0.208.1
[INFO] [stderr]    Compiling hyper-tls v0.6.0
[INFO] [stderr]    Compiling reqwest v0.12.7
[INFO] [stderr]    Compiling multiversx-sdk v0.4.1
[INFO] [stderr]    Compiling multiversx-sc-meta v0.50.6
[INFO] [stderr]    Compiling multiversx-sc-scenario v0.50.6
[INFO] [stderr]     Finished `test` profile [unoptimized + debuginfo] target(s) in 58.86s
[INFO] running `Command { std: "docker" "inspect" "b9c2c8cd689084b282d0f27b769a591b1bfe86ab2b946d68a9cae5edc9d7b16f", kill_on_drop: false }`
[INFO] running `Command { std: "docker" "rm" "-f" "b9c2c8cd689084b282d0f27b769a591b1bfe86ab2b946d68a9cae5edc9d7b16f", kill_on_drop: false }`
[INFO] [stdout] b9c2c8cd689084b282d0f27b769a591b1bfe86ab2b946d68a9cae5edc9d7b16f
[INFO] running `Command { std: "docker" "create" "-v" "/var/lib/crater-agent-workspace/builds/worker-5-tc1/target:/opt/rustwide/target:rw,Z" "-v" "/var/lib/crater-agent-workspace/builds/worker-5-tc1/source:/opt/rustwide/workdir:ro,Z" "-v" "/var/lib/crater-agent-workspace/cargo-home:/opt/rustwide/cargo-home:ro,Z" "-v" "/var/lib/crater-agent-workspace/rustup-home:/opt/rustwide/rustup-home:ro,Z" "-e" "SOURCE_DIR=/opt/rustwide/workdir" "-e" "CARGO_TARGET_DIR=/opt/rustwide/target" "-e" "CARGO_INCREMENTAL=0" "-e" "RUST_BACKTRACE=full" "-e" "RUSTFLAGS=--cap-lints=forbid" "-e" "RUSTDOCFLAGS=--cap-lints=forbid" "-e" "CARGO_HOME=/opt/rustwide/cargo-home" "-e" "RUSTUP_HOME=/opt/rustwide/rustup-home" "-w" "/opt/rustwide/workdir" "-m" "1610612736" "--user" "0:0" "--network" "none" "ghcr.io/rust-lang/crates-build-env/linux@sha256:819108c5571ea2e421544af4d832f968d213c87fbe3707a016657f43d2f853bc" "/opt/rustwide/cargo-home/bin/cargo" "+nightly-2025-01-18" "test" "--frozen", kill_on_drop: false }`
[INFO] [stdout] f0e247b6e0d5073a82cb296c26aa4526669a645cf596d962f11b7e035fdf4873
[INFO] running `Command { std: "docker" "start" "-a" "f0e247b6e0d5073a82cb296c26aa4526669a645cf596d962f11b7e035fdf4873", kill_on_drop: false }`
[INFO] [stderr]     Finished `test` profile [unoptimized + debuginfo] target(s) in 0.54s
[INFO] [stderr]      Running unittests src/cyber_dao.rs (/opt/rustwide/target/debug/deps/cyber_dao-169dd90d0ec304b4)
[INFO] [stdout] 
[INFO] [stdout] running 0 tests
[INFO] [stdout] 
[INFO] [stdout] test result: ok. 0 passed; 0 failed; 0 ignored; 0 measured; 0 filtered out; finished in 0.00s
[INFO] [stdout] 
[INFO] [stderr]      Running tests/cyber_dao_scenario_go_test.rs (/opt/rustwide/target/debug/deps/cyber_dao_scenario_go_test-b1f9c61623af282a)
[INFO] [stdout] 
[INFO] [stdout] running 1 test
[INFO] [stdout] test empty_go ... ok
[INFO] [stdout] 
[INFO] [stdout] test result: ok. 1 passed; 0 failed; 0 ignored; 0 measured; 0 filtered out; finished in 0.00s
[INFO] [stdout] 
[INFO] [stderr]      Running tests/cyber_dao_scenario_rs_test.rs (/opt/rustwide/target/debug/deps/cyber_dao_scenario_rs_test-85e99377fab55ad7)
[INFO] [stdout] 
[INFO] [stdout] running 1 test
[INFO] [stdout] test empty_rs ... FAILED
[INFO] [stdout] 
[INFO] [stdout] failures:
[INFO] [stdout] 
[INFO] [stdout] ---- empty_rs stdout ----
[INFO] [stdout] 
[INFO] [stdout] thread 'empty_rs' panicked at /opt/rustwide/cargo-home/registry/src/index.crates.io-1949cf8c6b5b557f/multiversx-sc-scenario-0.50.6/src/scenario/parse_util.rs:13:29:
[INFO] [stdout] not found: No such file or directory (os error 2) "/opt/rustwide/workdir/scenarios/cyber_dao.scen.json"
[INFO] [stdout] stack backtrace:
[INFO] [stdout]    0:     0x55974b307c6a - std::backtrace_rs::backtrace::libunwind::trace::hb059275cfc8d6126
[INFO] [stdout]                                at /rustc/6067b36314ab5eb2eb47cecc464545ba58e1ad24/library/std/src/../../backtrace/src/backtrace/libunwind.rs:116:5
[INFO] [stdout]    1:     0x55974b307c6a - std::backtrace_rs::backtrace::trace_unsynchronized::h2da071e4327ce3ee
[INFO] [stdout]                                at /rustc/6067b36314ab5eb2eb47cecc464545ba58e1ad24/library/std/src/../../backtrace/src/backtrace/mod.rs:66:5
[INFO] [stdout]    2:     0x55974b307c6a - std::sys::backtrace::_print_fmt::h842a1474e6f8d23f
[INFO] [stdout]                                at /rustc/6067b36314ab5eb2eb47cecc464545ba58e1ad24/library/std/src/sys/backtrace.rs:66:9
[INFO] [stdout]    3:     0x55974b307c6a - <std::sys::backtrace::BacktraceLock::print::DisplayBacktrace as core::fmt::Display>::fmt::h71a62eb3b9696b12
[INFO] [stdout]                                at /rustc/6067b36314ab5eb2eb47cecc464545ba58e1ad24/library/std/src/sys/backtrace.rs:39:26
[INFO] [stdout]    4:     0x55974b331073 - core::fmt::rt::Argument::fmt::hdb6b616786b41dc1
[INFO] [stdout]                                at /rustc/6067b36314ab5eb2eb47cecc464545ba58e1ad24/library/core/src/fmt/rt.rs:177:76
[INFO] [stdout]    5:     0x55974b331073 - core::fmt::write::h2cc1698af7e2d686
[INFO] [stdout]                                at /rustc/6067b36314ab5eb2eb47cecc464545ba58e1ad24/library/core/src/fmt/mod.rs:1440:21
[INFO] [stdout]    6:     0x55974b304573 - std::io::Write::write_fmt::hab1b4cd059a79022
[INFO] [stdout]                                at /rustc/6067b36314ab5eb2eb47cecc464545ba58e1ad24/library/std/src/io/mod.rs:1887:15
[INFO] [stdout]    7:     0x55974b307ab2 - std::sys::backtrace::BacktraceLock::print::h147fe35b4ea13b08
[INFO] [stdout]                                at /rustc/6067b36314ab5eb2eb47cecc464545ba58e1ad24/library/std/src/sys/backtrace.rs:42:9
[INFO] [stdout]    8:     0x55974b30908f - std::panicking::default_hook::{{closure}}::hbd44223dbdc0d208
[INFO] [stdout]                                at /rustc/6067b36314ab5eb2eb47cecc464545ba58e1ad24/library/std/src/panicking.rs:298:22
[INFO] [stdout]    9:     0x55974b308ea8 - std::panicking::default_hook::h20f81eb0576efcec
[INFO] [stdout]                                at /rustc/6067b36314ab5eb2eb47cecc464545ba58e1ad24/library/std/src/panicking.rs:322:9
[INFO] [stdout]   10:     0x55974afe8da3 - <alloc::boxed::Box<F,A> as core::ops::function::Fn<Args>>::call::hdb53814c496a4d34
[INFO] [stdout]                                at /rustc/6067b36314ab5eb2eb47cecc464545ba58e1ad24/library/alloc/src/boxed.rs:2027:9
[INFO] [stdout]   11:     0x55974afe8da3 - test::test_main::{{closure}}::hc0a4963c59427c24
[INFO] [stdout]                                at /rustc/6067b36314ab5eb2eb47cecc464545ba58e1ad24/library/test/src/lib.rs:134:21
[INFO] [stdout]   12:     0x55974b309b83 - <alloc::boxed::Box<F,A> as core::ops::function::Fn<Args>>::call::h591b2225413a77e9
[INFO] [stdout]                                at /rustc/6067b36314ab5eb2eb47cecc464545ba58e1ad24/library/alloc/src/boxed.rs:2027:9
[INFO] [stdout]   13:     0x55974b309b83 - std::panicking::rust_panic_with_hook::h625eea43051b2edc
[INFO] [stdout]                                at /rustc/6067b36314ab5eb2eb47cecc464545ba58e1ad24/library/std/src/panicking.rs:839:13
[INFO] [stdout]   14:     0x55974b30983a - std::panicking::begin_panic_handler::{{closure}}::h4f9159cfbc3f6bd3
[INFO] [stdout]                                at /rustc/6067b36314ab5eb2eb47cecc464545ba58e1ad24/library/std/src/panicking.rs:704:13
[INFO] [stdout]   15:     0x55974b308169 - std::sys::backtrace::__rust_end_short_backtrace::h0390abce48353151
[INFO] [stdout]                                at /rustc/6067b36314ab5eb2eb47cecc464545ba58e1ad24/library/std/src/sys/backtrace.rs:168:18
[INFO] [stdout]   16:     0x55974b3094cd - rust_begin_unwind
[INFO] [stdout]                                at /rustc/6067b36314ab5eb2eb47cecc464545ba58e1ad24/library/std/src/panicking.rs:695:5
[INFO] [stdout]   17:     0x55974b32f370 - core::panicking::panic_fmt::h9e7c637e9e5f29c9
[INFO] [stdout]                                at /rustc/6067b36314ab5eb2eb47cecc464545ba58e1ad24/library/core/src/panicking.rs:75:14
[INFO] [stdout]   18:     0x55974b09ad84 - multiversx_sc_scenario::scenario::parse_util::parse_scenario_raw::{{closure}}::h4f52a8cbff1bda94
[INFO] [stdout]                                at /opt/rustwide/cargo-home/registry/src/index.crates.io-1949cf8c6b5b557f/multiversx-sc-scenario-0.50.6/src/scenario/parse_util.rs:13:29
[INFO] [stdout]   19:     0x55974b00f467 - core::result::Result<T,E>::unwrap_or_else::h20660f59e6fe040c
[INFO] [stdout]                                at /rustc/6067b36314ab5eb2eb47cecc464545ba58e1ad24/library/core/src/result.rs:1463:23
[INFO] [stdout]   20:     0x55974b09ab31 - multiversx_sc_scenario::scenario::parse_util::parse_scenario_raw::h34399f2646fabc6a
[INFO] [stdout]                                at /opt/rustwide/cargo-home/registry/src/index.crates.io-1949cf8c6b5b557f/multiversx-sc-scenario-0.50.6/src/scenario/parse_util.rs:12:20
[INFO] [stdout]   21:     0x55974b09afa0 - multiversx_sc_scenario::scenario::parse_util::parse_scenario::h7b8e2a187117d686
[INFO] [stdout]                                at /opt/rustwide/cargo-home/registry/src/index.crates.io-1949cf8c6b5b557f/multiversx-sc-scenario-0.50.6/src/scenario/parse_util.rs:22:15
[INFO] [stdout]   22:     0x55974b09962d - multiversx_sc_scenario::facade::debugger_backend::DebuggerBackend::run_scenario_file::h32bc72bf53f62351
[INFO] [stdout]                                at /opt/rustwide/cargo-home/registry/src/index.crates.io-1949cf8c6b5b557f/multiversx-sc-scenario-0.50.6/src/facade/debugger_backend.rs:94:28
[INFO] [stdout]   23:     0x55974afa8fee - multiversx_sc_scenario::facade::scenario_world::ScenarioWorld::run::hb9206a000746f5fc
[INFO] [stdout]                                at /opt/rustwide/cargo-home/registry/src/index.crates.io-1949cf8c6b5b557f/multiversx-sc-scenario-0.50.6/src/facade/scenario_world.rs:65:17
[INFO] [stdout]   24:     0x55974afa4ae7 - cyber_dao_scenario_rs_test::empty_rs::he3cc10be4833a98f
[INFO] [stdout]                                at /opt/rustwide/workdir/tests/cyber_dao_scenario_rs_test.rs:12:5
[INFO] [stdout]   25:     0x55974afa4aa7 - cyber_dao_scenario_rs_test::empty_rs::{{closure}}::hbe740f6ec16a8a5f
[INFO] [stdout]                                at /opt/rustwide/workdir/tests/cyber_dao_scenario_rs_test.rs:11:14
[INFO] [stdout]   26:     0x55974af9a656 - core::ops::function::FnOnce::call_once::h910e7f983d88c3dd
[INFO] [stdout]                                at /rustc/6067b36314ab5eb2eb47cecc464545ba58e1ad24/library/core/src/ops/function.rs:250:5
[INFO] [stdout]   27:     0x55974afee4fb - core::ops::function::FnOnce::call_once::he27718dfdd183f43
[INFO] [stdout]                                at /rustc/6067b36314ab5eb2eb47cecc464545ba58e1ad24/library/core/src/ops/function.rs:250:5
[INFO] [stdout]   28:     0x55974afee4fb - test::__rust_begin_short_backtrace::h4e84902998457a5d
[INFO] [stdout]                                at /rustc/6067b36314ab5eb2eb47cecc464545ba58e1ad24/library/test/src/lib.rs:632:18
[INFO] [stdout]   29:     0x55974afed433 - test::run_test_in_process::{{closure}}::h7176fd18fc1feca0
[INFO] [stdout]                                at /rustc/6067b36314ab5eb2eb47cecc464545ba58e1ad24/library/test/src/lib.rs:655:60
[INFO] [stdout]   30:     0x55974afed433 - <core::panic::unwind_safe::AssertUnwindSafe<F> as core::ops::function::FnOnce<()>>::call_once::hf79cff2a624d8cf7
[INFO] [stdout]                                at /rustc/6067b36314ab5eb2eb47cecc464545ba58e1ad24/library/core/src/panic/unwind_safe.rs:272:9
[INFO] [stdout]   31:     0x55974afed433 - std::panicking::try::do_call::h3da0561d9ab99c25
[INFO] [stdout]                                at /rustc/6067b36314ab5eb2eb47cecc464545ba58e1ad24/library/std/src/panicking.rs:587:40
[INFO] [stdout]   32:     0x55974afed433 - std::panicking::try::h41c9fa508bc61df6
[INFO] [stdout]                                at /rustc/6067b36314ab5eb2eb47cecc464545ba58e1ad24/library/std/src/panicking.rs:550:19
[INFO] [stdout]   33:     0x55974afed433 - std::panic::catch_unwind::h6b3ff07bb5afad93
[INFO] [stdout]                                at /rustc/6067b36314ab5eb2eb47cecc464545ba58e1ad24/library/std/src/panic.rs:358:14
[INFO] [stdout]   34:     0x55974afed433 - test::run_test_in_process::hc7253dd11b39b9f4
[INFO] [stdout]                                at /rustc/6067b36314ab5eb2eb47cecc464545ba58e1ad24/library/test/src/lib.rs:655:27
[INFO] [stdout]   35:     0x55974afed433 - test::run_test::{{closure}}::hfb2007f8649c30bb
[INFO] [stdout]                                at /rustc/6067b36314ab5eb2eb47cecc464545ba58e1ad24/library/test/src/lib.rs:576:43
[INFO] [stdout]   36:     0x55974afb0515 - test::run_test::{{closure}}::h56a17aa7a282a9f4
[INFO] [stdout]                                at /rustc/6067b36314ab5eb2eb47cecc464545ba58e1ad24/library/test/src/lib.rs:606:41
[INFO] [stdout]   37:     0x55974afb0515 - std::sys::backtrace::__rust_begin_short_backtrace::hd2d2d2fb8e8c6aac
[INFO] [stdout]                                at /rustc/6067b36314ab5eb2eb47cecc464545ba58e1ad24/library/std/src/sys/backtrace.rs:152:18
[INFO] [stdout]   38:     0x55974afb3dfa - std::thread::Builder::spawn_unchecked_::{{closure}}::{{closure}}::h4faa3f9db6133423
[INFO] [stdout]                                at /rustc/6067b36314ab5eb2eb47cecc464545ba58e1ad24/library/std/src/thread/mod.rs:559:17
[INFO] [stdout]   39:     0x55974afb3dfa - <core::panic::unwind_safe::AssertUnwindSafe<F> as core::ops::function::FnOnce<()>>::call_once::hf2e855a36a4ea846
[INFO] [stdout]                                at /rustc/6067b36314ab5eb2eb47cecc464545ba58e1ad24/library/core/src/panic/unwind_safe.rs:272:9
[INFO] [stdout]   40:     0x55974afb3dfa - std::panicking::try::do_call::h2f73af3616c35465
[INFO] [stdout]                                at /rustc/6067b36314ab5eb2eb47cecc464545ba58e1ad24/library/std/src/panicking.rs:587:40
[INFO] [stdout]   41:     0x55974afb3dfa - std::panicking::try::hd1660ce9efadef5a
[INFO] [stdout]                                at /rustc/6067b36314ab5eb2eb47cecc464545ba58e1ad24/library/std/src/panicking.rs:550:19
[INFO] [stdout]   42:     0x55974afb3dfa - std::panic::catch_unwind::h5ee8d7823b8ca744
[INFO] [stdout]                                at /rustc/6067b36314ab5eb2eb47cecc464545ba58e1ad24/library/std/src/panic.rs:358:14
[INFO] [stdout]   43:     0x55974afb3dfa - std::thread::Builder::spawn_unchecked_::{{closure}}::h53c3a1894dce8407
[INFO] [stdout]                                at /rustc/6067b36314ab5eb2eb47cecc464545ba58e1ad24/library/std/src/thread/mod.rs:557:30
[INFO] [stdout]   44:     0x55974afb3dfa - core::ops::function::FnOnce::call_once{{vtable.shim}}::h048ce291ad4f62bf
[INFO] [stdout]                                at /rustc/6067b36314ab5eb2eb47cecc464545ba58e1ad24/library/core/src/ops/function.rs:250:5
[INFO] [stdout]   45:     0x55974b30dabb - <alloc::boxed::Box<F,A> as core::ops::function::FnOnce<Args>>::call_once::ha52bedf99a3b4981
[INFO] [stdout]                                at /rustc/6067b36314ab5eb2eb47cecc464545ba58e1ad24/library/alloc/src/boxed.rs:2013:9
[INFO] [stdout]   46:     0x55974b30dabb - <alloc::boxed::Box<F,A> as core::ops::function::FnOnce<Args>>::call_once::h567748934d80ccf8
[INFO] [stdout]                                at /rustc/6067b36314ab5eb2eb47cecc464545ba58e1ad24/library/alloc/src/boxed.rs:2013:9
[INFO] [stdout]   47:     0x55974b30dabb - std::sys::pal::unix::thread::Thread::new::thread_start::h2d970728ae887adc
[INFO] [stdout]                                at /rustc/6067b36314ab5eb2eb47cecc464545ba58e1ad24/library/std/src/sys/pal/unix/thread.rs:106:17
[INFO] [stdout]   48:     0x7ae83e928ac3 - <unknown>
[INFO] [stdout]   49:     0x7ae83e9b9a04 - clone
[INFO] [stdout]   50:                0x0 - <unknown>
[INFO] [stdout] 
[INFO] [stdout] 
[INFO] [stdout] failures:
[INFO] [stdout]     empty_rs
[INFO] [stdout] 
[INFO] [stdout] test result: FAILED. 0 passed; 1 failed; 0 ignored; 0 measured; 0 filtered out; finished in 0.18s
[INFO] [stdout] 
[INFO] [stderr] error: test failed, to rerun pass `--test cyber_dao_scenario_rs_test`
[INFO] running `Command { std: "docker" "inspect" "f0e247b6e0d5073a82cb296c26aa4526669a645cf596d962f11b7e035fdf4873", kill_on_drop: false }`
[INFO] running `Command { std: "docker" "rm" "-f" "f0e247b6e0d5073a82cb296c26aa4526669a645cf596d962f11b7e035fdf4873", kill_on_drop: false }`
[INFO] [stdout] f0e247b6e0d5073a82cb296c26aa4526669a645cf596d962f11b7e035fdf4873
