[INFO] cloning repository https://github.com/0xJWLabs/sp_log2
[INFO] running `Command { std: "git" "-c" "credential.helper=" "-c" "credential.helper=/workspace/cargo-home/bin/git-credential-null" "clone" "--bare" "https://github.com/0xJWLabs/sp_log2" "/workspace/cache/git-repos/https%3A%2F%2Fgithub.com%2F0xJWLabs%2Fsp_log2", kill_on_drop: false }`
[INFO] [stderr] Cloning into bare repository '/workspace/cache/git-repos/https%3A%2F%2Fgithub.com%2F0xJWLabs%2Fsp_log2'...
[INFO] running `Command { std: "git" "rev-parse" "HEAD", kill_on_drop: false }`
[INFO] [stdout] 37c3c96c86ce7a37ab29e7868e3ae6c17581b40b
[INFO] testing 0xJWLabs/sp_log2 against nightly-2025-01-18 for randomize-layout-2
[INFO] running `Command { std: "git" "clone" "/workspace/cache/git-repos/https%3A%2F%2Fgithub.com%2F0xJWLabs%2Fsp_log2" "/workspace/builds/worker-6-tc1/source", kill_on_drop: false }`
[INFO] [stderr] Cloning into '/workspace/builds/worker-6-tc1/source'...
[INFO] [stderr] done.
[INFO] validating manifest of git repo https://github.com/0xJWLabs/sp_log2 on toolchain nightly-2025-01-18
[INFO] running `Command { std: CARGO_HOME="/workspace/cargo-home" RUSTUP_HOME="/workspace/rustup-home" "/workspace/cargo-home/bin/cargo" "+nightly-2025-01-18" "metadata" "--manifest-path" "Cargo.toml" "--no-deps", kill_on_drop: false }`
[INFO] started tweaking git repo https://github.com/0xJWLabs/sp_log2
[INFO] finished tweaking git repo https://github.com/0xJWLabs/sp_log2
[INFO] tweaked toml for git repo https://github.com/0xJWLabs/sp_log2 written to /workspace/builds/worker-6-tc1/source/Cargo.toml
[INFO] crate git repo https://github.com/0xJWLabs/sp_log2 already has a lockfile, it will not be regenerated
[INFO] running `Command { std: CARGO_HOME="/workspace/cargo-home" RUSTUP_HOME="/workspace/rustup-home" "/workspace/cargo-home/bin/cargo" "+nightly-2025-01-18" "fetch" "--manifest-path" "Cargo.toml", kill_on_drop: false }`
[INFO] [stderr]     Blocking waiting for file lock on package cache
[INFO] [stderr]     Updating crates.io index
[INFO] [stderr]     Blocking waiting for file lock on package cache
[INFO] [stderr]  Downloading crates ...
[INFO] [stderr]   Downloaded winapi-util v0.1.9
[INFO] [stderr]   Downloaded wasm-bindgen-macro v0.2.99
[INFO] [stderr]   Downloaded wasm-bindgen-shared v0.2.99
[INFO] [stderr]   Downloaded wasm-bindgen-macro-support v0.2.99
[INFO] [stderr]   Downloaded log v0.4.22
[INFO] [stderr]   Downloaded wasm-bindgen v0.2.99
[INFO] [stderr]   Downloaded chrono v0.4.39
[INFO] [stderr]   Downloaded iana-time-zone v0.1.61
[INFO] [stderr]   Downloaded windows-core v0.52.0
[INFO] [stderr]   Downloaded wasm-bindgen-backend v0.2.99
[INFO] [stderr]   Downloaded syn v2.0.87
[INFO] [stderr]   Downloaded js-sys v0.3.76
[INFO] [stderr]   Downloaded shlex v1.3.0
[INFO] [stderr]   Downloaded core-foundation-sys v0.8.7
[INFO] [stderr]   Downloaded bumpalo v3.16.0
[INFO] [stderr]   Downloaded cc v1.2.7
[INFO] [stderr]   Downloaded num-traits v0.2.19
[INFO] [stderr]   Downloaded autocfg v1.4.0
[INFO] [stderr]   Downloaded once_cell v1.20.2
[INFO] [stderr]   Downloaded libc v0.2.162
[INFO] [stderr]   Downloaded termcolor2 v0.1.1
[INFO] running `Command { std: "docker" "create" "-v" "/var/lib/crater-agent-workspace/builds/worker-6-tc1/target:/opt/rustwide/target:rw,Z" "-v" "/var/lib/crater-agent-workspace/builds/worker-6-tc1/source:/opt/rustwide/workdir:ro,Z" "-v" "/var/lib/crater-agent-workspace/cargo-home:/opt/rustwide/cargo-home:ro,Z" "-v" "/var/lib/crater-agent-workspace/rustup-home:/opt/rustwide/rustup-home:ro,Z" "-e" "SOURCE_DIR=/opt/rustwide/workdir" "-e" "CARGO_TARGET_DIR=/opt/rustwide/target" "-e" "CARGO_HOME=/opt/rustwide/cargo-home" "-e" "RUSTUP_HOME=/opt/rustwide/rustup-home" "-w" "/opt/rustwide/workdir" "-m" "1610612736" "--user" "0:0" "--network" "none" "ghcr.io/rust-lang/crates-build-env/linux@sha256:819108c5571ea2e421544af4d832f968d213c87fbe3707a016657f43d2f853bc" "/opt/rustwide/cargo-home/bin/cargo" "+nightly-2025-01-18" "metadata" "--no-deps" "--format-version=1", kill_on_drop: false }`
[INFO] [stdout] 427876e623d01577210396d4be0ad140ca0010af46e81857ccadc734ea1ba3b1
[INFO] running `Command { std: "docker" "start" "-a" "427876e623d01577210396d4be0ad140ca0010af46e81857ccadc734ea1ba3b1", kill_on_drop: false }`
[INFO] running `Command { std: "docker" "inspect" "427876e623d01577210396d4be0ad140ca0010af46e81857ccadc734ea1ba3b1", kill_on_drop: false }`
[INFO] running `Command { std: "docker" "rm" "-f" "427876e623d01577210396d4be0ad140ca0010af46e81857ccadc734ea1ba3b1", kill_on_drop: false }`
[INFO] [stdout] 427876e623d01577210396d4be0ad140ca0010af46e81857ccadc734ea1ba3b1
[INFO] running `Command { std: "docker" "create" "-v" "/var/lib/crater-agent-workspace/builds/worker-6-tc1/target:/opt/rustwide/target:rw,Z" "-v" "/var/lib/crater-agent-workspace/builds/worker-6-tc1/source:/opt/rustwide/workdir:ro,Z" "-v" "/var/lib/crater-agent-workspace/cargo-home:/opt/rustwide/cargo-home:ro,Z" "-v" "/var/lib/crater-agent-workspace/rustup-home:/opt/rustwide/rustup-home:ro,Z" "-e" "SOURCE_DIR=/opt/rustwide/workdir" "-e" "CARGO_TARGET_DIR=/opt/rustwide/target" "-e" "CARGO_INCREMENTAL=0" "-e" "RUST_BACKTRACE=full" "-e" "RUSTFLAGS=--cap-lints=forbid" "-e" "RUSTDOCFLAGS=--cap-lints=forbid" "-e" "CARGO_HOME=/opt/rustwide/cargo-home" "-e" "RUSTUP_HOME=/opt/rustwide/rustup-home" "-w" "/opt/rustwide/workdir" "-m" "1610612736" "--user" "0:0" "--network" "none" "ghcr.io/rust-lang/crates-build-env/linux@sha256:819108c5571ea2e421544af4d832f968d213c87fbe3707a016657f43d2f853bc" "/opt/rustwide/cargo-home/bin/cargo" "+nightly-2025-01-18" "build" "--frozen" "--message-format=json", kill_on_drop: false }`
[INFO] [stdout] 124320915a63ce535a7acb92ad336956e9cb7af386c690b153a8d71c3302aad7
[INFO] running `Command { std: "docker" "start" "-a" "124320915a63ce535a7acb92ad336956e9cb7af386c690b153a8d71c3302aad7", kill_on_drop: false }`
[INFO] [stderr]    Compiling autocfg v1.4.0
[INFO] [stderr]    Compiling iana-time-zone v0.1.61
[INFO] [stderr]    Compiling log v0.4.22
[INFO] [stderr]    Compiling termcolor2 v0.1.1
[INFO] [stderr]    Compiling num-traits v0.2.19
[INFO] [stderr]    Compiling chrono v0.4.39
[INFO] [stderr]    Compiling sp_log2 v0.1.3 (/opt/rustwide/workdir)
[INFO] [stderr]     Finished `dev` profile [unoptimized + debuginfo] target(s) in 5.36s
[INFO] running `Command { std: "docker" "inspect" "124320915a63ce535a7acb92ad336956e9cb7af386c690b153a8d71c3302aad7", kill_on_drop: false }`
[INFO] running `Command { std: "docker" "rm" "-f" "124320915a63ce535a7acb92ad336956e9cb7af386c690b153a8d71c3302aad7", kill_on_drop: false }`
[INFO] [stdout] 124320915a63ce535a7acb92ad336956e9cb7af386c690b153a8d71c3302aad7
[INFO] running `Command { std: "docker" "create" "-v" "/var/lib/crater-agent-workspace/builds/worker-6-tc1/target:/opt/rustwide/target:rw,Z" "-v" "/var/lib/crater-agent-workspace/builds/worker-6-tc1/source:/opt/rustwide/workdir:ro,Z" "-v" "/var/lib/crater-agent-workspace/cargo-home:/opt/rustwide/cargo-home:ro,Z" "-v" "/var/lib/crater-agent-workspace/rustup-home:/opt/rustwide/rustup-home:ro,Z" "-e" "SOURCE_DIR=/opt/rustwide/workdir" "-e" "CARGO_TARGET_DIR=/opt/rustwide/target" "-e" "CARGO_INCREMENTAL=0" "-e" "RUST_BACKTRACE=full" "-e" "RUSTFLAGS=--cap-lints=forbid" "-e" "RUSTDOCFLAGS=--cap-lints=forbid" "-e" "CARGO_HOME=/opt/rustwide/cargo-home" "-e" "RUSTUP_HOME=/opt/rustwide/rustup-home" "-w" "/opt/rustwide/workdir" "-m" "1610612736" "--user" "0:0" "--network" "none" "ghcr.io/rust-lang/crates-build-env/linux@sha256:819108c5571ea2e421544af4d832f968d213c87fbe3707a016657f43d2f853bc" "/opt/rustwide/cargo-home/bin/cargo" "+nightly-2025-01-18" "test" "--frozen" "--no-run" "--message-format=json", kill_on_drop: false }`
[INFO] [stdout] 6181ab251a88e2f1a42f96ed4bb3cd49eed101b9270c34063f14d572843164a4
[INFO] running `Command { std: "docker" "start" "-a" "6181ab251a88e2f1a42f96ed4bb3cd49eed101b9270c34063f14d572843164a4", kill_on_drop: false }`
[INFO] [stderr]    Compiling sp_log2 v0.1.3 (/opt/rustwide/workdir)
[INFO] [stderr]     Finished `test` profile [unoptimized + debuginfo] target(s) in 0.84s
[INFO] running `Command { std: "docker" "inspect" "6181ab251a88e2f1a42f96ed4bb3cd49eed101b9270c34063f14d572843164a4", kill_on_drop: false }`
[INFO] running `Command { std: "docker" "rm" "-f" "6181ab251a88e2f1a42f96ed4bb3cd49eed101b9270c34063f14d572843164a4", kill_on_drop: false }`
[INFO] [stdout] 6181ab251a88e2f1a42f96ed4bb3cd49eed101b9270c34063f14d572843164a4
[INFO] running `Command { std: "docker" "create" "-v" "/var/lib/crater-agent-workspace/builds/worker-6-tc1/target:/opt/rustwide/target:rw,Z" "-v" "/var/lib/crater-agent-workspace/builds/worker-6-tc1/source:/opt/rustwide/workdir:ro,Z" "-v" "/var/lib/crater-agent-workspace/cargo-home:/opt/rustwide/cargo-home:ro,Z" "-v" "/var/lib/crater-agent-workspace/rustup-home:/opt/rustwide/rustup-home:ro,Z" "-e" "SOURCE_DIR=/opt/rustwide/workdir" "-e" "CARGO_TARGET_DIR=/opt/rustwide/target" "-e" "CARGO_INCREMENTAL=0" "-e" "RUST_BACKTRACE=full" "-e" "RUSTFLAGS=--cap-lints=forbid" "-e" "RUSTDOCFLAGS=--cap-lints=forbid" "-e" "CARGO_HOME=/opt/rustwide/cargo-home" "-e" "RUSTUP_HOME=/opt/rustwide/rustup-home" "-w" "/opt/rustwide/workdir" "-m" "1610612736" "--user" "0:0" "--network" "none" "ghcr.io/rust-lang/crates-build-env/linux@sha256:819108c5571ea2e421544af4d832f968d213c87fbe3707a016657f43d2f853bc" "/opt/rustwide/cargo-home/bin/cargo" "+nightly-2025-01-18" "test" "--frozen", kill_on_drop: false }`
[INFO] [stdout] fba8213093847200c6483ed750b555f4be48f47f14f9cc578630ea6dd47eb9d2
[INFO] running `Command { std: "docker" "start" "-a" "fba8213093847200c6483ed750b555f4be48f47f14f9cc578630ea6dd47eb9d2", kill_on_drop: false }`
[INFO] [stderr]     Finished `test` profile [unoptimized + debuginfo] target(s) in 0.04s
[INFO] [stderr]      Running unittests src/lib.rs (/opt/rustwide/target/debug/deps/sp_log2-1aee3d8655ef0a29)
[INFO] [stdout] 
[INFO] [stdout] running 0 tests
[INFO] [stdout] 
[INFO] [stdout] test result: ok. 0 passed; 0 failed; 0 ignored; 0 measured; 0 filtered out; finished in 0.00s
[INFO] [stdout] 
[INFO] [stderr]    Doc-tests sp_log2
[INFO] [stdout] 
[INFO] [stdout] running 13 tests
[INFO] [stdout] test src/loggers/comlog.rs - loggers::comlog::CombinedLogger::new (line 53) ... FAILED
[INFO] [stdout] test src/loggers/comlog.rs - loggers::comlog::CombinedLogger::init (line 23) ... FAILED
[INFO] [stdout] test src/lib.rs - SharedLogger::config (line 37) ... ok
[INFO] [stdout] test src/loggers/splog.rs - loggers::splog::SimpleLogger::init (line 23) ... ok
[INFO] [stdout] test src/loggers/filelog.rs - loggers::filelog::FileLogger::new (line 85) ... FAILED
[INFO] [stdout] test src/lib.rs - SharedLogger::level (line 21) ... ok
[INFO] [stdout] test src/loggers/filelog.rs - loggers::filelog::FileLogger::init (line 30) ... FAILED
[INFO] [stdout] test src/loggers/writelog.rs - loggers::writelog::WriteLogger<W>::init (line 23) ... FAILED
[INFO] [stdout] test src/loggers/writelog.rs - loggers::writelog::WriteLogger<W>::new (line 44) ... FAILED
[INFO] [stdout] test src/loggers/splog.rs - loggers::splog::SimpleLogger::new (line 43) ... ok
[INFO] [stdout] test src/config.rs - config::ConfigBuilder::set_time_format_custom (line 263) ... ok
[INFO] [stdout] test src/loggers/termlog.rs - loggers::termlog::TermLogger::init (line 47) ... ok
[INFO] [stdout] test src/loggers/termlog.rs - loggers::termlog::TermLogger::new (line 81) ... ok
[INFO] [stdout] 
[INFO] [stdout] failures:
[INFO] [stdout] 
[INFO] [stdout] ---- src/loggers/comlog.rs - loggers::comlog::CombinedLogger::new (line 53) stdout ----
[INFO] [stdout] error: expected `;`, found keyword `fn`
[INFO] [stdout]  --> src/loggers/comlog.rs:53:21
[INFO] [stdout]   |
[INFO] [stdout] 2 | extern crate sp_log2
[INFO] [stdout]   |                     ^ help: add `;` here
[INFO] [stdout] 3 | fn main() { #[allow(non_snake_case)] fn _doctest_main_src_loggers_comlog_rs_53_0() {
[INFO] [stdout]   | -- unexpected token
[INFO] [stdout] 
[INFO] [stdout] error: expected `::`, found `:`
[INFO] [stdout]  --> src/loggers/comlog.rs:55:12
[INFO] [stdout]   |
[INFO] [stdout] 4 | use sp_log2:*;
[INFO] [stdout]   |            ^
[INFO] [stdout]   |
[INFO] [stdout]   = note: import paths are delimited using `::`
[INFO] [stdout] help: use double colon
[INFO] [stdout]   |
[INFO] [stdout] 4 | use sp_log2::*;
[INFO] [stdout]   |            ~~
[INFO] [stdout] 
[INFO] [stdout] error: expected identifier, found `*`
[INFO] [stdout]  --> src/loggers/comlog.rs:55:13
[INFO] [stdout]   |
[INFO] [stdout] 4 | use sp_log2:*;
[INFO] [stdout]   |             ^ expected identifier
[INFO] [stdout] 
[INFO] [stdout] error: aborting due to 3 previous errors
[INFO] [stdout] 
[INFO] [stdout] Couldn't compile the test.
[INFO] [stdout] ---- src/loggers/comlog.rs - loggers::comlog::CombinedLogger::init (line 23) stdout ----
[INFO] [stdout] error: expected `;`, found keyword `fn`
[INFO] [stdout]  --> src/loggers/comlog.rs:23:21
[INFO] [stdout]   |
[INFO] [stdout] 2 | extern crate sp_log2
[INFO] [stdout]   |                     ^ help: add `;` here
[INFO] [stdout] 3 | fn main() { #[allow(non_snake_case)] fn _doctest_main_src_loggers_comlog_rs_23_0() {
[INFO] [stdout]   | -- unexpected token
[INFO] [stdout] 
[INFO] [stdout] error: expected `::`, found `:`
[INFO] [stdout]  --> src/loggers/comlog.rs:25:12
[INFO] [stdout]   |
[INFO] [stdout] 4 | use sp_log2:*;
[INFO] [stdout]   |            ^
[INFO] [stdout]   |
[INFO] [stdout]   = note: import paths are delimited using `::`
[INFO] [stdout] help: use double colon
[INFO] [stdout]   |
[INFO] [stdout] 4 | use sp_log2::*;
[INFO] [stdout]   |            ~~
[INFO] [stdout] 
[INFO] [stdout] error: expected identifier, found `*`
[INFO] [stdout]  --> src/loggers/comlog.rs:25:13
[INFO] [stdout]   |
[INFO] [stdout] 4 | use sp_log2:*;
[INFO] [stdout]   |             ^ expected identifier
[INFO] [stdout] 
[INFO] [stdout] error: aborting due to 3 previous errors
[INFO] [stdout] 
[INFO] [stdout] Couldn't compile the test.
[INFO] [stdout] ---- src/loggers/filelog.rs - loggers::filelog::FileLogger::new (line 85) stdout ----
[INFO] [stdout] Test executable failed (exit status: 101).
[INFO] [stdout] 
[INFO] [stdout] stderr:
[INFO] [stdout] Failed to remove existing backup file my_rust_bin.log.bak: Read-only file system (os error 30)
[INFO] [stdout] 
[INFO] [stdout] thread 'main' panicked at src/loggers/filelog.rs:116:14:
[INFO] [stdout] called `Result::unwrap()` on an `Err` value: Os { code: 30, kind: ReadOnlyFilesystem, message: "Read-only file system" }
[INFO] [stdout] stack backtrace:
[INFO] [stdout]    0:     0x617680b4ec5a - std::backtrace_rs::backtrace::libunwind::trace::hb059275cfc8d6126
[INFO] [stdout]                                at /rustc/6067b36314ab5eb2eb47cecc464545ba58e1ad24/library/std/src/../../backtrace/src/backtrace/libunwind.rs:116:5
[INFO] [stdout]    1:     0x617680b4ec5a - std::backtrace_rs::backtrace::trace_unsynchronized::h2da071e4327ce3ee
[INFO] [stdout]                                at /rustc/6067b36314ab5eb2eb47cecc464545ba58e1ad24/library/std/src/../../backtrace/src/backtrace/mod.rs:66:5
[INFO] [stdout]    2:     0x617680b4ec5a - std::sys::backtrace::_print_fmt::h842a1474e6f8d23f
[INFO] [stdout]                                at /rustc/6067b36314ab5eb2eb47cecc464545ba58e1ad24/library/std/src/sys/backtrace.rs:66:9
[INFO] [stdout]    3:     0x617680b4ec5a - <std::sys::backtrace::BacktraceLock::print::DisplayBacktrace as core::fmt::Display>::fmt::h71a62eb3b9696b12
[INFO] [stdout]                                at /rustc/6067b36314ab5eb2eb47cecc464545ba58e1ad24/library/std/src/sys/backtrace.rs:39:26
[INFO] [stdout]    4:     0x617680b6c323 - core::fmt::rt::Argument::fmt::hdb6b616786b41dc1
[INFO] [stdout]                                at /rustc/6067b36314ab5eb2eb47cecc464545ba58e1ad24/library/core/src/fmt/rt.rs:177:76
[INFO] [stdout]    5:     0x617680b6c323 - core::fmt::write::h2cc1698af7e2d686
[INFO] [stdout]                                at /rustc/6067b36314ab5eb2eb47cecc464545ba58e1ad24/library/core/src/fmt/mod.rs:1440:21
[INFO] [stdout]    6:     0x617680b4c1c3 - std::io::Write::write_fmt::h00c8700df393f328
[INFO] [stdout]                                at /rustc/6067b36314ab5eb2eb47cecc464545ba58e1ad24/library/std/src/io/mod.rs:1887:15
[INFO] [stdout]    7:     0x617680b4eaa2 - std::sys::backtrace::BacktraceLock::print::h147fe35b4ea13b08
[INFO] [stdout]                                at /rustc/6067b36314ab5eb2eb47cecc464545ba58e1ad24/library/std/src/sys/backtrace.rs:42:9
[INFO] [stdout]    8:     0x617680b4f9ef - std::panicking::default_hook::{{closure}}::hbd44223dbdc0d208
[INFO] [stdout]                                at /rustc/6067b36314ab5eb2eb47cecc464545ba58e1ad24/library/std/src/panicking.rs:298:22
[INFO] [stdout]    9:     0x617680b4f85a - std::panicking::default_hook::h20f81eb0576efcec
[INFO] [stdout]                                at /rustc/6067b36314ab5eb2eb47cecc464545ba58e1ad24/library/std/src/panicking.rs:325:9
[INFO] [stdout]   10:     0x617680b502c2 - std::panicking::rust_panic_with_hook::h625eea43051b2edc
[INFO] [stdout]                                at /rustc/6067b36314ab5eb2eb47cecc464545ba58e1ad24/library/std/src/panicking.rs:831:13
[INFO] [stdout]   11:     0x617680b5015a - std::panicking::begin_panic_handler::{{closure}}::h4f9159cfbc3f6bd3
[INFO] [stdout]                                at /rustc/6067b36314ab5eb2eb47cecc464545ba58e1ad24/library/std/src/panicking.rs:704:13
[INFO] [stdout]   12:     0x617680b4f159 - std::sys::backtrace::__rust_end_short_backtrace::h0390abce48353151
[INFO] [stdout]                                at /rustc/6067b36314ab5eb2eb47cecc464545ba58e1ad24/library/std/src/sys/backtrace.rs:168:18
[INFO] [stdout]   13:     0x617680b4fded - rust_begin_unwind
[INFO] [stdout]                                at /rustc/6067b36314ab5eb2eb47cecc464545ba58e1ad24/library/std/src/panicking.rs:695:5
[INFO] [stdout]   14:     0x617680b6b550 - core::panicking::panic_fmt::h9e7c637e9e5f29c9
[INFO] [stdout]                                at /rustc/6067b36314ab5eb2eb47cecc464545ba58e1ad24/library/core/src/panicking.rs:75:14
[INFO] [stdout]   15:     0x617680b6b8f6 - core::result::unwrap_failed::h7979f09313fe1849
[INFO] [stdout]                                at /rustc/6067b36314ab5eb2eb47cecc464545ba58e1ad24/library/core/src/result.rs:1704:5
[INFO] [stdout]   16:     0x617680b2b57d - core::result::Result<T,E>::unwrap::hf4e406e87aa1b6db
[INFO] [stdout]                                at /rustc/6067b36314ab5eb2eb47cecc464545ba58e1ad24/library/core/src/result.rs:1109:23
[INFO] [stdout]   17:     0x617680b2b57d - sp_log2::loggers::filelog::FileLogger::new::hd25e2ed68a36ff5b
[INFO] [stdout]                                at /opt/rustwide/workdir/src/loggers/filelog.rs:112:20
[INFO] [stdout]   18:     0x617680b29ada - rust_out::main::he88f0b9b281d54e0
[INFO] [stdout]   19:     0x617680b29933 - core::ops::function::FnOnce::call_once::hcf3829d8b58d0254
[INFO] [stdout]   20:     0x617680b29916 - std::sys::backtrace::__rust_begin_short_backtrace::h5e1527399e8d5bd4
[INFO] [stdout]   21:     0x617680b298f9 - std::rt::lang_start::{{closure}}::h2c234101ed7b1b74
[INFO] [stdout]   22:     0x617680b498a0 - core::ops::function::impls::<impl core::ops::function::FnOnce<A> for &F>::call_once::h1b085b6c1d2518b2
[INFO] [stdout]                                at /rustc/6067b36314ab5eb2eb47cecc464545ba58e1ad24/library/core/src/ops/function.rs:284:13
[INFO] [stdout]   23:     0x617680b498a0 - std::panicking::try::do_call::h382f964a5a23b565
[INFO] [stdout]                                at /rustc/6067b36314ab5eb2eb47cecc464545ba58e1ad24/library/std/src/panicking.rs:587:40
[INFO] [stdout]   24:     0x617680b498a0 - std::panicking::try::h57f991055eb622f9
[INFO] [stdout]                                at /rustc/6067b36314ab5eb2eb47cecc464545ba58e1ad24/library/std/src/panicking.rs:550:19
[INFO] [stdout]   25:     0x617680b498a0 - std::panic::catch_unwind::h4d9a74ef04456343
[INFO] [stdout]                                at /rustc/6067b36314ab5eb2eb47cecc464545ba58e1ad24/library/std/src/panic.rs:358:14
[INFO] [stdout]   26:     0x617680b498a0 - std::rt::lang_start_internal::{{closure}}::h2faa8ae84a93f314
[INFO] [stdout]                                at /rustc/6067b36314ab5eb2eb47cecc464545ba58e1ad24/library/std/src/rt.rs:163:24
[INFO] [stdout]   27:     0x617680b498a0 - std::panicking::try::do_call::h0f8932bf638a9bf5
[INFO] [stdout]                                at /rustc/6067b36314ab5eb2eb47cecc464545ba58e1ad24/library/std/src/panicking.rs:587:40
[INFO] [stdout]   28:     0x617680b498a0 - std::panicking::try::h683416ea756b175d
[INFO] [stdout]                                at /rustc/6067b36314ab5eb2eb47cecc464545ba58e1ad24/library/std/src/panicking.rs:550:19
[INFO] [stdout]   29:     0x617680b498a0 - std::panic::catch_unwind::h56189fac8994979f
[INFO] [stdout]                                at /rustc/6067b36314ab5eb2eb47cecc464545ba58e1ad24/library/std/src/panic.rs:358:14
[INFO] [stdout]   30:     0x617680b498a0 - std::rt::lang_start_internal::h8bbc1061691274fe
[INFO] [stdout]                                at /rustc/6067b36314ab5eb2eb47cecc464545ba58e1ad24/library/std/src/rt.rs:159:5
[INFO] [stdout]   31:     0x617680b298e1 - std::rt::lang_start::h601b10a269c70ef7
[INFO] [stdout]   32:     0x617680b29b55 - main
[INFO] [stdout]   33:     0x738655dcdd90 - <unknown>
[INFO] [stdout]   34:     0x738655dcde40 - __libc_start_main
[INFO] [stdout]   35:     0x617680b297f5 - _start
[INFO] [stdout]   36:                0x0 - <unknown>
[INFO] [stdout] 
[INFO] [stdout] 
[INFO] [stdout] ---- src/loggers/filelog.rs - loggers::filelog::FileLogger::init (line 30) stdout ----
[INFO] [stdout] Test executable failed (exit status: 101).
[INFO] [stdout] 
[INFO] [stdout] stderr:
[INFO] [stdout] Failed to remove existing backup file my_rust_bin.log.bak: Read-only file system (os error 30)
[INFO] [stdout] 
[INFO] [stdout] thread 'main' panicked at src/loggers/filelog.rs:116:14:
[INFO] [stdout] called `Result::unwrap()` on an `Err` value: Os { code: 30, kind: ReadOnlyFilesystem, message: "Read-only file system" }
[INFO] [stdout] stack backtrace:
[INFO] [stdout]    0:     0x635ef3c790ea - std::backtrace_rs::backtrace::libunwind::trace::hb059275cfc8d6126
[INFO] [stdout]                                at /rustc/6067b36314ab5eb2eb47cecc464545ba58e1ad24/library/std/src/../../backtrace/src/backtrace/libunwind.rs:116:5
[INFO] [stdout]    1:     0x635ef3c790ea - std::backtrace_rs::backtrace::trace_unsynchronized::h2da071e4327ce3ee
[INFO] [stdout]                                at /rustc/6067b36314ab5eb2eb47cecc464545ba58e1ad24/library/std/src/../../backtrace/src/backtrace/mod.rs:66:5
[INFO] [stdout]    2:     0x635ef3c790ea - std::sys::backtrace::_print_fmt::h842a1474e6f8d23f
[INFO] [stdout]                                at /rustc/6067b36314ab5eb2eb47cecc464545ba58e1ad24/library/std/src/sys/backtrace.rs:66:9
[INFO] [stdout]    3:     0x635ef3c790ea - <std::sys::backtrace::BacktraceLock::print::DisplayBacktrace as core::fmt::Display>::fmt::h71a62eb3b9696b12
[INFO] [stdout]                                at /rustc/6067b36314ab5eb2eb47cecc464545ba58e1ad24/library/std/src/sys/backtrace.rs:39:26
[INFO] [stdout]    4:     0x635ef3c99013 - core::fmt::rt::Argument::fmt::hdb6b616786b41dc1
[INFO] [stdout]                                at /rustc/6067b36314ab5eb2eb47cecc464545ba58e1ad24/library/core/src/fmt/rt.rs:177:76
[INFO] [stdout]    5:     0x635ef3c99013 - core::fmt::write::h2cc1698af7e2d686
[INFO] [stdout]                                at /rustc/6067b36314ab5eb2eb47cecc464545ba58e1ad24/library/core/src/fmt/mod.rs:1440:21
[INFO] [stdout]    6:     0x635ef3c76383 - std::io::Write::write_fmt::h00c8700df393f328
[INFO] [stdout]                                at /rustc/6067b36314ab5eb2eb47cecc464545ba58e1ad24/library/std/src/io/mod.rs:1887:15
[INFO] [stdout]    7:     0x635ef3c78f32 - std::sys::backtrace::BacktraceLock::print::h147fe35b4ea13b08
[INFO] [stdout]                                at /rustc/6067b36314ab5eb2eb47cecc464545ba58e1ad24/library/std/src/sys/backtrace.rs:42:9
[INFO] [stdout]    8:     0x635ef3c79e7f - std::panicking::default_hook::{{closure}}::hbd44223dbdc0d208
[INFO] [stdout]                                at /rustc/6067b36314ab5eb2eb47cecc464545ba58e1ad24/library/std/src/panicking.rs:298:22
[INFO] [stdout]    9:     0x635ef3c79cea - std::panicking::default_hook::h20f81eb0576efcec
[INFO] [stdout]                                at /rustc/6067b36314ab5eb2eb47cecc464545ba58e1ad24/library/std/src/panicking.rs:325:9
[INFO] [stdout]   10:     0x635ef3c7a752 - std::panicking::rust_panic_with_hook::h625eea43051b2edc
[INFO] [stdout]                                at /rustc/6067b36314ab5eb2eb47cecc464545ba58e1ad24/library/std/src/panicking.rs:831:13
[INFO] [stdout]   11:     0x635ef3c7a5ea - std::panicking::begin_panic_handler::{{closure}}::h4f9159cfbc3f6bd3
[INFO] [stdout]                                at /rustc/6067b36314ab5eb2eb47cecc464545ba58e1ad24/library/std/src/panicking.rs:704:13
[INFO] [stdout]   12:     0x635ef3c795e9 - std::sys::backtrace::__rust_end_short_backtrace::h0390abce48353151
[INFO] [stdout]                                at /rustc/6067b36314ab5eb2eb47cecc464545ba58e1ad24/library/std/src/sys/backtrace.rs:168:18
[INFO] [stdout]   13:     0x635ef3c7a27d - rust_begin_unwind
[INFO] [stdout]                                at /rustc/6067b36314ab5eb2eb47cecc464545ba58e1ad24/library/std/src/panicking.rs:695:5
[INFO] [stdout]   14:     0x635ef3c980f0 - core::panicking::panic_fmt::h9e7c637e9e5f29c9
[INFO] [stdout]                                at /rustc/6067b36314ab5eb2eb47cecc464545ba58e1ad24/library/core/src/panicking.rs:75:14
[INFO] [stdout]   15:     0x635ef3c98536 - core::result::unwrap_failed::h7979f09313fe1849
[INFO] [stdout]                                at /rustc/6067b36314ab5eb2eb47cecc464545ba58e1ad24/library/core/src/result.rs:1704:5
[INFO] [stdout]   16:     0x635ef3c0c8bd - core::result::Result<T,E>::unwrap::hf4e406e87aa1b6db
[INFO] [stdout]                                at /rustc/6067b36314ab5eb2eb47cecc464545ba58e1ad24/library/core/src/result.rs:1109:23
[INFO] [stdout]   17:     0x635ef3c0c8bd - sp_log2::loggers::filelog::FileLogger::new::hd25e2ed68a36ff5b
[INFO] [stdout]                                at /opt/rustwide/workdir/src/loggers/filelog.rs:112:20
[INFO] [stdout]   18:     0x635ef3c0bbe9 - sp_log2::loggers::filelog::FileLogger::init::h149bfa2c5be763ac
[INFO] [stdout]                                at /opt/rustwide/workdir/src/loggers/filelog.rs:44:26
[INFO] [stdout]   19:     0x635ef3bedbba - rust_out::main::he88f0b9b281d54e0
[INFO] [stdout]   20:     0x635ef3beda73 - core::ops::function::FnOnce::call_once::hcf3829d8b58d0254
[INFO] [stdout]   21:     0x635ef3beda56 - std::sys::backtrace::__rust_begin_short_backtrace::h5e1527399e8d5bd4
[INFO] [stdout]   22:     0x635ef3beda39 - std::rt::lang_start::{{closure}}::h2c234101ed7b1b74
[INFO] [stdout]   23:     0x635ef3c71dd0 - core::ops::function::impls::<impl core::ops::function::FnOnce<A> for &F>::call_once::h1b085b6c1d2518b2
[INFO] [stdout]                                at /rustc/6067b36314ab5eb2eb47cecc464545ba58e1ad24/library/core/src/ops/function.rs:284:13
[INFO] [stdout]   24:     0x635ef3c71dd0 - std::panicking::try::do_call::h382f964a5a23b565
[INFO] [stdout]                                at /rustc/6067b36314ab5eb2eb47cecc464545ba58e1ad24/library/std/src/panicking.rs:587:40
[INFO] [stdout]   25:     0x635ef3c71dd0 - std::panicking::try::h57f991055eb622f9
[INFO] [stdout]                                at /rustc/6067b36314ab5eb2eb47cecc464545ba58e1ad24/library/std/src/panicking.rs:550:19
[INFO] [stdout]   26:     0x635ef3c71dd0 - std::panic::catch_unwind::h4d9a74ef04456343
[INFO] [stdout]                                at /rustc/6067b36314ab5eb2eb47cecc464545ba58e1ad24/library/std/src/panic.rs:358:14
[INFO] [stdout]   27:     0x635ef3c71dd0 - std::rt::lang_start_internal::{{closure}}::h2faa8ae84a93f314
[INFO] [stdout]                                at /rustc/6067b36314ab5eb2eb47cecc464545ba58e1ad24/library/std/src/rt.rs:163:24
[INFO] [stdout]   28:     0x635ef3c71dd0 - std::panicking::try::do_call::h0f8932bf638a9bf5
[INFO] [stdout]                                at /rustc/6067b36314ab5eb2eb47cecc464545ba58e1ad24/library/std/src/panicking.rs:587:40
[INFO] [stdout]   29:     0x635ef3c71dd0 - std::panicking::try::h683416ea756b175d
[INFO] [stdout]                                at /rustc/6067b36314ab5eb2eb47cecc464545ba58e1ad24/library/std/src/panicking.rs:550:19
[INFO] [stdout]   30:     0x635ef3c71dd0 - std::panic::catch_unwind::h56189fac8994979f
[INFO] [stdout]                                at /rustc/6067b36314ab5eb2eb47cecc464545ba58e1ad24/library/std/src/panic.rs:358:14
[INFO] [stdout]   31:     0x635ef3c71dd0 - std::rt::lang_start_internal::h8bbc1061691274fe
[INFO] [stdout]                                at /rustc/6067b36314ab5eb2eb47cecc464545ba58e1ad24/library/std/src/rt.rs:159:5
[INFO] [stdout]   32:     0x635ef3beda21 - std::rt::lang_start::h601b10a269c70ef7
[INFO] [stdout]   33:     0x635ef3bedc25 - main
[INFO] [stdout]   34:     0x7979d7502d90 - <unknown>
[INFO] [stdout]   35:     0x7979d7502e40 - __libc_start_main
[INFO] [stdout]   36:     0x635ef3bed935 - _start
[INFO] [stdout]   37:                0x0 - <unknown>
[INFO] [stdout] 
[INFO] [stdout] 
[INFO] [stdout] ---- src/loggers/writelog.rs - loggers::writelog::WriteLogger<W>::init (line 23) stdout ----
[INFO] [stdout] error[E0463]: can't find crate for `simplelog`
[INFO] [stdout]  --> src/loggers/writelog.rs:24:1
[INFO] [stdout]   |
[INFO] [stdout] 2 | extern crate simplelog;
[INFO] [stdout]   | ^^^^^^^^^^^^^^^^^^^^^^^ can't find crate
[INFO] [stdout] 
[INFO] [stdout] error[E0433]: failed to resolve: use of undeclared type `WriteLogger`
[INFO] [stdout]  --> src/loggers/writelog.rs:28:9
[INFO] [stdout]   |
[INFO] [stdout] 6 | let _ = WriteLogger::init(LevelFilter::Info, Config::default(), File::create("my_rust_bin.log").unwrap());
[INFO] [stdout]   |         ^^^^^^^^^^^ use of undeclared type `WriteLogger`
[INFO] [stdout]   |
[INFO] [stdout] help: consider importing this struct
[INFO] [stdout]   |
[INFO] [stdout] 3 + use sp_log2::WriteLogger;
[INFO] [stdout]   |
[INFO] [stdout] 
[INFO] [stdout] error[E0433]: failed to resolve: use of undeclared type `LevelFilter`
[INFO] [stdout]  --> src/loggers/writelog.rs:28:27
[INFO] [stdout]   |
[INFO] [stdout] 6 | let _ = WriteLogger::init(LevelFilter::Info, Config::default(), File::create("my_rust_bin.log").unwrap());
[INFO] [stdout]   |                           ^^^^^^^^^^^ use of undeclared type `LevelFilter`
[INFO] [stdout]   |
[INFO] [stdout] help: consider importing one of these enums
[INFO] [stdout]   |
[INFO] [stdout] 3 + use log::LevelFilter;
[INFO] [stdout]   |
[INFO] [stdout] 3 + use sp_log2::LevelFilter;
[INFO] [stdout]   |
[INFO] [stdout] 
[INFO] [stdout] error[E0433]: failed to resolve: use of undeclared type `Config`
[INFO] [stdout]  --> src/loggers/writelog.rs:28:46
[INFO] [stdout]   |
[INFO] [stdout] 6 | let _ = WriteLogger::init(LevelFilter::Info, Config::default(), File::create("my_rust_bin.log").unwrap());
[INFO] [stdout]   |                                              ^^^^^^ use of undeclared type `Config`
[INFO] [stdout]   |
[INFO] [stdout] help: consider importing this struct
[INFO] [stdout]   |
[INFO] [stdout] 3 + use sp_log2::Config;
[INFO] [stdout]   |
[INFO] [stdout] 
[INFO] [stdout] error: aborting due to 4 previous errors
[INFO] [stdout] 
[INFO] [stdout] Some errors have detailed explanations: E0433, E0463.
[INFO] [stdout] For more information about an error, try `rustc --explain E0433`.
[INFO] [stdout] Couldn't compile the test.
[INFO] [stdout] ---- src/loggers/writelog.rs - loggers::writelog::WriteLogger<W>::new (line 44) stdout ----
[INFO] [stdout] error[E0463]: can't find crate for `simplelog`
[INFO] [stdout]  --> src/loggers/writelog.rs:45:1
[INFO] [stdout]   |
[INFO] [stdout] 2 | extern crate simplelog;
[INFO] [stdout]   | ^^^^^^^^^^^^^^^^^^^^^^^ can't find crate
[INFO] [stdout] 
[INFO] [stdout] error[E0433]: failed to resolve: use of undeclared type `WriteLogger`
[INFO] [stdout]  --> src/loggers/writelog.rs:49:19
[INFO] [stdout]   |
[INFO] [stdout] 6 | let file_logger = WriteLogger::new(LevelFilter::Info, Config::default(), File::create("my_rust_bin.log").unwrap());
[INFO] [stdout]   |                   ^^^^^^^^^^^ use of undeclared type `WriteLogger`
[INFO] [stdout]   |
[INFO] [stdout] help: consider importing this struct
[INFO] [stdout]   |
[INFO] [stdout] 3 + use sp_log2::WriteLogger;
[INFO] [stdout]   |
[INFO] [stdout] 
[INFO] [stdout] error[E0433]: failed to resolve: use of undeclared type `LevelFilter`
[INFO] [stdout]  --> src/loggers/writelog.rs:49:36
[INFO] [stdout]   |
[INFO] [stdout] 6 | let file_logger = WriteLogger::new(LevelFilter::Info, Config::default(), File::create("my_rust_bin.log").unwrap());
[INFO] [stdout]   |                                    ^^^^^^^^^^^ use of undeclared type `LevelFilter`
[INFO] [stdout]   |
[INFO] [stdout] help: consider importing one of these enums
[INFO] [stdout]   |
[INFO] [stdout] 3 + use log::LevelFilter;
[INFO] [stdout]   |
[INFO] [stdout] 3 + use sp_log2::LevelFilter;
[INFO] [stdout]   |
[INFO] [stdout] 
[INFO] [stdout] error[E0433]: failed to resolve: use of undeclared type `Config`
[INFO] [stdout]  --> src/loggers/writelog.rs:49:55
[INFO] [stdout]   |
[INFO] [stdout] 6 | let file_logger = WriteLogger::new(LevelFilter::Info, Config::default(), File::create("my_rust_bin.log").unwrap());
[INFO] [stdout]   |                                                       ^^^^^^ use of undeclared type `Config`
[INFO] [stdout]   |
[INFO] [stdout] help: consider importing this struct
[INFO] [stdout]   |
[INFO] [stdout] 3 + use sp_log2::Config;
[INFO] [stdout]   |
[INFO] [stdout] 
[INFO] [stdout] error: aborting due to 4 previous errors
[INFO] [stdout] 
[INFO] [stdout] Some errors have detailed explanations: E0433, E0463.
[INFO] [stdout] For more information about an error, try `rustc --explain E0433`.
[INFO] [stdout] Couldn't compile the test.
[INFO] [stdout] 
[INFO] [stdout] failures:
[INFO] [stdout]     src/loggers/comlog.rs - loggers::comlog::CombinedLogger::init (line 23)
[INFO] [stdout]     src/loggers/comlog.rs - loggers::comlog::CombinedLogger::new (line 53)
[INFO] [stdout]     src/loggers/filelog.rs - loggers::filelog::FileLogger::init (line 30)
[INFO] [stdout]     src/loggers/filelog.rs - loggers::filelog::FileLogger::new (line 85)
[INFO] [stdout]     src/loggers/writelog.rs - loggers::writelog::WriteLogger<W>::init (line 23)
[INFO] [stdout]     src/loggers/writelog.rs - loggers::writelog::WriteLogger<W>::new (line 44)
[INFO] [stdout] 
[INFO] [stdout] test result: FAILED. 7 passed; 6 failed; 0 ignored; 0 measured; 0 filtered out; finished in 1.18s
[INFO] [stdout] 
[INFO] [stderr] error: doctest failed, to rerun pass `--doc`
[INFO] running `Command { std: "docker" "inspect" "fba8213093847200c6483ed750b555f4be48f47f14f9cc578630ea6dd47eb9d2", kill_on_drop: false }`
[INFO] running `Command { std: "docker" "rm" "-f" "fba8213093847200c6483ed750b555f4be48f47f14f9cc578630ea6dd47eb9d2", kill_on_drop: false }`
[INFO] [stdout] fba8213093847200c6483ed750b555f4be48f47f14f9cc578630ea6dd47eb9d2
