[INFO] cloning repository https://github.com/0x4rkh4m/leeca_proxmox
[INFO] running `Command { std: "git" "-c" "credential.helper=" "-c" "credential.helper=/workspace/cargo-home/bin/git-credential-null" "clone" "--bare" "https://github.com/0x4rkh4m/leeca_proxmox" "/workspace/cache/git-repos/https%3A%2F%2Fgithub.com%2F0x4rkh4m%2Fleeca_proxmox", kill_on_drop: false }`
[INFO] [stderr] Cloning into bare repository '/workspace/cache/git-repos/https%3A%2F%2Fgithub.com%2F0x4rkh4m%2Fleeca_proxmox'...
[INFO] running `Command { std: "git" "rev-parse" "HEAD", kill_on_drop: false }`
[INFO] [stdout] 6a82d6d97a13032916dc90fea9ab3f2491c63687
[INFO] testing 0x4rkh4m/leeca_proxmox against nightly-2025-01-18+rustflags=-Zrandomize-layout for randomize-layout-2
[INFO] running `Command { std: "git" "clone" "/workspace/cache/git-repos/https%3A%2F%2Fgithub.com%2F0x4rkh4m%2Fleeca_proxmox" "/workspace/builds/worker-0-tc2/source", kill_on_drop: false }`
[INFO] [stderr] Cloning into '/workspace/builds/worker-0-tc2/source'...
[INFO] [stderr] done.
[INFO] validating manifest of git repo https://github.com/0x4rkh4m/leeca_proxmox on toolchain nightly-2025-01-18
[INFO] running `Command { std: CARGO_HOME="/workspace/cargo-home" RUSTUP_HOME="/workspace/rustup-home" "/workspace/cargo-home/bin/cargo" "+nightly-2025-01-18" "metadata" "--manifest-path" "Cargo.toml" "--no-deps", kill_on_drop: false }`
[INFO] removed /workspace/builds/worker-0-tc2/source/rust-toolchain.toml
[INFO] started tweaking git repo https://github.com/0x4rkh4m/leeca_proxmox
[INFO] finished tweaking git repo https://github.com/0x4rkh4m/leeca_proxmox
[INFO] tweaked toml for git repo https://github.com/0x4rkh4m/leeca_proxmox written to /workspace/builds/worker-0-tc2/source/Cargo.toml
[INFO] crate git repo https://github.com/0x4rkh4m/leeca_proxmox already has a lockfile, it will not be regenerated
[INFO] running `Command { std: CARGO_HOME="/workspace/cargo-home" RUSTUP_HOME="/workspace/rustup-home" "/workspace/cargo-home/bin/cargo" "+nightly-2025-01-18" "fetch" "--manifest-path" "Cargo.toml", kill_on_drop: false }`
[INFO] [stderr]     Blocking waiting for file lock on package cache
[INFO] [stderr]     Blocking waiting for file lock on package cache
[INFO] running `Command { std: "docker" "create" "-v" "/var/lib/crater-agent-workspace/builds/worker-0-tc2/target:/opt/rustwide/target:rw,Z" "-v" "/var/lib/crater-agent-workspace/builds/worker-0-tc2/source:/opt/rustwide/workdir:ro,Z" "-v" "/var/lib/crater-agent-workspace/cargo-home:/opt/rustwide/cargo-home:ro,Z" "-v" "/var/lib/crater-agent-workspace/rustup-home:/opt/rustwide/rustup-home:ro,Z" "-e" "SOURCE_DIR=/opt/rustwide/workdir" "-e" "CARGO_TARGET_DIR=/opt/rustwide/target" "-e" "CARGO_HOME=/opt/rustwide/cargo-home" "-e" "RUSTUP_HOME=/opt/rustwide/rustup-home" "-w" "/opt/rustwide/workdir" "-m" "1610612736" "--user" "0:0" "--network" "none" "ghcr.io/rust-lang/crates-build-env/linux@sha256:819108c5571ea2e421544af4d832f968d213c87fbe3707a016657f43d2f853bc" "/opt/rustwide/cargo-home/bin/cargo" "+nightly-2025-01-18" "metadata" "--no-deps" "--format-version=1", kill_on_drop: false }`
[INFO] [stdout] 9758e015e526ef84fea9584943f9ac7b75b7d86553f4f864d5bcbd5e27e83dde
[INFO] running `Command { std: "docker" "start" "-a" "9758e015e526ef84fea9584943f9ac7b75b7d86553f4f864d5bcbd5e27e83dde", kill_on_drop: false }`
[INFO] running `Command { std: "docker" "inspect" "9758e015e526ef84fea9584943f9ac7b75b7d86553f4f864d5bcbd5e27e83dde", kill_on_drop: false }`
[INFO] running `Command { std: "docker" "rm" "-f" "9758e015e526ef84fea9584943f9ac7b75b7d86553f4f864d5bcbd5e27e83dde", kill_on_drop: false }`
[INFO] [stdout] 9758e015e526ef84fea9584943f9ac7b75b7d86553f4f864d5bcbd5e27e83dde
[INFO] running `Command { std: "docker" "create" "-v" "/var/lib/crater-agent-workspace/builds/worker-0-tc2/target:/opt/rustwide/target:rw,Z" "-v" "/var/lib/crater-agent-workspace/builds/worker-0-tc2/source:/opt/rustwide/workdir:ro,Z" "-v" "/var/lib/crater-agent-workspace/cargo-home:/opt/rustwide/cargo-home:ro,Z" "-v" "/var/lib/crater-agent-workspace/rustup-home:/opt/rustwide/rustup-home:ro,Z" "-e" "SOURCE_DIR=/opt/rustwide/workdir" "-e" "CARGO_TARGET_DIR=/opt/rustwide/target" "-e" "CARGO_INCREMENTAL=0" "-e" "RUST_BACKTRACE=full" "-e" "RUSTFLAGS=--cap-lints=forbid -Zrandomize-layout" "-e" "RUSTDOCFLAGS=--cap-lints=forbid" "-e" "CARGO_HOME=/opt/rustwide/cargo-home" "-e" "RUSTUP_HOME=/opt/rustwide/rustup-home" "-w" "/opt/rustwide/workdir" "-m" "1610612736" "--user" "0:0" "--network" "none" "ghcr.io/rust-lang/crates-build-env/linux@sha256:819108c5571ea2e421544af4d832f968d213c87fbe3707a016657f43d2f853bc" "/opt/rustwide/cargo-home/bin/cargo" "+nightly-2025-01-18" "build" "--frozen" "--message-format=json", kill_on_drop: false }`
[INFO] [stdout] 47c24c90a58b2f77cb3632e15a60aebd1f482f5ce499c6f00ad8aed6ed0a569a
[INFO] running `Command { std: "docker" "start" "-a" "47c24c90a58b2f77cb3632e15a60aebd1f482f5ce499c6f00ad8aed6ed0a569a", kill_on_drop: false }`
[INFO] [stderr]    Compiling proc-macro2 v1.0.93
[INFO] [stderr]    Compiling unicode-ident v1.0.14
[INFO] [stderr]    Compiling libc v0.2.169
[INFO] [stderr]    Compiling memchr v2.7.4
[INFO] [stderr]    Compiling fnv v1.0.7
[INFO] [stderr]    Compiling pin-project-lite v0.2.16
[INFO] [stderr]    Compiling bytes v1.9.0
[INFO] [stderr]    Compiling autocfg v1.4.0
[INFO] [stderr]    Compiling stable_deref_trait v1.2.0
[INFO] [stderr]    Compiling futures-core v0.3.31
[INFO] [stderr]    Compiling futures-sink v0.3.31
[INFO] [stderr]    Compiling itoa v1.0.14
[INFO] [stderr]    Compiling once_cell v1.20.2
[INFO] [stderr]    Compiling shlex v1.3.0
[INFO] [stderr]    Compiling pin-utils v0.1.0
[INFO] [stderr]    Compiling pkg-config v0.3.31
[INFO] [stderr]    Compiling futures-task v0.3.31
[INFO] [stderr]    Compiling writeable v0.5.5
[INFO] [stderr]    Compiling vcpkg v0.2.15
[INFO] [stderr]    Compiling litemap v0.7.4
[INFO] [stderr]    Compiling futures-io v0.3.31
[INFO] [stderr]    Compiling smallvec v1.13.2
[INFO] [stderr]    Compiling futures-channel v0.3.31
[INFO] [stderr]    Compiling icu_locid_transform_data v1.5.0
[INFO] [stderr]    Compiling cc v1.2.9
[INFO] [stderr]    Compiling serde v1.0.217
[INFO] [stderr]    Compiling equivalent v1.0.1
[INFO] [stderr]    Compiling tracing-core v0.1.33
[INFO] [stderr]    Compiling httparse v1.9.5
[INFO] [stderr]    Compiling ident_case v1.0.1
[INFO] [stderr]    Compiling hashbrown v0.15.2
[INFO] [stderr]    Compiling strsim v0.11.1
[INFO] [stderr]    Compiling icu_properties_data v1.5.0
[INFO] [stderr]    Compiling try-lock v0.2.5
[INFO] [stderr]    Compiling write16 v1.0.0
[INFO] [stderr]    Compiling utf8_iter v1.0.4
[INFO] [stderr]    Compiling utf16_iter v1.0.5
[INFO] [stderr]    Compiling slab v0.4.9
[INFO] [stderr]    Compiling http v1.2.0
[INFO] [stderr]    Compiling tracing v0.1.41
[INFO] [stderr]    Compiling openssl v0.10.68
[INFO] [stderr]    Compiling atomic-waker v1.1.2
[INFO] [stderr]    Compiling icu_normalizer_data v1.5.0
[INFO] [stderr]    Compiling foreign-types-shared v0.1.1
[INFO] [stderr]    Compiling aho-corasick v1.1.3
[INFO] [stderr]    Compiling foreign-types v0.3.2
[INFO] [stderr]    Compiling want v0.3.1
[INFO] [stderr]    Compiling bitflags v2.7.0
[INFO] [stderr]    Compiling percent-encoding v2.3.1
[INFO] [stderr]    Compiling serde_json v1.0.135
[INFO] [stderr]    Compiling mio v1.0.3
[INFO] [stderr]    Compiling socket2 v0.5.8
[INFO] [stderr]    Compiling httpdate v1.0.3
[INFO] [stderr]    Compiling tower-service v0.3.3
[INFO] [stderr]    Compiling native-tls v0.2.12
[INFO] [stderr]    Compiling regex-syntax v0.8.5
[INFO] [stderr]    Compiling ryu v1.0.18
[INFO] [stderr]    Compiling log v0.4.22
[INFO] [stderr]    Compiling quote v1.0.38
[INFO] [stderr]    Compiling form_urlencoded v1.2.1
[INFO] [stderr]    Compiling openssl-probe v0.1.5
[INFO] [stderr]    Compiling powerfmt v0.2.0
[INFO] [stderr]    Compiling predicates-core v1.0.9
[INFO] [stderr]    Compiling mockall_derive v0.13.1
[INFO] [stderr]    Compiling syn v2.0.96
[INFO] [stderr]    Compiling bit-vec v0.6.3
[INFO] [stderr]    Compiling deranged v0.3.11
[INFO] [stderr]    Compiling num_cpus v1.16.0
[INFO] [stderr]    Compiling sync_wrapper v1.0.2
[INFO] [stderr]    Compiling thiserror v2.0.11
[INFO] [stderr]    Compiling tower-layer v0.3.3
[INFO] [stderr]    Compiling base64 v0.22.1
[INFO] [stderr]    Compiling time-core v0.1.2
[INFO] [stderr]    Compiling indexmap v2.7.0
[INFO] [stderr]    Compiling rustls-pki-types v1.10.1
[INFO] [stderr]    Compiling num-conv v0.1.0
[INFO] [stderr]    Compiling openssl-sys v0.9.104
[INFO] [stderr]    Compiling anstyle v1.0.10
[INFO] [stderr]    Compiling bit-set v0.5.3
[INFO] [stderr]    Compiling termtree v0.5.1
[INFO] [stderr]    Compiling deadpool-runtime v0.1.4
[INFO] [stderr]    Compiling either v1.13.0
[INFO] [stderr]    Compiling predicates-tree v1.0.12
[INFO] [stderr]    Compiling itertools v0.13.0
[INFO] [stderr]    Compiling rustls-pemfile v2.2.0
[INFO] [stderr]    Compiling encoding_rs v0.8.35
[INFO] [stderr]    Compiling predicates v3.1.3
[INFO] [stderr]    Compiling fragile v2.0.0
[INFO] [stderr]    Compiling mime v0.3.17
[INFO] [stderr]    Compiling http-body v1.0.1
[INFO] [stderr]    Compiling lazy_static v1.5.0
[INFO] [stderr]    Compiling ipnet v2.10.1
[INFO] [stderr]    Compiling downcast v0.11.0
[INFO] [stderr]    Compiling dotenvy v0.15.7
[INFO] [stderr]    Compiling time v0.3.37
[INFO] [stderr]    Compiling regex-automata v0.4.9
[INFO] [stderr]    Compiling regex v1.11.1
[INFO] [stderr]    Compiling fancy-regex v0.13.0
[INFO] [stderr]    Compiling synstructure v0.13.1
[INFO] [stderr]    Compiling darling_core v0.20.10
[INFO] [stderr]    Compiling zerofrom-derive v0.1.5
[INFO] [stderr]    Compiling yoke-derive v0.7.5
[INFO] [stderr]    Compiling zerovec-derive v0.10.3
[INFO] [stderr]    Compiling displaydoc v0.2.5
[INFO] [stderr]    Compiling tokio-macros v2.5.0
[INFO] [stderr]    Compiling futures-macro v0.3.31
[INFO] [stderr]    Compiling icu_provider_macros v1.5.0
[INFO] [stderr]    Compiling serde_derive v1.0.217
[INFO] [stderr]    Compiling openssl-macros v0.1.1
[INFO] [stderr]    Compiling async-trait v0.1.85
[INFO] [stderr]    Compiling thiserror-impl v2.0.11
[INFO] [stderr]    Compiling futures-util v0.3.31
[INFO] [stderr]    Compiling tokio v1.43.0
[INFO] [stderr]    Compiling zerofrom v0.1.5
[INFO] [stderr]    Compiling yoke v0.7.5
[INFO] [stderr]    Compiling zerovec v0.10.4
[INFO] [stderr]    Compiling darling_macro v0.20.10
[INFO] [stderr]    Compiling darling v0.20.10
[INFO] [stderr]    Compiling derive_builder_core v0.20.2
[INFO] [stderr]    Compiling tinystr v0.7.6
[INFO] [stderr]    Compiling icu_collections v1.5.0
[INFO] [stderr]    Compiling icu_locid v1.5.0
[INFO] [stderr]    Compiling icu_provider v1.5.0
[INFO] [stderr]    Compiling derive_builder_macro v0.20.2
[INFO] [stderr]    Compiling mockall v0.13.1
[INFO] [stderr]    Compiling derive_builder v0.20.2
[INFO] [stderr]    Compiling zxcvbn v3.1.0
[INFO] [stderr]    Compiling icu_locid_transform v1.5.0
[INFO] [stderr]    Compiling icu_properties v1.5.1
[INFO] [stderr]    Compiling http-body-util v0.1.2
[INFO] [stderr]    Compiling futures-executor v0.3.31
[INFO] [stderr]    Compiling futures v0.3.31
[INFO] [stderr]    Compiling serde_urlencoded v0.7.1
[INFO] [stderr]    Compiling icu_normalizer v1.5.0
[INFO] [stderr]    Compiling idna_adapter v1.2.0
[INFO] [stderr]    Compiling idna v1.0.3
[INFO] [stderr]    Compiling tokio-util v0.7.13
[INFO] [stderr]    Compiling tokio-native-tls v0.3.1
[INFO] [stderr]    Compiling tower v0.5.2
[INFO] [stderr]    Compiling deadpool v0.10.0
[INFO] [stderr]    Compiling assert-json-diff v2.0.2
[INFO] [stderr]    Compiling url v2.5.4
[INFO] [stderr]    Compiling h2 v0.4.7
[INFO] [stderr]    Compiling hyper v1.5.2
[INFO] [stderr]    Compiling hyper-util v0.1.10
[INFO] [stderr]    Compiling hyper-tls v0.6.0
[INFO] [stderr]    Compiling wiremock v0.6.2
[INFO] [stderr]    Compiling reqwest v0.12.12
[INFO] [stderr]    Compiling leeca_proxmox v0.1.1 (/opt/rustwide/workdir)
[INFO] [stdout] warning: fields `proxmox_host`, `proxmox_port`, and `proxmox_secure` are never read
[INFO] [stdout]   --> src/core/domain/model/proxmox_connection.rs:9:5
[INFO] [stdout]    |
[INFO] [stdout] 8  | pub struct ProxmoxConnection {
[INFO] [stdout]    |            ----------------- fields in this struct
[INFO] [stdout] 9  |     proxmox_host: ProxmoxHost,
[INFO] [stdout]    |     ^^^^^^^^^^^^
[INFO] [stdout] 10 |     proxmox_port: ProxmoxPort,
[INFO] [stdout]    |     ^^^^^^^^^^^^
[INFO] [stdout] ...
[INFO] [stdout] 14 |     proxmox_secure: bool, // TODO: Make this a value object (or force only https)
[INFO] [stdout]    |     ^^^^^^^^^^^^^^
[INFO] [stdout]    |
[INFO] [stdout]    = note: `#[warn(dead_code)]` on by default
[INFO] [stdout] 
[INFO] [stdout] 
[INFO] [stdout] warning: methods `proxmox_host`, `proxmox_port`, and `is_connection_secure` are never used
[INFO] [stdout]   --> src/core/domain/model/proxmox_connection.rs:42:12
[INFO] [stdout]    |
[INFO] [stdout] 19 | impl ProxmoxConnection {
[INFO] [stdout]    | ---------------------- methods in this implementation
[INFO] [stdout] ...
[INFO] [stdout] 42 |     pub fn proxmox_host(&self) -> &ProxmoxHost {
[INFO] [stdout]    |            ^^^^^^^^^^^^
[INFO] [stdout] ...
[INFO] [stdout] 46 |     pub fn proxmox_port(&self) -> &ProxmoxPort {
[INFO] [stdout]    |            ^^^^^^^^^^^^
[INFO] [stdout] ...
[INFO] [stdout] 62 |     pub fn is_connection_secure(&self) -> &bool {
[INFO] [stdout]    |            ^^^^^^^^^^^^^^^^^^^^
[INFO] [stdout] 
[INFO] [stdout] 
[INFO] [stdout] warning: field `proxmox_specific_ports` is never read
[INFO] [stdout]   --> src/core/domain/value_object/proxmox_port.rs:23:5
[INFO] [stdout]    |
[INFO] [stdout] 19 | pub struct ProxmoxPortConfig {
[INFO] [stdout]    |            ----------------- field in this struct
[INFO] [stdout] ...
[INFO] [stdout] 23 |     proxmox_specific_ports: HashSet<u16>,
[INFO] [stdout]    |     ^^^^^^^^^^^^^^^^^^^^^^
[INFO] [stdout]    |
[INFO] [stdout]    = note: `ProxmoxPortConfig` has derived impls for the traits `Clone` and `Debug`, but these are intentionally ignored during dead code analysis
[INFO] [stdout] 
[INFO] [stdout] 
[INFO] [stdout] warning: method `is_proxmox_port` is never used
[INFO] [stdout]   --> src/core/domain/value_object/proxmox_port.rs:48:12
[INFO] [stdout]    |
[INFO] [stdout] 26 | impl ProxmoxPortConfig {
[INFO] [stdout]    | ---------------------- method in this implementation
[INFO] [stdout] ...
[INFO] [stdout] 48 |     pub fn is_proxmox_port(&self, port: u16) -> bool {
[INFO] [stdout]    |            ^^^^^^^^^^^^^^^
[INFO] [stdout] 
[INFO] [stdout] 
[INFO] [stdout] warning: method `extract_credentials` is never used
[INFO] [stdout]   --> src/core/domain/value_object/proxmox_ticket.rs:92:18
[INFO] [stdout]    |
[INFO] [stdout] 32 | impl ProxmoxTicketConfig {
[INFO] [stdout]    | ------------------------ method in this implementation
[INFO] [stdout] ...
[INFO] [stdout] 92 |     pub async fn extract_credentials(
[INFO] [stdout]    |                  ^^^^^^^^^^^^^^^^^^^
[INFO] [stdout] 
[INFO] [stdout] 
[INFO] [stderr]     Finished `dev` profile [unoptimized + debuginfo] target(s) in 1m 07s
[INFO] running `Command { std: "docker" "inspect" "47c24c90a58b2f77cb3632e15a60aebd1f482f5ce499c6f00ad8aed6ed0a569a", kill_on_drop: false }`
[INFO] running `Command { std: "docker" "rm" "-f" "47c24c90a58b2f77cb3632e15a60aebd1f482f5ce499c6f00ad8aed6ed0a569a", kill_on_drop: false }`
[INFO] [stdout] 47c24c90a58b2f77cb3632e15a60aebd1f482f5ce499c6f00ad8aed6ed0a569a
[INFO] running `Command { std: "docker" "create" "-v" "/var/lib/crater-agent-workspace/builds/worker-0-tc2/target:/opt/rustwide/target:rw,Z" "-v" "/var/lib/crater-agent-workspace/builds/worker-0-tc2/source:/opt/rustwide/workdir:ro,Z" "-v" "/var/lib/crater-agent-workspace/cargo-home:/opt/rustwide/cargo-home:ro,Z" "-v" "/var/lib/crater-agent-workspace/rustup-home:/opt/rustwide/rustup-home:ro,Z" "-e" "SOURCE_DIR=/opt/rustwide/workdir" "-e" "CARGO_TARGET_DIR=/opt/rustwide/target" "-e" "CARGO_INCREMENTAL=0" "-e" "RUST_BACKTRACE=full" "-e" "RUSTFLAGS=--cap-lints=forbid -Zrandomize-layout" "-e" "RUSTDOCFLAGS=--cap-lints=forbid" "-e" "CARGO_HOME=/opt/rustwide/cargo-home" "-e" "RUSTUP_HOME=/opt/rustwide/rustup-home" "-w" "/opt/rustwide/workdir" "-m" "1610612736" "--user" "0:0" "--network" "none" "ghcr.io/rust-lang/crates-build-env/linux@sha256:819108c5571ea2e421544af4d832f968d213c87fbe3707a016657f43d2f853bc" "/opt/rustwide/cargo-home/bin/cargo" "+nightly-2025-01-18" "test" "--frozen" "--no-run" "--message-format=json", kill_on_drop: false }`
[INFO] [stdout] 740aa27785fe2891c6c1c5882cc4e26f05473c224b2b53bc326ede715c0a8afc
[INFO] running `Command { std: "docker" "start" "-a" "740aa27785fe2891c6c1c5882cc4e26f05473c224b2b53bc326ede715c0a8afc", kill_on_drop: false }`
[INFO] [stdout] warning: fields `proxmox_host`, `proxmox_port`, and `proxmox_secure` are never read
[INFO] [stdout]   --> src/core/domain/model/proxmox_connection.rs:9:5
[INFO] [stdout]    |
[INFO] [stdout] 8  | pub struct ProxmoxConnection {
[INFO] [stdout]    |            ----------------- fields in this struct
[INFO] [stdout] 9  |     proxmox_host: ProxmoxHost,
[INFO] [stdout]    |     ^^^^^^^^^^^^
[INFO] [stdout] 10 |     proxmox_port: ProxmoxPort,
[INFO] [stdout]    |     ^^^^^^^^^^^^
[INFO] [stdout] ...
[INFO] [stdout] 14 |     proxmox_secure: bool, // TODO: Make this a value object (or force only https)
[INFO] [stdout]    |     ^^^^^^^^^^^^^^
[INFO] [stdout]    |
[INFO] [stdout]    = note: `#[warn(dead_code)]` on by default
[INFO] [stdout] 
[INFO] [stdout] 
[INFO] [stdout] warning: methods `proxmox_host`, `proxmox_port`, and `is_connection_secure` are never used
[INFO] [stdout]   --> src/core/domain/model/proxmox_connection.rs:42:12
[INFO] [stdout]    |
[INFO] [stdout] 19 | impl ProxmoxConnection {
[INFO] [stdout]    | ---------------------- methods in this implementation
[INFO] [stdout] ...
[INFO] [stdout] 42 |     pub fn proxmox_host(&self) -> &ProxmoxHost {
[INFO] [stdout]    |            ^^^^^^^^^^^^
[INFO] [stdout] ...
[INFO] [stdout] 46 |     pub fn proxmox_port(&self) -> &ProxmoxPort {
[INFO] [stdout]    |            ^^^^^^^^^^^^
[INFO] [stdout] ...
[INFO] [stdout] 62 |     pub fn is_connection_secure(&self) -> &bool {
[INFO] [stdout]    |            ^^^^^^^^^^^^^^^^^^^^
[INFO] [stdout] 
[INFO] [stdout] 
[INFO] [stdout] warning: field `proxmox_specific_ports` is never read
[INFO] [stdout]   --> src/core/domain/value_object/proxmox_port.rs:23:5
[INFO] [stdout]    |
[INFO] [stdout] 19 | pub struct ProxmoxPortConfig {
[INFO] [stdout]    |            ----------------- field in this struct
[INFO] [stdout] ...
[INFO] [stdout] 23 |     proxmox_specific_ports: HashSet<u16>,
[INFO] [stdout]    |     ^^^^^^^^^^^^^^^^^^^^^^
[INFO] [stdout]    |
[INFO] [stdout]    = note: `ProxmoxPortConfig` has derived impls for the traits `Clone` and `Debug`, but these are intentionally ignored during dead code analysis
[INFO] [stdout] 
[INFO] [stdout] 
[INFO] [stderr]    Compiling leeca_proxmox v0.1.1 (/opt/rustwide/workdir)
[INFO] [stdout] warning: method `is_proxmox_port` is never used
[INFO] [stdout]   --> src/core/domain/value_object/proxmox_port.rs:48:12
[INFO] [stdout]    |
[INFO] [stdout] 26 | impl ProxmoxPortConfig {
[INFO] [stdout]    | ---------------------- method in this implementation
[INFO] [stdout] ...
[INFO] [stdout] 48 |     pub fn is_proxmox_port(&self, port: u16) -> bool {
[INFO] [stdout]    |            ^^^^^^^^^^^^^^^
[INFO] [stdout] 
[INFO] [stdout] 
[INFO] [stdout] warning: method `extract_credentials` is never used
[INFO] [stdout]   --> src/core/domain/value_object/proxmox_ticket.rs:92:18
[INFO] [stdout]    |
[INFO] [stdout] 32 | impl ProxmoxTicketConfig {
[INFO] [stdout]    | ------------------------ method in this implementation
[INFO] [stdout] ...
[INFO] [stdout] 92 |     pub async fn extract_credentials(
[INFO] [stdout]    |                  ^^^^^^^^^^^^^^^^^^^
[INFO] [stdout] 
[INFO] [stdout] 
[INFO] [stdout] warning: fields `proxmox_host` and `proxmox_secure` are never read
[INFO] [stdout]   --> src/core/domain/model/proxmox_connection.rs:9:5
[INFO] [stdout]    |
[INFO] [stdout] 8  | pub struct ProxmoxConnection {
[INFO] [stdout]    |            ----------------- fields in this struct
[INFO] [stdout] 9  |     proxmox_host: ProxmoxHost,
[INFO] [stdout]    |     ^^^^^^^^^^^^
[INFO] [stdout] ...
[INFO] [stdout] 14 |     proxmox_secure: bool, // TODO: Make this a value object (or force only https)
[INFO] [stdout]    |     ^^^^^^^^^^^^^^
[INFO] [stdout]    |
[INFO] [stdout]    = note: `#[warn(dead_code)]` on by default
[INFO] [stdout] 
[INFO] [stdout] 
[INFO] [stdout] warning: methods `proxmox_host` and `is_connection_secure` are never used
[INFO] [stdout]   --> src/core/domain/model/proxmox_connection.rs:42:12
[INFO] [stdout]    |
[INFO] [stdout] 19 | impl ProxmoxConnection {
[INFO] [stdout]    | ---------------------- methods in this implementation
[INFO] [stdout] ...
[INFO] [stdout] 42 |     pub fn proxmox_host(&self) -> &ProxmoxHost {
[INFO] [stdout]    |            ^^^^^^^^^^^^
[INFO] [stdout] ...
[INFO] [stdout] 62 |     pub fn is_connection_secure(&self) -> &bool {
[INFO] [stdout]    |            ^^^^^^^^^^^^^^^^^^^^
[INFO] [stdout] 
[INFO] [stdout] 
[INFO] [stdout] warning: method `extract_credentials` is never used
[INFO] [stdout]   --> src/core/domain/value_object/proxmox_ticket.rs:92:18
[INFO] [stdout]    |
[INFO] [stdout] 32 | impl ProxmoxTicketConfig {
[INFO] [stdout]    | ------------------------ method in this implementation
[INFO] [stdout] ...
[INFO] [stdout] 92 |     pub async fn extract_credentials(
[INFO] [stdout]    |                  ^^^^^^^^^^^^^^^^^^^
[INFO] [stdout] 
[INFO] [stdout] 
[INFO] [stderr]     Finished `test` profile [unoptimized + debuginfo] target(s) in 3.50s
[INFO] running `Command { std: "docker" "inspect" "740aa27785fe2891c6c1c5882cc4e26f05473c224b2b53bc326ede715c0a8afc", kill_on_drop: false }`
[INFO] running `Command { std: "docker" "rm" "-f" "740aa27785fe2891c6c1c5882cc4e26f05473c224b2b53bc326ede715c0a8afc", kill_on_drop: false }`
[INFO] [stdout] 740aa27785fe2891c6c1c5882cc4e26f05473c224b2b53bc326ede715c0a8afc
[INFO] running `Command { std: "docker" "create" "-v" "/var/lib/crater-agent-workspace/builds/worker-0-tc2/target:/opt/rustwide/target:rw,Z" "-v" "/var/lib/crater-agent-workspace/builds/worker-0-tc2/source:/opt/rustwide/workdir:ro,Z" "-v" "/var/lib/crater-agent-workspace/cargo-home:/opt/rustwide/cargo-home:ro,Z" "-v" "/var/lib/crater-agent-workspace/rustup-home:/opt/rustwide/rustup-home:ro,Z" "-e" "SOURCE_DIR=/opt/rustwide/workdir" "-e" "CARGO_TARGET_DIR=/opt/rustwide/target" "-e" "CARGO_INCREMENTAL=0" "-e" "RUST_BACKTRACE=full" "-e" "RUSTFLAGS=--cap-lints=forbid -Zrandomize-layout" "-e" "RUSTDOCFLAGS=--cap-lints=forbid" "-e" "CARGO_HOME=/opt/rustwide/cargo-home" "-e" "RUSTUP_HOME=/opt/rustwide/rustup-home" "-w" "/opt/rustwide/workdir" "-m" "1610612736" "--user" "0:0" "--network" "none" "ghcr.io/rust-lang/crates-build-env/linux@sha256:819108c5571ea2e421544af4d832f968d213c87fbe3707a016657f43d2f853bc" "/opt/rustwide/cargo-home/bin/cargo" "+nightly-2025-01-18" "test" "--frozen", kill_on_drop: false }`
[INFO] [stdout] 02b07e640758db5afe19401325253071d6dd8a602e2f6ff8d1370b87ad16f0e0
[INFO] running `Command { std: "docker" "start" "-a" "02b07e640758db5afe19401325253071d6dd8a602e2f6ff8d1370b87ad16f0e0", kill_on_drop: false }`
[INFO] [stderr] warning: fields `proxmox_host`, `proxmox_port`, and `proxmox_secure` are never read
[INFO] [stderr]   --> src/core/domain/model/proxmox_connection.rs:9:5
[INFO] [stderr]    |
[INFO] [stderr] 8  | pub struct ProxmoxConnection {
[INFO] [stderr]    |            ----------------- fields in this struct
[INFO] [stderr] 9  |     proxmox_host: ProxmoxHost,
[INFO] [stderr]    |     ^^^^^^^^^^^^
[INFO] [stderr] 10 |     proxmox_port: ProxmoxPort,
[INFO] [stderr]    |     ^^^^^^^^^^^^
[INFO] [stderr] ...
[INFO] [stderr] 14 |     proxmox_secure: bool, // TODO: Make this a value object (or force only https)
[INFO] [stderr]    |     ^^^^^^^^^^^^^^
[INFO] [stderr]    |
[INFO] [stderr]    = note: `#[warn(dead_code)]` on by default
[INFO] [stderr] 
[INFO] [stderr] warning: methods `proxmox_host`, `proxmox_port`, and `is_connection_secure` are never used
[INFO] [stderr]   --> src/core/domain/model/proxmox_connection.rs:42:12
[INFO] [stderr]    |
[INFO] [stderr] 19 | impl ProxmoxConnection {
[INFO] [stderr]    | ---------------------- methods in this implementation
[INFO] [stderr] ...
[INFO] [stderr] 42 |     pub fn proxmox_host(&self) -> &ProxmoxHost {
[INFO] [stderr]    |            ^^^^^^^^^^^^
[INFO] [stderr] ...
[INFO] [stderr] 46 |     pub fn proxmox_port(&self) -> &ProxmoxPort {
[INFO] [stderr]    |            ^^^^^^^^^^^^
[INFO] [stderr] ...
[INFO] [stderr] 62 |     pub fn is_connection_secure(&self) -> &bool {
[INFO] [stderr]    |            ^^^^^^^^^^^^^^^^^^^^
[INFO] [stderr] 
[INFO] [stderr] warning: field `proxmox_specific_ports` is never read
[INFO] [stderr]   --> src/core/domain/value_object/proxmox_port.rs:23:5
[INFO] [stderr]    |
[INFO] [stderr] 19 | pub struct ProxmoxPortConfig {
[INFO] [stderr]    |            ----------------- field in this struct
[INFO] [stderr] ...
[INFO] [stderr] 23 |     proxmox_specific_ports: HashSet<u16>,
[INFO] [stderr]    |     ^^^^^^^^^^^^^^^^^^^^^^
[INFO] [stderr]    |
[INFO] [stderr]    = note: `ProxmoxPortConfig` has derived impls for the traits `Clone` and `Debug`, but these are intentionally ignored during dead code analysis
[INFO] [stderr] 
[INFO] [stderr] warning: method `is_proxmox_port` is never used
[INFO] [stderr]   --> src/core/domain/value_object/proxmox_port.rs:48:12
[INFO] [stderr]    |
[INFO] [stderr] 26 | impl ProxmoxPortConfig {
[INFO] [stderr]    | ---------------------- method in this implementation
[INFO] [stderr] ...
[INFO] [stderr] 48 |     pub fn is_proxmox_port(&self, port: u16) -> bool {
[INFO] [stderr]    |            ^^^^^^^^^^^^^^^
[INFO] [stderr] 
[INFO] [stderr] warning: method `extract_credentials` is never used
[INFO] [stderr]   --> src/core/domain/value_object/proxmox_ticket.rs:92:18
[INFO] [stderr]    |
[INFO] [stderr] 32 | impl ProxmoxTicketConfig {
[INFO] [stderr]    | ------------------------ method in this implementation
[INFO] [stderr] ...
[INFO] [stderr] 92 |     pub async fn extract_credentials(
[INFO] [stderr]    |                  ^^^^^^^^^^^^^^^^^^^
[INFO] [stderr] 
[INFO] [stderr] warning: fields `proxmox_host` and `proxmox_secure` are never read
[INFO] [stderr]   --> src/core/domain/model/proxmox_connection.rs:9:5
[INFO] [stderr]    |
[INFO] [stderr] 8  | pub struct ProxmoxConnection {
[INFO] [stderr]    |            ----------------- fields in this struct
[INFO] [stderr] 9  |     proxmox_host: ProxmoxHost,
[INFO] [stderr]    |     ^^^^^^^^^^^^
[INFO] [stderr] ...
[INFO] [stderr] 14 |     proxmox_secure: bool, // TODO: Make this a value object (or force only https)
[INFO] [stderr]    |     ^^^^^^^^^^^^^^
[INFO] [stderr]    |
[INFO] [stderr]    = note: `#[warn(dead_code)]` on by default
[INFO] [stderr] 
[INFO] [stderr] warning: methods `proxmox_host` and `is_connection_secure` are never used
[INFO] [stderr]   --> src/core/domain/model/proxmox_connection.rs:42:12
[INFO] [stderr]    |
[INFO] [stderr] 19 | impl ProxmoxConnection {
[INFO] [stderr]    | ---------------------- methods in this implementation
[INFO] [stderr] ...
[INFO] [stderr] 42 |     pub fn proxmox_host(&self) -> &ProxmoxHost {
[INFO] [stderr]    |            ^^^^^^^^^^^^
[INFO] [stderr] ...
[INFO] [stderr] 62 |     pub fn is_connection_secure(&self) -> &bool {
[INFO] [stderr]    |            ^^^^^^^^^^^^^^^^^^^^
[INFO] [stderr] 
[INFO] [stderr] warning: `leeca_proxmox` (lib) generated 5 warnings
[INFO] [stderr] warning: `leeca_proxmox` (lib test) generated 3 warnings (1 duplicate)
[INFO] [stderr]     Finished `test` profile [unoptimized + debuginfo] target(s) in 0.20s
[INFO] [stderr]      Running unittests src/lib.rs (/opt/rustwide/target/debug/deps/leeca_proxmox-7f7fc399c23d3844)
[INFO] [stdout] 
[INFO] [stdout] running 34 tests
[INFO] [stdout] test core::domain::value_object::proxmox_csrf_token::tests::test_valid_tokens ... ok
[INFO] [stdout] test core::domain::value_object::proxmox_csrf_token::tests::test_token_id_extraction ... ok
[INFO] [stdout] test core::domain::value_object::proxmox_host::tests::test_valid_hostnames ... ok
[INFO] [stdout] test core::domain::value_object::proxmox_csrf_token::tests::test_header_format ... ok
[INFO] [stdout] test core::domain::value_object::proxmox_port::tests::test_valid_ports ... ok
[INFO] [stdout] test core::domain::value_object::proxmox_port::tests::test_proxmox_specific_ports ... ok
[INFO] [stdout] test core::domain::value_object::proxmox_realm::tests::test_valid_realms ... ok
[INFO] [stdout] test core::domain::value_object::proxmox_ticket::tests::test_ticket_expiration ... ok
[INFO] [stdout] test core::domain::value_object::proxmox_ticket::tests::test_cookie_header ... ok
[INFO] [stdout] test core::domain::value_object::proxmox_csrf_token::tests::test_concurrent_access ... ok
[INFO] [stdout] test core::domain::value_object::proxmox_ticket::tests::test_user_realm_extraction ... ok
[INFO] [stdout] test core::domain::value_object::proxmox_realm::tests::test_concurrent_access ... ok
[INFO] [stdout] test core::domain::value_object::proxmox_uri::tests::test_url_composition ... ok
[INFO] [stdout] test core::domain::value_object::proxmox_ticket::tests::test_valid_tickets ... ok
[INFO] [stdout] test core::domain::value_object::proxmox_uri::tests::test_valid_urls ... ok
[INFO] [stdout] test core::domain::value_object::proxmox_uri::tests::test_scheme_validation ... ok
[INFO] [stdout] test core::domain::value_object::proxmox_username::tests::test_update ... ok
[INFO] [stdout] test core::domain::value_object::proxmox_username::tests::test_valid_usernames ... ok
[INFO] [stdout] test core::domain::value_object::proxmox_username::tests::test_concurrent_access ... ok
[INFO] [stdout] test auth::application::service::login_service::tests::test_login_invalid_endpoint ... FAILED
[INFO] [stdout] test core::domain::value_object::proxmox_host::tests::test_invalid_hostnames ... ok
[INFO] [stdout] test core::domain::value_object::proxmox_password::tests::test_invalid_passwords ... ok
[INFO] [stdout] test core::domain::value_object::proxmox_host::tests::test_concurrent_access ... FAILED
[INFO] [stdout] test core::domain::value_object::proxmox_host::tests::test_dns_timeout ... ok
[INFO] [stdout] test core::domain::value_object::proxmox_realm::tests::test_invalid_realms ... ok
[INFO] [stdout] test core::domain::value_object::proxmox_uri::tests::test_api_paths ... ok
[INFO] [stdout] test tests::test_client_builder ... FAILED
[INFO] [stdout] test core::domain::value_object::proxmox_ticket::tests::test_invalid_tickets ... ok
[INFO] [stdout] test core::domain::value_object::proxmox_port::tests::test_invalid_ports ... ok
[INFO] [stdout] test core::domain::value_object::proxmox_username::tests::test_invalid_usernames ... ok
[INFO] [stdout] test core::domain::value_object::proxmox_uri::tests::test_invalid_urls ... ok
[INFO] [stdout] test core::domain::value_object::proxmox_csrf_token::tests::test_invalid_tokens ... ok
[INFO] [stdout] test core::domain::value_object::proxmox_password::tests::test_password_entropy ... ok
[INFO] [stdout] test core::domain::value_object::proxmox_password::tests::test_valid_passwords ... ok
[INFO] [stdout] 
[INFO] [stdout] failures:
[INFO] [stdout] 
[INFO] [stdout] ---- auth::application::service::login_service::tests::test_login_invalid_endpoint stdout ----
[INFO] [stdout] 
[INFO] [stdout] thread 'auth::application::service::login_service::tests::test_login_invalid_endpoint' panicked at src/auth/application/service/login_service.rs:132:55:
[INFO] [stdout] called `Result::unwrap()` on an `Err` value: NotPresent
[INFO] [stdout] stack backtrace:
[INFO] [stdout]    0:     0x62f815cd6e1a - std::backtrace_rs::backtrace::libunwind::trace::hb059275cfc8d6126
[INFO] [stdout]                                at /rustc/6067b36314ab5eb2eb47cecc464545ba58e1ad24/library/std/src/../../backtrace/src/backtrace/libunwind.rs:116:5
[INFO] [stdout]    1:     0x62f815cd6e1a - std::backtrace_rs::backtrace::trace_unsynchronized::h2da071e4327ce3ee
[INFO] [stdout]                                at /rustc/6067b36314ab5eb2eb47cecc464545ba58e1ad24/library/std/src/../../backtrace/src/backtrace/mod.rs:66:5
[INFO] [stdout]    2:     0x62f815cd6e1a - std::sys::backtrace::_print_fmt::h842a1474e6f8d23f
[INFO] [stdout]                                at /rustc/6067b36314ab5eb2eb47cecc464545ba58e1ad24/library/std/src/sys/backtrace.rs:66:9
[INFO] [stdout]    3:     0x62f815cd6e1a - <std::sys::backtrace::BacktraceLock::print::DisplayBacktrace as core::fmt::Display>::fmt::h71a62eb3b9696b12
[INFO] [stdout]                                at /rustc/6067b36314ab5eb2eb47cecc464545ba58e1ad24/library/std/src/sys/backtrace.rs:39:26
[INFO] [stdout]    4:     0x62f815d03123 - core::fmt::rt::Argument::fmt::hdb6b616786b41dc1
[INFO] [stdout]                                at /rustc/6067b36314ab5eb2eb47cecc464545ba58e1ad24/library/core/src/fmt/rt.rs:177:76
[INFO] [stdout]    5:     0x62f815d03123 - core::fmt::write::h2cc1698af7e2d686
[INFO] [stdout]                                at /rustc/6067b36314ab5eb2eb47cecc464545ba58e1ad24/library/core/src/fmt/mod.rs:1440:21
[INFO] [stdout]    6:     0x62f815cd28c3 - std::io::Write::write_fmt::hab1b4cd059a79022
[INFO] [stdout]                                at /rustc/6067b36314ab5eb2eb47cecc464545ba58e1ad24/library/std/src/io/mod.rs:1887:15
[INFO] [stdout]    7:     0x62f815cd6c62 - std::sys::backtrace::BacktraceLock::print::h147fe35b4ea13b08
[INFO] [stdout]                                at /rustc/6067b36314ab5eb2eb47cecc464545ba58e1ad24/library/std/src/sys/backtrace.rs:42:9
[INFO] [stdout]    8:     0x62f815cd823f - std::panicking::default_hook::{{closure}}::hbd44223dbdc0d208
[INFO] [stdout]                                at /rustc/6067b36314ab5eb2eb47cecc464545ba58e1ad24/library/std/src/panicking.rs:298:22
[INFO] [stdout]    9:     0x62f815cd8058 - std::panicking::default_hook::h20f81eb0576efcec
[INFO] [stdout]                                at /rustc/6067b36314ab5eb2eb47cecc464545ba58e1ad24/library/std/src/panicking.rs:322:9
[INFO] [stdout]   10:     0x62f81554a983 - <alloc::boxed::Box<F,A> as core::ops::function::Fn<Args>>::call::hdb53814c496a4d34
[INFO] [stdout]                                at /rustc/6067b36314ab5eb2eb47cecc464545ba58e1ad24/library/alloc/src/boxed.rs:2027:9
[INFO] [stdout]   11:     0x62f81554a983 - test::test_main::{{closure}}::hc0a4963c59427c24
[INFO] [stdout]                                at /rustc/6067b36314ab5eb2eb47cecc464545ba58e1ad24/library/test/src/lib.rs:134:21
[INFO] [stdout]   12:     0x62f815cd8d33 - <alloc::boxed::Box<F,A> as core::ops::function::Fn<Args>>::call::h591b2225413a77e9
[INFO] [stdout]                                at /rustc/6067b36314ab5eb2eb47cecc464545ba58e1ad24/library/alloc/src/boxed.rs:2027:9
[INFO] [stdout]   13:     0x62f815cd8d33 - std::panicking::rust_panic_with_hook::h625eea43051b2edc
[INFO] [stdout]                                at /rustc/6067b36314ab5eb2eb47cecc464545ba58e1ad24/library/std/src/panicking.rs:839:13
[INFO] [stdout]   14:     0x62f815cd89ea - std::panicking::begin_panic_handler::{{closure}}::h4f9159cfbc3f6bd3
[INFO] [stdout]                                at /rustc/6067b36314ab5eb2eb47cecc464545ba58e1ad24/library/std/src/panicking.rs:704:13
[INFO] [stdout]   15:     0x62f815cd7319 - std::sys::backtrace::__rust_end_short_backtrace::h0390abce48353151
[INFO] [stdout]                                at /rustc/6067b36314ab5eb2eb47cecc464545ba58e1ad24/library/std/src/sys/backtrace.rs:168:18
[INFO] [stdout]   16:     0x62f815cd867d - rust_begin_unwind
[INFO] [stdout]                                at /rustc/6067b36314ab5eb2eb47cecc464545ba58e1ad24/library/std/src/panicking.rs:695:5
[INFO] [stdout]   17:     0x62f815d012f0 - core::panicking::panic_fmt::h9e7c637e9e5f29c9
[INFO] [stdout]                                at /rustc/6067b36314ab5eb2eb47cecc464545ba58e1ad24/library/core/src/panicking.rs:75:14
[INFO] [stdout]   18:     0x62f815d017c6 - core::result::unwrap_failed::h7979f09313fe1849
[INFO] [stdout]                                at /rustc/6067b36314ab5eb2eb47cecc464545ba58e1ad24/library/core/src/result.rs:1704:5
[INFO] [stdout]   19:     0x62f815499b09 - core::result::Result<T,E>::unwrap::h922635284af01e85
[INFO] [stdout]                                at /rustc/6067b36314ab5eb2eb47cecc464545ba58e1ad24/library/core/src/result.rs:1109:23
[INFO] [stdout]   20:     0x62f815499b09 - leeca_proxmox::auth::application::service::login_service::tests::setup_connection::{{closure}}::h40ca4673ec62bfbc
[INFO] [stdout]                                at /opt/rustwide/workdir/src/auth/application/service/login_service.rs:132:30
[INFO] [stdout]   21:     0x62f81549e141 - leeca_proxmox::auth::application::service::login_service::tests::test_login_invalid_endpoint::{{closure}}::h9575796289ba61dc
[INFO] [stdout]                                at /opt/rustwide/workdir/src/auth/application/service/login_service.rs:181:45
[INFO] [stdout]   22:     0x62f815498422 - <core::pin::Pin<P> as core::future::future::Future>::poll::ha73c98966a30dbd3
[INFO] [stdout]                                at /rustc/6067b36314ab5eb2eb47cecc464545ba58e1ad24/library/core/src/future/future.rs:124:9
[INFO] [stdout]   23:     0x62f81549839d - <core::pin::Pin<P> as core::future::future::Future>::poll::h9bd70de8390f74fd
[INFO] [stdout]                                at /rustc/6067b36314ab5eb2eb47cecc464545ba58e1ad24/library/core/src/future/future.rs:124:9
[INFO] [stdout]   24:     0x62f8154fc75f - tokio::runtime::scheduler::current_thread::CoreGuard::block_on::{{closure}}::{{closure}}::{{closure}}::he7affd7b979f3b99
[INFO] [stdout]                                at /opt/rustwide/cargo-home/registry/src/index.crates.io-1949cf8c6b5b557f/tokio-1.43.0/src/runtime/scheduler/current_thread/mod.rs:729:57
[INFO] [stdout]   25:     0x62f8154fc665 - tokio::runtime::coop::with_budget::h340455d4291b92ee
[INFO] [stdout]                                at /opt/rustwide/cargo-home/registry/src/index.crates.io-1949cf8c6b5b557f/tokio-1.43.0/src/runtime/coop.rs:107:5
[INFO] [stdout]   26:     0x62f8154fc665 - tokio::runtime::coop::budget::hdba748e2177854b2
[INFO] [stdout]                                at /opt/rustwide/cargo-home/registry/src/index.crates.io-1949cf8c6b5b557f/tokio-1.43.0/src/runtime/coop.rs:73:5
[INFO] [stdout]   27:     0x62f8154fc665 - tokio::runtime::scheduler::current_thread::CoreGuard::block_on::{{closure}}::{{closure}}::hd6a36b18888f40b4
[INFO] [stdout]                                at /opt/rustwide/cargo-home/registry/src/index.crates.io-1949cf8c6b5b557f/tokio-1.43.0/src/runtime/scheduler/current_thread/mod.rs:729:25
[INFO] [stdout]   28:     0x62f8154f9cfc - tokio::runtime::scheduler::current_thread::Context::enter::h4438d9c812c224a0
[INFO] [stdout]                                at /opt/rustwide/cargo-home/registry/src/index.crates.io-1949cf8c6b5b557f/tokio-1.43.0/src/runtime/scheduler/current_thread/mod.rs:428:19
[INFO] [stdout]   29:     0x62f8154fb49b - tokio::runtime::scheduler::current_thread::CoreGuard::block_on::{{closure}}::h36bd448f0615d1be
[INFO] [stdout]                                at /opt/rustwide/cargo-home/registry/src/index.crates.io-1949cf8c6b5b557f/tokio-1.43.0/src/runtime/scheduler/current_thread/mod.rs:728:36
[INFO] [stdout]   30:     0x62f8154fb1a4 - tokio::runtime::scheduler::current_thread::CoreGuard::enter::{{closure}}::h620317c0aff5c18c
[INFO] [stdout]                                at /opt/rustwide/cargo-home/registry/src/index.crates.io-1949cf8c6b5b557f/tokio-1.43.0/src/runtime/scheduler/current_thread/mod.rs:807:68
[INFO] [stdout]   31:     0x62f8154f169b - tokio::runtime::context::scoped::Scoped<T>::set::he9ba4da99e3de71f
[INFO] [stdout]                                at /opt/rustwide/cargo-home/registry/src/index.crates.io-1949cf8c6b5b557f/tokio-1.43.0/src/runtime/context/scoped.rs:40:9
[INFO] [stdout]   32:     0x62f8154e5f85 - tokio::runtime::context::set_scheduler::{{closure}}::hc277857afa48c7c8
[INFO] [stdout]                                at /opt/rustwide/cargo-home/registry/src/index.crates.io-1949cf8c6b5b557f/tokio-1.43.0/src/runtime/context.rs:180:26
[INFO] [stdout]   33:     0x62f8154e78e2 - std::thread::local::LocalKey<T>::try_with::h17044d9434ece836
[INFO] [stdout]                                at /rustc/6067b36314ab5eb2eb47cecc464545ba58e1ad24/library/std/src/thread/local.rs:308:12
[INFO] [stdout]   34:     0x62f8154e73ea - std::thread::local::LocalKey<T>::with::h5fef6a2d5a2ff0e9
[INFO] [stdout]                                at /rustc/6067b36314ab5eb2eb47cecc464545ba58e1ad24/library/std/src/thread/local.rs:272:9
[INFO] [stdout]   35:     0x62f8154e5efd - tokio::runtime::context::set_scheduler::hf4f38d4cf5ac8e97
[INFO] [stdout]                                at /opt/rustwide/cargo-home/registry/src/index.crates.io-1949cf8c6b5b557f/tokio-1.43.0/src/runtime/context.rs:180:9
[INFO] [stdout]   36:     0x62f8154fab2c - tokio::runtime::scheduler::current_thread::CoreGuard::enter::h48ae8f8096f28e8d
[INFO] [stdout]                                at /opt/rustwide/cargo-home/registry/src/index.crates.io-1949cf8c6b5b557f/tokio-1.43.0/src/runtime/scheduler/current_thread/mod.rs:807:27
[INFO] [stdout]   37:     0x62f8154fb1c3 - tokio::runtime::scheduler::current_thread::CoreGuard::block_on::h116ad91f572bc481
[INFO] [stdout]                                at /opt/rustwide/cargo-home/registry/src/index.crates.io-1949cf8c6b5b557f/tokio-1.43.0/src/runtime/scheduler/current_thread/mod.rs:716:19
[INFO] [stdout]   38:     0x62f8154f7d58 - tokio::runtime::scheduler::current_thread::CurrentThread::block_on::{{closure}}::he47fd1b172876ea5
[INFO] [stdout]                                at /opt/rustwide/cargo-home/registry/src/index.crates.io-1949cf8c6b5b557f/tokio-1.43.0/src/runtime/scheduler/current_thread/mod.rs:196:28
[INFO] [stdout]   39:     0x62f8154a8636 - tokio::runtime::context::runtime::enter_runtime::hd747d9dfff84c60c
[INFO] [stdout]                                at /opt/rustwide/cargo-home/registry/src/index.crates.io-1949cf8c6b5b557f/tokio-1.43.0/src/runtime/context/runtime.rs:65:16
[INFO] [stdout]   40:     0x62f8154f7681 - tokio::runtime::scheduler::current_thread::CurrentThread::block_on::h725dc67c14c39ce1
[INFO] [stdout]                                at /opt/rustwide/cargo-home/registry/src/index.crates.io-1949cf8c6b5b557f/tokio-1.43.0/src/runtime/scheduler/current_thread/mod.rs:184:9
[INFO] [stdout]   41:     0x62f8154f72b0 - tokio::runtime::runtime::Runtime::block_on_inner::hc1872fb4f9110c8b
[INFO] [stdout]                                at /opt/rustwide/cargo-home/registry/src/index.crates.io-1949cf8c6b5b557f/tokio-1.43.0/src/runtime/runtime.rs:368:47
[INFO] [stdout]   42:     0x62f8154f74a7 - tokio::runtime::runtime::Runtime::block_on::h07ef5e222d6b38db
[INFO] [stdout]                                at /opt/rustwide/cargo-home/registry/src/index.crates.io-1949cf8c6b5b557f/tokio-1.43.0/src/runtime/runtime.rs:342:13
[INFO] [stdout]   43:     0x62f81549dea1 - leeca_proxmox::auth::application::service::login_service::tests::test_login_invalid_endpoint::h1d1406df14dbc358
[INFO] [stdout]                                at /opt/rustwide/workdir/src/auth/application/service/login_service.rs:200:9
[INFO] [stdout]   44:     0x62f81549dd47 - leeca_proxmox::auth::application::service::login_service::tests::test_login_invalid_endpoint::{{closure}}::h79ba6da1d400914f
[INFO] [stdout]                                at /opt/rustwide/workdir/src/auth/application/service/login_service.rs:180:43
[INFO] [stdout]   45:     0x62f815474226 - core::ops::function::FnOnce::call_once::h39a674e97ca8b149
[INFO] [stdout]                                at /rustc/6067b36314ab5eb2eb47cecc464545ba58e1ad24/library/core/src/ops/function.rs:250:5
[INFO] [stdout]   46:     0x62f8155500db - core::ops::function::FnOnce::call_once::he27718dfdd183f43
[INFO] [stdout]                                at /rustc/6067b36314ab5eb2eb47cecc464545ba58e1ad24/library/core/src/ops/function.rs:250:5
[INFO] [stdout]   47:     0x62f8155500db - test::__rust_begin_short_backtrace::h4e84902998457a5d
[INFO] [stdout]                                at /rustc/6067b36314ab5eb2eb47cecc464545ba58e1ad24/library/test/src/lib.rs:632:18
[INFO] [stdout]   48:     0x62f81554f013 - test::run_test_in_process::{{closure}}::h7176fd18fc1feca0
[INFO] [stdout]                                at /rustc/6067b36314ab5eb2eb47cecc464545ba58e1ad24/library/test/src/lib.rs:655:60
[INFO] [stdout]   49:     0x62f81554f013 - <core::panic::unwind_safe::AssertUnwindSafe<F> as core::ops::function::FnOnce<()>>::call_once::hf79cff2a624d8cf7
[INFO] [stdout]                                at /rustc/6067b36314ab5eb2eb47cecc464545ba58e1ad24/library/core/src/panic/unwind_safe.rs:272:9
[INFO] [stdout]   50:     0x62f81554f013 - std::panicking::try::do_call::h3da0561d9ab99c25
[INFO] [stdout]                                at /rustc/6067b36314ab5eb2eb47cecc464545ba58e1ad24/library/std/src/panicking.rs:587:40
[INFO] [stdout]   51:     0x62f81554f013 - std::panicking::try::h41c9fa508bc61df6
[INFO] [stdout]                                at /rustc/6067b36314ab5eb2eb47cecc464545ba58e1ad24/library/std/src/panicking.rs:550:19
[INFO] [stdout]   52:     0x62f81554f013 - std::panic::catch_unwind::h6b3ff07bb5afad93
[INFO] [stdout]                                at /rustc/6067b36314ab5eb2eb47cecc464545ba58e1ad24/library/std/src/panic.rs:358:14
[INFO] [stdout]   53:     0x62f81554f013 - test::run_test_in_process::hc7253dd11b39b9f4
[INFO] [stdout]                                at /rustc/6067b36314ab5eb2eb47cecc464545ba58e1ad24/library/test/src/lib.rs:655:27
[INFO] [stdout]   54:     0x62f81554f013 - test::run_test::{{closure}}::hfb2007f8649c30bb
[INFO] [stdout]                                at /rustc/6067b36314ab5eb2eb47cecc464545ba58e1ad24/library/test/src/lib.rs:576:43
[INFO] [stdout]   55:     0x62f8155120f5 - test::run_test::{{closure}}::h56a17aa7a282a9f4
[INFO] [stdout]                                at /rustc/6067b36314ab5eb2eb47cecc464545ba58e1ad24/library/test/src/lib.rs:606:41
[INFO] [stdout]   56:     0x62f8155120f5 - std::sys::backtrace::__rust_begin_short_backtrace::hd2d2d2fb8e8c6aac
[INFO] [stdout]                                at /rustc/6067b36314ab5eb2eb47cecc464545ba58e1ad24/library/std/src/sys/backtrace.rs:152:18
[INFO] [stdout]   57:     0x62f8155159da - std::thread::Builder::spawn_unchecked_::{{closure}}::{{closure}}::h4faa3f9db6133423
[INFO] [stdout]                                at /rustc/6067b36314ab5eb2eb47cecc464545ba58e1ad24/library/std/src/thread/mod.rs:559:17
[INFO] [stdout]   58:     0x62f8155159da - <core::panic::unwind_safe::AssertUnwindSafe<F> as core::ops::function::FnOnce<()>>::call_once::hf2e855a36a4ea846
[INFO] [stdout]                                at /rustc/6067b36314ab5eb2eb47cecc464545ba58e1ad24/library/core/src/panic/unwind_safe.rs:272:9
[INFO] [stdout]   59:     0x62f8155159da - std::panicking::try::do_call::h2f73af3616c35465
[INFO] [stdout]                                at /rustc/6067b36314ab5eb2eb47cecc464545ba58e1ad24/library/std/src/panicking.rs:587:40
[INFO] [stdout]   60:     0x62f8155159da - std::panicking::try::hd1660ce9efadef5a
[INFO] [stdout]                                at /rustc/6067b36314ab5eb2eb47cecc464545ba58e1ad24/library/std/src/panicking.rs:550:19
[INFO] [stdout]   61:     0x62f8155159da - std::panic::catch_unwind::h5ee8d7823b8ca744
[INFO] [stdout]                                at /rustc/6067b36314ab5eb2eb47cecc464545ba58e1ad24/library/std/src/panic.rs:358:14
[INFO] [stdout]   62:     0x62f8155159da - std::thread::Builder::spawn_unchecked_::{{closure}}::h53c3a1894dce8407
[INFO] [stdout]                                at /rustc/6067b36314ab5eb2eb47cecc464545ba58e1ad24/library/std/src/thread/mod.rs:557:30
[INFO] [stdout]   63:     0x62f8155159da - core::ops::function::FnOnce::call_once{{vtable.shim}}::h048ce291ad4f62bf
[INFO] [stdout]                                at /rustc/6067b36314ab5eb2eb47cecc464545ba58e1ad24/library/core/src/ops/function.rs:250:5
[INFO] [stdout]   64:     0x62f815cdd0ab - <alloc::boxed::Box<F,A> as core::ops::function::FnOnce<Args>>::call_once::ha52bedf99a3b4981
[INFO] [stdout]                                at /rustc/6067b36314ab5eb2eb47cecc464545ba58e1ad24/library/alloc/src/boxed.rs:2013:9
[INFO] [stdout]   65:     0x62f815cdd0ab - <alloc::boxed::Box<F,A> as core::ops::function::FnOnce<Args>>::call_once::h567748934d80ccf8
[INFO] [stdout]                                at /rustc/6067b36314ab5eb2eb47cecc464545ba58e1ad24/library/alloc/src/boxed.rs:2013:9
[INFO] [stdout]   66:     0x62f815cdd0ab - std::sys::pal::unix::thread::Thread::new::thread_start::h2d970728ae887adc
[INFO] [stdout]                                at /rustc/6067b36314ab5eb2eb47cecc464545ba58e1ad24/library/std/src/sys/pal/unix/thread.rs:106:17
[INFO] [stdout]   67:     0x71eb9fe91ac3 - <unknown>
[INFO] [stdout]   68:     0x71eb9ff22a04 - clone
[INFO] [stdout]   69:                0x0 - <unknown>
[INFO] [stdout] 
[INFO] [stdout] ---- core::domain::value_object::proxmox_host::tests::test_concurrent_access stdout ----
[INFO] [stdout] 
[INFO] [stdout] thread 'core::domain::value_object::proxmox_host::tests::test_concurrent_access' panicked at src/core/domain/value_object/proxmox_host.rs:202:70:
[INFO] [stdout] called `Result::unwrap()` on an `Err` value: Validation { source: ConstraintViolation("DNS resolution failed: failed to lookup address information: Temporary failure in name resolution"), backtrace: Backtrace [{ fn: "leeca_proxmox::core::domain::value_object::base_value_object::ValueObject::new::{{closure}}::{{closure}}", file: "./src/core/domain/value_object/base_value_object.rs", line: 97 }, { fn: "core::result::Result<T,E>::map_err", file: "/rustc/6067b36314ab5eb2eb47cecc464545ba58e1ad24/library/core/src/result.rs", line: 856 }, { fn: "leeca_proxmox::core::domain::value_object::base_value_object::ValueObject::new::{{closure}}", file: "./src/core/domain/value_object/base_value_object.rs", line: 93 }, { fn: "<core::pin::Pin<P> as core::future::future::Future>::poll", file: "/rustc/6067b36314ab5eb2eb47cecc464545ba58e1ad24/library/core/src/future/future.rs", line: 124 }, { fn: "leeca_proxmox::core::domain::value_object::proxmox_host::ProxmoxHost::new::{{closure}}", file: "./src/core/domain/value_object/proxmox_host.rs", line: 102 }, { fn: "leeca_proxmox::core::domain::value_object::proxmox_host::tests::test_concurrent_access::{{closure}}", file: "./src/core/domain/value_object/proxmox_host.rs", line: 202 }, { fn: "<core::pin::Pin<P> as core::future::future::Future>::poll", file: "/rustc/6067b36314ab5eb2eb47cecc464545ba58e1ad24/library/core/src/future/future.rs", line: 124 }, { fn: "<core::pin::Pin<P> as core::future::future::Future>::poll", file: "/rustc/6067b36314ab5eb2eb47cecc464545ba58e1ad24/library/core/src/future/future.rs", line: 124 }, { fn: "tokio::runtime::scheduler::current_thread::CoreGuard::block_on::{{closure}}::{{closure}}::{{closure}}", file: "/opt/rustwide/cargo-home/registry/src/index.crates.io-1949cf8c6b5b557f/tokio-1.43.0/src/runtime/scheduler/current_thread/mod.rs", line: 729 }, { fn: "tokio::runtime::coop::with_budget", file: "/opt/rustwide/cargo-home/registry/src/index.crates.io-1949cf8c6b5b557f/tokio-1.43.0/src/runtime/coop.rs", line: 107 }, { fn: "tokio::runtime::coop::budget", file: "/opt/rustwide/cargo-home/registry/src/index.crates.io-1949cf8c6b5b557f/tokio-1.43.0/src/runtime/coop.rs", line: 73 }, { fn: "tokio::runtime::scheduler::current_thread::CoreGuard::block_on::{{closure}}::{{closure}}", file: "/opt/rustwide/cargo-home/registry/src/index.crates.io-1949cf8c6b5b557f/tokio-1.43.0/src/runtime/scheduler/current_thread/mod.rs", line: 729 }, { fn: "tokio::runtime::scheduler::current_thread::Context::enter", file: "/opt/rustwide/cargo-home/registry/src/index.crates.io-1949cf8c6b5b557f/tokio-1.43.0/src/runtime/scheduler/current_thread/mod.rs", line: 428 }, { fn: "tokio::runtime::scheduler::current_thread::CoreGuard::block_on::{{closure}}", file: "/opt/rustwide/cargo-home/registry/src/index.crates.io-1949cf8c6b5b557f/tokio-1.43.0/src/runtime/scheduler/current_thread/mod.rs", line: 728 }, { fn: "tokio::runtime::scheduler::current_thread::CoreGuard::enter::{{closure}}", file: "/opt/rustwide/cargo-home/registry/src/index.crates.io-1949cf8c6b5b557f/tokio-1.43.0/src/runtime/scheduler/current_thread/mod.rs", line: 807 }, { fn: "tokio::runtime::context::scoped::Scoped<T>::set", file: "/opt/rustwide/cargo-home/registry/src/index.crates.io-1949cf8c6b5b557f/tokio-1.43.0/src/runtime/context/scoped.rs", line: 40 }, { fn: "tokio::runtime::context::set_scheduler::{{closure}}", file: "/opt/rustwide/cargo-home/registry/src/index.crates.io-1949cf8c6b5b557f/tokio-1.43.0/src/runtime/context.rs", line: 180 }, { fn: "std::thread::local::LocalKey<T>::try_with", file: "/rustc/6067b36314ab5eb2eb47cecc464545ba58e1ad24/library/std/src/thread/local.rs", line: 308 }, { fn: "std::thread::local::LocalKey<T>::with", file: "/rustc/6067b36314ab5eb2eb47cecc464545ba58e1ad24/library/std/src/thread/local.rs", line: 272 }, { fn: "tokio::runtime::context::set_scheduler", file: "/opt/rustwide/cargo-home/registry/src/index.crates.io-1949cf8c6b5b557f/tokio-1.43.0/src/runtime/context.rs", line: 180 }, { fn: "tokio::runtime::scheduler::current_thread::CoreGuard::enter", file: "/opt/rustwide/cargo-home/registry/src/index.crates.io-1949cf8c6b5b557f/tokio-1.43.0/src/runtime/scheduler/current_thread/mod.rs", line: 807 }, { fn: "tokio::runtime::scheduler::current_thread::CoreGuard::block_on", file: "/opt/rustwide/cargo-home/registry/src/index.crates.io-1949cf8c6b5b557f/tokio-1.43.0/src/runtime/scheduler/current_thread/mod.rs", line: 716 }, { fn: "tokio::runtime::scheduler::current_thread::CurrentThread::block_on::{{closure}}", file: "/opt/rustwide/cargo-home/registry/src/index.crates.io-1949cf8c6b5b557f/tokio-1.43.0/src/runtime/scheduler/current_thread/mod.rs", line: 196 }, { fn: "tokio::runtime::context::runtime::enter_runtime", file: "/opt/rustwide/cargo-home/registry/src/index.crates.io-1949cf8c6b5b557f/tokio-1.43.0/src/runtime/context/runtime.rs", line: 65 }, { fn: "tokio::runtime::scheduler::current_thread::CurrentThread::block_on", file: "/opt/rustwide/cargo-home/registry/src/index.crates.io-1949cf8c6b5b557f/tokio-1.43.0/src/runtime/scheduler/current_thread/mod.rs", line: 184 }, { fn: "tokio::runtime::runtime::Runtime::block_on_inner", file: "/opt/rustwide/cargo-home/registry/src/index.crates.io-1949cf8c6b5b557f/tokio-1.43.0/src/runtime/runtime.rs", line: 368 }, { fn: "tokio::runtime::runtime::Runtime::block_on", file: "/opt/rustwide/cargo-home/registry/src/index.crates.io-1949cf8c6b5b557f/tokio-1.43.0/src/runtime/runtime.rs", line: 342 }, { fn: "leeca_proxmox::core::domain::value_object::proxmox_host::tests::test_concurrent_access", file: "./src/core/domain/value_object/proxmox_host.rs", line: 216 }, { fn: "leeca_proxmox::core::domain::value_object::proxmox_host::tests::test_concurrent_access::{{closure}}", file: "./src/core/domain/value_object/proxmox_host.rs", line: 201 }, { fn: "core::ops::function::FnOnce::call_once", file: "/rustc/6067b36314ab5eb2eb47cecc464545ba58e1ad24/library/core/src/ops/function.rs", line: 250 }, { fn: "core::ops::function::FnOnce::call_once", file: "/rustc/6067b36314ab5eb2eb47cecc464545ba58e1ad24/library/core/src/ops/function.rs", line: 250 }, { fn: "test::__rust_begin_short_backtrace", file: "/rustc/6067b36314ab5eb2eb47cecc464545ba58e1ad24/library/test/src/lib.rs", line: 632 }, { fn: "test::run_test_in_process::{{closure}}", file: "/rustc/6067b36314ab5eb2eb47cecc464545ba58e1ad24/library/test/src/lib.rs", line: 655 }, { fn: "<core::panic::unwind_safe::AssertUnwindSafe<F> as core::ops::function::FnOnce<()>>::call_once", file: "/rustc/6067b36314ab5eb2eb47cecc464545ba58e1ad24/library/core/src/panic/unwind_safe.rs", line: 272 }, { fn: "std::panicking::try::do_call", file: "/rustc/6067b36314ab5eb2eb47cecc464545ba58e1ad24/library/std/src/panicking.rs", line: 587 }, { fn: "std::panicking::try", file: "/rustc/6067b36314ab5eb2eb47cecc464545ba58e1ad24/library/std/src/panicking.rs", line: 550 }, { fn: "std::panic::catch_unwind", file: "/rustc/6067b36314ab5eb2eb47cecc464545ba58e1ad24/library/std/src/panic.rs", line: 358 }, { fn: "test::run_test_in_process", file: "/rustc/6067b36314ab5eb2eb47cecc464545ba58e1ad24/library/test/src/lib.rs", line: 655 }, { fn: "test::run_test::{{closure}}", file: "/rustc/6067b36314ab5eb2eb47cecc464545ba58e1ad24/library/test/src/lib.rs", line: 576 }, { fn: "test::run_test::{{closure}}", file: "/rustc/6067b36314ab5eb2eb47cecc464545ba58e1ad24/library/test/src/lib.rs", line: 606 }, { fn: "std::sys::backtrace::__rust_begin_short_backtrace", file: "/rustc/6067b36314ab5eb2eb47cecc464545ba58e1ad24/library/std/src/sys/backtrace.rs", line: 152 }, { fn: "std::thread::Builder::spawn_unchecked_::{{closure}}::{{closure}}", file: "/rustc/6067b36314ab5eb2eb47cecc464545ba58e1ad24/library/std/src/thread/mod.rs", line: 559 }, { fn: "<core::panic::unwind_safe::AssertUnwindSafe<F> as core::ops::function::FnOnce<()>>::call_once", file: "/rustc/6067b36314ab5eb2eb47cecc464545ba58e1ad24/library/core/src/panic/unwind_safe.rs", line: 272 }, { fn: "std::panicking::try::do_call", file: "/rustc/6067b36314ab5eb2eb47cecc464545ba58e1ad24/library/std/src/panicking.rs", line: 587 }, { fn: "std::panicking::try", file: "/rustc/6067b36314ab5eb2eb47cecc464545ba58e1ad24/library/std/src/panicking.rs", line: 550 }, { fn: "std::panic::catch_unwind", file: "/rustc/6067b36314ab5eb2eb47cecc464545ba58e1ad24/library/std/src/panic.rs", line: 358 }, { fn: "std::thread::Builder::spawn_unchecked_::{{closure}}", file: "/rustc/6067b36314ab5eb2eb47cecc464545ba58e1ad24/library/std/src/thread/mod.rs", line: 557 }, { fn: "core::ops::function::FnOnce::call_once{{vtable.shim}}", file: "/rustc/6067b36314ab5eb2eb47cecc464545ba58e1ad24/library/core/src/ops/function.rs", line: 250 }, { fn: "<alloc::boxed::Box<F,A> as core::ops::function::FnOnce<Args>>::call_once", file: "/rustc/6067b36314ab5eb2eb47cecc464545ba58e1ad24/library/alloc/src/boxed.rs", line: 2013 }, { fn: "<alloc::boxed::Box<F,A> as core::ops::function::FnOnce<Args>>::call_once", file: "/rustc/6067b36314ab5eb2eb47cecc464545ba58e1ad24/library/alloc/src/boxed.rs", line: 2013 }, { fn: "std::sys::pal::unix::thread::Thread::new::thread_start", file: "/rustc/6067b36314ab5eb2eb47cecc464545ba58e1ad24/library/std/src/sys/pal/unix/thread.rs", line: 106 }, { fn: "clone" }] }
[INFO] [stdout] stack backtrace:
[INFO] [stdout]    0:     0x62f815cd6e1a - std::backtrace_rs::backtrace::libunwind::trace::hb059275cfc8d6126
[INFO] [stdout]                                at /rustc/6067b36314ab5eb2eb47cecc464545ba58e1ad24/library/std/src/../../backtrace/src/backtrace/libunwind.rs:116:5
[INFO] [stdout]    1:     0x62f815cd6e1a - std::backtrace_rs::backtrace::trace_unsynchronized::h2da071e4327ce3ee
[INFO] [stdout]                                at /rustc/6067b36314ab5eb2eb47cecc464545ba58e1ad24/library/std/src/../../backtrace/src/backtrace/mod.rs:66:5
[INFO] [stdout]    2:     0x62f815cd6e1a - std::sys::backtrace::_print_fmt::h842a1474e6f8d23f
[INFO] [stdout]                                at /rustc/6067b36314ab5eb2eb47cecc464545ba58e1ad24/library/std/src/sys/backtrace.rs:66:9
[INFO] [stdout]    3:     0x62f815cd6e1a - <std::sys::backtrace::BacktraceLock::print::DisplayBacktrace as core::fmt::Display>::fmt::h71a62eb3b9696b12
[INFO] [stdout]                                at /rustc/6067b36314ab5eb2eb47cecc464545ba58e1ad24/library/std/src/sys/backtrace.rs:39:26
[INFO] [stdout]    4:     0x62f815d03123 - core::fmt::rt::Argument::fmt::hdb6b616786b41dc1
[INFO] [stdout]                                at /rustc/6067b36314ab5eb2eb47cecc464545ba58e1ad24/library/core/src/fmt/rt.rs:177:76
[INFO] [stdout]    5:     0x62f815d03123 - core::fmt::write::h2cc1698af7e2d686
[INFO] [stdout]                                at /rustc/6067b36314ab5eb2eb47cecc464545ba58e1ad24/library/core/src/fmt/mod.rs:1440:21
[INFO] [stdout]    6:     0x62f815cd28c3 - std::io::Write::write_fmt::hab1b4cd059a79022
[INFO] [stdout]                                at /rustc/6067b36314ab5eb2eb47cecc464545ba58e1ad24/library/std/src/io/mod.rs:1887:15
[INFO] [stdout]    7:     0x62f815cd6c62 - std::sys::backtrace::BacktraceLock::print::h147fe35b4ea13b08
[INFO] [stdout]                                at /rustc/6067b36314ab5eb2eb47cecc464545ba58e1ad24/library/std/src/sys/backtrace.rs:42:9
[INFO] [stdout]    8:     0x62f815cd823f - std::panicking::default_hook::{{closure}}::hbd44223dbdc0d208
[INFO] [stdout]                                at /rustc/6067b36314ab5eb2eb47cecc464545ba58e1ad24/library/std/src/panicking.rs:298:22
[INFO] [stdout]    9:     0x62f815cd8058 - std::panicking::default_hook::h20f81eb0576efcec
[INFO] [stdout]                                at /rustc/6067b36314ab5eb2eb47cecc464545ba58e1ad24/library/std/src/panicking.rs:322:9
[INFO] [stdout]   10:     0x62f81554a983 - <alloc::boxed::Box<F,A> as core::ops::function::Fn<Args>>::call::hdb53814c496a4d34
[INFO] [stdout]                                at /rustc/6067b36314ab5eb2eb47cecc464545ba58e1ad24/library/alloc/src/boxed.rs:2027:9
[INFO] [stdout]   11:     0x62f81554a983 - test::test_main::{{closure}}::hc0a4963c59427c24
[INFO] [stdout]                                at /rustc/6067b36314ab5eb2eb47cecc464545ba58e1ad24/library/test/src/lib.rs:134:21
[INFO] [stdout]   12:     0x62f815cd8d33 - <alloc::boxed::Box<F,A> as core::ops::function::Fn<Args>>::call::h591b2225413a77e9
[INFO] [stdout]                                at /rustc/6067b36314ab5eb2eb47cecc464545ba58e1ad24/library/alloc/src/boxed.rs:2027:9
[INFO] [stdout]   13:     0x62f815cd8d33 - std::panicking::rust_panic_with_hook::h625eea43051b2edc
[INFO] [stdout]                                at /rustc/6067b36314ab5eb2eb47cecc464545ba58e1ad24/library/std/src/panicking.rs:839:13
[INFO] [stdout]   14:     0x62f815cd89ea - std::panicking::begin_panic_handler::{{closure}}::h4f9159cfbc3f6bd3
[INFO] [stdout]                                at /rustc/6067b36314ab5eb2eb47cecc464545ba58e1ad24/library/std/src/panicking.rs:704:13
[INFO] [stdout]   15:     0x62f815cd7319 - std::sys::backtrace::__rust_end_short_backtrace::h0390abce48353151
[INFO] [stdout]                                at /rustc/6067b36314ab5eb2eb47cecc464545ba58e1ad24/library/std/src/sys/backtrace.rs:168:18
[INFO] [stdout]   16:     0x62f815cd867d - rust_begin_unwind
[INFO] [stdout]                                at /rustc/6067b36314ab5eb2eb47cecc464545ba58e1ad24/library/std/src/panicking.rs:695:5
[INFO] [stdout]   17:     0x62f815d012f0 - core::panicking::panic_fmt::h9e7c637e9e5f29c9
[INFO] [stdout]                                at /rustc/6067b36314ab5eb2eb47cecc464545ba58e1ad24/library/core/src/panicking.rs:75:14
[INFO] [stdout]   18:     0x62f815d017c6 - core::result::unwrap_failed::h7979f09313fe1849
[INFO] [stdout]                                at /rustc/6067b36314ab5eb2eb47cecc464545ba58e1ad24/library/core/src/result.rs:1704:5
[INFO] [stdout]   19:     0x62f81550fad0 - core::result::Result<T,E>::unwrap::h5bd94d4ce0cbc5e0
[INFO] [stdout]                                at /rustc/6067b36314ab5eb2eb47cecc464545ba58e1ad24/library/core/src/result.rs:1109:23
[INFO] [stdout]   20:     0x62f81550fad0 - leeca_proxmox::core::domain::value_object::proxmox_host::tests::test_concurrent_access::{{closure}}::h0d85a6d9bcfe1d65
[INFO] [stdout]                                at /opt/rustwide/workdir/src/core/domain/value_object/proxmox_host.rs:202:20
[INFO] [stdout]   21:     0x62f815498422 - <core::pin::Pin<P> as core::future::future::Future>::poll::ha73c98966a30dbd3
[INFO] [stdout]                                at /rustc/6067b36314ab5eb2eb47cecc464545ba58e1ad24/library/core/src/future/future.rs:124:9
[INFO] [stdout]   22:     0x62f81549839d - <core::pin::Pin<P> as core::future::future::Future>::poll::h9bd70de8390f74fd
[INFO] [stdout]                                at /rustc/6067b36314ab5eb2eb47cecc464545ba58e1ad24/library/core/src/future/future.rs:124:9
[INFO] [stdout]   23:     0x62f8154fc75f - tokio::runtime::scheduler::current_thread::CoreGuard::block_on::{{closure}}::{{closure}}::{{closure}}::he7affd7b979f3b99
[INFO] [stdout]                                at /opt/rustwide/cargo-home/registry/src/index.crates.io-1949cf8c6b5b557f/tokio-1.43.0/src/runtime/scheduler/current_thread/mod.rs:729:57
[INFO] [stdout]   24:     0x62f8154fc665 - tokio::runtime::coop::with_budget::h340455d4291b92ee
[INFO] [stdout]                                at /opt/rustwide/cargo-home/registry/src/index.crates.io-1949cf8c6b5b557f/tokio-1.43.0/src/runtime/coop.rs:107:5
[INFO] [stdout]   25:     0x62f8154fc665 - tokio::runtime::coop::budget::hdba748e2177854b2
[INFO] [stdout]                                at /opt/rustwide/cargo-home/registry/src/index.crates.io-1949cf8c6b5b557f/tokio-1.43.0/src/runtime/coop.rs:73:5
[INFO] [stdout]   26:     0x62f8154fc665 - tokio::runtime::scheduler::current_thread::CoreGuard::block_on::{{closure}}::{{closure}}::hd6a36b18888f40b4
[INFO] [stdout]                                at /opt/rustwide/cargo-home/registry/src/index.crates.io-1949cf8c6b5b557f/tokio-1.43.0/src/runtime/scheduler/current_thread/mod.rs:729:25
[INFO] [stdout]   27:     0x62f8154f9cfc - tokio::runtime::scheduler::current_thread::Context::enter::h4438d9c812c224a0
[INFO] [stdout]                                at /opt/rustwide/cargo-home/registry/src/index.crates.io-1949cf8c6b5b557f/tokio-1.43.0/src/runtime/scheduler/current_thread/mod.rs:428:19
[INFO] [stdout]   28:     0x62f8154fb49b - tokio::runtime::scheduler::current_thread::CoreGuard::block_on::{{closure}}::h36bd448f0615d1be
[INFO] [stdout]                                at /opt/rustwide/cargo-home/registry/src/index.crates.io-1949cf8c6b5b557f/tokio-1.43.0/src/runtime/scheduler/current_thread/mod.rs:728:36
[INFO] [stdout]   29:     0x62f8154fb1a4 - tokio::runtime::scheduler::current_thread::CoreGuard::enter::{{closure}}::h620317c0aff5c18c
[INFO] [stdout]                                at /opt/rustwide/cargo-home/registry/src/index.crates.io-1949cf8c6b5b557f/tokio-1.43.0/src/runtime/scheduler/current_thread/mod.rs:807:68
[INFO] [stdout]   30:     0x62f8154f169b - tokio::runtime::context::scoped::Scoped<T>::set::he9ba4da99e3de71f
[INFO] [stdout]                                at /opt/rustwide/cargo-home/registry/src/index.crates.io-1949cf8c6b5b557f/tokio-1.43.0/src/runtime/context/scoped.rs:40:9
[INFO] [stdout]   31:     0x62f8154e5f85 - tokio::runtime::context::set_scheduler::{{closure}}::hc277857afa48c7c8
[INFO] [stdout]                                at /opt/rustwide/cargo-home/registry/src/index.crates.io-1949cf8c6b5b557f/tokio-1.43.0/src/runtime/context.rs:180:26
[INFO] [stdout]   32:     0x62f8154e78e2 - std::thread::local::LocalKey<T>::try_with::h17044d9434ece836
[INFO] [stdout]                                at /rustc/6067b36314ab5eb2eb47cecc464545ba58e1ad24/library/std/src/thread/local.rs:308:12
[INFO] [stdout]   33:     0x62f8154e73ea - std::thread::local::LocalKey<T>::with::h5fef6a2d5a2ff0e9
[INFO] [stdout]                                at /rustc/6067b36314ab5eb2eb47cecc464545ba58e1ad24/library/std/src/thread/local.rs:272:9
[INFO] [stdout]   34:     0x62f8154e5efd - tokio::runtime::context::set_scheduler::hf4f38d4cf5ac8e97
[INFO] [stdout]                                at /opt/rustwide/cargo-home/registry/src/index.crates.io-1949cf8c6b5b557f/tokio-1.43.0/src/runtime/context.rs:180:9
[INFO] [stdout]   35:     0x62f8154fab2c - tokio::runtime::scheduler::current_thread::CoreGuard::enter::h48ae8f8096f28e8d
[INFO] [stdout]                                at /opt/rustwide/cargo-home/registry/src/index.crates.io-1949cf8c6b5b557f/tokio-1.43.0/src/runtime/scheduler/current_thread/mod.rs:807:27
[INFO] [stdout]   36:     0x62f8154fb1c3 - tokio::runtime::scheduler::current_thread::CoreGuard::block_on::h116ad91f572bc481
[INFO] [stdout]                                at /opt/rustwide/cargo-home/registry/src/index.crates.io-1949cf8c6b5b557f/tokio-1.43.0/src/runtime/scheduler/current_thread/mod.rs:716:19
[INFO] [stdout]   37:     0x62f8154f7d58 - tokio::runtime::scheduler::current_thread::CurrentThread::block_on::{{closure}}::he47fd1b172876ea5
[INFO] [stdout]                                at /opt/rustwide/cargo-home/registry/src/index.crates.io-1949cf8c6b5b557f/tokio-1.43.0/src/runtime/scheduler/current_thread/mod.rs:196:28
[INFO] [stdout]   38:     0x62f8154a8636 - tokio::runtime::context::runtime::enter_runtime::hd747d9dfff84c60c
[INFO] [stdout]                                at /opt/rustwide/cargo-home/registry/src/index.crates.io-1949cf8c6b5b557f/tokio-1.43.0/src/runtime/context/runtime.rs:65:16
[INFO] [stdout]   39:     0x62f8154f7681 - tokio::runtime::scheduler::current_thread::CurrentThread::block_on::h725dc67c14c39ce1
[INFO] [stdout]                                at /opt/rustwide/cargo-home/registry/src/index.crates.io-1949cf8c6b5b557f/tokio-1.43.0/src/runtime/scheduler/current_thread/mod.rs:184:9
[INFO] [stdout]   40:     0x62f8154f72b0 - tokio::runtime::runtime::Runtime::block_on_inner::hc1872fb4f9110c8b
[INFO] [stdout]                                at /opt/rustwide/cargo-home/registry/src/index.crates.io-1949cf8c6b5b557f/tokio-1.43.0/src/runtime/runtime.rs:368:47
[INFO] [stdout]   41:     0x62f8154f74a7 - tokio::runtime::runtime::Runtime::block_on::h07ef5e222d6b38db
[INFO] [stdout]                                at /opt/rustwide/cargo-home/registry/src/index.crates.io-1949cf8c6b5b557f/tokio-1.43.0/src/runtime/runtime.rs:342:13
[INFO] [stdout]   42:     0x62f81550f74f - leeca_proxmox::core::domain::value_object::proxmox_host::tests::test_concurrent_access::h46a0c73a249df7f1
[INFO] [stdout]                                at /opt/rustwide/workdir/src/core/domain/value_object/proxmox_host.rs:216:9
[INFO] [stdout]   43:     0x62f81550f607 - leeca_proxmox::core::domain::value_object::proxmox_host::tests::test_concurrent_access::{{closure}}::hd2644500c117668c
[INFO] [stdout]                                at /opt/rustwide/workdir/src/core/domain/value_object/proxmox_host.rs:201:38
[INFO] [stdout]   44:     0x62f815475046 - core::ops::function::FnOnce::call_once::hbac767cc86578d43
[INFO] [stdout]                                at /rustc/6067b36314ab5eb2eb47cecc464545ba58e1ad24/library/core/src/ops/function.rs:250:5
[INFO] [stdout]   45:     0x62f8155500db - core::ops::function::FnOnce::call_once::he27718dfdd183f43
[INFO] [stdout]                                at /rustc/6067b36314ab5eb2eb47cecc464545ba58e1ad24/library/core/src/ops/function.rs:250:5
[INFO] [stdout]   46:     0x62f8155500db - test::__rust_begin_short_backtrace::h4e84902998457a5d
[INFO] [stdout]                                at /rustc/6067b36314ab5eb2eb47cecc464545ba58e1ad24/library/test/src/lib.rs:632:18
[INFO] [stdout]   47:     0x62f81554f013 - test::run_test_in_process::{{closure}}::h7176fd18fc1feca0
[INFO] [stdout]                                at /rustc/6067b36314ab5eb2eb47cecc464545ba58e1ad24/library/test/src/lib.rs:655:60
[INFO] [stdout]   48:     0x62f81554f013 - <core::panic::unwind_safe::AssertUnwindSafe<F> as core::ops::function::FnOnce<()>>::call_once::hf79cff2a624d8cf7
[INFO] [stdout]                                at /rustc/6067b36314ab5eb2eb47cecc464545ba58e1ad24/library/core/src/panic/unwind_safe.rs:272:9
[INFO] [stdout]   49:     0x62f81554f013 - std::panicking::try::do_call::h3da0561d9ab99c25
[INFO] [stdout]                                at /rustc/6067b36314ab5eb2eb47cecc464545ba58e1ad24/library/std/src/panicking.rs:587:40
[INFO] [stdout]   50:     0x62f81554f013 - std::panicking::try::h41c9fa508bc61df6
[INFO] [stdout]                                at /rustc/6067b36314ab5eb2eb47cecc464545ba58e1ad24/library/std/src/panicking.rs:550:19
[INFO] [stdout]   51:     0x62f81554f013 - std::panic::catch_unwind::h6b3ff07bb5afad93
[INFO] [stdout]                                at /rustc/6067b36314ab5eb2eb47cecc464545ba58e1ad24/library/std/src/panic.rs:358:14
[INFO] [stdout]   52:     0x62f81554f013 - test::run_test_in_process::hc7253dd11b39b9f4
[INFO] [stdout]                                at /rustc/6067b36314ab5eb2eb47cecc464545ba58e1ad24/library/test/src/lib.rs:655:27
[INFO] [stdout]   53:     0x62f81554f013 - test::run_test::{{closure}}::hfb2007f8649c30bb
[INFO] [stdout]                                at /rustc/6067b36314ab5eb2eb47cecc464545ba58e1ad24/library/test/src/lib.rs:576:43
[INFO] [stdout]   54:     0x62f8155120f5 - test::run_test::{{closure}}::h56a17aa7a282a9f4
[INFO] [stdout]                                at /rustc/6067b36314ab5eb2eb47cecc464545ba58e1ad24/library/test/src/lib.rs:606:41
[INFO] [stdout]   55:     0x62f8155120f5 - std::sys::backtrace::__rust_begin_short_backtrace::hd2d2d2fb8e8c6aac
[INFO] [stdout]                                at /rustc/6067b36314ab5eb2eb47cecc464545ba58e1ad24/library/std/src/sys/backtrace.rs:152:18
[INFO] [stdout]   56:     0x62f8155159da - std::thread::Builder::spawn_unchecked_::{{closure}}::{{closure}}::h4faa3f9db6133423
[INFO] [stdout]                                at /rustc/6067b36314ab5eb2eb47cecc464545ba58e1ad24/library/std/src/thread/mod.rs:559:17
[INFO] [stdout]   57:     0x62f8155159da - <core::panic::unwind_safe::AssertUnwindSafe<F> as core::ops::function::FnOnce<()>>::call_once::hf2e855a36a4ea846
[INFO] [stdout]                                at /rustc/6067b36314ab5eb2eb47cecc464545ba58e1ad24/library/core/src/panic/unwind_safe.rs:272:9
[INFO] [stdout]   58:     0x62f8155159da - std::panicking::try::do_call::h2f73af3616c35465
[INFO] [stdout]                                at /rustc/6067b36314ab5eb2eb47cecc464545ba58e1ad24/library/std/src/panicking.rs:587:40
[INFO] [stdout]   59:     0x62f8155159da - std::panicking::try::hd1660ce9efadef5a
[INFO] [stdout]                                at /rustc/6067b36314ab5eb2eb47cecc464545ba58e1ad24/library/std/src/panicking.rs:550:19
[INFO] [stdout]   60:     0x62f8155159da - std::panic::catch_unwind::h5ee8d7823b8ca744
[INFO] [stdout]                                at /rustc/6067b36314ab5eb2eb47cecc464545ba58e1ad24/library/std/src/panic.rs:358:14
[INFO] [stdout]   61:     0x62f8155159da - std::thread::Builder::spawn_unchecked_::{{closure}}::h53c3a1894dce8407
[INFO] [stdout]                                at /rustc/6067b36314ab5eb2eb47cecc464545ba58e1ad24/library/std/src/thread/mod.rs:557:30
[INFO] [stdout]   62:     0x62f8155159da - core::ops::function::FnOnce::call_once{{vtable.shim}}::h048ce291ad4f62bf
[INFO] [stdout]                                at /rustc/6067b36314ab5eb2eb47cecc464545ba58e1ad24/library/core/src/ops/function.rs:250:5
[INFO] [stdout]   63:     0x62f815cdd0ab - <alloc::boxed::Box<F,A> as core::ops::function::FnOnce<Args>>::call_once::ha52bedf99a3b4981
[INFO] [stdout]                                at /rustc/6067b36314ab5eb2eb47cecc464545ba58e1ad24/library/alloc/src/boxed.rs:2013:9
[INFO] [stdout]   64:     0x62f815cdd0ab - <alloc::boxed::Box<F,A> as core::ops::function::FnOnce<Args>>::call_once::h567748934d80ccf8
[INFO] [stdout]                                at /rustc/6067b36314ab5eb2eb47cecc464545ba58e1ad24/library/alloc/src/boxed.rs:2013:9
[INFO] [stdout]   65:     0x62f815cdd0ab - std::sys::pal::unix::thread::Thread::new::thread_start::h2d970728ae887adc
[INFO] [stdout]                                at /rustc/6067b36314ab5eb2eb47cecc464545ba58e1ad24/library/std/src/sys/pal/unix/thread.rs:106:17
[INFO] [stdout]   66:     0x71eb9fe91ac3 - <unknown>
[INFO] [stdout]   67:     0x71eb9ff22a04 - clone
[INFO] [stdout]   68:                0x0 - <unknown>
[INFO] [stdout] 
[INFO] [stdout] ---- tests::test_client_builder stdout ----
[INFO] [stdout] 
[INFO] [stdout] thread 'tests::test_client_builder' panicked at src/lib.rs:321:44:
[INFO] [stdout] called `Result::unwrap()` on an `Err` value: NotPresent
[INFO] [stdout] stack backtrace:
[INFO] [stdout]    0:     0x62f815cd6e1a - std::backtrace_rs::backtrace::libunwind::trace::hb059275cfc8d6126
[INFO] [stdout]                                at /rustc/6067b36314ab5eb2eb47cecc464545ba58e1ad24/library/std/src/../../backtrace/src/backtrace/libunwind.rs:116:5
[INFO] [stdout]    1:     0x62f815cd6e1a - std::backtrace_rs::backtrace::trace_unsynchronized::h2da071e4327ce3ee
[INFO] [stdout]                                at /rustc/6067b36314ab5eb2eb47cecc464545ba58e1ad24/library/std/src/../../backtrace/src/backtrace/mod.rs:66:5
[INFO] [stdout]    2:     0x62f815cd6e1a - std::sys::backtrace::_print_fmt::h842a1474e6f8d23f
[INFO] [stdout]                                at /rustc/6067b36314ab5eb2eb47cecc464545ba58e1ad24/library/std/src/sys/backtrace.rs:66:9
[INFO] [stdout]    3:     0x62f815cd6e1a - <std::sys::backtrace::BacktraceLock::print::DisplayBacktrace as core::fmt::Display>::fmt::h71a62eb3b9696b12
[INFO] [stdout]                                at /rustc/6067b36314ab5eb2eb47cecc464545ba58e1ad24/library/std/src/sys/backtrace.rs:39:26
[INFO] [stdout]    4:     0x62f815d03123 - core::fmt::rt::Argument::fmt::hdb6b616786b41dc1
[INFO] [stdout]                                at /rustc/6067b36314ab5eb2eb47cecc464545ba58e1ad24/library/core/src/fmt/rt.rs:177:76
[INFO] [stdout]    5:     0x62f815d03123 - core::fmt::write::h2cc1698af7e2d686
[INFO] [stdout]                                at /rustc/6067b36314ab5eb2eb47cecc464545ba58e1ad24/library/core/src/fmt/mod.rs:1440:21
[INFO] [stdout]    6:     0x62f815cd28c3 - std::io::Write::write_fmt::hab1b4cd059a79022
[INFO] [stdout]                                at /rustc/6067b36314ab5eb2eb47cecc464545ba58e1ad24/library/std/src/io/mod.rs:1887:15
[INFO] [stdout]    7:     0x62f815cd6c62 - std::sys::backtrace::BacktraceLock::print::h147fe35b4ea13b08
[INFO] [stdout]                                at /rustc/6067b36314ab5eb2eb47cecc464545ba58e1ad24/library/std/src/sys/backtrace.rs:42:9
[INFO] [stdout]    8:     0x62f815cd823f - std::panicking::default_hook::{{closure}}::hbd44223dbdc0d208
[INFO] [stdout]                                at /rustc/6067b36314ab5eb2eb47cecc464545ba58e1ad24/library/std/src/panicking.rs:298:22
[INFO] [stdout]    9:     0x62f815cd8058 - std::panicking::default_hook::h20f81eb0576efcec
[INFO] [stdout]                                at /rustc/6067b36314ab5eb2eb47cecc464545ba58e1ad24/library/std/src/panicking.rs:322:9
[INFO] [stdout]   10:     0x62f81554a983 - <alloc::boxed::Box<F,A> as core::ops::function::Fn<Args>>::call::hdb53814c496a4d34
[INFO] [stdout]                                at /rustc/6067b36314ab5eb2eb47cecc464545ba58e1ad24/library/alloc/src/boxed.rs:2027:9
[INFO] [stdout]   11:     0x62f81554a983 - test::test_main::{{closure}}::hc0a4963c59427c24
[INFO] [stdout]                                at /rustc/6067b36314ab5eb2eb47cecc464545ba58e1ad24/library/test/src/lib.rs:134:21
[INFO] [stdout]   12:     0x62f815cd8d33 - <alloc::boxed::Box<F,A> as core::ops::function::Fn<Args>>::call::h591b2225413a77e9
[INFO] [stdout]                                at /rustc/6067b36314ab5eb2eb47cecc464545ba58e1ad24/library/alloc/src/boxed.rs:2027:9
[INFO] [stdout]   13:     0x62f815cd8d33 - std::panicking::rust_panic_with_hook::h625eea43051b2edc
[INFO] [stdout]                                at /rustc/6067b36314ab5eb2eb47cecc464545ba58e1ad24/library/std/src/panicking.rs:839:13
[INFO] [stdout]   14:     0x62f815cd89ea - std::panicking::begin_panic_handler::{{closure}}::h4f9159cfbc3f6bd3
[INFO] [stdout]                                at /rustc/6067b36314ab5eb2eb47cecc464545ba58e1ad24/library/std/src/panicking.rs:704:13
[INFO] [stdout]   15:     0x62f815cd7319 - std::sys::backtrace::__rust_end_short_backtrace::h0390abce48353151
[INFO] [stdout]                                at /rustc/6067b36314ab5eb2eb47cecc464545ba58e1ad24/library/std/src/sys/backtrace.rs:168:18
[INFO] [stdout]   16:     0x62f815cd867d - rust_begin_unwind
[INFO] [stdout]                                at /rustc/6067b36314ab5eb2eb47cecc464545ba58e1ad24/library/std/src/panicking.rs:695:5
[INFO] [stdout]   17:     0x62f815d012f0 - core::panicking::panic_fmt::h9e7c637e9e5f29c9
[INFO] [stdout]                                at /rustc/6067b36314ab5eb2eb47cecc464545ba58e1ad24/library/core/src/panicking.rs:75:14
[INFO] [stdout]   18:     0x62f815d017c6 - core::result::unwrap_failed::h7979f09313fe1849
[INFO] [stdout]                                at /rustc/6067b36314ab5eb2eb47cecc464545ba58e1ad24/library/core/src/result.rs:1704:5
[INFO] [stdout]   19:     0x62f81549cce9 - core::result::Result<T,E>::unwrap::h922635284af01e85
[INFO] [stdout]                                at /rustc/6067b36314ab5eb2eb47cecc464545ba58e1ad24/library/core/src/result.rs:1109:23
[INFO] [stdout]   20:     0x62f81549cce9 - leeca_proxmox::tests::setup_client::{{closure}}::h80009c47fd2d0671
[INFO] [stdout]                                at /opt/rustwide/workdir/src/lib.rs:321:19
[INFO] [stdout]   21:     0x62f8154a6a09 - leeca_proxmox::tests::test_client_builder::{{closure}}::h0db6e8d94fe8cb20
[INFO] [stdout]                                at /opt/rustwide/workdir/src/lib.rs:338:37
[INFO] [stdout]   22:     0x62f815498422 - <core::pin::Pin<P> as core::future::future::Future>::poll::ha73c98966a30dbd3
[INFO] [stdout]                                at /rustc/6067b36314ab5eb2eb47cecc464545ba58e1ad24/library/core/src/future/future.rs:124:9
[INFO] [stdout]   23:     0x62f81549839d - <core::pin::Pin<P> as core::future::future::Future>::poll::h9bd70de8390f74fd
[INFO] [stdout]                                at /rustc/6067b36314ab5eb2eb47cecc464545ba58e1ad24/library/core/src/future/future.rs:124:9
[INFO] [stdout]   24:     0x62f8154fc75f - tokio::runtime::scheduler::current_thread::CoreGuard::block_on::{{closure}}::{{closure}}::{{closure}}::he7affd7b979f3b99
[INFO] [stdout]                                at /opt/rustwide/cargo-home/registry/src/index.crates.io-1949cf8c6b5b557f/tokio-1.43.0/src/runtime/scheduler/current_thread/mod.rs:729:57
[INFO] [stdout]   25:     0x62f8154fc665 - tokio::runtime::coop::with_budget::h340455d4291b92ee
[INFO] [stdout]                                at /opt/rustwide/cargo-home/registry/src/index.crates.io-1949cf8c6b5b557f/tokio-1.43.0/src/runtime/coop.rs:107:5
[INFO] [stdout]   26:     0x62f8154fc665 - tokio::runtime::coop::budget::hdba748e2177854b2
[INFO] [stdout]                                at /opt/rustwide/cargo-home/registry/src/index.crates.io-1949cf8c6b5b557f/tokio-1.43.0/src/runtime/coop.rs:73:5
[INFO] [stdout]   27:     0x62f8154fc665 - tokio::runtime::scheduler::current_thread::CoreGuard::block_on::{{closure}}::{{closure}}::hd6a36b18888f40b4
[INFO] [stdout]                                at /opt/rustwide/cargo-home/registry/src/index.crates.io-1949cf8c6b5b557f/tokio-1.43.0/src/runtime/scheduler/current_thread/mod.rs:729:25
[INFO] [stdout]   28:     0x62f8154f9cfc - tokio::runtime::scheduler::current_thread::Context::enter::h4438d9c812c224a0
[INFO] [stdout]                                at /opt/rustwide/cargo-home/registry/src/index.crates.io-1949cf8c6b5b557f/tokio-1.43.0/src/runtime/scheduler/current_thread/mod.rs:428:19
[INFO] [stdout]   29:     0x62f8154fb49b - tokio::runtime::scheduler::current_thread::CoreGuard::block_on::{{closure}}::h36bd448f0615d1be
[INFO] [stdout]                                at /opt/rustwide/cargo-home/registry/src/index.crates.io-1949cf8c6b5b557f/tokio-1.43.0/src/runtime/scheduler/current_thread/mod.rs:728:36
[INFO] [stdout]   30:     0x62f8154fb1a4 - tokio::runtime::scheduler::current_thread::CoreGuard::enter::{{closure}}::h620317c0aff5c18c
[INFO] [stdout]                                at /opt/rustwide/cargo-home/registry/src/index.crates.io-1949cf8c6b5b557f/tokio-1.43.0/src/runtime/scheduler/current_thread/mod.rs:807:68
[INFO] [stdout]   31:     0x62f8154f169b - tokio::runtime::context::scoped::Scoped<T>::set::he9ba4da99e3de71f
[INFO] [stdout]                                at /opt/rustwide/cargo-home/registry/src/index.crates.io-1949cf8c6b5b557f/tokio-1.43.0/src/runtime/context/scoped.rs:40:9
[INFO] [stdout]   32:     0x62f8154e5f85 - tokio::runtime::context::set_scheduler::{{closure}}::hc277857afa48c7c8
[INFO] [stdout]                                at /opt/rustwide/cargo-home/registry/src/index.crates.io-1949cf8c6b5b557f/tokio-1.43.0/src/runtime/context.rs:180:26
[INFO] [stdout]   33:     0x62f8154e78e2 - std::thread::local::LocalKey<T>::try_with::h17044d9434ece836
[INFO] [stdout]                                at /rustc/6067b36314ab5eb2eb47cecc464545ba58e1ad24/library/std/src/thread/local.rs:308:12
[INFO] [stdout]   34:     0x62f8154e73ea - std::thread::local::LocalKey<T>::with::h5fef6a2d5a2ff0e9
[INFO] [stdout]                                at /rustc/6067b36314ab5eb2eb47cecc464545ba58e1ad24/library/std/src/thread/local.rs:272:9
[INFO] [stdout]   35:     0x62f8154e5efd - tokio::runtime::context::set_scheduler::hf4f38d4cf5ac8e97
[INFO] [stdout]                                at /opt/rustwide/cargo-home/registry/src/index.crates.io-1949cf8c6b5b557f/tokio-1.43.0/src/runtime/context.rs:180:9
[INFO] [stdout]   36:     0x62f8154fab2c - tokio::runtime::scheduler::current_thread::CoreGuard::enter::h48ae8f8096f28e8d
[INFO] [stdout]                                at /opt/rustwide/cargo-home/registry/src/index.crates.io-1949cf8c6b5b557f/tokio-1.43.0/src/runtime/scheduler/current_thread/mod.rs:807:27
[INFO] [stdout]   37:     0x62f8154fb1c3 - tokio::runtime::scheduler::current_thread::CoreGuard::block_on::h116ad91f572bc481
[INFO] [stdout]                                at /opt/rustwide/cargo-home/registry/src/index.crates.io-1949cf8c6b5b557f/tokio-1.43.0/src/runtime/scheduler/current_thread/mod.rs:716:19
[INFO] [stdout]   38:     0x62f8154f7d58 - tokio::runtime::scheduler::current_thread::CurrentThread::block_on::{{closure}}::he47fd1b172876ea5
[INFO] [stdout]                                at /opt/rustwide/cargo-home/registry/src/index.crates.io-1949cf8c6b5b557f/tokio-1.43.0/src/runtime/scheduler/current_thread/mod.rs:196:28
[INFO] [stdout]   39:     0x62f8154a8636 - tokio::runtime::context::runtime::enter_runtime::hd747d9dfff84c60c
[INFO] [stdout]                                at /opt/rustwide/cargo-home/registry/src/index.crates.io-1949cf8c6b5b557f/tokio-1.43.0/src/runtime/context/runtime.rs:65:16
[INFO] [stdout]   40:     0x62f8154f7681 - tokio::runtime::scheduler::current_thread::CurrentThread::block_on::h725dc67c14c39ce1
[INFO] [stdout]                                at /opt/rustwide/cargo-home/registry/src/index.crates.io-1949cf8c6b5b557f/tokio-1.43.0/src/runtime/scheduler/current_thread/mod.rs:184:9
[INFO] [stdout]   41:     0x62f8154f72b0 - tokio::runtime::runtime::Runtime::block_on_inner::hc1872fb4f9110c8b
[INFO] [stdout]                                at /opt/rustwide/cargo-home/registry/src/index.crates.io-1949cf8c6b5b557f/tokio-1.43.0/src/runtime/runtime.rs:368:47
[INFO] [stdout]   42:     0x62f8154f74a7 - tokio::runtime::runtime::Runtime::block_on::h07ef5e222d6b38db
[INFO] [stdout]                                at /opt/rustwide/cargo-home/registry/src/index.crates.io-1949cf8c6b5b557f/tokio-1.43.0/src/runtime/runtime.rs:342:13
[INFO] [stdout]   43:     0x62f8154a6831 - leeca_proxmox::tests::test_client_builder::h06ac39b3cc974d28
[INFO] [stdout]                                at /opt/rustwide/workdir/src/lib.rs:339:9
[INFO] [stdout]   44:     0x62f8154a66d7 - leeca_proxmox::tests::test_client_builder::{{closure}}::h086c84cd5f0c1a3f
[INFO] [stdout]                                at /opt/rustwide/workdir/src/lib.rs:335:35
[INFO] [stdout]   45:     0x62f8154746c6 - core::ops::function::FnOnce::call_once::h6be9eff05c4b8db8
[INFO] [stdout]                                at /rustc/6067b36314ab5eb2eb47cecc464545ba58e1ad24/library/core/src/ops/function.rs:250:5
[INFO] [stdout]   46:     0x62f8155500db - core::ops::function::FnOnce::call_once::he27718dfdd183f43
[INFO] [stdout]                                at /rustc/6067b36314ab5eb2eb47cecc464545ba58e1ad24/library/core/src/ops/function.rs:250:5
[INFO] [stdout]   47:     0x62f8155500db - test::__rust_begin_short_backtrace::h4e84902998457a5d
[INFO] [stdout]                                at /rustc/6067b36314ab5eb2eb47cecc464545ba58e1ad24/library/test/src/lib.rs:632:18
[INFO] [stdout]   48:     0x62f81554f013 - test::run_test_in_process::{{closure}}::h7176fd18fc1feca0
[INFO] [stdout]                                at /rustc/6067b36314ab5eb2eb47cecc464545ba58e1ad24/library/test/src/lib.rs:655:60
[INFO] [stdout]   49:     0x62f81554f013 - <core::panic::unwind_safe::AssertUnwindSafe<F> as core::ops::function::FnOnce<()>>::call_once::hf79cff2a624d8cf7
[INFO] [stdout]                                at /rustc/6067b36314ab5eb2eb47cecc464545ba58e1ad24/library/core/src/panic/unwind_safe.rs:272:9
[INFO] [stdout]   50:     0x62f81554f013 - std::panicking::try::do_call::h3da0561d9ab99c25
[INFO] [stdout]                                at /rustc/6067b36314ab5eb2eb47cecc464545ba58e1ad24/library/std/src/panicking.rs:587:40
[INFO] [stdout]   51:     0x62f81554f013 - std::panicking::try::h41c9fa508bc61df6
[INFO] [stdout]                                at /rustc/6067b36314ab5eb2eb47cecc464545ba58e1ad24/library/std/src/panicking.rs:550:19
[INFO] [stdout]   52:     0x62f81554f013 - std::panic::catch_unwind::h6b3ff07bb5afad93
[INFO] [stdout]                                at /rustc/6067b36314ab5eb2eb47cecc464545ba58e1ad24/library/std/src/panic.rs:358:14
[INFO] [stdout]   53:     0x62f81554f013 - test::run_test_in_process::hc7253dd11b39b9f4
[INFO] [stdout]                                at /rustc/6067b36314ab5eb2eb47cecc464545ba58e1ad24/library/test/src/lib.rs:655:27
[INFO] [stdout]   54:     0x62f81554f013 - test::run_test::{{closure}}::hfb2007f8649c30bb
[INFO] [stdout]                                at /rustc/6067b36314ab5eb2eb47cecc464545ba58e1ad24/library/test/src/lib.rs:576:43
[INFO] [stdout]   55:     0x62f8155120f5 - test::run_test::{{closure}}::h56a17aa7a282a9f4
[INFO] [stdout]                                at /rustc/6067b36314ab5eb2eb47cecc464545ba58e1ad24/library/test/src/lib.rs:606:41
[INFO] [stdout]   56:     0x62f8155120f5 - std::sys::backtrace::__rust_begin_short_backtrace::hd2d2d2fb8e8c6aac
[INFO] [stdout]                                at /rustc/6067b36314ab5eb2eb47cecc464545ba58e1ad24/library/std/src/sys/backtrace.rs:152:18
[INFO] [stdout]   57:     0x62f8155159da - std::thread::Builder::spawn_unchecked_::{{closure}}::{{closure}}::h4faa3f9db6133423
[INFO] [stdout]                                at /rustc/6067b36314ab5eb2eb47cecc464545ba58e1ad24/library/std/src/thread/mod.rs:559:17
[INFO] [stdout]   58:     0x62f8155159da - <core::panic::unwind_safe::AssertUnwindSafe<F> as core::ops::function::FnOnce<()>>::call_once::hf2e855a36a4ea846
[INFO] [stdout]                                at /rustc/6067b36314ab5eb2eb47cecc464545ba58e1ad24/library/core/src/panic/unwind_safe.rs:272:9
[INFO] [stdout]   59:     0x62f8155159da - std::panicking::try::do_call::h2f73af3616c35465
[INFO] [stdout]                                at /rustc/6067b36314ab5eb2eb47cecc464545ba58e1ad24/library/std/src/panicking.rs:587:40
[INFO] [stdout]   60:     0x62f8155159da - std::panicking::try::hd1660ce9efadef5a
[INFO] [stdout]                                at /rustc/6067b36314ab5eb2eb47cecc464545ba58e1ad24/library/std/src/panicking.rs:550:19
[INFO] [stdout]   61:     0x62f8155159da - std::panic::catch_unwind::h5ee8d7823b8ca744
[INFO] [stdout]                                at /rustc/6067b36314ab5eb2eb47cecc464545ba58e1ad24/library/std/src/panic.rs:358:14
[INFO] [stdout]   62:     0x62f8155159da - std::thread::Builder::spawn_unchecked_::{{closure}}::h53c3a1894dce8407
[INFO] [stdout]                                at /rustc/6067b36314ab5eb2eb47cecc464545ba58e1ad24/library/std/src/thread/mod.rs:557:30
[INFO] [stdout]   63:     0x62f8155159da - core::ops::function::FnOnce::call_once{{vtable.shim}}::h048ce291ad4f62bf
[INFO] [stdout]                                at /rustc/6067b36314ab5eb2eb47cecc464545ba58e1ad24/library/core/src/ops/function.rs:250:5
[INFO] [stdout]   64:     0x62f815cdd0ab - <alloc::boxed::Box<F,A> as core::ops::function::FnOnce<Args>>::call_once::ha52bedf99a3b4981
[INFO] [stdout]                                at /rustc/6067b36314ab5eb2eb47cecc464545ba58e1ad24/library/alloc/src/boxed.rs:2013:9
[INFO] [stdout]   65:     0x62f815cdd0ab - <alloc::boxed::Box<F,A> as core::ops::function::FnOnce<Args>>::call_once::h567748934d80ccf8
[INFO] [stdout]                                at /rustc/6067b36314ab5eb2eb47cecc464545ba58e1ad24/library/alloc/src/boxed.rs:2013:9
[INFO] [stdout]   66:     0x62f815cdd0ab - std::sys::pal::unix::thread::Thread::new::thread_start::h2d970728ae887adc
[INFO] [stdout]                                at /rustc/6067b36314ab5eb2eb47cecc464545ba58e1ad24/library/std/src/sys/pal/unix/thread.rs:106:17
[INFO] [stdout]   67:     0x71eb9fe91ac3 - <unknown>
[INFO] [stdout]   68:     0x71eb9ff22a04 - clone
[INFO] [stdout]   69:                0x0 - <unknown>
[INFO] [stdout] 
[INFO] [stdout] 
[INFO] [stdout] failures:
[INFO] [stdout]     auth::application::service::login_service::tests::test_login_invalid_endpoint
[INFO] [stdout]     core::domain::value_object::proxmox_host::tests::test_concurrent_access
[INFO] [stdout]     tests::test_client_builder
[INFO] [stdout] 
[INFO] [stdout] test result: FAILED. 31 passed; 3 failed; 0 ignored; 0 measured; 0 filtered out; finished in 0.24s
[INFO] [stdout] 
[INFO] [stderr] error: test failed, to rerun pass `--lib`
[INFO] running `Command { std: "docker" "inspect" "02b07e640758db5afe19401325253071d6dd8a602e2f6ff8d1370b87ad16f0e0", kill_on_drop: false }`
[INFO] running `Command { std: "docker" "rm" "-f" "02b07e640758db5afe19401325253071d6dd8a602e2f6ff8d1370b87ad16f0e0", kill_on_drop: false }`
[INFO] [stdout] 02b07e640758db5afe19401325253071d6dd8a602e2f6ff8d1370b87ad16f0e0
