[INFO] cloning repository https://github.com/0-Kirby-0/AoC-Handler
[INFO] running `Command { std: "git" "-c" "credential.helper=" "-c" "credential.helper=/workspace/cargo-home/bin/git-credential-null" "clone" "--bare" "https://github.com/0-Kirby-0/AoC-Handler" "/workspace/cache/git-repos/https%3A%2F%2Fgithub.com%2F0-Kirby-0%2FAoC-Handler", kill_on_drop: false }`
[INFO] [stderr] Cloning into bare repository '/workspace/cache/git-repos/https%3A%2F%2Fgithub.com%2F0-Kirby-0%2FAoC-Handler'...
[INFO] running `Command { std: "git" "rev-parse" "HEAD", kill_on_drop: false }`
[INFO] [stdout] 1b6876eb1ca8c82e6bc6830407c8e485230e0cd4
[INFO] testing 0-Kirby-0/AoC-Handler against nightly-2025-01-18+rustflags=-Zrandomize-layout for randomize-layout-2
[INFO] running `Command { std: "git" "clone" "/workspace/cache/git-repos/https%3A%2F%2Fgithub.com%2F0-Kirby-0%2FAoC-Handler" "/workspace/builds/worker-5-tc2/source", kill_on_drop: false }`
[INFO] [stderr] Cloning into '/workspace/builds/worker-5-tc2/source'...
[INFO] [stderr] done.
[INFO] validating manifest of git repo https://github.com/0-Kirby-0/AoC-Handler on toolchain nightly-2025-01-18
[INFO] running `Command { std: CARGO_HOME="/workspace/cargo-home" RUSTUP_HOME="/workspace/rustup-home" "/workspace/cargo-home/bin/cargo" "+nightly-2025-01-18" "metadata" "--manifest-path" "Cargo.toml" "--no-deps", kill_on_drop: false }`
[INFO] started tweaking git repo https://github.com/0-Kirby-0/AoC-Handler
[INFO] finished tweaking git repo https://github.com/0-Kirby-0/AoC-Handler
[INFO] tweaked toml for git repo https://github.com/0-Kirby-0/AoC-Handler written to /workspace/builds/worker-5-tc2/source/Cargo.toml
[INFO] crate git repo https://github.com/0-Kirby-0/AoC-Handler already has a lockfile, it will not be regenerated
[INFO] running `Command { std: CARGO_HOME="/workspace/cargo-home" RUSTUP_HOME="/workspace/rustup-home" "/workspace/cargo-home/bin/cargo" "+nightly-2025-01-18" "fetch" "--manifest-path" "Cargo.toml", kill_on_drop: false }`
[INFO] [stderr]     Blocking waiting for file lock on package cache
[INFO] running `Command { std: "docker" "create" "-v" "/var/lib/crater-agent-workspace/builds/worker-5-tc2/target:/opt/rustwide/target:rw,Z" "-v" "/var/lib/crater-agent-workspace/builds/worker-5-tc2/source:/opt/rustwide/workdir:ro,Z" "-v" "/var/lib/crater-agent-workspace/cargo-home:/opt/rustwide/cargo-home:ro,Z" "-v" "/var/lib/crater-agent-workspace/rustup-home:/opt/rustwide/rustup-home:ro,Z" "-e" "SOURCE_DIR=/opt/rustwide/workdir" "-e" "CARGO_TARGET_DIR=/opt/rustwide/target" "-e" "CARGO_HOME=/opt/rustwide/cargo-home" "-e" "RUSTUP_HOME=/opt/rustwide/rustup-home" "-w" "/opt/rustwide/workdir" "-m" "1610612736" "--user" "0:0" "--network" "none" "ghcr.io/rust-lang/crates-build-env/linux@sha256:819108c5571ea2e421544af4d832f968d213c87fbe3707a016657f43d2f853bc" "/opt/rustwide/cargo-home/bin/cargo" "+nightly-2025-01-18" "metadata" "--no-deps" "--format-version=1", kill_on_drop: false }`
[INFO] [stdout] 5aabe373190b4df35c00e2e3d04383f9a825ff43f8f626b6573ae9f61e661889
[INFO] running `Command { std: "docker" "start" "-a" "5aabe373190b4df35c00e2e3d04383f9a825ff43f8f626b6573ae9f61e661889", kill_on_drop: false }`
[INFO] running `Command { std: "docker" "inspect" "5aabe373190b4df35c00e2e3d04383f9a825ff43f8f626b6573ae9f61e661889", kill_on_drop: false }`
[INFO] running `Command { std: "docker" "rm" "-f" "5aabe373190b4df35c00e2e3d04383f9a825ff43f8f626b6573ae9f61e661889", kill_on_drop: false }`
[INFO] [stdout] 5aabe373190b4df35c00e2e3d04383f9a825ff43f8f626b6573ae9f61e661889
[INFO] running `Command { std: "docker" "create" "-v" "/var/lib/crater-agent-workspace/builds/worker-5-tc2/target:/opt/rustwide/target:rw,Z" "-v" "/var/lib/crater-agent-workspace/builds/worker-5-tc2/source:/opt/rustwide/workdir:ro,Z" "-v" "/var/lib/crater-agent-workspace/cargo-home:/opt/rustwide/cargo-home:ro,Z" "-v" "/var/lib/crater-agent-workspace/rustup-home:/opt/rustwide/rustup-home:ro,Z" "-e" "SOURCE_DIR=/opt/rustwide/workdir" "-e" "CARGO_TARGET_DIR=/opt/rustwide/target" "-e" "CARGO_INCREMENTAL=0" "-e" "RUST_BACKTRACE=full" "-e" "RUSTFLAGS=--cap-lints=forbid -Zrandomize-layout" "-e" "RUSTDOCFLAGS=--cap-lints=forbid" "-e" "CARGO_HOME=/opt/rustwide/cargo-home" "-e" "RUSTUP_HOME=/opt/rustwide/rustup-home" "-w" "/opt/rustwide/workdir" "-m" "1610612736" "--user" "0:0" "--network" "none" "ghcr.io/rust-lang/crates-build-env/linux@sha256:819108c5571ea2e421544af4d832f968d213c87fbe3707a016657f43d2f853bc" "/opt/rustwide/cargo-home/bin/cargo" "+nightly-2025-01-18" "build" "--frozen" "--message-format=json", kill_on_drop: false }`
[INFO] [stdout] cf1ff913c8bfda4d924e81a2eb7d19859c9f5616fc06955d39cf71c60e75b157
[INFO] running `Command { std: "docker" "start" "-a" "cf1ff913c8bfda4d924e81a2eb7d19859c9f5616fc06955d39cf71c60e75b157", kill_on_drop: false }`
[INFO] [stderr]    Compiling syn v2.0.90
[INFO] [stderr]    Compiling libc v0.2.167
[INFO] [stderr]    Compiling bytes v1.9.0
[INFO] [stderr]    Compiling litemap v0.7.4
[INFO] [stderr]    Compiling itoa v1.0.14
[INFO] [stderr]    Compiling cc v1.2.2
[INFO] [stderr]    Compiling tracing-core v0.1.33
[INFO] [stderr]    Compiling openssl v0.10.68
[INFO] [stderr]    Compiling futures-io v0.3.31
[INFO] [stderr]    Compiling atomic-waker v1.1.2
[INFO] [stderr]    Compiling bitflags v2.6.0
[INFO] [stderr]    Compiling native-tls v0.2.12
[INFO] [stderr]    Compiling serde v1.0.215
[INFO] [stderr]    Compiling rustls-pki-types v1.10.0
[INFO] [stderr]    Compiling option-ext v0.2.0
[INFO] [stderr]    Compiling sync_wrapper v1.0.2
[INFO] [stderr]    Compiling ipnet v2.10.1
[INFO] [stderr]    Compiling futures-util v0.3.31
[INFO] [stderr]    Compiling tracing v0.1.41
[INFO] [stderr]    Compiling http v1.1.0
[INFO] [stderr]    Compiling rustls-pemfile v2.2.0
[INFO] [stderr]    Compiling openssl-sys v0.9.104
[INFO] [stderr]    Compiling mio v1.0.3
[INFO] [stderr]    Compiling socket2 v0.5.8
[INFO] [stderr]    Compiling dirs-sys v0.4.1
[INFO] [stderr]    Compiling dirs v5.0.1
[INFO] [stderr]    Compiling http-body v1.0.1
[INFO] [stderr]    Compiling tokio v1.41.1
[INFO] [stderr]    Compiling http-body-util v0.1.2
[INFO] [stderr]    Compiling serde_urlencoded v0.7.1
[INFO] [stderr]    Compiling synstructure v0.13.1
[INFO] [stderr]    Compiling zerofrom-derive v0.1.5
[INFO] [stderr]    Compiling yoke-derive v0.7.5
[INFO] [stderr]    Compiling zerovec-derive v0.10.3
[INFO] [stderr]    Compiling displaydoc v0.2.5
[INFO] [stderr]    Compiling icu_provider_macros v1.5.0
[INFO] [stderr]    Compiling openssl-macros v0.1.1
[INFO] [stderr]    Compiling derive_more-impl v1.0.0
[INFO] [stderr]    Compiling tokio-util v0.7.12
[INFO] [stderr]    Compiling zerofrom v0.1.5
[INFO] [stderr]    Compiling h2 v0.4.7
[INFO] [stderr]    Compiling yoke v0.7.5
[INFO] [stderr]    Compiling derive_more v1.0.0
[INFO] [stderr]    Compiling zerovec v0.10.4
[INFO] [stderr]    Compiling tinystr v0.7.6
[INFO] [stderr]    Compiling icu_collections v1.5.0
[INFO] [stderr]    Compiling icu_locid v1.5.0
[INFO] [stderr]    Compiling icu_provider v1.5.0
[INFO] [stderr]    Compiling tokio-native-tls v0.3.1
[INFO] [stderr]    Compiling icu_locid_transform v1.5.0
[INFO] [stderr]    Compiling hyper v1.5.1
[INFO] [stderr]    Compiling icu_properties v1.5.1
[INFO] [stderr]    Compiling hyper-util v0.1.10
[INFO] [stderr]    Compiling hyper-tls v0.6.0
[INFO] [stderr]    Compiling icu_normalizer v1.5.0
[INFO] [stderr]    Compiling idna_adapter v1.2.0
[INFO] [stderr]    Compiling idna v1.0.3
[INFO] [stderr]    Compiling url v2.5.4
[INFO] [stderr]    Compiling reqwest v0.12.9
[INFO] [stderr]    Compiling aoc_handler v0.1.0 (/opt/rustwide/workdir)
[INFO] [stderr]     Finished `dev` profile [unoptimized + debuginfo] target(s) in 25.20s
[INFO] running `Command { std: "docker" "inspect" "cf1ff913c8bfda4d924e81a2eb7d19859c9f5616fc06955d39cf71c60e75b157", kill_on_drop: false }`
[INFO] running `Command { std: "docker" "rm" "-f" "cf1ff913c8bfda4d924e81a2eb7d19859c9f5616fc06955d39cf71c60e75b157", kill_on_drop: false }`
[INFO] [stdout] cf1ff913c8bfda4d924e81a2eb7d19859c9f5616fc06955d39cf71c60e75b157
[INFO] running `Command { std: "docker" "create" "-v" "/var/lib/crater-agent-workspace/builds/worker-5-tc2/target:/opt/rustwide/target:rw,Z" "-v" "/var/lib/crater-agent-workspace/builds/worker-5-tc2/source:/opt/rustwide/workdir:ro,Z" "-v" "/var/lib/crater-agent-workspace/cargo-home:/opt/rustwide/cargo-home:ro,Z" "-v" "/var/lib/crater-agent-workspace/rustup-home:/opt/rustwide/rustup-home:ro,Z" "-e" "SOURCE_DIR=/opt/rustwide/workdir" "-e" "CARGO_TARGET_DIR=/opt/rustwide/target" "-e" "CARGO_INCREMENTAL=0" "-e" "RUST_BACKTRACE=full" "-e" "RUSTFLAGS=--cap-lints=forbid -Zrandomize-layout" "-e" "RUSTDOCFLAGS=--cap-lints=forbid" "-e" "CARGO_HOME=/opt/rustwide/cargo-home" "-e" "RUSTUP_HOME=/opt/rustwide/rustup-home" "-w" "/opt/rustwide/workdir" "-m" "1610612736" "--user" "0:0" "--network" "none" "ghcr.io/rust-lang/crates-build-env/linux@sha256:819108c5571ea2e421544af4d832f968d213c87fbe3707a016657f43d2f853bc" "/opt/rustwide/cargo-home/bin/cargo" "+nightly-2025-01-18" "test" "--frozen" "--no-run" "--message-format=json", kill_on_drop: false }`
[INFO] [stdout] 0062fae9f1ab60ed49cee650ebce1dc6e9f1ab3369d8bd9f2f9f3dd0a5acdd89
[INFO] running `Command { std: "docker" "start" "-a" "0062fae9f1ab60ed49cee650ebce1dc6e9f1ab3369d8bd9f2f9f3dd0a5acdd89", kill_on_drop: false }`
[INFO] [stderr]    Compiling aoc_handler v0.1.0 (/opt/rustwide/workdir)
[INFO] [stderr]     Finished `test` profile [unoptimized + debuginfo] target(s) in 0.72s
[INFO] running `Command { std: "docker" "inspect" "0062fae9f1ab60ed49cee650ebce1dc6e9f1ab3369d8bd9f2f9f3dd0a5acdd89", kill_on_drop: false }`
[INFO] running `Command { std: "docker" "rm" "-f" "0062fae9f1ab60ed49cee650ebce1dc6e9f1ab3369d8bd9f2f9f3dd0a5acdd89", kill_on_drop: false }`
[INFO] [stdout] 0062fae9f1ab60ed49cee650ebce1dc6e9f1ab3369d8bd9f2f9f3dd0a5acdd89
[INFO] running `Command { std: "docker" "create" "-v" "/var/lib/crater-agent-workspace/builds/worker-5-tc2/target:/opt/rustwide/target:rw,Z" "-v" "/var/lib/crater-agent-workspace/builds/worker-5-tc2/source:/opt/rustwide/workdir:ro,Z" "-v" "/var/lib/crater-agent-workspace/cargo-home:/opt/rustwide/cargo-home:ro,Z" "-v" "/var/lib/crater-agent-workspace/rustup-home:/opt/rustwide/rustup-home:ro,Z" "-e" "SOURCE_DIR=/opt/rustwide/workdir" "-e" "CARGO_TARGET_DIR=/opt/rustwide/target" "-e" "CARGO_INCREMENTAL=0" "-e" "RUST_BACKTRACE=full" "-e" "RUSTFLAGS=--cap-lints=forbid -Zrandomize-layout" "-e" "RUSTDOCFLAGS=--cap-lints=forbid" "-e" "CARGO_HOME=/opt/rustwide/cargo-home" "-e" "RUSTUP_HOME=/opt/rustwide/rustup-home" "-w" "/opt/rustwide/workdir" "-m" "1610612736" "--user" "0:0" "--network" "none" "ghcr.io/rust-lang/crates-build-env/linux@sha256:819108c5571ea2e421544af4d832f968d213c87fbe3707a016657f43d2f853bc" "/opt/rustwide/cargo-home/bin/cargo" "+nightly-2025-01-18" "test" "--frozen", kill_on_drop: false }`
[INFO] [stdout] 23dc33235dbd1d7cb0f5a7bcad6cac8765057536669b4645d8d7420b960864b4
[INFO] running `Command { std: "docker" "start" "-a" "23dc33235dbd1d7cb0f5a7bcad6cac8765057536669b4645d8d7420b960864b4", kill_on_drop: false }`
[INFO] [stderr]     Finished `test` profile [unoptimized + debuginfo] target(s) in 0.12s
[INFO] [stderr]      Running unittests src/lib.rs (/opt/rustwide/target/debug/deps/aoc_handler-58d0167778a35fc2)
[INFO] [stdout] 
[INFO] [stdout] running 0 tests
[INFO] [stdout] 
[INFO] [stdout] test result: ok. 0 passed; 0 failed; 0 ignored; 0 measured; 0 filtered out; finished in 0.00s
[INFO] [stdout] 
[INFO] [stderr]    Doc-tests aoc_handler
[INFO] [stdout] 
[INFO] [stdout] running 2 tests
[INFO] [stdout] test src/api_traits.rs - api_traits::DaySolver (line 22) ... FAILED
[INFO] [stdout] test src/api_traits.rs - api_traits::DayMapper::map (line 8) ... FAILED
[INFO] [stdout] 
[INFO] [stdout] failures:
[INFO] [stdout] 
[INFO] [stdout] ---- src/api_traits.rs - api_traits::DaySolver (line 22) stdout ----
[INFO] [stdout] error[E0405]: cannot find trait `DaySolver` in this scope
[INFO] [stdout]  --> src/api_traits.rs:23:6
[INFO] [stdout]   |
[INFO] [stdout] 3 | impl DaySolver for Day {
[INFO] [stdout]   |      ^^^^^^^^^ not found in this scope
[INFO] [stdout]   |
[INFO] [stdout] help: consider importing this trait
[INFO] [stdout]   |
[INFO] [stdout] 2 + use aoc_handler::DaySolver;
[INFO] [stdout]   |
[INFO] [stdout] 
[INFO] [stdout] error[E0412]: cannot find type `Day` in this scope
[INFO] [stdout]  --> src/api_traits.rs:23:20
[INFO] [stdout]   |
[INFO] [stdout] 3 | impl DaySolver for Day {
[INFO] [stdout]   |                    ^^^ not found in this scope
[INFO] [stdout]   |
[INFO] [stdout] help: consider importing this type alias
[INFO] [stdout]   |
[INFO] [stdout] 2 + use aoc_handler::Day;
[INFO] [stdout]   |
[INFO] [stdout] 
[INFO] [stdout] error[E0412]: cannot find type `PartSolution` in this scope
[INFO] [stdout]  --> src/api_traits.rs:25:41
[INFO] [stdout]   |
[INFO] [stdout] 5 |     fn part_1(input: &str) -> impl Into<PartSolution> {
[INFO] [stdout]   |                                         ^^^^^^^^^^^^ not found in this scope
[INFO] [stdout]   |
[INFO] [stdout] help: you might be missing a type parameter
[INFO] [stdout]   |
[INFO] [stdout] 3 | impl<PartSolution> DaySolver for Day {
[INFO] [stdout]   |     ++++++++++++++
[INFO] [stdout] 
[INFO] [stdout] error[E0412]: cannot find type `PartSolution` in this scope
[INFO] [stdout]   --> src/api_traits.rs:30:41
[INFO] [stdout]    |
[INFO] [stdout] 10 |     fn part_2(input: &str) -> impl Into<PartSolution> {
[INFO] [stdout]    |                                         ^^^^^^^^^^^^ not found in this scope
[INFO] [stdout]    |
[INFO] [stdout] help: you might be missing a type parameter
[INFO] [stdout]    |
[INFO] [stdout] 3  | impl<PartSolution> DaySolver for Day {
[INFO] [stdout]    |     ++++++++++++++
[INFO] [stdout] 
[INFO] [stdout] error[E0412]: cannot find type `PartSolution` in this scope
[INFO] [stdout]   --> src/api_traits.rs:39:42
[INFO] [stdout]    |
[INFO] [stdout] 19 |     fn part_1_test_answer() -> impl Into<PartSolution> {
[INFO] [stdout]    |                                          ^^^^^^^^^^^^ not found in this scope
[INFO] [stdout]    |
[INFO] [stdout] help: you might be missing a type parameter
[INFO] [stdout]    |
[INFO] [stdout] 3  | impl<PartSolution> DaySolver for Day {
[INFO] [stdout]    |     ++++++++++++++
[INFO] [stdout] 
[INFO] [stdout] error[E0425]: cannot find function `parse` in this scope
[INFO] [stdout]  --> src/api_traits.rs:26:21
[INFO] [stdout]   |
[INFO] [stdout] 6 |         let parsed= parse(input);   // Invoking external helper functions.
[INFO] [stdout]   |                     ^^^^^ not found in this scope
[INFO] [stdout] 
[INFO] [stdout] error: aborting due to 6 previous errors
[INFO] [stdout] 
[INFO] [stdout] Some errors have detailed explanations: E0405, E0412, E0425.
[INFO] [stdout] For more information about an error, try `rustc --explain E0405`.
[INFO] [stdout] Couldn't compile the test.
[INFO] [stdout] ---- src/api_traits.rs - api_traits::DayMapper::map (line 8) stdout ----
[INFO] [stdout] error[E0425]: cannot find value `day` in this scope
[INFO] [stdout]  --> src/api_traits.rs:9:7
[INFO] [stdout]   |
[INFO] [stdout] 3 | match day {
[INFO] [stdout]   |       ^^^ not found in this scope
[INFO] [stdout] 
[INFO] [stdout] error[E0433]: failed to resolve: use of undeclared crate or module `day_1`
[INFO] [stdout]  --> src/api_traits.rs:10:10
[INFO] [stdout]   |
[INFO] [stdout] 4 |     1 => day_1::Day.into(),
[INFO] [stdout]   |          ^^^^^ use of undeclared crate or module `day_1`
[INFO] [stdout] 
[INFO] [stdout] error[E0433]: failed to resolve: use of undeclared crate or module `day_2`
[INFO] [stdout]  --> src/api_traits.rs:11:10
[INFO] [stdout]   |
[INFO] [stdout] 5 |     2 => day_2::Day.into(),
[INFO] [stdout]   |          ^^^^^ use of undeclared crate or module `day_2`
[INFO] [stdout] 
[INFO] [stdout] error: aborting due to 3 previous errors
[INFO] [stdout] 
[INFO] [stdout] Some errors have detailed explanations: E0425, E0433.
[INFO] [stdout] For more information about an error, try `rustc --explain E0425`.
[INFO] [stdout] Couldn't compile the test.
[INFO] [stdout] 
[INFO] [stdout] failures:
[INFO] [stdout]     src/api_traits.rs - api_traits::DayMapper::map (line 8)
[INFO] [stdout]     src/api_traits.rs - api_traits::DaySolver (line 22)
[INFO] [stdout] 
[INFO] [stdout] test result: FAILED. 0 passed; 2 failed; 0 ignored; 0 measured; 0 filtered out; finished in 0.09s
[INFO] [stdout] 
[INFO] [stderr] error: doctest failed, to rerun pass `--doc`
[INFO] running `Command { std: "docker" "inspect" "23dc33235dbd1d7cb0f5a7bcad6cac8765057536669b4645d8d7420b960864b4", kill_on_drop: false }`
[INFO] running `Command { std: "docker" "rm" "-f" "23dc33235dbd1d7cb0f5a7bcad6cac8765057536669b4645d8d7420b960864b4", kill_on_drop: false }`
[INFO] [stdout] 23dc33235dbd1d7cb0f5a7bcad6cac8765057536669b4645d8d7420b960864b4
